10-09 12:15:32.729: W/ModuleInitIntentOp(12568): Dropping unexpected action com.google.android.gms.phenotype.COMMITTED
10-09 12:15:32.736: W/Binder_1(12856): type=1400 audit(0.0:547): avc: denied { search } for uid=10028 name="355" dev="proc" ino=77571 scontext=u:r:untrusted_app:s0:c512,c768 tcontext=u:r:zygote:s0 tclass=dir permissive=0
10-09 12:15:32.753: E/NetworkScheduler(12585): Invalid component specified.
10-09 12:15:32.754: W/MobileDataHub(12568): [Service] appsupload-periodic periodic task disabled
10-09 12:15:32.768: W/ModuleInitIntentOp(12568): Dropping unexpected action com.google.android.gms.phenotype.COMMITTED
10-09 12:15:32.778: I/PTCommittedOperation(12585): Receive new configuration for com.google.android.gms.auth.api.credentials
10-09 12:15:32.847: I/PTCommittedOperation(12585): Receive new configuration for com.google.android.gms.smartdevice
10-09 12:15:32.847: W/ModuleInitIntentOp(12568): Dropping unexpected action com.google.android.gms.phenotype.COMMITTED
10-09 12:15:32.906: W/ModuleInitIntentOp(12568): Dropping unexpected action com.google.android.gms.phenotype.COMMITTED
10-09 12:15:32.923: I/PTCommittedOperation(12585): Receive new configuration for com.google.android.gms.icing.mdd
10-09 12:15:32.950: I/Adreno-EGL(12846): : EGL 1.4 QUALCOMM build: (Ifd751822f5)
10-09 12:15:32.950: I/Adreno-EGL(12846): OpenGL ES Shader Compiler Version: XE031.06.00.05
10-09 12:15:32.950: I/Adreno-EGL(12846): Build Date: 01/26/16 Tue 10-09 12:15:32.950: I/Adreno-EGL(12846): Local Branch: AU12_SBA
10-09 12:15:32.950: I/Adreno-EGL(12846): Remote Branch:
10-09 12:15:32.950: I/Adreno-EGL(12846): Local Patches:
10-09 12:15:32.950: I/Adreno-EGL(12846): Reconstruct Branch:
10-09 12:15:32.963: E/NetworkScheduler(12585): Invalid component specified.
10-09 12:15:32.966: E/NetworkScheduler(12585): Invalid component specified.
10-09 12:15:32.968: E/NetworkScheduler(12585): Invalid component specified.
10-09 12:15:32.971: E/NetworkScheduler(12585): Invalid component specified.
10-09 12:15:32.985: I/Adreno-EGL(12846): : EGL 1.4 QUALCOMM build: (Ifd751822f5)
10-09 12:15:32.985: I/Adreno-EGL(12846): OpenGL ES Shader Compiler Version: XE031.06.00.05
10-09 12:15:32.985: I/Adreno-EGL(12846): Build Date: 01/26/16 Tue 10-09 12:15:32.985: I/Adreno-EGL(12846): Local Branch: AU12_SBA
10-09 12:15:32.985: I/Adreno-EGL(12846): Remote Branch:
10-09 12:15:32.985: I/Adreno-EGL(12846): Local Patches:
10-09 12:15:32.985: I/Adreno-EGL(12846): Reconstruct Branch:
10-09 12:15:33.004: I/MobileDataHub(12568): Scheduling periodic tasks
10-09 12:15:33.005: W/MobileDataHub(12568): [Service] appsupload-periodic periodic task disabled
10-09 12:15:33.033: W/ModuleInitIntentOp(12568): Dropping unexpected action com.google.android.gms.phenotype.COMMITTED
10-09 12:15:33.036: I/PTCommittedOperation(12585): Receive new configuration for com.google.android.gms.tapandpay
10-09 12:15:33.061: W/ChimeraUtils(12585): Non Chimera context
10-09 12:15:33.084: W/ChimeraUtils(12585): Non Chimera context
10-09 12:15:33.193: E/NetworkScheduler(12585): Invalid component specified.
10-09 12:15:33.196: E/NetworkScheduler(12585): Invalid component specified.
10-09 12:15:33.203: V/ConnectivityManager(12585): isActiveNetworkMetered() returns:false
10-09 12:15:33.210: E/NetworkScheduler(12585): Invalid component specified.
10-09 12:15:33.231: E/SeTransactionSyncTask(12585): Error retrieving account
10-09 12:15:33.231: E/SeTransactionSyncTask(12585): java.lang.IllegalStateException: No current tap-and-pay account
10-09 12:15:33.231: E/SeTransactionSyncTask(12585): at aodb.b(:com.google.android.gms@13280015@13.2.80 (040300-211705629):3)
10-09 12:15:33.231: E/SeTransactionSyncTask(12585): at aodb.a(:com.google.android.gms@13280015@13.2.80 (040300-211705629):1)
10-09 12:15:33.231: E/SeTransactionSyncTask(12585): at aowy.a(:com.google.android.gms@13280015@13.2.80 (040300-211705629):27)
10-09 12:15:33.231: E/SeTransactionSyncTask(12585): at com.google.android.gms.tapandpay.gcmtask.TapAndPayGcmTaskChimeraService.a(:com.google.android.gms@13280015@13.2.80 (040300-211705629):1)
10-09 12:15:33.231: E/SeTransactionSyncTask(12585): at com.google.android.gms.tapandpay.gcmtask.TapAndPayGcmTaskChimeraService.b(:com.google.android.gms@13280015@13.2.80 (040300-211705629))
10-09 12:15:33.231: E/SeTransactionSyncTask(12585): at com.google.android.gms.tapandpay.phenotype.PhenotypeCommitIntentOperation.onHandleIntent(:com.google.android.gms@13280015@13.2.80 (040300-211705629):19)
10-09 12:15:33.231: E/SeTransactionSyncTask(12585): at com.google.android.chimera.IntentOperation.onHandleIntent(:com.google.android.gms@13280015@13.2.80 (040300-211705629):2)
10-09 12:15:33.231: E/SeTransactionSyncTask(12585): at dkm.a(:com.google.android.gms@13280015@13.2.80 (040300-211705629):34)
10-09 12:15:33.231: E/SeTransactionSyncTask(12585): at odq.a(:com.google.android.gms@13280015@13.2.80 (040300-211705629):11)
10-09 12:15:33.231: E/SeTransactionSyncTask(12585): at dkr.run(:com.google.android.gms@13280015@13.2.80 (040300-211705629):12)
10-09 12:15:33.231: E/SeTransactionSyncTask(12585): at dko.run(:com.google.android.gms@13280015@13.2.80 (040300-211705629):9)
10-09 12:15:33.231: E/SeTransactionSyncTask(12585): at java.util.concurrent.ThreadPoolExecutor.runWorker(ThreadPoolExecutor.java:1113)
10-09 12:15:33.231: E/SeTransactionSyncTask(12585): at java.util.concurrent.ThreadPoolExecutor$Worker.run(ThreadPoolExecutor.java:588)
10-09 12:15:33.231: E/SeTransactionSyncTask(12585): at java.lang.Thread.run(Thread.java:818)
10-09 12:15:33.237: E/NetworkScheduler(12585): Invalid component specified.
10-09 12:15:33.242: E/NetworkScheduler(12585): Invalid component specified.
10-09 12:15:33.248: E/NetworkScheduler(12585): Invalid component specified.
10-09 12:15:33.250: E/NetworkScheduler(12585): Invalid component specified.
10-09 12:15:33.278: E/NetworkScheduler(12585): Invalid component specified.
10-09 12:15:33.290: E/NetworkScheduler(12585): Invalid component specified.
10-09 12:15:33.293: E/NetworkScheduler(12585): Invalid component specified.
10-09 12:15:33.344: V/ConnectivityManager(12585): isActiveNetworkMetered() returns:false
10-09 12:15:33.384: I/PTCommittedOperation(12585): Receive new configuration for com.google.android.gms
10-09 12:15:33.395: W/ModuleInitIntentOp(12568): Dropping unexpected action com.google.android.gms.phenotype.COMMITTED
10-09 12:15:33.929: I/PackageManager.DexOptimizer(1643): Running dexopt (dex2oat) on: /data/app/vmdl642625331.tmp/base.apk pkg=site.studiofun.TapTapTap isa=arm vmSafeMode=false debuggable=false oatDir = /data/app/vmdl642625331.tmp/oat bootComplete=true
10-09 12:15:33.972: I/dex2oat(13779): Starting dex2oat.
10-09 12:15:35.040: V/AlarmManager(1643): sending alarm {47ea7ac type 3 *alarm*:com.google.android.gms.auth.api.credentials.sync.SCHEDULED_SYNC}
10-09 12:15:35.041: I/ActivityManager(1643): Killing 12215:com.google.android.gm/u0a81 (adj 15): empty #7
10-09 12:15:35.063: I/ActivityManager(1643): Killing 12912:com.google.process.gapps/u0a82 (adj 15): empty #8
10-09 12:15:35.085: V/AlarmManager(1643): done {47ea7ac, *alarm*:com.google.android.gms.auth.api.credentials.sync.SCHEDULED_SYNC} [45ms]
10-09 12:15:35.086: D/ActivityManager(1643): cleanUpApplicationRecord -- 12215
10-09 12:15:35.088: D/ActivityManager(1643): cleanUpApplicationRecord -- 12912
10-09 12:15:35.908: V/AlarmManager(1643): sending alarm {5cfb45a type 2 *walarm*:com.google.android.intent.action.GCM_RECONNECT}
10-09 12:15:35.910: V/AlarmManager(1643): done {5cfb45a, *walarm*:com.google.android.intent.action.GCM_RECONNECT} [2ms]
10-09 12:15:36.426: I/ActivityManager(1643): Killing 12354:com.google.android.talk/u0a88 (adj 15): empty #7
10-09 12:15:36.451: D/ConnectivityService(1643): ConnectivityService NetworkRequestInfo binderDied(NetworkRequest [ id=18, legacyType=-1, [ Capabilities: INTERNET&NOT_RESTRICTED&TRUSTED] ], android.os.BinderProxy@f84540a)
10-09 12:15:36.452: D/ConnectivityService(1643): releasing NetworkRequest NetworkRequest [ id=18, legacyType=-1, [ Capabilities: INTERNET&NOT_RESTRICTED&TRUSTED] ]
10-09 12:15:36.452: E/ConnectivityService(1643): RemoteException caught trying to send a callback msg for NetworkRequest [ id=18, legacyType=-1, [ Capabilities: INTERNET&NOT_RESTRICTED&TRUSTED] ]
10-09 12:15:36.454: D/ActivityManager(1643): cleanUpApplicationRecord -- 12354
10-09 12:15:36.684: E/Finsky(13645): [956] com.google.android.finsky.ar.c.a(34): Unable to build selector: /storage/emulated/0/Download/marketenvs.csv: open failed: ENOENT (No such file or directory)
10-09 12:15:36.690: I/ActivityManager(1643): Killing 12519:android.process.media/u0a23 (adj 15): empty #7
10-09 12:15:36.695: I/Finsky(13645): [986] com.google.android.finsky.db.a.a.a.b(92): Triggered update for experiment package com.google.android.finsky.regular.
10-09 12:15:36.728: D/ActivityManager(1643): cleanUpApplicationRecord -- 12519
10-09 12:15:36.958: I/Finsky(13645): [1] com.google.android.finsky.wear.WearSupportService.onStartCommand(26): Starting WearSupportService for send_installed_apps
10-09 12:15:36.964: I/Finsky(13645): [1] com.google.android.finsky.wear.w.a(18): Connecting to wearable
10-09 12:15:37.015: I/Auth(12585): [ReflectiveChannelBinder] Successfully bound channel!
10-09 12:15:37.025: I/ShortcutBadger(13645): Checking if platform supports badge counters, attempt 1/3.
10-09 12:15:37.032: I/ShortcutBadger(13645): Checking if platform supports badge counters, attempt 2/3.
10-09 12:15:37.043: I/ShortcutBadger(13645): Checking if platform supports badge counters, attempt 3/3.
10-09 12:15:37.045: W/Conscrypt(12585): Could not set socket write timeout: java.lang.reflect.InvocationTargetException
10-09 12:15:37.046: W/Conscrypt(12585): at java.lang.reflect.Method.invoke(Native Method)
10-09 12:15:37.046: W/Conscrypt(12585): at com.google.android.gms.org.conscrypt.Platform.setSocketWriteTimeout(:com.google.android.gms@13280015@13.2.80 (040300-211705629):13)
10-09 12:15:37.046: W/Conscrypt(12585): Caused by: android.system.ErrnoException: setsockopt failed: EBADF (Bad file descriptor)
10-09 12:15:37.046: W/Conscrypt(12585): at libcore.io.Posix.setsockoptTimeval(Native Method)
10-09 12:15:37.046: W/Conscrypt(12585): at libcore.io.ForwardingOs.setsockoptTimeval(ForwardingOs.java:156)
10-09 12:15:37.047: I/Wear_Controller(12585): Wear requires a companion app to be installed.
10-09 12:15:37.047: I/WearableService(12585): onCreate: Wearable Services not starting. Wear is not available on this device.
10-09 12:15:37.047: W/ShortcutBadger(13645): Badge counter seems not supported in this platform: unable to resolve intent: Intent { act=android.intent.action.BADGE_COUNT_UPDATE (has extras) }
10-09 12:15:37.054: I/Finsky(13645): [987] com.google.android.finsky.verifier.impl.as.a(7): Restoring notifications
10-09 12:15:37.056: W/Conscrypt(12585): Could not set socket write timeout: java.lang.reflect.InvocationTargetException
10-09 12:15:37.057: W/Conscrypt(12585): at java.lang.reflect.Method.invoke(Native Method)
10-09 12:15:37.057: W/Conscrypt(12585): at com.google.android.gms.org.conscrypt.Platform.setSocketWriteTimeout(:com.google.android.gms@13280015@13.2.80 (040300-211705629):13)
10-09 12:15:37.057: W/Conscrypt(12585): Caused by: android.system.ErrnoException: setsockopt failed: EBADF (Bad file descriptor)
10-09 12:15:37.057: W/Conscrypt(12585): at libcore.io.Posix.setsockoptTimeval(Native Method)
10-09 12:15:37.057: W/Conscrypt(12585): at libcore.io.ForwardingOs.setsockoptTimeval(ForwardingOs.java:156)
10-09 12:15:37.073: I/Finsky(13645): [1] com.google.android.finsky.verifier.impl.as.c(44): Done restoring notifications
10-09 12:15:37.074: W/WearableService(12585): onGetService: Wear is not available on this device.
10-09 12:15:37.078: E/Finsky(13645): [1] com.google.android.finsky.wear.x.a(3): onConnectionFailed: ConnectionResult{statusCode=API_UNAVAILABLE, resolution=null, message=null}
10-09 12:15:37.079: W/Finsky(13645): [1] com.google.android.finsky.wear.w.b(31): GoogleApiClient instance is not connected when requested
10-09 12:15:37.080: W/Finsky(13645): [1] com.google.android.finsky.wear.dk.run(16): Dropping command=send_installed_apps due to Gms not connected
10-09 12:15:37.081: I/Finsky(13645): [1] com.google.android.finsky.wear.WearSupportService.b(66): Stopping WearSupportService
10-09 12:15:37.141: V/ConnectivityManager(12585): isActiveNetworkMetered() returns:false
10-09 12:15:37.178: I/Finsky(13645): [1] com.google.android.finsky.setup.ar.run(35): Detected restoreservicev2://recovery not needed, will not run
10-09 12:15:37.261: W/System(13645): ClassLoader referenced unknown path: /system/framework/com.qualcomm.qti.GBAHttpAuthentication.jar
10-09 12:15:37.295: I/Finsky(13645): [949] com.google.android.finsky.contentfilterui.m.a(13): Received content filters request from sharedUserId=com.google.uid.shared:10028
10-09 12:15:37.543: I/Finsky(13645): [986] com.google.android.finsky.db.a.l.b(25): Started reading experiment flags from file [v6B-2IolLQRBwrwPhscSaeg04As].
10-09 12:15:37.544: I/Finsky(13645): [986] com.google.android.finsky.db.a.l.b(61): Finished reading experiment flags from file [v6B-2IolLQRBwrwPhscSaeg04As].
10-09 12:15:37.544: I/Finsky(13645): [986] com.google.android.finsky.db.a.a.a.b(113): Already at the latest configurations for experiment package com.google.android.finsky.regular.
10-09 12:15:37.545: I/Finsky(13645): [991] com.google.android.finsky.db.a.a.a.b(92): Triggered update for experiment package com.google.android.finsky.stable.
10-09 12:15:37.574: W/Conscrypt(12585): Could not set socket write timeout: java.lang.reflect.InvocationTargetException
10-09 12:15:37.574: W/Conscrypt(12585): at java.lang.reflect.Method.invoke(Native Method)
10-09 12:15:37.574: W/Conscrypt(12585): at com.google.android.gms.org.conscrypt.Platform.setSocketWriteTimeout(:com.google.android.gms@13280015@13.2.80 (040300-211705629):13)
10-09 12:15:37.574: W/Conscrypt(12585): Caused by: android.system.ErrnoException: setsockopt failed: EBADF (Bad file descriptor)
10-09 12:15:37.574: W/Conscrypt(12585): at libcore.io.Posix.setsockoptTimeval(Native Method)
10-09 12:15:37.574: W/Conscrypt(12585): at libcore.io.ForwardingOs.setsockoptTimeval(ForwardingOs.java:156)
10-09 12:15:37.609: W/ProxyAndroidLoggerBackend(13645): Too many Flogger logs received before configuration. Dropping old logs.
10-09 12:15:37.645: W/Conscrypt(12585): Could not set socket write timeout: java.lang.reflect.InvocationTargetException
10-09 12:15:37.645: W/Conscrypt(12585): at java.lang.reflect.Method.invoke(Native Method)
10-09 12:15:37.645: W/Conscrypt(12585): at com.google.android.gms.org.conscrypt.Platform.setSocketWriteTimeout(:com.google.android.gms@13280015@13.2.80 (040300-211705629):13)
10-09 12:15:37.645: W/Conscrypt(12585): Caused by: android.system.ErrnoException: setsockopt failed: EBADF (Bad file descriptor)
10-09 12:15:37.646: W/Conscrypt(12585): at libcore.io.Posix.setsockoptTimeval(Native Method)
10-09 12:15:37.646: W/Conscrypt(12585): at libcore.io.ForwardingOs.setsockoptTimeval(ForwardingOs.java:156)
10-09 12:15:37.667: W/aqvd(12585): Empty context buffer. Thus might mean that the context is not synced down.
10-09 12:15:37.667: W/aqrh(12585): Empty context model while retrieving upload opt-in status!
10-09 12:15:37.743: I/InstantApps(12585): UserPrefsUpdater: Update complete: status=0 force=false
10-09 12:15:37.760: W/ProxyAndroidLoggerBackend(13645): Too many Flogger logs received before configuration. Dropping old logs.
10-09 12:15:37.760: W/ProxyAndroidLoggerBackend(13645): Too many Flogger logs received before configuration. Dropping old logs.
10-09 12:15:37.761: W/ProxyAndroidLoggerBackend(13645): Too many Flogger logs received before configuration. Dropping old logs.
10-09 12:15:37.771: W/ProxyAndroidLoggerBackend(13645): Too many Flogger logs received before configuration. Dropping old logs.
10-09 12:15:37.775: W/ProxyAndroidLoggerBackend(13645): Too many Flogger logs received before configuration. Dropping old logs.
10-09 12:15:37.775: W/ProxyAndroidLoggerBackend(13645): Too many Flogger logs received before configuration. Dropping old logs.
10-09 12:15:37.776: W/ProxyAndroidLoggerBackend(13645): Too many Flogger logs received before configuration. Dropping old logs.
10-09 12:15:37.778: W/ProxyAndroidLoggerBackend(13645): Too many Flogger logs received before configuration. Dropping old logs.
10-09 12:15:37.779: W/ProxyAndroidLoggerBackend(13645): Too many Flogger logs received before configuration. Dropping old logs.
10-09 12:15:37.779: W/ProxyAndroidLoggerBackend(13645): Too many Flogger logs received before configuration. Dropping old logs.
10-09 12:15:37.780: W/ProxyAndroidLoggerBackend(13645): Too many Flogger logs received before configuration. Dropping old logs.
10-09 12:15:37.780: W/ProxyAndroidLoggerBackend(13645): Too many Flogger logs received before configuration. Dropping old logs.
10-09 12:15:37.780: W/ProxyAndroidLoggerBackend(13645): Too many Flogger logs received before configuration. Dropping old logs.
10-09 12:15:37.780: W/ProxyAndroidLoggerBackend(13645): Too many Flogger logs received before configuration. Dropping old logs.
10-09 12:15:37.780: W/ProxyAndroidLoggerBackend(13645): Too many Flogger logs received before configuration. Dropping old logs.
10-09 12:15:37.781: W/ProxyAndroidLoggerBackend(13645): Too many Flogger logs received before configuration. Dropping old logs.
10-09 12:15:37.781: W/ProxyAndroidLoggerBackend(13645): Too many Flogger logs received before configuration. Dropping old logs.
10-09 12:15:37.781: W/ProxyAndroidLoggerBackend(13645): Too many Flogger logs received before configuration. Dropping old logs.
10-09 12:15:37.781: W/ProxyAndroidLoggerBackend(13645): Too many Flogger logs received before configuration. Dropping old logs.
10-09 12:15:37.781: W/ProxyAndroidLoggerBackend(13645): Too many Flogger logs received before configuration. Dropping old logs.
10-09 12:15:37.781: W/ProxyAndroidLoggerBackend(13645): Too many Flogger logs received before configuration. Dropping old logs.
10-09 12:15:37.782: W/ProxyAndroidLoggerBackend(13645): Too many Flogger logs received before configuration. Dropping old logs.
10-09 12:15:37.782: W/ProxyAndroidLoggerBackend(13645): Too many Flogger logs received before configuration. Dropping old logs.
10-09 12:15:37.782: W/ProxyAndroidLoggerBackend(13645): Too many Flogger logs received before configuration. Dropping old logs.
10-09 12:15:37.782: W/ProxyAndroidLoggerBackend(13645): Too many Flogger logs received before configuration. Dropping old logs.
10-09 12:15:37.782: W/ProxyAndroidLoggerBackend(13645): Too many Flogger logs received before configuration. Dropping old logs.
10-09 12:15:37.782: W/ProxyAndroidLoggerBackend(13645): Too many Flogger logs received before configuration. Dropping old logs.
10-09 12:15:37.782: W/ProxyAndroidLoggerBackend(13645): Too many Flogger logs received before configuration. Dropping old logs.
10-09 12:15:37.782: W/ProxyAndroidLoggerBackend(13645): Too many Flogger logs received before configuration. Dropping old logs.
10-09 12:15:37.782: W/ProxyAndroidLoggerBackend(13645): Too many Flogger logs received before configuration. Dropping old logs.
10-09 12:15:37.783: W/ProxyAndroidLoggerBackend(13645): Too many Flogger logs received before configuration. Dropping old logs.
10-09 12:15:37.783: W/ProxyAndroidLoggerBackend(13645): Too many Flogger logs received before configuration. Dropping old logs.
10-09 12:15:37.784: W/ProxyAndroidLoggerBackend(13645): Too many Flogger logs received before configuration. Dropping old logs.
10-09 12:15:37.784: W/ProxyAndroidLoggerBackend(13645): Too many Flogger logs received before configuration. Dropping old logs.
10-09 12:15:37.784: W/ProxyAndroidLoggerBackend(13645): Too many Flogger logs received before configuration. Dropping old logs.
10-09 12:15:37.784: W/ProxyAndroidLoggerBackend(13645): Too many Flogger logs received before configuration. Dropping old logs.
10-09 12:15:37.784: W/ProxyAndroidLoggerBackend(13645): Too many Flogger logs received before configuration. Dropping old logs.
10-09 12:15:37.786: W/ProxyAndroidLoggerBackend(13645): Too many Flogger logs received before configuration. Dropping old logs.
10-09 12:15:37.786: W/ProxyAndroidLoggerBackend(13645): Too many Flogger logs received before configuration. Dropping old logs.
10-09 12:15:37.787: W/ProxyAndroidLoggerBackend(13645): Too many Flogger logs received before configuration. Dropping old logs.
10-09 12:15:37.787: W/ProxyAndroidLoggerBackend(13645): Too many Flogger logs received before configuration. Dropping old logs.
10-09 12:15:37.787: W/ProxyAndroidLoggerBackend(13645): Too many Flogger logs received before configuration. Dropping old logs.
10-09 12:15:37.787: W/ProxyAndroidLoggerBackend(13645): Too many Flogger logs received before configuration. Dropping old logs.
10-09 12:15:37.787: W/ProxyAndroidLoggerBackend(13645): Too many Flogger logs received before configuration. Dropping old logs.
10-09 12:15:37.797: W/ProxyAndroidLoggerBackend(13645): Too many Flogger logs received before configuration. Dropping old logs.
10-09 12:15:37.804: W/ProxyAndroidLoggerBackend(13645): Too many Flogger logs received before configuration. Dropping old logs.
10-09 12:15:37.807: W/ProxyAndroidLoggerBackend(13645): Too many Flogger logs received before configuration. Dropping old logs.
10-09 12:15:37.807: W/ProxyAndroidLoggerBackend(13645): Too many Flogger logs received before configuration. Dropping old logs.
10-09 12:15:37.820: W/ProxyAndroidLoggerBackend(13645): Too many Flogger logs received before configuration. Dropping old logs.
10-09 12:15:37.834: I/Finsky(13645): [991] com.google.android.finsky.db.a.l.a(105): Started writing experiment flags into file [44O8VQCEUzya29uefFMIdRuUEpA].
10-09 12:15:37.835: I/Finsky(13645): [991] com.google.android.finsky.db.a.l.a(165): Finished writing experiment flags into file [44O8VQCEUzya29uefFMIdRuUEpA].
10-09 12:15:37.838: I/Finsky(13645): [991] com.google.android.finsky.db.a.a.a.b(46): Successfully applied new configurations for package com.google.android.finsky.stable.
10-09 12:15:37.839: I/Finsky(13645): [992] com.google.android.finsky.db.a.a.a.b(92): Triggered update for experiment package com.google.android.finsky.regular.
10-09 12:15:37.851: W/ProxyAndroidLoggerBackend(13645): Too many Flogger logs received before configuration. Dropping old logs.
10-09 12:15:37.856: W/ProxyAndroidLoggerBackend(13645): Too many Flogger logs received before configuration. Dropping old logs.
10-09 12:15:37.856: W/ProxyAndroidLoggerBackend(13645): Too many Flogger logs received before configuration. Dropping old logs.
10-09 12:15:37.875: W/ProxyAndroidLoggerBackend(13645): Too many Flogger logs received before configuration. Dropping old logs.
10-09 12:15:37.880: I/Finsky(13645): [992] com.google.android.finsky.db.a.l.a(105): Started writing experiment flags into file [sAHl-htbZke5SvYTY4gZOjde4sY].
10-09 12:15:37.881: I/Finsky(13645): [992] com.google.android.finsky.db.a.l.a(165): Finished writing experiment flags into file [sAHl-htbZke5SvYTY4gZOjde4sY].
10-09 12:15:37.885: I/Finsky(13645): [992] com.google.android.finsky.db.a.a.a.b(46): Successfully applied new configurations for package com.google.android.finsky.regular.
10-09 12:15:38.043: I/ActivityManager(1643): Killing 13487:com.google.android.configupdater/u0a17 (adj 15): empty #7
10-09 12:15:38.076: D/ActivityManager(1643): cleanUpApplicationRecord -- 13487
10-09 12:15:38.230: I/InstantApps(12585): DomainFilterImpl: Domain filter response size: 446426
10-09 12:15:38.634: I/CheckinCompat(12568): Done disabling old GoogleServicesFramework version
10-09 12:15:38.783: I/dex2oat(13779): dex2oat took 4.788s (threads: 4) arena alloc=1863KB java alloc=3MB native alloc=14MB free=2MB
10-09 12:15:38.995: D/WifiStateMachine(1643): starting scan for "wl-ftl-mt73-1-24"WPA_PSK with 2412
10-09 12:15:39.121: W/Settings(1643): Setting install_non_market_apps has moved from android.provider.Settings.Global to android.provider.Settings.Secure, returning read-only value.
10-09 12:15:39.121: I/art(1643): Starting a blocking GC Explicit
10-09 12:15:39.214: I/art(1643): Explicit concurrent mark sweep GC freed 72669(4MB) AllocSpace objects, 9(172KB) LOS objects, 33% free, 19MB/29MB, paused 1.915ms total 92.357ms
10-09 12:15:39.217: I/art(13720): System.exit called, status: 0
10-09 12:15:39.217: I/AndroidRuntime(13720): VM exiting with result code 0.
10-09 12:15:39.244: D/CarrierServiceBindHelper(3719): Receive action: android.intent.action.PACKAGE_ADDED
10-09 12:15:39.245: D/CarrierServiceBindHelper(3719): mHandler: 3
10-09 12:15:39.245: D/CarrierConfigLoader(3719): mHandler: 9 phoneId: 0
10-09 12:15:39.251: I/InputReader(1643): Reconfiguring input devices. changes=0x00000010
10-09 12:15:39.254: I/ActivityManager(1643): Start proc 13815:com.motorola.invisiblenet/u0a35 for broadcast com.motorola.invisiblenet/.PackageAddedReceiver
10-09 12:15:39.297: W/System(13815): ClassLoader referenced unknown path: /system/priv-app/InvisibleNet/lib/arm
10-09 12:15:39.347: I/ActivityManager(1643): Start proc 13831:com.motorola.motodisplay/u0a44 for broadcast com.motorola.motodisplay/.events.EventReceiver
10-09 12:15:39.351: I/ActivityManager(1643): Killing 13524:com.google.android.apps.photos/u0a103 (adj 15): empty #7
10-09 12:15:39.406: D/ActivityManager(1643): cleanUpApplicationRecord -- 13524
10-09 12:15:39.421: W/System(13831): ClassLoader referenced unknown path: /system/priv-app/MotoDisplay/lib/arm
10-09 12:15:39.434: D/MD.MDApplication(13831): Proxy Initialization check Successful
10-09 12:15:39.470: I/ActivityManager(1643): Start proc 13846:com.google.android.apps.docs/u0a79 for broadcast com.google.android.apps.docs/.receivers.AppPackageAddRemoveReceiver
10-09 12:15:39.471: I/UpdateIcingCorporaServi(11092): Updating corpora: APPS=site.studiofun.TapTapTap, CONTACTS=MAYBE
10-09 12:15:39.533: W/System(13846): ClassLoader referenced unknown path: /system/app/Drive/lib/arm
10-09 12:15:39.563: I/Icing(12568): IndexChimeraService.getServiceInterface callingPackage=com.google.android.googlequicksearchbox componentName=null serviceId=36
10-09 12:15:39.598: I/Icing(12568): Usage reports ok 0, Failed Usage reports 0, indexed 0, rejected 0, imm upload true
10-09 12:15:39.603: I/UpdateIcingCorporaServi(11092): UpdateCorporaTask done [took 132 ms] updated apps [took 132 ms]
10-09 12:15:39.604: I/ActivityManager(1643): Killing 13552:com.google.android.inputmethod.latin/u0a92 (adj 15): empty #7
10-09 12:15:39.637: D/ActivityManager(1643): cleanUpApplicationRecord -- 13552
10-09 12:15:39.728: I/GAv4(13846): Google Analytics 8.4.87 is starting up. To enable debug logging on a device run:
10-09 12:15:39.728: I/GAv4(13846): adb shell setprop log.tag.GAv4 DEBUG
10-09 12:15:39.728: I/GAv4(13846): adb logcat -s GAv4
10-09 12:15:39.746: W/GAv4(13846): AnalyticsReceiver is not registered or is disabled. Register the receiver for reliable dispatching on non-Google Play devices. See http://goo.gl/8Rd3yj for instructions.
10-09 12:15:39.751: W/GAv4(13846): CampaignTrackingReceiver is not registered, not exported or is disabled. Installation campaign tracking is not possible. See http://goo.gl/8Rd3yj for instructions.
10-09 12:15:39.758: W/GAv4(13846): AnalyticsService not registered in the app manifest. Hits might not be delivered reliably. See http://goo.gl/8Rd3yj for instructions.
10-09 12:15:39.899: I/ActivityManager(1643): Killing 13604:com.google.android.gms.ui/u0a28 (adj 15): empty #7
10-09 12:15:39.938: D/ActivityManager(1643): cleanUpApplicationRecord -- 13604
10-09 12:15:39.951: I/Finsky(13645): [1] com.google.android.finsky.p2p.c.a(10): Frosting ID looked up on UI thread. Caller should move to a background thread.
10-09 12:15:39.962: I/Finsky(13645): [1] com.google.android.finsky.wear.WearSupportService.onStartCommand(26): Starting WearSupportService for auto_install
10-09 12:15:39.965: I/Finsky(13645): [1] com.google.android.finsky.wear.w.a(18): Connecting to wearable
10-09 12:15:39.966: I/Finsky(13645): [1] com.google.android.finsky.wear.WearSupportService.onStartCommand(26): Starting WearSupportService for send_installed_apps
10-09 12:15:39.968: I/Finsky(13645): [1] com.google.android.finsky.p2p.d.a(2): Wrote row to frosting DB: 37
10-09 12:15:39.969: I/Finsky(13645): [1] com.google.android.finsky.externalreferrer.b.a(10): Package state data is missing for site.studiofun.TapTapTap
10-09 12:15:39.979: W/WearableService(12585): onGetService: Wear is not available on this device.
10-09 12:15:39.982: E/Finsky(13645): [1] com.google.android.finsky.wear.x.a(3): onConnectionFailed: ConnectionResult{statusCode=API_UNAVAILABLE, resolution=null, message=null}
10-09 12:15:39.982: W/Finsky(13645): [1] com.google.android.finsky.wear.w.b(31): GoogleApiClient instance is not connected when requested
10-09 12:15:39.983: W/Finsky(13645): [1] com.google.android.finsky.wear.dk.run(16): Dropping command=auto_install due to Gms not connected
10-09 12:15:39.984: I/Finsky(13645): [1] com.google.android.finsky.wear.WearSupportService.b(66): Stopping WearSupportService
10-09 12:15:39.985: W/Finsky(13645): [1] com.google.android.finsky.wear.w.b(31): GoogleApiClient instance is not connected when requested
10-09 12:15:39.986: W/Finsky(13645): [1] com.google.android.finsky.wear.dk.run(16): Dropping command=send_installed_apps due to Gms not connected
10-09 12:15:39.987: I/Finsky(13645): [1] com.google.android.finsky.wear.WearSupportService.b(66): Stopping WearSupportService
10-09 12:15:40.024: I/Auth(12568): [SupervisedAccountIntentOperation] onHandleIntent(): android.intent.action.PACKAGE_ADDED
10-09 12:15:40.032: I/ChromeSync(12568): [Sync,SyncIntentOperation] Handling the intent: Intent { act=android.intent.action.PACKAGE_ADDED dat=package:site.studiofun.TapTapTap flg=0x4000010 cmp=com.google.android.gms/.chimera.GmsIntentOperationService (has extras) }.
10-09 12:15:40.043: I/Auth(12568): [SupervisedAccountIntentOperation] This operation is disabled
10-09 12:15:40.047: I/ChromeSync(12568): [Persistence,AffiliationManager] No affiliation data for android://N50vJU0zrJ8WOzDt6r3GDtfqrkROFOSiqHcmppwn3vxaRC4hFpNn4UsL7XlvjtlfcWuDAQhmck0qjQPwsrpMNg==@site.studiofun.TapTapTap/. Marking affiliation data as stale...
10-09 12:15:40.057: I/ChromeSync(12568): [Persistence,AffiliationManager] Fetching affiliations from the server.
10-09 12:15:40.201: D/AndroidRuntime(13829): >>>>>> START com.android.internal.os.RuntimeInit uid 2000 <<<<<<
10-09 12:15:40.205: I/Icing(12568): IndexChimeraService.getServiceInterface callingPackage=com.google.android.gms componentName=AppsCorpus serviceId=36
10-09 12:15:40.206: I/Icing(12568): IndexChimeraService.getServiceInterface callingPackage=com.google.android.gms componentName=AppsCorpus serviceId=32
10-09 12:15:40.208: D/AndroidRuntime(13829): CheckJNI is OFF
10-09 12:15:40.216: W/art(13829): 7007b000-70aa6000 rw-p 00000000 103:09 12202 /data/dalvik-cache/arm/system@framework@boot.art
10-09 12:15:40.217: W/art(13829): b103f000-b3075000 r--p 00000000 103:07 1336 /system/framework/arm/boot.oat
10-09 12:15:40.217: W/art(13829): b3075000-b48c9000 r-xp 02036000 103:07 1336 /system/framework/arm/boot.oat
10-09 12:15:40.217: W/art(13829): b48c9000-b48ca000 rw-p 0388a000 103:07 1336 /system/framework/arm/boot.oat
10-09 12:15:40.217: W/art(13829): b48ca000-b48e8000 r--p 00a2b000 103:09 12202 /data/dalvik-cache/arm/system@framework@boot.art
10-09 12:15:40.217: W/art(13829): b48e8000-b48e9000 rw-p 00000000 00:00 0 [anon:linker_alloc_vector]
10-09 12:15:40.217: W/art(13829): b48ea000-b48ed000 r-xp 00000000 103:07 1716 /system/lib/libsigchain.so
10-09 12:15:40.217: W/art(13829): b48ed000-b48ee000 r--p 00002000 103:07 1716 /system/lib/libsigchain.so
10-09 12:15:40.217: W/art(13829): b48ee000-b48ef000 rw-p 00003000 103:07 1716 /system/lib/libsigchain.so
10-09 12:15:40.217: W/art(13829): b48ef000-b4d25000 r-xp 00000000 103:07 1521 /system/lib/libart.so
10-09 12:15:40.217: W/art(13829): b4d25000-b4d2f000 r--p 00435000 103:07 1521 /system/lib/libart.so
10-09 12:15:40.217: W/art(13829): b4d2f000-b4d30000 rw-p 0043f000 103:07 1521 /system/lib/libart.so
10-09 12:15:40.217: W/art(13829): b4d30000-b4d32000 rw-p 00000000 00:00 0
10-09 12:15:40.217: W/art(13829): b4d32000-b4d33000 r--p 00000000 00:00 0
10-09 12:15:40.217: W/art(13829): b4d33000-b4d34000 r--p 00000000 00:00 0
10-09 12:15:40.217: W/art(13829): b4d34000-b4d54000 r--s 00000000 00:0c 7705 /dev/__properties__
10-09 12:15:40.217: W/art(13829): b4d54000-b4d55000 rw-p 00000000 00:00 0 [anon:linker_alloc_vector]
10-09 12:15:40.217: W/art(13829): b4d55000-b5767000 r-xp 00000000 103:07 1495 /system/lib/libLLVM.so
10-09 12:15:40.217: W/art(13829): b5767000-b5768000 ---p 00000000 00:00 0
10-09 12:15:40.217: W/art(13829): b5768000-b57b1000 r--p 00a12000 103:07 1495 /system/lib/libLLVM.so
10-09 12:15:40.217: W/art(13829): b57b1000-b57b2000 rw-p 00a5b000 103:07 1495 /system/lib/libLLVM.so
10-09 12:15:40.217: W/art(13829): b57b2000-b57ba000 rw-p 00000000 00:00 0
10-09 12:15:40.217: W/art(13829): b57ba000-b57ef000 r-xp 00000000 103:07 1537 /system/lib/libbcinfo.so
10-09 12:15:40.217: W/art(13829): b57ef000-b57f0000 ---p 00000000 00:00 0
10-09 12:15:40.217: W/art(13829): b57f0000-b57f1000 r--p 00035000 103:07 1537 /system/lib/libbcinfo.so
10-09 12:15:40.217: W/art(13829): b57f1000-b57f2000 rw-p 00036000 103:07 1537 /system/lib/libbcinfo.so
10-09 12:15:40.217: W/art(13829): b57f2000-b57f3000 r--p 00000000 00:00 0 [anon:linker_alloc]
10-09 12:15:40.217: W/art(13829): b57f3000-b584b000 r-xp 00000000 103:07 1536 /system/lib/libbcc.so
10-09 12:15:40.217: W/art(13829): b584b000-b584c000 ---p 00000000 00:00 0
10-09 12:15:40.217: W/art(13829): b584c000-b584d000 r--p 00058000 103:07 1536 /system/lib/libbcc.so
10-09 12:15:40.217: W/art(13829): b584d000-b584e000 rw-p 00059000 103:07 1536 /system/lib/libbcc.so
10-09 12:15:40.217: W/art(13829): b584e000-b5858000 r-xp 00000000 103:07 1557 /system/lib/libcommon_time_client.so
10-09 12:15:40.217: W/art(13829): b5858000-b585b000 r--p 00009000 103:07 1557 /system/lib/libcommon_time_client.so
10-09 12:15:40.217: W/art(13829): b585b000-b585c000 rw-p 0000c000 103:07 1557 /system/lib/libcommon_time_client.so
10-09 12:15:40.217: W/art(13829): b585c000-b5874000 r-xp 00000000 103:07 1694 /system/lib/libprotobuf-cpp-lite.so
10-09 12:15:40.217: W/art(13829): b5874000-b5875000 r--p 00017000 103:07 1694 /system/lib/libprotobuf-cpp-lite.so
10-09 12:15:40.217: W/art(13829): b5875000-b5876000 rw-p 00018000 103:07 1694 /system/lib/libprotobuf-cpp-lite.so
10-09 12:15:40.217: W/art(13829): b5876000-b5877000 r--p 00000000 00:00 0
10-09 12:15:40.217: W/art(13829): b5877000-b587e000 r-xp 00000000 103:07 1733 /system/lib/libstagefright_avc_common.so
10-09 12:15:40.217: W/art(13829): b587e000-b587f000 r--p 00006000 103:07 1733 /system/lib/libstagefright_avc_common.so
10-09 12:15:40.217: W/art(13829): b587f000-b5880000 rw-p 00007000 103:07 1733 /system/lib/libstagefright_avc_common.so
10-09 12:15:40.217: W/art(13829): b5880000-b5883000 r-xp 00000000 103:07 1734 /system/lib/libstagefright_enc_common.so
10-09 12:15:40.217: W/art(13829): b5883000-b5884000 r--p 00002000 103:07 1734 /system/lib/libstagefright_enc_common.so
10-09 12:15:40.217: W/art(13829): b5884000-b5885000 rw-p 00003000 103:07 1734 /system/lib/libstagefright_enc_common.so
10-09 12:15:40.217: W/art(13829): b5885000-b5889000 r-xp 00000000 103:07 1691 /system/lib/libpowermanager.so
10-09 12:15:40.217: W/art(13829): b5889000-b588a000 ---p 00000000 00:00 0
10-09 12:15:40.217: W/art(13829): b588a000-b588b000 r--p 00004000 103:07 1691 /system/lib/libpowermanager.so
10-09 12:15:40.217: W/art(13829): b588b000-b588c000 rw-p 00005000 103:07 1691 /system/lib/libpowermanager.so
10-09 12:15:40.218: W/art(13829): b588c000-b58a8000 r-xp 00000000 103:07 1778 /system/lib/libvorbisidec.so
10-09 12:15:40.218: W/art(13829): b58a8000-b58a9000 r--p 0001b000 103:07 1778 /system/lib/libvorbisidec.so
10-09 12:15:40.218: W/art(13829): b58a9000-b58aa000 rw-p 0001c000 103:07 1778 /system/lib/libvorbisidec.so
10-09 12:15:40.218: W/art(13829): b58aa000-b58af000 r-xp 00000000 103:07 1760 /system/lib/libstagefright_yuv.so
10-09 12:15:40.218: W/art(13829): b58af000-b58b0000 r--p 00004000 103:07 1760 /system/lib/libstagefright_yuv.so
10-09 12:15:40.218: W/art(13829): b58b0000-b58b1000 rw-p 00005000 103:07 1760 /system/lib/libstagefright_yuv.so
10-09 12:15:40.218: W/art(13829): b58b1000-b58df000 r-xp 00000000 103:07 1738 /system/lib/libstagefright_omx.so
10-09 12:15:40.218: W/art(13829): b58df000-b58e0000 ---p 00000000 00:00 0
10-09 12:15:40.218: W/art(13829): b58e0000-b58e3000 r--p 0002e000 103:07 1738 /system/lib/libstagefright_omx.so
10-09 12:15:40.218: W/art(13829): b58e3000-b58e4000 rw-p 00031000 103:07 1738 /system/lib/libstagefright_omx.so
10-09 12:15:40.218: W/art(13829): b58e4000-b58e5000 r--p 00000000 00:00 0 [anon:linker_alloc]
10-09 12:15:40.218: W/art(13829): b58e5000-b591e000 r-xp 00000000 103:07 1681 /system/lib/libopus.so
10-09 12:15:40.218: W/art(13829): b591e000-b591f000 ---p 00000000 00:00 0
10-09 12:15:40.218: W/art(13829): b591f000-b5920000 r--p 00039000 103:07 1681 /system/lib/libopus.so
10-09 12:15:40.218: W/art(13829): b5920000-b5921000 rw-p 0003a000 103:07 1681 /system/lib/libopus.so
10-09 12:15:40.218: W/art(13829): b5921000-b5928000 r-xp 00000000 103:07 1653 /system/lib/libmediautils.so
10-09 12:15:40.218: W/art(13829): b5928000-b5929000 ---p 00000000 00:00 0
10-09 12:15:40.218: W/art(13829): b5929000-b592a000 r--p 00007000 103:07 1653 /system/lib/libmediautils.so
10-09 12:15:40.218: W/art(13829): b592a000-b592b000 rw-p 00008000 103:07 1653 /system/lib/libmediautils.so
10-09 12:15:40.218: W/art(13829): b592b000-b5940000 r-xp 00000000 103:07 1569 /system/lib/libdrmframework.so
10-09 12:15:40.218: W/art(13829): b5940000-b5941000 ---p 00000000 00:00 0
10-09 12:15:40.218: W/art(13829): b5941000-b5944000 r--p 00015000 103:07 1569 /system/lib/libdrmframework.so
10-09 12:15:40.218: W/art(13829): b5944000-b5945000 rw-p 00018000 103:07 1569 /system/lib/libdrmframework.so
10-09 12:15:40.218: W/art(13829): b5945000-b5963000 r-xp 00000000 103:07 1510 /system/lib/libRScpp.so
10-09 12:15:40.218: W/art(13829): b5963000-b5964000 ---p 00000000 00:00 0
10-09 12:15:40.218: W/art(13829): b5964000-b5965000 r--p 0001e000 103:07 1510 /system/lib/libRScpp.so
10-09 12:15:40.218: W/art(13829): b5965000-b5966000 rw-p 0001f000 103:07 1510 /system/lib/libRScpp.so
10-09 12:15:40.218: W/art(13829): b5966000-b59a4000 r-xp 00000000 103:07 1507 /system/lib/libRS.so
10-09 12:15:40.218: W/art(13829): b59a4000-b59a5000 ---p 00000000 00:00 0
10-09 12:15:40.218: W/art(13829): b59a5000-b59a7000 r--p 0003e000 103:07 1507 /system/lib/libRS.so
10-09 12:15:40.218: W/art(13829): b59a7000-b59a8000 rw-p 00040000 103:07 1507 /system/lib/libRS.so
10-09 12:15:40.218: W/art(13829): b59a8000-b59af000 r-xp 00000000 103:07 1727 /system/lib/libspeexresampler.so
10-09 12:15:40.218: W/art(13829): b59af000-b59b0000 r--p 00006000 103:07 1727 /system/lib/libspeexresampler.so
10-09 12:15:40.218: W/art(13829): b59b0000-b59b1000 rw-p 00007000 103:07 1727 /system/lib/libspeexresampler.so
10-09 12:15:40.218: W/art(13829): b59b1000-b59ba000 r-xp 00000000 103:07 1673 /system/lib/libnbaio.so
10-09 12:15:40.218: W/art(13829): b59ba000-b59bb000 r--p 00008000 103:07 1673 /system/lib/libnbaio.so
10-09 12:15:40.218: W/art(13829): b59bb000-b59bc000 rw-p 00009000 103:07 1673 /system/lib/libnbaio.so
10-09 12:15:40.218: W/art(13829): b59bc000-b59ce000 r-xp 00000000 103:07 1685 /system/lib/libpcre.so
10-09 12:15:40.218: W/art(13829): b59ce000-b59cf000 r--p 00011000 103:07 1685 /system/lib/libpcre.so
10-09 12:15:40.218: W/art(13829): b59cf000-b59d0000 rw-p 00012000 103:07 1685 /system/lib/libpcre.so
10-09 12:15:40.218: W/art(13829): b59d0000-b59d5000 r-xp 00000000 103:07 1785 /system/lib/libwpa_client.so
10-09 12:15:40.218: W/art(13829): b59d5000-b59d6000 r--p 00004000 103:07 1785 /system/lib/libwpa_client.so
10-09 12:15:40.218: W/art(13829): b59d6000-b59d7000 rw-p 00005000 103:07 1785 /system/lib/libwpa_client.so
10-09 12:15:40.218: W/art(13829): b59d7000-b59d9000 r--p 00000000 00:00 0 [anon:linker_alloc]
10-09 12:15:40.218: W/art(13829): b59d9000-b5a47000 r-xp 00000000 103:07 1491 /system/lib/libGLES_trace.so
10-09 12:15:40.218: W/art(13829): b5a47000-b5a49000 r--p 0006d000 103:07 1491 /system/lib/libGLES_trace.so
10-09 12:15:40.218: W/art(13829): b5a49000-b5a4a000 rw-p 0006f000 103:07 1491 /system/lib/libGLES_trace.so
10-09 12:15:40.218: W/art(13829): b5a4a000-b5a80000 r-xp 00000000 103:07 2947 /system/vendor/lib/libqc-opt.so
10-09 12:15:40.218: W/art(13829): b5a80000-b5a81000 r--p 00035000 103:07 2947 /system/vendor/lib/libqc-opt.so
10-09 12:15:40.218: W/art(13829): b5a81000-b5a82000 rw-p 00036000 103:07 2947 /system/vendor/lib/libqc-opt.so
10-09 12:15:40.218: W/art(13829): b5a82000-b5ae6000 r-xp 00000000 103:07 1610 /system/lib/libft2.so
10-09 12:15:40.218: W/art(13829): b5ae6000-b5ae8000 r--p 00063000 103:07 1610 /system/lib/libft2.so
10-09 12:15:40.219: W/art(13829): b5ae8000-b5ae9000 rw-p 00065000 103:07 1610 /system/lib/libft2.so
10-09 12:15:40.219: W/art(13829): b5ae9000-b5b0e000 r-xp 00000000 103:07 1689 /system/lib/libpng.so
10-09 12:15:40.219: W/art(13829): b5b0e000-b5b0f000 r--p 00024000 103:07 1689 /system/lib/libpng.so
10-09 12:15:40.219: W/art(13829): b5b0f000-b5b10000 rw-p 00025000 103:07 1689 /system/lib/libpng.so
10-09 12:15:40.219: W/art(13829): b5b10000-b5b13000 r-xp 00000000 103:07 1766 /system/lib/libsync.so
10-09 12:15:40.219: W/art(13829): b5b13000-b5b14000 r--p 00002000 103:07 1766 /system/lib/libsync.so
10-09 12:15:40.219: W/art(13829): b5b14000-b5b15000 rw-p 00003000 103:07 1766 /system/lib/libsync.so
10-09 12:15:40.219: W/art(13829): b5b15000-b5b1a000 r-xp 00000000 103:07 1762 /system/lib/libstdc++.so
10-09 12:15:40.219: W/art(13829): b5b1a000-b5b1b000 r--p 00004000 103:07 1762 /system/lib/libstdc++.so
10-09 12:15:40.219: W/art(13829): b5b1b000-b5b1c000 rw-p 00005000 103:07 1762 /system/lib/libstdc++.so
10-09 12:15:40.219: W/art(13829): b5b1c000-b5b2c000 r-xp 00000000 103:07 1774 /system/lib/libunwind.so
10-09 12:15:40.219: W/art(13829): b5b2c000-b5b2d000 r--p 0000f000 103:07 1774 /system/lib/libunwind.so
10-09 12:15:40.219: W/art(13829): b5b2d000-b5b2e000 rw-p 00010000 103:07 1774 /system/lib/libunwind.so
10-09 12:15:40.219: W/art(13829): b5b2e000-b5b74000 rw-p 00000000 00:00 0
10-09 12:15:40.219: W/art(13829): b5b74000-b5b7d000 r-xp 00000000 103:07 1535 /system/lib/libbase.so
10-09 12:15:40.219: W/art(13829): b5b7d000-b5b7e000 r--p 00008000 103:07 1535 /system/lib/libbase.so
10-09 12:15:40.219: W/art(13829): b5b7e000-b5b7f000 rw-p 00009000 103:07 1535 /system/lib/libbase.so
10-09 12:15:40.219: W/art(13829): b5b7f000-b5b84000 r-xp 00000000 103:07 1595 /system/lib/libeffects.so
10-09 12:15:40.219: W/art(13829): b5b84000-b5b85000 r--p 00004000 103:07 1595 /system/lib/libeffects.so
10-09 12:15:40.219: W/art(13829): b5b85000-b5b86000 rw-p 00005000 103:07 1595 /system/lib/libeffects.so
10-09 12:15:40.219: W/art(13829): b5b86000-b5b87000 r--p 00000000 00:00 0 [anon:linker_alloc]
10-09 12:15:40.219: W/art(13829): b5b87000-b5b8a000 r-xp 00000000 103:07 1736 /system/lib/libstagefright_http_support.so
10-09 12:15:40.219: W/art(13829): b5b8a000-b5b8b000 ---p 00000000 00:00 0
10-09 12:15:40.219: W/art(13829): b5b8b000-b5b8c000 r--p 00003000 103:07 1736 /system/lib/libstagefright_http_support.so
10-09 12:15:40.219: W/art(13829): b5b8c000-b5b8d000 rw-p 00004000 103:07 1736 /system/lib/libstagefright_http_support.so
10-09 12:15:40.219: W/art(13829): b5b8d000-b5ba5000 r-xp 00000000 103:07 1735 /system/lib/libstagefright_foundation.so
10-09 12:15:40.219: W/art(13829): b5ba5000-b5ba6000 ---p 00000000 00:00 0
10-09 12:15:40.219: W/art(13829): b5ba6000-b5ba7000 r--p 00018000 103:07 1735 /system/lib/libstagefright_foundation.so
10-09 12:15:40.219: W/art(13829): b5ba7000-b5ba8000 rw-p 00019000 103:07 1735 /system/lib/libstagefright_foundation.so
10-09 12:15:40.219: W/art(13829): b5ba8000-b5d07000 r-xp 00000000 103:07 1731 /system/lib/libstagefright.so
10-09 12:15:40.219: W/art(13829): b5d07000-b5d08000 ---p 00000000 00:00 0
10-09 12:15:40.219: W/art(13829): b5d08000-b5d14000 r--p 0015f000 103:07 1731 /system/lib/libstagefright.so
10-09 12:15:40.219: W/art(13829): b5d14000-b5d15000 rw-p 0016b000 103:07 1731 /system/lib/libstagefright.so
10-09 12:15:40.219: W/art(13829): b5d15000-b5d7c000 r-xp 00000000 103:07 1620 /system/lib/libhwui.so
10-09 12:15:40.219: W/art(13829): b5d7c000-b5d7d000 ---p 00000000 00:00 0
10-09 12:15:40.219: W/art(13829): b5d7d000-b5d80000 r--p 00067000 103:07 1620 /system/lib/libhwui.so
10-09 12:15:40.219: W/art(13829): b5d80000-b5d81000 rw-p 0006a000 103:07 1620 /system/lib/libhwui.so
10-09 12:15:40.219: W/art(13829): b5d81000-b5d84000 r-xp 00000000 103:07 1704 /system/lib/libradio_metadata.so
10-09 12:15:40.219: W/art(13829): b5d84000-b5d85000 r--p 00002000 103:07 1704 /system/lib/libradio_metadata.so
10-09 12:15:40.219: W/art(13829): b5d85000-b5d86000 rw-p 00003000 103:07 1704 /system/lib/libradio_metadata.so
10-09 12:15:40.219: W/art(13829): b5d86000-b5d8a000 r-xp 00000000 103:07 1671 /system/lib/libnativebridge.so
10-09 12:15:40.219: W/art(13829): b5d8a000-b5d8b000 r--p 00003000 103:07 1671 /system/lib/libnativebridge.so
10-09 12:15:40.219: W/art(13829): b5d8b000-b5d8c000 rw-p 00004000 103:07 1671 /system/lib/libnativebridge.so
10-09 12:15:40.219: W/art(13829): b5d8c000-b5d90000 r-xp 00000000 103:07 1693 /system/lib/libprocessgroup.so
10-09 12:15:40.219: W/art(13829): b5d90000-b5d91000 r--p 00003000 103:07 1693 /system/lib/libprocessgroup.so
10-09 12:15:40.219: W/art(13829): b5d91000-b5d92000 rw-p 00004000 103:07 1693 /system/lib/libprocessgroup.so
10-09 12:15:40.219: W/art(13829): b5d92000-b5da0000 r-xp 00000000 103:07 1656 /system/lib/libminikin.so
10-09 12:15:40.219: W/art(13829): b5da0000-b5da1000 ---p 00000000 00:00 0
10-09 12:15:40.219: W/art(13829): b5da1000-b5da2000 r--p 0000e000 103:07 1656 /system/lib/libminikin.so
10-09 12:15:40.219: W/art(13829): b5da2000-b5da3000 rw-p 0000f000 103:07 1656 /system/lib/libminikin.so
10-09 12:15:40.219: W/art(13829): b5da3000-b5dad000 r-xp 00000000 103:07 1724 /system/lib/libsoundtrigger.so
10-09 12:15:40.219: W/art(13829): b5dad000-b5db0000 r--p 00009000 103:07 1724 /system/lib/libsoundtrigger.so
10-09 12:15:40.221: W/art(13829): b5db0000-b5db1000 rw-p 0000c000 103:07 1724 /system/lib/libsoundtrigger.so
10-09 12:15:40.221: W/art(13829): b5db1000-b5db2000 r--p 00000000 00:00 0 [anon:linker_alloc]
10-09 12:15:40.221: W/art(13829): b5db2000-b5dbc000 r-xp 00000000 103:07 1703 /system/lib/libradio.so
10-09 12:15:40.221: W/art(13829): b5dbc000-b5dbf000 r--p 00009000 103:07 1703 /system/lib/libradio.so
10-09 12:15:40.221: W/art(13829): b5dbf000-b5dc0000 rw-p 0000c000 103:07 1703 /system/lib/libradio.so
10-09 12:15:40.221: W/art(13829): b5dc0000-b5dc4000 r-xp 00000000 103:07 1674 /system/lib/libnetd_client.so
10-09 12:15:40.221: W/art(13829): b5dc4000-b5dc5000 r--p 00003000 103:07 1674 /system/lib/libnetd_client.so
10-09 12:15:40.221: W/art(13829): b5dc5000-b5dc6000 rw-p 00004000 103:07 1674 /system/lib/libnetd_client.so
10-09 12:15:40.221: W/art(13829): b5dc6000-b5dd3000 r-xp 00000000 103:07 1623 /system/lib/libimg_utils.so
10-09 12:15:40.221: W/art(13829): b5dd3000-b5dd5000 r--p 0000c000 103:07 1623 /system/lib/libimg_utils.so
10-09 12:15:40.221: W/art(13829): b5dd5000-b5dd6000 rw-p 0000e000 103:07 1623 /system/lib/libimg_utils.so
10-09 12:15:40.221: W/art(13829): b5dd6000-b61d4000 r-xp 00000000 103:07 1686 /system/lib/libpdfium.so
10-09 12:15:40.221: W/art(13829): b61d4000-b61d5000 ---p 00000000 00:00 0
10-09 12:15:40.221: W/art(13829): b61d5000-b61de000 r--p 003fe000 103:07 1686 /system/lib/libpdfium.so
10-09 12:15:40.221: W/art(13829): b61de000-b61e2000 rw-p 00407000 103:07 1686 /system/lib/libpdfium.so
10-09 12:15:40.221: W/art(13829): b61e2000-b61e3000 rw-p 00000000 00:00 0
10-09 12:15:40.221: W/art(13829): b61e3000-b61ea000 r-xp 00000000 103:07 1532 /system/lib/libaud
10-09 12:15:40.221: W/art(13829): ioutils.so
10-09 12:15:40.221: W/art(13829): b61ea000-b61eb000 r--p 00006000 103:07 1532 /system/lib/libaudioutils.so
10-09 12:15:40.221: W/art(13829): b61eb000-b61ec000 rw-p 00007000 103:07 1532 /system/lib/libaudioutils.so
10-09 12:15:40.221: W/art(13829): b61ec000-b6206000 r-xp 00000000 103:07 1787 /system/lib/libz.so
10-09 12:15:40.221: W/art(13829): b6206000-b6207000 r--p 00019000
10-09 12:15:40.221: W/art(13829): 103:07 1787 /system/lib/libz.so
10-09 12:15:40.221: W/art(13829): b6207000-b6208000 rw-p 0001a000 103:07 1787 /system/lib/libz.so
10-09 12:15:40.221: W/art(13829): b6208000-b6251000 r-xp 00000000 103:07 1617 /system/lib/libharfbuzz_ng.so
10-09 12:15:40.221: W/art(13829): b6251000-b6252000 ---p 00000000 00:00 0
10-09 12:15:40.221: W/art(13829): b6252000-b6253000 r--p 00049000 103:07 1617 /system/lib/libhar
10-09 12:15:40.222: W/art(13829): fbuzz_ng.so
10-09 12:15:40.222: W/art(13829): b6253000-b6254000 rw-p 0004a000 103:07 1617 /system/lib/libharfbuzz_ng.so
10-09 12:15:40.222: W/art(13829): b6254000-b6255000 rw-p 00000000 00:00 0 [anon:linker_alloc]
10-09 12:15:40.222: W/art(13829): b6255000-b625a000 r-xp 00000000 103:07 1775 /system/lib/libusbhost.so
10-09 12:15:40.222: W/art(13829): b625a000-b625b000 r--p 00004000 1
10-09 12:15:40.222: W/art(13829): 03:07 1775 /system/lib/libusbhost.so
10-09 12:15:40.222: W/art(13829): b625b000-b625c000 rw-p 00005000 103:07 1775 /system/lib/libusbhost.so
10-09 12:15:40.222: W/art(13829): b625c000-b6292000 r-xp 00000000 103:07 1632 /system/lib/libjpeg.so
10-09 12:15:40.222: W/art(13829): b6292000-b6293000 r--p 00035000 103:07 1632 /system/lib/libjpeg.so
10-09 12:15:40.222: W/art(13829): b6293000-b6294000 rw-p 00036000 103:07 1632 /system/lib/libjpeg.so
10-09 12:15:40.222: W/art(13829): b6294000-b6295000 r--p 00000000 00:00 0 [anon:linker_alloc]
