10-09 12:16:12.192: D/InteractionController(14386): clickNoSync (1097, 596)
10-09 12:16:12.223: D/GamesUnitySDK(14386): Performing Android initialization of the GPG SDK
10-09 12:16:12.269: I/UnityAds(14386): com.unity3d.ads.configuration.InitializeThread$InitializeStateLoadWeb.execute() (line:282) :: Unity Ads init: loading webapp from https://webview.unityads.unity3d.com/webview/2.1.0/d240e30a4eeaee443a2c095e13a911139119a4bc/release/index.html
10-09 12:16:12.301: I/Robo(14332): Action has been performed.
10-09 12:16:12.304: I/Unity(14386): Building GPG services, implicitly attempts silent auth
10-09 12:16:12.304: I/Unity(14386):
10-09 12:16:12.304: I/Unity(14386): (Filename: ./artifacts/generated/common/runtime/DebugBindings.gen.cpp Line: 51)
10-09 12:16:12.307: I/GamesNativeSDK(14386): Writing 1941 bytes to jar file
10-09 12:16:12.331: I/Robo(14386): Getting lightweight screen without elements
10-09 12:16:12.333: I/Robo(14386): UiAutomator: Milliseconds to extract current screen state: 31
10-09 12:16:12.333: I/Robo(14386): ExecutionResult: SUCCESS
10-09 12:16:12.338: I/Robo(14386): copied 4 bytes
10-09 12:16:12.339: I/Robo(14386): copied 4 bytes
10-09 12:16:12.341: I/Robo(14386): copied 4 bytes
10-09 12:16:12.342: I/Robo(14332): Results ready.
10-09 12:16:12.343: I/Robo(14332): read 4 bytes
10-09 12:16:12.343: I/Robo(14332): read 4 bytes
10-09 12:16:12.343: D/skia(14332): --- SkImageDecoder::Factory returned null
10-09 12:16:12.343: I/Robo(14332): read 4 bytes
10-09 12:16:12.345: I/Robo(14332): Set the latest activity to Optional.of(com.unity3d.player.UnityPlayerActivity)
10-09 12:16:12.346: I/Robo(14332): Wrote crawleraction21.meta
10-09 12:16:12.348: I/Robo(14332): Performing PointTapAction(64, 480, 17).
10-09 12:16:12.351: I/Robo(14386): PointTapAction: x = 64, y = 480
10-09 12:16:12.354: D/InteractionController(14386): clickNoSync (64, 480)
10-09 12:16:12.406: I/dex2oat(14941): /system/bin/dex2oat --dex-file=/data/user/0/site.studiofun.TapTapTap/app_.gpg.classloader/a67d5dc2a1b2b8b1fab5e8f920120ade_games.jar --oat-file=/data/user/0/site.studiofun.TapTapTap/app_.gpg.classloader/a67d5dc2a1b2b8b1fab5e8f920120ade_games.dex
10-09 12:16:12.462: I/Robo(14332): Action has been performed.
10-09 12:16:12.468: I/dex2oat(14941): dex2oat took 62.883ms (threads: 4) arena alloc=29KB java alloc=33KB native alloc=601KB free=90KB
10-09 12:16:12.478: I/Robo(14386): Getting lightweight screen without elements
10-09 12:16:12.478: I/Robo(14386): UiAutomator: Milliseconds to extract current screen state: 16
10-09 12:16:12.479: I/Robo(14386): ExecutionResult: SUCCESS
10-09 12:16:12.481: I/Robo(14332): Results ready.
10-09 12:16:12.483: I/Robo(14386): copied 4 bytes
10-09 12:16:12.484: I/Robo(14386): copied 4 bytes
10-09 12:16:12.485: I/Robo(14332): read 4 bytes
10-09 12:16:12.485: I/Robo(14332): read 4 bytes
10-09 12:16:12.485: D/skia(14332): --- SkImageDecoder::Factory returned null
10-09 12:16:12.485: I/Robo(14386): copied 4 bytes
10-09 12:16:12.485: I/Robo(14332): read 4 bytes
10-09 12:16:12.487: I/Robo(14332): Set the latest activity to Optional.of(com.unity3d.player.UnityPlayerActivity)
10-09 12:16:12.488: I/Robo(14332): Wrote crawleraction22.meta
10-09 12:16:12.489: I/GamesNativeSDK(14386): Writing 1066 bytes to jar file
10-09 12:16:12.491: I/Robo(14332): Performing PointTapAction(366, 599, 18).
10-09 12:16:12.506: I/Robo(14386): PointTapAction: x = 366, y = 599
10-09 12:16:12.535: D/InteractionController(14386): clickNoSync (366, 599)
10-09 12:16:12.567: I/dex2oat(14962): /system/bin/dex2oat --dex-file=/data/user/0/site.studiofun.TapTapTap/app_.gpg.classloader/9fc5eaac3813d9502e2c301f2645e6da_nearby.jar --oat-file=/data/user/0/site.studiofun.TapTapTap/app_.gpg.classloader/9fc5eaac3813d9502e2c301f2645e6da_nearby.dex
10-09 12:16:12.592: I/dex2oat(14962): dex2oat took 25.470ms (threads: 4) arena alloc=51KB java alloc=25KB native alloc=729KB free=94KB
10-09 12:16:12.620: W/PopupManager(14386): You have not specified a View to use as content view for popups. Falling back to the Activity content view. Note that this may not work as expected in multi-screen environments
10-09 12:16:12.626: I/GamesNativeSDK(14386): Auth operation started: SIGN IN
10-09 12:16:12.627: I/GamesNativeSDK(14386): Connecting to Google Play...
10-09 12:16:12.639: I/Robo(14332): Action has been performed.
10-09 12:16:12.645: I/Robo(14386): Getting lightweight screen without elements
10-09 12:16:12.646: I/Robo(14386): UiAutomator: Milliseconds to extract current screen state: 5
10-09 12:16:12.646: I/Robo(14386): ExecutionResult: SUCCESS
10-09 12:16:12.652: I/Robo(14386): copied 4 bytes
10-09 12:16:12.653: I/Robo(14386): copied 4 bytes
10-09 12:16:12.657: I/Robo(14386): copied 4 bytes
10-09 12:16:12.657: I/Robo(14332): Results ready.
10-09 12:16:12.657: I/Robo(14332): read 4 bytes
10-09 12:16:12.658: I/Robo(14332): read 4 bytes
10-09 12:16:12.658: D/skia(14332): --- SkImageDecoder::Factory returned null
10-09 12:16:12.658: I/Robo(14332): read 4 bytes
10-09 12:16:12.660: I/Robo(14332): Set the latest activity to Optional.of(com.unity3d.player.UnityPlayerActivity)
10-09 12:16:12.662: I/Robo(14332): Wrote crawleraction23.meta
10-09 12:16:12.664: I/Robo(14332): Performing PointTapAction(480, 531, 19).
10-09 12:16:12.665: I/Robo(14386): PointTapAction: x = 480, y = 531
10-09 12:16:12.674: D/InteractionController(14386): clickNoSync (480, 531)
10-09 12:16:12.685: I/Unity(14386): [Info] 10/09/2018 12:16:12 : GooglePlaySignIn::SignIn - End
10-09 12:16:12.685: I/Unity(14386):
10-09 12:16:12.685: I/Unity(14386): (Filename: ./artifacts/generated/common/runtime/DebugBindings.gen.cpp Line: 51)
10-09 12:16:12.693: I/Unity(14386): [Info] 10/09/2018 12:16:12 : GooglePlaySignIn::MoveNext - Start
10-09 12:16:12.693: I/Unity(14386):
10-09 12:16:12.693: I/Unity(14386): (Filename: ./artifacts/generated/common/runtime/DebugBindings.gen.cpp Line: 51)
10-09 12:16:12.695: I/Unity(14386): [Info] 10/09/2018 12:16:12 : GooglePlaySignIn::MoveNext - Start
10-09 12:16:12.695: I/Unity(14386):
10-09 12:16:12.695: I/Unity(14386): (Filename: ./artifacts/generated/common/runtime/DebugBindings.gen.cpp Line: 51)
10-09 12:16:12.727: I/Unity(14386): [Info] 10/09/2018 12:16:12 : GooglePlaySignIn::MoveNext - Alpha : 1
10-09 12:16:12.727: I/Unity(14386):
10-09 12:16:12.727: I/Unity(14386): (Filename: ./artifacts/generated/common/runtime/DebugBindings.gen.cpp Line: 51)
10-09 12:16:12.729: I/Unity(14386): [Info] 10/09/2018 12:16:12 : GooglePlaySignIn::Start - End
10-09 12:16:12.729: I/Unity(14386):
10-09 12:16:12.729: I/Unity(14386): (Filename: ./artifacts/generated/common/runtime/DebugBindings.gen.cpp Line: 51)
10-09 12:16:12.763: W/Primes(12568): Primes not initialized, returning default (no-op) Primes instance which will ignore all calls. Please call Primes.initialize(...) before using any Primes API.
10-09 12:16:12.793: W/Unity(14386): !!! [Play Games Plugin DLL] 10/09/18 12:16:12 -07:00 WARNING: Creating new PlayGamesPlatform
10-09 12:16:12.793: W/Unity(14386):
10-09 12:16:12.793: W/Unity(14386): (Filename: ./artifacts/generated/common/runtime/DebugBindings.gen.cpp Line: 51)
10-09 12:16:12.794: I/Unity(14386): [Play Games Plugin DLL] 10/09/18 12:16:12 -07:00 DEBUG: Activating PlayGamesPlatform.
10-09 12:16:12.794: I/Unity(14386):
10-09 12:16:12.794: I/Unity(14386): (Filename: ./artifacts/generated/common/runtime/DebugBindings.gen.cpp Line: 51)
10-09 12:16:12.794: I/Unity(14386): [Play Games Plugin DLL] 10/09/18 12:16:12 -07:00 DEBUG: PlayGamesPlatform activated: GooglePlayGames.PlayGamesPlatform
10-09 12:16:12.794: I/Unity(14386):
10-09 12:16:12.794: I/Unity(14386): (Filename: ./artifacts/generated/common/runtime/DebugBindings.gen.cpp Line: 51)
10-09 12:16:12.794: I/Unity(14386): [Play Games Plugin DLL] 10/09/18 12:16:12 -07:00 DEBUG: Creating platform-specific Play Games client.
10-09 12:16:12.794: I/Unity(14386):
10-09 12:16:12.794: I/Unity(14386): (Filename: ./artifacts/generated/common/runtime/DebugBindings.gen.cpp Line: 51)
10-09 12:16:12.794: I/Unity(14386): [Play Games Plugin DLL] 10/09/18 12:16:12 -07:00 DEBUG: Creating Android IPlayGamesClient Client
10-09 12:16:12.794: I/Unity(14386):
10-09 12:16:12.794: I/Unity(14386): (Filename: ./artifacts/generated/common/runtime/DebugBindings.gen.cpp Line: 51)
10-09 12:16:12.800: I/Robo(14332): Action has been performed.
10-09 12:16:12.803: I/Robo(14386): Getting lightweight screen without elements
10-09 12:16:12.804: I/Robo(14386): UiAutomator: Milliseconds to extract current screen state: 3
10-09 12:16:12.804: I/Robo(14386): ExecutionResult: SUCCESS
10-09 12:16:12.821: I/Robo(14386): copied 4 bytes
10-09 12:16:12.826: I/Robo(14386): copied 4 bytes
10-09 12:16:12.830: I/Robo(14386): copied 4 bytes
10-09 12:16:12.833: I/Robo(14332): Results ready.
10-09 12:16:12.833: I/Robo(14332): read 4 bytes
10-09 12:16:12.833: I/Robo(14332): read 4 bytes
10-09 12:16:12.834: D/skia(14332): --- SkImageDecoder::Factory returned null
10-09 12:16:12.834: I/Robo(14332): read 4 bytes
10-09 12:16:12.836: I/Robo(14332): Set the latest activity to Optional.of(com.unity3d.player.UnityPlayerActivity)
10-09 12:16:12.838: I/Robo(14332): Wrote crawleraction24.meta
10-09 12:16:12.844: I/Robo(14332): Performing PointTapAction(729, 44, 20).
10-09 12:16:12.845: I/Robo(14386): PointTapAction: x = 729, y = 44
10-09 12:16:12.848: D/InteractionController(14386): clickNoSync (729, 44)
10-09 12:16:12.854: W/GamesServiceBroker(12568): Client connected with SDK 11020000, Services 13280015, and Games 59040030
10-09 12:16:13.000: I/WebViewFactory(14386): Loading com.google.android.webview version 52.0.2743.98 (code 275609800)
10-09 12:16:13.052: I/Unity(14386): [Info] 10/09/2018 12:16:13 : GooglePlaySignIn::MoveNext - Alpha : 0.9
10-09 12:16:13.052: I/Unity(14386):
10-09 12:16:13.052: I/Unity(14386): (Filename: ./artifacts/generated/common/runtime/DebugBindings.gen.cpp Line: 51)
10-09 12:16:13.064: W/System(14386): ClassLoader referenced unknown path: /system/app/WebViewGoogle/lib/arm
10-09 12:16:13.086: I/art(14386): Rejecting re-init on previously-failed class java.lang.Class
10-09 12:16:13.088: I/art(14386): Rejecting re-init on previously-failed class java.lang.Class
10-09 12:16:13.092: I/art(14386): Rejecting re-init on previously-failed class java.lang.Class
10-09 12:16:13.093: I/art(14386): Rejecting re-init on previously-failed class java.lang.Class
10-09 12:16:13.094: W/DynamiteModule(12568): Local module descriptor class for com.google.android.gms.googlecertificates not found.
10-09 12:16:13.095: W/GamesServiceBroker(12568): Client connected with SDK 13004000, Services 13280015, and Games 59040030
10-09 12:16:13.099: I/DynamiteModule(12568): Considering local module com.google.android.gms.googlecertificates:0 and remote module com.google.android.gms.googlecertificates:4
10-09 12:16:13.100: I/DynamiteModule(12568): Selected remote version of com.google.android.gms.googlecertificates, version >= 4
10-09 12:16:13.119: I/cr_LibraryLoader(14386): Time to load native libraries: 11 ms (timestamps 6687-6698)
10-09 12:16:13.119: I/cr_LibraryLoader(14386): Expected native library version number "52.0.2743.98", actual native library version number "52.0.2743.98"
10-09 12:16:13.162: V/WebViewChromiumFactoryProvider(14386): Binding Chromium to main looper Looper (main, tid 1) {c68efc1}
10-09 12:16:13.163: I/cr_LibraryLoader(14386): Expected native library version number "52.0.2743.98", actual native library version number "52.0.2743.98"
10-09 12:16:13.170: I/Unity(14386): [Info] 10/09/2018 12:16:13 : GooglePlaySignIn::MoveNext - Alpha : 0.8
10-09 12:16:13.170: I/Unity(14386):
10-09 12:16:13.170: I/Unity(14386): (Filename: ./artifacts/generated/common/runtime/DebugBindings.gen.cpp Line: 51)
10-09 12:16:13.179: I/chromium(14386): [INFO:library_loader_hooks.cc(143)] Chromium logging enabled: level = 0, default verbosity = 0
10-09 12:16:13.206: W/GamesServiceBroker(12568): Client connected with SDK 13004000, Services 13280015, and Games 59040030
10-09 12:16:13.229: W/GamesServiceBroker(12568): Client connected with SDK 13004000, Services 13280015, and Games 59040030
10-09 12:16:13.231: I/cr_BrowserStartup(14386): Initializing chromium process, singleProcess=true
10-09 12:16:13.244: W/ChimeraUtils(12585): Non Chimera context
10-09 12:16:13.277: I/Unity(14386): [Info] 10/09/2018 12:16:13 : GooglePlaySignIn::MoveNext - Alpha : 0.7
10-09 12:16:13.277: I/Unity(14386):
10-09 12:16:13.277: I/Unity(14386): (Filename: ./artifacts/generated/common/runtime/DebugBindings.gen.cpp Line: 51)
10-09 12:16:13.280: W/ChimeraUtils(12585): Non Chimera context
10-09 12:16:13.297: I/SFPerfTracer(294): trigger: render (34.612 ms) (9.612 ms off for 8 triggers) (8 triggers) (9 renders)
10-09 12:16:13.383: I/Unity(14386): [Info] 10/09/2018 12:16:13 : GooglePlaySignIn::MoveNext - Alpha : 0.6
10-09 12:16:13.383: I/Unity(14386):
10-09 12:16:13.383: I/Unity(14386): (Filename: ./artifacts/generated/common/runtime/DebugBindings.gen.cpp Line: 51)
10-09 12:16:13.410: I/Auth(12585): [ReflectiveChannelBinder] Successfully bound channel!
10-09 12:16:13.488: I/Unity(14386): [Info] 10/09/2018 12:16:13 : GooglePlaySignIn::MoveNext - Alpha : 0.5
10-09 12:16:13.488: I/Unity(14386):
10-09 12:16:13.488: I/Unity(14386): (Filename: ./artifacts/generated/common/runtime/DebugBindings.gen.cpp Line: 51)
10-09 12:16:13.497: W/Conscrypt(12585): Could not set socket write timeout: java.lang.reflect.InvocationTargetException
10-09 12:16:13.497: W/Conscrypt(12585): at java.lang.reflect.Method.invoke(Native Method)
10-09 12:16:13.497: W/Conscrypt(12585): at com.google.android.gms.org.conscrypt.Platform.setSocketWriteTimeout(:com.google.android.gms@13280015@13.2.80 (040300-211705629):13)
10-09 12:16:13.497: W/Conscrypt(12585): Caused by: android.system.ErrnoException: setsockopt failed: EBADF (Bad file descriptor)
10-09 12:16:13.498: W/Conscrypt(12585): at libcore.io.Posix.setsockoptTimeval(Native Method)
10-09 12:16:13.498: W/Conscrypt(12585): at libcore.io.ForwardingOs.setsockoptTimeval(ForwardingOs.java:156)
10-09 12:16:13.529: W/cr_media(14386): Requires BLUETOOTH permission
10-09 12:16:13.557: W/Conscrypt(12585): Could not set socket write timeout: java.lang.reflect.InvocationTargetException
10-09 12:16:13.558: W/Conscrypt(12585): at java.lang.reflect.Method.invoke(Native Method)
10-09 12:16:13.558: W/Conscrypt(12585): at com.google.android.gms.org.conscrypt.Platform.setSocketWriteTimeout(:com.google.android.gms@13280015@13.2.80 (040300-211705629):13)
10-09 12:16:13.558: W/Conscrypt(12585): Caused by: android.system.ErrnoException: setsockopt failed: EBADF (Bad file descriptor)
10-09 12:16:13.558: W/Conscrypt(12585): at libcore.io.Posix.setsockoptTimeval(Native Method)
10-09 12:16:13.558: W/Conscrypt(12585): at libcore.io.ForwardingOs.setsockoptTimeval(ForwardingOs.java:156)
10-09 12:16:13.582: I/SFPerfTracer(294): triggers: (rate: 0:2) (0 sw vsyncs) (0 skipped) (9:1368 vsyncs) (11:2405)
10-09 12:16:13.623: V/ConnectivityManager(12585): isActiveNetworkMetered() returns:false
10-09 12:16:13.624: I/Unity(14386): [Info] 10/09/2018 12:16:13 : GooglePlaySignIn::MoveNext - Alpha : 0.4
10-09 12:16:13.624: I/Unity(14386):
10-09 12:16:13.624: I/Unity(14386): (Filename: ./artifacts/generated/common/runtime/DebugBindings.gen.cpp Line: 51)
10-09 12:16:13.629: I/SFPerfTracer(294): trigger: render (31.205 ms) (6.205 ms off for 5 triggers) (15 triggers) (19 renders)
10-09 12:16:13.719: I/SFPerfTracer(294): trigger: post (21.484 ms) (4.818 ms off for 12 triggers) (18 triggers) (22 posts)
10-09 12:16:13.729: D/ConnectivityService(1643): listenForNetwork for Listen from uid/pid:10128/14386 for NetworkRequest [ id=21, legacyType=-1, [ Capabilities: INTERNET&NOT_RESTRICTED&TRUSTED] ]
10-09 12:16:13.740: I/Unity(14386): [Info] 10/09/2018 12:16:13 : GooglePlaySignIn::MoveNext - Alpha : 0.3
10-09 12:16:13.740: I/Unity(14386):
10-09 12:16:13.740: I/Unity(14386): (Filename: ./artifacts/generated/common/runtime/DebugBindings.gen.cpp Line: 51)
10-09 12:16:13.787: W/cr_AwContents(14386): onDetachedFromWindow called when already detached. Ignoring
10-09 12:16:13.853: I/Unity(14386): [Info] 10/09/2018 12:16:13 : GooglePlaySignIn::MoveNext - Alpha : 0.2
10-09 12:16:13.853: I/Unity(14386):
10-09 12:16:13.853: I/Unity(14386): (Filename: ./artifacts/generated/common/runtime/DebugBindings.gen.cpp Line: 51)
10-09 12:16:13.986: I/Unity(14386): [Info] 10/09/2018 12:16:13 : GooglePlaySignIn::MoveNext - Alpha : 0.1
10-09 12:16:13.986: I/Unity(14386):
10-09 12:16:13.986: I/Unity(14386): (Filename: ./artifacts/generated/common/runtime/DebugBindings.gen.cpp Line: 51)
10-09 12:16:13.996: I/cr_Ime(14386): ImeThread is not enabled.
10-09 12:16:14.023: W/GamesServiceBroker(12568): Client connected with SDK 13004000, Services 13280015, and Games 59040030
10-09 12:16:14.029: W/GamesServiceBroker(12568): Client connected with SDK 13004000, Services 13280015, and Games 59040030
10-09 12:16:14.033: I/Robo(14332): Action has been performed.
10-09 12:16:14.041: I/SFPerfTracer(294): trigger: render (30.815 ms) (5.815 ms off for 11 triggers) (26 triggers) (31 renders)
10-09 12:16:14.054: D/ConnectivityService(1643): listenForNetwork for Listen from uid/pid:10128/14386 for NetworkRequest [ id=22, legacyType=-1, [ Capabilities: INTERNET&NOT_RESTRICTED&TRUSTED] ]
10-09 12:16:14.107: I/SFPerfTracer(294): trigger: frame rate (-51.508%) (29.095 fps) (34.370 ms) (16 drops) (31 frames)
10-09 12:16:14.109: I/SFPerfTracer(294): trigger: post (21.173 ms) (4.506 ms off for 8 triggers) (27 triggers) (32 posts)
10-09 12:16:14.110: I/SFPerfTracer(294): triggers: (rate: 7:368) (compose: 0:4) (post: 5:212) (render: 4:169) (31:949 frames) (32:1940)
10-09 12:16:14.110: D/SFPerfTracer(294): layers: (3:29) (FocusedStackFrame (0xb716a740): 0:16)* (DimLayer (0xb7104748): 0:25)* (StatusBar (0xb7195eb8): 5:539)* (NavigationBar (0xb71923d0): 0:48)* (com.android.systemui.ImageWallpaper (0xb719db60): 0:38)* (DimLayer (0xb7156128): 0:2)* ( (0xb7178f78): 0:16) (site.studiofun.TapTapTap/com.unity3d.player.UnityPlayerActivity (0xb7175860): 0:18)* (SurfaceView (0xb7134bc0): 32:119) ( (0xb717c628): 0:3)- ( (0xb71a30c0): 0:3)- ( (0xb717c628): 0:2)- ( (0xb71a30c0): 0:2)- ( (0xb717c628): 0:2)- ( (0xb71a30c0): 0:2)- ( (0xb7198d28): 0:3)- ( (0xb71a30c0): 0:2)- ( (0xb717c628): 0:2)- ( (0xb71a30c0): 0:3)- ( (0xb7198d28): 0:3)- ( (0xb71a30c0): 0:2)- ( (0xb7198d28): 0:3)- ( (0xb71a30c0): 0:3)- ( (0xb7198d28): 0:3)- ( (0xb71a30c0): 0:2)- ( (0xb7198d28): 0:2)- ( (0xb71a30c0): 1:3)
10-09 12:16:14.120: I/Unity(14386): [Info] 10/09/2018 12:16:14 : GooglePlaySignIn::MoveNext - Alpha : 0
10-09 12:16:14.120: I/Unity(14386):
10-09 12:16:14.120: I/Unity(14386): (Filename: ./artifacts/generated/common/runtime/DebugBindings.gen.cpp Line: 51)
10-09 12:16:14.134: V/ConnectivityManager(12585): isActiveNetworkMetered() returns:false
10-09 12:16:14.255: I/Unity(14386): [Info] 10/09/2018 12:16:14 : GooglePlaySignIn::MoveNext - End
10-09 12:16:14.255: I/Unity(14386):
10-09 12:16:14.255: I/Unity(14386): (Filename: ./artifacts/generated/common/runtime/DebugBindings.gen.cpp Line: 51)
10-09 12:16:14.330: I/Robo(14386): Espresso: Milliseconds to extract current screen state: 260
10-09 12:16:14.331: I/Robo(14386): width = 1280, height = 720
10-09 12:16:14.331: I/Robo(14386): ExecutionResult: SUCCESS
10-09 12:16:14.337: I/Robo(14386): copied 560 bytes
10-09 12:16:14.353: V/ConnectivityManager(12585): isActiveNetworkMetered() returns:false
10-09 12:16:14.414: E/NetworkScheduler(12585): Invalid component specified.
10-09 12:16:14.429: I/SFPerfTracer(294): trigger: post (21.057 ms) (4.390 ms off for 9 triggers) (9 triggers) (10 posts)
10-09 12:16:14.429: I/SFPerfTracer(294): trigger: render (31.034 ms) (6.034 ms off for 9 triggers) (9 triggers) (10 renders)
10-09 12:16:14.485: V/ConnectivityManager(12585): isActiveNetworkMetered() returns:false
10-09 12:16:14.507: V/ConnectivityManager(12585): isActiveNetworkMetered() returns:false
10-09 12:16:14.509: V/ConnectivityManager(12585): isActiveNetworkMetered() returns:false
10-09 12:16:14.522: V/ConnectivityManager(12585): isActiveNetworkMetered() returns:false
10-09 12:16:14.544: V/ConnectivityManager(12585): isActiveNetworkMetered() returns:false
10-09 12:16:14.577: V/ConnectivityManager(12585): isActiveNetworkMetered() returns:false
10-09 12:16:14.580: V/ConnectivityManager(12585): isActiveNetworkMetered() returns:false
10-09 12:16:14.581: V/ConnectivityManager(12585): isActiveNetworkMetered() returns:false
10-09 12:16:14.584: V/ConnectivityManager(12585): isActiveNetworkMetered() returns:false
10-09 12:16:14.586: V/ConnectivityManager(12585): isActiveNetworkMetered() returns:false
10-09 12:16:14.587: D/AudioFlinger(335): mixer(0xb436f008) throttle end: throttle time(17)
10-09 12:16:14.589: V/ConnectivityManager(12585): isActiveNetworkMetered() returns:false
10-09 12:16:14.591: V/ConnectivityManager(12585): isActiveNetworkMetered() returns:false
10-09 12:16:14.609: V/ConnectivityManager(12585): isActiveNetworkMetered() returns:false
10-09 12:16:14.611: V/ConnectivityManager(12585): isActiveNetworkMetered() returns:false
10-09 12:16:14.613: V/ConnectivityManager(12585): isActiveNetworkMetered() returns:false
10-09 12:16:14.614: V/ConnectivityManager(12585): isActiveNetworkMetered() returns:false
10-09 12:16:14.617: V/ConnectivityManager(12585): isActiveNetworkMetered() returns:false
10-09 12:16:14.619: V/ConnectivityManager(12585): isActiveNetworkMetered() returns:false
10-09 12:16:14.623: V/ConnectivityManager(12585): isActiveNetworkMetered() returns:false
10-09 12:16:14.628: V/ConnectivityManager(12585): isActiveNetworkMetered() returns:false
10-09 12:16:14.645: V/ConnectivityManager(12585): isActiveNetworkMetered() returns:false
10-09 12:16:14.647: V/ConnectivityManager(12585): isActiveNetworkMetered() returns:false
10-09 12:16:14.650: V/ConnectivityManager(12585): isActiveNetworkMetered() returns:false
10-09 12:16:14.652: V/ConnectivityManager(12585): isActiveNetworkMetered() returns:false
10-09 12:16:14.654: V/ConnectivityManager(12585): isActiveNetworkMetered() returns:false
10-09 12:16:14.658: V/ConnectivityManager(12585): isActiveNetworkMetered() returns:false
10-09 12:16:14.659: I/SFPerfTracer(294): trigger: render (29.499 ms) (4.499 ms off for 6 triggers) (15 triggers) (17 renders)
10-09 12:16:14.673: W/GamesServiceBroker(12568): Client connected with SDK 13004000, Services 13280015, and Games 59040030
10-09 12:16:14.680: I/Robo(14332): Results ready.
10-09 12:16:14.680: I/Robo(14332): read 560 bytes
10-09 12:16:14.683: I/Robo(14386): copied 995 bytes
10-09 12:16:14.685: I/Robo(14332): read 13263 bytes
10-09 12:16:14.687: W/GamesServiceBroker(12568): Client connected with SDK 13004000, Services 13280015, and Games 59040030
10-09 12:16:14.701: I/Robo(14386): copied 13263 bytes
10-09 12:16:14.704: V/GamesNativeSDK(14386): Play Games callback indicates connection failure.
10-09 12:16:14.704: I/GamesNativeSDK(14386): UI interaction required to connect to Google Play.
10-09 12:16:14.753: D/AudioFlinger(335): mixer(0xb436f008) throttle end: throttle time(2)
10-09 12:16:14.755: I/Robo(14332): read 995 bytes
10-09 12:16:14.756: I/Robo(14332): newScreenState.hasOpaqueElements() = true
10-09 12:16:14.756: I/Robo(14332): New Screen: Optional.of(ScreenNode {Id=4, PackageName=site.studiofun.TapTapTap, ActivityName=Optional.of(com.unity3d.player.UnityPlayerActivity)})
10-09 12:16:14.759: E/libEGL(14386): validate_display:255 error 3008 (EGL_BAD_DISPLAY)
10-09 12:16:14.767: I/Robo(14332): Finished writing artifact file /storage/emulated/0/app_firebase_test_lab/4.meta
10-09 12:16:14.775: V/ConnectivityManager(12585): isActiveNetworkMetered() returns:false
10-09 12:16:14.789: D/AudioFlinger(335): mixer(0xb436f008) throttle end: throttle time(17)
10-09 12:16:14.796: V/ConnectivityManager(12585): isActiveNetworkMetered() returns:false
10-09 12:16:14.802: I/Unity(14386): [Info] 10/09/2018 12:16:14 : GooglePlaySignIn::MoveNext - Alpha : 0
10-09 12:16:14.802: I/Unity(14386):
10-09 12:16:14.802: I/Unity(14386): (Filename: ./artifacts/generated/common/runtime/DebugBindings.gen.cpp Line: 51)
10-09 12:16:14.807: V/ConnectivityManager(12585): isActiveNetworkMetered() returns:false
10-09 12:16:14.820: V/ConnectivityManager(12585): isActiveNetworkMetered() returns:false
10-09 12:16:14.864: I/SFPerfTracer(294): trigger: post (24.668 ms) (8.001 ms off for 9 triggers) (18 triggers) (21 posts)
10-09 12:16:14.870: I/Unity(14386): [Info] 10/09/2018 12:16:14 : GooglePlaySignIn::MoveNext - Alpha : 0.1
10-09 12:16:14.870: I/Unity(14386):
10-09 12:16:14.870: I/Unity(14386): (Filename: ./artifacts/generated/common/runtime/DebugBindings.gen.cpp Line: 51)
10-09 12:16:14.886: V/ConnectivityManager(12585): isActiveNetworkMetered() returns:false
10-09 12:16:14.887: W/VideoCapabilities(14386): Unrecognized profile 2130706433 for video/avc
10-09 12:16:14.892: I/GamesNativeSDK(14386): Auth operation started: SIGN IN
10-09 12:16:14.892: I/GamesNativeSDK(14386): Connecting to Google Play...
10-09 12:16:14.905: I/Unity(14386): [Play Games Plugin DLL] 10/09/18 12:16:14 -07:00 DEBUG: Starting Auth Transition. Op: SIGN_IN status: ERROR_NOT_AUTHORIZED
10-09 12:16:14.905: I/Unity(14386):
10-09 12:16:14.905: I/Unity(14386): (Filename: ./artifacts/generated/common/runtime/DebugBindings.gen.cpp Line: 51)
10-09 12:16:14.905: I/Unity(14386): [Play Games Plugin DLL] 10/09/18 12:16:14 -07:00 DEBUG: Invoking callbacks, AuthState changed from silentPending to Unauthenticated.
10-09 12:16:14.905: I/Unity(14386):
10-09 12:16:14.905: I/Unity(14386): (Filename: ./artifacts/generated/common/runtime/DebugBindings.gen.cpp Line: 51)
10-09 12:16:14.905: I/Unity(14386): [Play Games Plugin DLL] 10/09/18 12:16:14 -07:00 DEBUG: there are pending auth callbacks - starting AuthUI
10-09 12:16:14.905: I/Unity(14386):
10-09 12:16:14.905: I/Unity(14386): (Filename: ./artifacts/generated/common/runtime/DebugBindings.gen.cpp Line: 51)
10-09 12:16:14.906: W/GamesServiceBroker(12568): Client connected with SDK 11020000, Services 13280015, and Games 59040030
10-09 12:16:14.931: W/VideoCapabilities(14386): Unrecognized profile/level 0/3 for video/mpeg2
10-09 12:16:14.942: V/ConnectivityManager(12585): isActiveNetworkMetered() returns:false
10-09 12:16:14.981: I/VideoCapabilities(14386): Unsupported profile 4 for video/mp4v-es
10-09 12:16:14.982: V/ConnectivityManager(12585): isActiveNetworkMetered() returns:false
10-09 12:16:14.986: V/ConnectivityManager(12585): isActiveNetworkMetered() returns:false
10-09 12:16:14.989: V/ConnectivityManager(12585): isActiveNetworkMetered() returns:false
10-09 12:16:14.996: W/GamesServiceBroker(12568): Client connected with SDK 13004000, Services 13280015, and Games 59040030
10-09 12:16:14.997: V/ConnectivityManager(12585): isActiveNetworkMetered() returns:false
10-09 12:16:15.009: V/ConnectivityManager(12585): isActiveNetworkMetered() returns:false
10-09 12:16:15.010: W/GamesServiceBroker(12568): Client connected with SDK 13004000, Services 13280015, and Games 59040030
10-09 12:16:15.015: V/ConnectivityManager(12585): isActiveNetworkMetered() returns:false
10-09 12:16:15.016: I/Unity(14386): [Info] 10/09/2018 12:16:15 : GooglePlaySignIn::MoveNext - Alpha : 0.2
10-09 12:16:15.016: I/Unity(14386):
10-09 12:16:15.016: I/Unity(14386): (Filename: ./artifacts/generated/common/runtime/DebugBindings.gen.cpp Line: 51)
10-09 12:16:15.024: W/GamesServiceBroker(12568): Client connected with SDK 13004000, Services 13280015, and Games 59040030
10-09 12:16:15.025: V/ConnectivityManager(12585): isActiveNetworkMetered() returns:false
10-09 12:16:15.038: V/ConnectivityManager(12585): isActiveNetworkMetered() returns:false
10-09 12:16:15.045: V/ConnectivityManager(12585): isActiveNetworkMetered() returns:false
10-09 12:16:15.053: V/ConnectivityManager(12585): isActiveNetworkMetered() returns:false
10-09 12:16:15.060: W/GamesServiceBroker(12568): Client connected with SDK 13004000, Services 13280015, and Games 59040030
10-09 12:16:15.063: V/ConnectivityManager(12585): isActiveNetworkMetered() returns:false
10-09 12:16:15.068: V/ConnectivityManager(12585): isActiveNetworkMetered() returns:false
10-09 12:16:15.077: W/GamesServiceBroker(12568): Client connected with SDK 13004000, Services 13280015, and Games 59040030
10-09 12:16:15.087: V/ConnectivityManager(12585): isActiveNetworkMetered() returns:false
10-09 12:16:15.095: V/ConnectivityManager(12585): isActiveNetworkMetered() returns:false
10-09 12:16:15.104: I/Robo(14332): Finished writing artifact file /storage/emulated/0/app_firebase_test_lab/4.png
10-09 12:16:15.105: I/Robo(14332): Set the latest activity to Optional.of(com.unity3d.player.UnityPlayerActivity)
10-09 12:16:15.105: V/ConnectivityManager(12585): isActiveNetworkMetered() returns:false
10-09 12:16:15.106: I/Robo(14332): Wrote crawleraction25.meta
10-09 12:16:15.108: V/ConnectivityManager(12585): isActiveNetworkMetered() returns:false
10-09 12:16:15.109: I/Robo(14332): Performing PointTapAction(734, 106, 1).
10-09 12:16:15.111: V/ConnectivityManager(12585): isActiveNetworkMetered() returns:false
10-09 12:16:15.112: V/ConnectivityManager(12585): isActiveNetworkMetered() returns:false
10-09 12:16:15.121: I/Robo(14386): PointTapAction: x = 734, y = 106
10-09 12:16:15.124: V/ConnectivityManager(12585): isActiveNetworkMetered() returns:false
10-09 12:16:15.126: I/Unity(14386): [Info] 10/09/2018 12:16:15 : GooglePlaySignIn::MoveNext - Alpha : 0.3
10-09 12:16:15.126: I/Unity(14386):
10-09 12:16:15.126: I/Unity(14386): (Filename: ./artifacts/generated/common/runtime/DebugBindings.gen.cpp Line: 51)
10-09 12:16:15.126: V/ConnectivityManager(12585): isActiveNetworkMetered() returns:false
10-09 12:16:15.134: V/ConnectivityManager(12585): isActiveNetworkMetered() returns:false
10-09 12:16:15.134: D/InteractionController(14386): clickNoSync (734, 106)
10-09 12:16:15.141: V/ConnectivityManager(12585): isActiveNetworkMetered() returns:false
10-09 12:16:15.145: V/ConnectivityManager(12585): isActiveNetworkMetered() returns:false
10-09 12:16:15.149: V/ConnectivityManager(12585): isActiveNetworkMetered() returns:false
10-09 12:16:15.155: V/ConnectivityManager(12585): isActiveNetworkMetered() returns:false
10-09 12:16:15.163: I/SFPerfTracer(294): trigger: frame rate (-54.933%) (27.040 fps) (36.982 ms) (21 drops) (27 frames)
10-09 12:16:15.164: I/SFPerfTracer(294): trigger: render (35.849 ms) (10.849 ms off for 11 triggers) (26 triggers) (28 renders)
10-09 12:16:15.164: I/SFPerfTracer(294): triggers: (rate: 8:389) (compose: 0:5) (post: 7:236) (render: 7:195) (27:976 frames) (28:1968)
10-09 12:16:15.164: D/SFPerfTracer(294): layers: (2:11) (FocusedStackFrame (0xb716a740): 0:16)* (DimLayer (0xb7104748): 0:25)* (StatusBar (0xb7195eb8): 5:544)* (NavigationBar (0xb71923d0): 0:48)* (com.android.systemui.ImageWallpaper (0xb719db60): 0:38)* (DimLayer (0xb7156128): 0:2)* ( (0xb7178f78): 0:16) (site.studiofun.TapTapTap/com.unity3d.player.UnityPlayerActivity (0xb7175860): 0:18)* (SurfaceView (0xb7134bc0): 28:147)
10-09 12:16:15.270: W/GamesServiceBroker(12568): Client connected with SDK 13004000, Services 13280015, and Games 59040030
10-09 12:16:15.272: V/GamesNativeSDK(14386): Play Games callback indicates connection failure.
10-09 12:16:15.272: W/GamesServiceBroker(12568): Client connected with SDK 13004000, Services 13280015, and Games 59040030
10-09 12:16:15.272: I/GamesNativeSDK(14386): UI interaction required to connect to Google Play.
10-09 12:16:15.272: I/GamesNativeSDK(14386): Resolving connection.
10-09 12:16:15.274: I/Robo(14332): Action has been performed.
10-09 12:16:15.277: I/Unity(14386): [Info] 10/09/2018 12:16:15 : GooglePlaySignIn::MoveNext - Alpha : 0.4
10-09 12:16:15.277: I/Unity(14386):
10-09 12:16:15.277: I/Unity(14386): (Filename: ./artifacts/generated/common/runtime/DebugBindings.gen.cpp Line: 51)
10-09 12:16:15.290: I/ActivityManager(1643): START u0 {act=com.google.android.gms.games.SIGN_IN flg=0x4000000 pkg=com.google.android.play.games cmp=com.google.android.play.games/com.google.android.gms.games.ui.signin.SignInActivity (has extras)} from uid 10028 on display 0
10-09 12:16:15.307: I/Robo(14386): Getting lightweight screen without elements
10-09 12:16:15.307: I/Robo(14386): UiAutomator: Milliseconds to extract current screen state: 29
10-09 12:16:15.307: I/Robo(14386): ExecutionResult: SUCCESS
10-09 12:16:15.314: D/ProcSpeedReader(3357): Failed to read freq stats from null
10-09 12:16:15.331: I/Robo(14386): copied 4 bytes
10-09 12:16:15.342: I/Robo(14332): Results ready.
10-09 12:16:15.343: I/Robo(14332): read 4 bytes
10-09 12:16:15.357: I/Robo(14386): copied 4 bytes
10-09 12:16:15.357: I/Robo(14386): copied 4 bytes
10-09 12:16:15.357: I/Robo(14332): read 4 bytes
10-09 12:16:15.357: D/skia(14332): --- SkImageDecoder::Factory returned null
10-09 12:16:15.358: I/Robo(14332): read 4 bytes
10-09 12:16:15.359: I/Robo(14332): Set the latest activity to Optional.of(com.unity3d.player.UnityPlayerActivity)
10-09 12:16:15.360: I/Robo(14332): Wrote crawleraction26.meta
10-09 12:16:15.362: I/Robo(14332): Performing PointTapAction(511, 652, 2).
10-09 12:16:15.367: I/Robo(14386): PointTapAction: x = 511, y = 652
10-09 12:16:15.439: E/Sensors(1643): AccSensor::setEnable handle:1 enable:0
10-09 12:16:15.439: E/Sensors(1643): AccSensor::setEnable handle:1 oldStatus=1 newStatus=0
10-09 12:16:15.440: E/Sensors(1643): AccSensor::setEnable finished!!!
10-09 12:16:15.447: D/LifecycleMonitor(14386): Lifecycle status change: com.unity3d.player.UnityPlayerActivity@9ae9ef3 in: PAUSED
10-09 12:16:15.481: I/ActivityManager(1643): Start proc 15122:com.google.android.play.games.ui/u0a124 for activity com.google.android.play.games/com.google.android.gms.games.ui.signin.SignInActivity
10-09 12:16:15.487: D/InteractionController(14386): clickNoSync (511, 652)
10-09 12:16:15.489: W/cr_BindingManager(14386): Cannot call determinedVisibility() - never saw a connection for the pid: 14386
10-09 12:16:15.513: D/ProcSpeedReader(3357): Failed to read freq stats from null
10-09 12:16:15.519: W/AudioFlinger::EffectModule(335): EffectModule 0xb7f3a1d8 destructor called with unreleased interface
10-09 12:16:15.520: W/AudioFlinger::EffectHandle(335): disconnect Effect handle 0xb7f16150 disconnected after thread destruction
10-09 12:16:15.553: I/chromium(14386): [INFO:CONSOLE(7)] "The key "viewport-fit" is not recognized and ignored.", source: file:///storage/emulated/0/Android/data/site.studiofun.TapTapTap/cache/UnityAdsCache/UnityAdsWebApp.html?platform=android&origin=https%3A%2F%2Fwebview.unityads.unity3d.com%2Fwebview%2F2.1.0%2Fd240e30a4eeaee443a2c095e13a911139119a4bc%2Frelease%2Findex.html&version=d240e30a4eeaee443a2c095e13a911139119a4bc (7)
10-09 12:16:15.588: V/ConnectivityManager(12585): isActiveNetworkMetered() returns:false
10-09 12:16:15.596: I/Robo(14386): Looking for activity
10-09 12:16:15.596: I/Robo(14386): Executing command: dumpsys window windows
10-09 12:16:15.598: I/Robo(14332): Action has been performed.
10-09 12:16:15.663: I/Robo(14386): Cmd dumpsys window windows finished.
10-09 12:16:15.679: V/ConnectivityManager(12585): isActiveNetworkMetered() returns:false
10-09 12:16:15.689: V/ConnectivityManager(12585): isActiveNetworkMetered() returns:false
10-09 12:16:15.692: W/Robo(14386): Failed to match current focused window.
10-09 12:16:15.693: I/Robo(14386): Espresso screen state extraction failed. Outside of app.
10-09 12:16:15.701: V/ConnectivityManager(12585): isActiveNetworkMetered() returns:false
10-09 12:16:15.711: V/ConnectivityManager(12585): isActiveNetworkMetered() returns:false
10-09 12:16:15.728: V/ConnectivityManager(12585): isActiveNetworkMetered() returns:false
10-09 12:16:15.837: I/Robo(14386): UiAutomator mode: fullscreen
10-09 12:16:15.837: I/Robo(14386): Looking for activity
10-09 12:16:15.837: I/Robo(14386): Executing command: dumpsys window windows
10-09 12:16:15.865: V/ConnectivityManager(12585): isActiveNetworkMetered() returns:false
10-09 12:16:15.884: W/Primes(15122): Primes failed to initialized in the background
10-09 12:16:15.884: W/Primes(15122): java.lang.IllegalStateException: Must call PhenotypeFlag.init() first
10-09 12:16:15.884: W/Primes(15122): at kyi.a(:com.google.android.play.games@59040030@5.9.04 (197933061.197933061-000300):21)
10-09 12:16:15.884: W/Primes(15122): at myq.c(:com.google.android.play.games@59040030@5.9.04 (197933061.197933061-000300))
10-09 12:16:15.884: W/Primes(15122): at ckb.get(:com.google.android.play.games@59040030@5.9.04 (197933061.197933061-000300):3)
10-09 12:16:15.884: W/Primes(15122): at dagger.internal.SetFactory.get(:com.google.android.play.games@59040030@5.9.04 (197933061.197933061-000300):10)
10-09 12:16:15.884: W/Primes(15122): at kxc.get(:com.google.android.play.games@59040030@5.9.04 (197933061.197933061-000300):4)
10-09 12:16:15.884: W/Primes(15122): at dagger.internal.DoubleCheck.get(:com.google.android.play.games@59040030@5.9.04 (197933061.197933061-000300):1)
10-09 12:16:15.884: W/Primes(15122): at kwx.a(Unknown Source)
10-09 12:16:15.884: W/Primes(15122): at ksb.a(:com.google.android.play.games@59040030@5.9.04 (197933061.197933061-000300):22)
10-09 12:16:15.884: W/Primes(15122): at ksd.run(:com.google.android.play.games@59040030@5.9.04 (197933061.197933061-000300):1)
10-09 12:16:15.884: W/Primes(15122): at java.util.concurrent.Executors$RunnableAdapter.call(Executors.java:423)
10-09 12:16:15.884: W/Primes(15122): at java.util.concurrent.FutureTask.run(FutureTask.java:237)
10-09 12:16:15.884: W/Primes(15122): at java.util.concurrent.ThreadPoolExecutor.runWorker(ThreadPoolExecutor.java:1113)
10-09 12:16:15.884: W/Primes(15122): at java.util.concurrent.ThreadPoolExecutor$Worker.run(ThreadPoolExecutor.java:588)
10-09 12:16:15.884: W/Primes(15122): at ksx.run(:com.google.android.play.games@59040030@5.9.04 (197933061.197933061-000300):4)
10-09 12:16:15.884: W/Primes(15122): at java.lang.Thread.run(Thread.java:818)
10-09 12:16:15.887: I/Robo(14386): Cmd dumpsys window windows finished.
10-09 12:16:15.895: I/PhFlagCommitter PII_LOG(15122): Committing experiment config for user:
10-09 12:16:15.903: W/Robo(14386): Failed to match current focused window.
10-09 12:16:15.908: I/Robo(14386): UiAutomator: Milliseconds to extract current screen state: 214
10-09 12:16:15.908: I/Robo(14386): Falling back to UiAutomator screen state.
10-09 12:16:15.908: I/Robo(14386): ExecutionResult: SUCCESS
10-09 12:16:15.914: I/Robo(14386): copied 526 bytes
10-09 12:16:15.936: V/ConnectivityManager(12585): isActiveNetworkMetered() returns:false
10-09 12:16:15.947: V/ConnectivityManager(12585): isActiveNetworkMetered() returns:false
10-09 12:16:15.968: V/ConnectivityManager(12585): isActiveNetworkMetered() returns:false
10-09 12:16:15.977: V/ConnectivityManager(12585): isActiveNetworkMetered() returns:false
10-09 12:16:15.988: V/ConnectivityManager(12585): isActiveNetworkMetered() returns:false
10-09 12:16:15.999: V/ConnectivityManager(12585): isActiveNetworkMetered() returns:false
10-09 12:16:16.004: I/GAv4-SVC(15122): Google Analytics 13.0.04 is starting up.
10-09 12:16:16.008: V/ConnectivityManager(12585): isActiveNetworkMetered() returns:false
10-09 12:16:16.021: V/ConnectivityManager(12585): isActiveNetworkMetered() returns:false
10-09 12:16:16.050: V/ConnectivityManager(12585): isActiveNetworkMetered() returns:false
10-09 12:16:16.088: V/ConnectivityManager(12585): isActiveNetworkMetered() returns:false
10-09 12:16:16.097: V/ConnectivityManager(12585): isActiveNetworkMetered() returns:false
10-09 12:16:16.196: V/ConnectivityManager(12585): isActiveNetworkMetered() returns:false
10-09 12:16:16.220: I/Robo(14332): Results ready.
10-09 12:16:16.222: I/Robo(14332): read 526 bytes
10-09 12:16:16.224: I/Robo(14386): copied 12505 bytes
10-09 12:16:16.225: I/Robo(14386): copied 788 bytes
10-09 12:16:16.226: I/Robo(14332): read 12505 bytes
10-09 12:16:16.271: I/Robo(14332): read 788 bytes
10-09 12:16:16.272: I/Robo(14332): newScreenState.hasOpaqueElements() = true
10-09 12:16:16.272: I/Robo(14332): New Screen: Optional.of(ScreenNode {Id=5, PackageName=site.studiofun.TapTapTap, ActivityName=Optional.of(TapTapTap!!!)})
10-09 12:16:16.276: I/Robo(14332): Finished writing artifact file /storage/emulated/0/app_firebase_test_lab/5.meta
10-09 12:16:16.288: V/ConnectivityManager(12585): isActiveNetworkMetered() returns:false
10-09 12:16:16.309: W/DynamiteModule(15122): Local module descriptor class for com.google.android.gms.googlecertificates not found.
10-09 12:16:16.313: V/ConnectivityManager(12585): isActiveNetworkMetered() returns:false
10-09 12:16:16.322: I/DynamiteModule(15122): Considering local module com.google.android.gms.googlecertificates:0 and remote module com.google.android.gms.googlecertificates:4
10-09 12:16:16.322: I/DynamiteModule(15122): Selected remote version of com.google.android.gms.googlecertificates, version >= 4
10-09 12:16:16.324: V/ConnectivityManager(12585): isActiveNetworkMetered() returns:false
10-09 12:16:16.332: E/UnityAds(14386): com.unity3d.ads.device.Device.isAppInstalled() (line:189) :: Couldn't find package: com.xiaomi.gamecenter: com.xiaomi.gamecenter
10-09 12:16:16.333: E/UnityAds(14386): com.unity3d.ads.device.Device.isAppInstalled() (line:189) :: Couldn't find package: com.google.android.gms.maps: com.google.android.gms.maps
10-09 12:16:16.334: E/UnityAds(14386): com.unity3d.ads.device.Device.isAppInstalled() (line:189) :: Couldn't find package: com.android.telephony: com.android.telephony
10-09 12:16:16.359: W/System(15122): ClassLoader referenced unknown path: /data/data/com.google.android.gms/app_chimera/m/00000008/n/armeabi-v7a
10-09 12:16:16.360: W/System(15122): ClassLoader referenced unknown path: /data/data/com.google.android.gms/app_chimera/m/00000008/n/armeabi
10-09 12:16:16.384: D/ConnectivityService(1643): listenForNetwork for Listen from uid/pid:10128/14386 for NetworkRequest [ id=23, legacyType=-1, [ Capabilities: NOT_RESTRICTED&TRUSTED&NOT_VPN] ]
10-09 12:16:16.417: V/ConnectivityManager(12585): isActiveNetworkMetered() returns:false
10-09 12:16:16.422: D/OpenGLRenderer(15122): Use EGL_SWAP_BEHAVIOR_PRESERVED: true
10-09 12:16:16.444: I/UnityAds(14386): com.unity3d.ads.api.Sdk.logInfo() (line:70) :: Requesting configuration from https://publisher-config.unityads.unity3d.com/games/2773064/configuration?bundleId=site.studiofun.TapTapTap&encrypted=true&rooted=false&platform=android&sdkVersion=2100&osVersion=6.0.1&deviceModel=Moto%20G%20Play&language=ja_JP&test=true&deviceMake=motorola&advertisingTrackingId=d4baf962-f50b-4161-b2af-972ee2ca9287&limitAdTracking=false&frameworkName=Unity&frameworkVersion=5.6.3p2&adapterName=Engine&adapterVersion=2.1.0
10-09 12:16:16.444: V/ConnectivityManager(12585): isActiveNetworkMetered() returns:false
10-09 12:16:16.455: I/SignInActivity(15122): Transition from -1 to 0
10-09 12:16:16.455: V/ConnectivityManager(12585): isActiveNetworkMetered() returns:false
10-09 12:16:16.464: V/ConnectivityManager(12585): isActiveNetworkMetered() returns:false
10-09 12:16:16.478: V/ConnectivityManager(12585): isActiveNetworkMetered() returns:false
10-09 12:16:16.491: V/ConnectivityManager(12585): isActiveNetworkMetered() returns:false
10-09 12:16:16.502: V/ConnectivityManager(12585): isActiveNetworkMetered() returns:false
10-09 12:16:16.513: I/Adreno-EGL(15122): : EGL 1.4 QUALCOMM build: (Ifd751822f5)
10-09 12:16:16.513: I/Adreno-EGL(15122): OpenGL ES Shader Compiler Version: XE031.06.00.05
10-09 12:16:16.513: I/Adreno-EGL(15122): Build Date: 01/26/16 Tue 10-09 12:16:16.513: I/Adreno-EGL(15122): Local Branch: AU12_SBA
10-09 12:16:16.513: I/Adreno-EGL(15122): Remote Branch:
10-09 12:16:16.513: I/Adreno-EGL(15122): Local Patches:
10-09 12:16:16.513: I/Adreno-EGL(15122): Reconstruct Branch:
10-09 12:16:16.530: V/ConnectivityManager(12585): isActiveNetworkMetered() returns:false
10-09 12:16:16.535: I/OpenGLRenderer(15122): Initialized EGL, version 1.4
10-09 12:16:16.559: I/Robo(14332): Finished writing artifact file /storage/emulated/0/app_firebase_test_lab/5.png
10-09 12:16:16.559: I/Robo(14332): Set the latest activity to Optional.of(TapTapTap!!!)
10-09 12:16:16.560: I/Robo(14332): Wrote crawleraction27.meta
10-09 12:16:16.562: I/Robo(14332): Performing PointTapAction(1111, 48, 1).
10-09 12:16:16.564: I/Robo(14386): PointTapAction: x = 1111, y = 48
10-09 12:16:16.582: I/SFPerfTracer(294): triggers: (rate: 0:2) (0 sw vsyncs) (0 skipped) (0:1419 vsyncs) (1:2506)
10-09 12:16:16.612: V/ConnectivityManager(12585): isActiveNetworkMetered() returns:false
10-09 12:16:16.695: I/UnityAds(14386): com.unity3d.ads.api.Sdk.logInfo() (line:70) :: Received configuration with 2 placements for token eyJhbGciOiJIUzI1NiIsInR5cCI6IkpXVCJ9.eyJhdWMiOjIwLCJjcGkiOjg5LCJpYXAiOjg2LCJsdHYiOjEzNywicHJvIjoxMTksInhwciI6MTIxLCJzdWIiOiJNeDdId2I4QTJla1hLcnBlMm5jNU1sUHhTVXdJN1FCRC9FWDNvVnNmN1FtOWVyeHlUcGh6Q1h0WVllY0NXdFZUb2traEZBPT0iLCJpYXQiOjE1MzkxMTI1NzYsImV4cCI6MTU0MDMyMjE3NiwiaXNzIjoiY29tZXQudW5pdHlhZHMudW5pdHkzZC5jb20ifQ.6LeSjQA9RQRFRDpw09gimliG3hpo_TQwCWn5kawbBfk (A/B group [object Object])
10-09 12:16:16.756: V/ConnectivityManager(12585): isActiveNetworkMetered() returns:false
10-09 12:16:16.800: V/ConnectivityManager(12585): isActiveNetworkMetered() returns:false
10-09 12:16:16.838: V/ConnectivityManager(12585): isActiveNetworkMetered() returns:false
10-09 12:16:16.848: V/ConnectivityManager(12585): isActiveNetworkMetered() returns:false
10-09 12:16:16.878: V/ConnectivityManager(12585): isActiveNetworkMetered() returns:false
10-09 12:16:16.889: V/ConnectivityManager(12585): isActiveNetworkMetered() returns:false
10-09 12:16:16.901: V/ConnectivityManager(12585): isActiveNetworkMetered() returns:false
10-09 12:16:16.939: I/chromium(14386): [INFO:CONSOLE(3864)] "Uncaught (in promise) [object Array]", source: file:///storage/emulated/0/Android/data/site.studiofun.TapTapTap/cache/UnityAdsCache/UnityAdsWebApp.html?platform=android&origin=https%3A%2F%2Fwebview.unityads.unity3d.com%2Fwebview%2F2.1.0%2Fd240e30a4eeaee443a2c095e13a911139119a4bc%2Frelease%2Findex.html&version=d240e30a4eeaee443a2c095e13a911139119a4bc (3864)
10-09 12:16:16.946: V/ConnectivityManager(12585): isActiveNetworkMetered() returns:false
10-09 12:16:16.958: I/UnityAds(14386): com.unity3d.ads.api.Sdk.logInfo() (line:70) :: Requesting ad plan from https://auction.unityads.unity3d.com/v4/games/2773064/requests?advertisingTrackingId=d4baf962-f50b-4161-b2af-972ee2ca9287&limitAdTracking=false&deviceModel=Moto%20G%20Play&platform=android&sdkVersion=2100&stores=google&deviceMake=motorola&screenSize=268435794&screenDensity=320&apiLevel=23&test=true&screenWidth=1184&screenHeight=720&connectionType=wifi&networkType=0
10-09 12:16:17.054: V/ConnectivityManager(12585): isActiveNetworkMetered() returns:false
10-09 12:16:17.059: I/art(12568): Background partial concurrent mark sweep GC freed 29096(2018KB) AllocSpace objects, 4(80KB) LOS objects, 39% free, 17MB/29MB, paused 3.008ms total 107.122ms
10-09 12:16:17.061: V/ConnectivityManager(12585): isActiveNetworkMetered() returns:false
10-09 12:16:17.087: V/ConnectivityManager(12585): isActiveNetworkMetered() returns:false
10-09 12:16:17.090: D/libc(330): retrying_select2 timeout
10-09 12:16:17.090: D/libc(330): dns server used:10.10.100.105
10-09 12:16:17.100: W/InputMethodManager(15122): Ignoring onBind: cur seq=6, given seq=5
10-09 12:16:17.109: I/art(1643): Background partial concurrent mark sweep GC freed 41276(2MB) AllocSpace objects, 44(880KB) LOS objects, 33% free, 20MB/30MB, paused 4.197ms total 509.251ms
10-09 12:16:17.115: W/GamesServiceBroker(12568): Client connected with SDK 13004000, Services 13280015, and Games 59040030
10-09 12:16:17.119: I/PhFlagCommitter PII_LOG(15122): Successfully committed experiment flags for user:
10-09 12:16:17.139: I/LaunchCheckinHandler(1643): Displayed com.google.android.play.games/com.google.android.gms.games.ui.signin.SignInActivity,wp,ca,1692
10-09 12:16:17.139: I/ActivityManager(1643): Displayed com.google.android.play.games/com.google.android.gms.games.ui.signin.SignInActivity: +1s692ms
10-09 12:16:17.260: D/libc(330): retrying_select2 timeout
10-09 12:16:17.260: D/libc(330): dns server used:10.10.100.105
10-09 12:16:17.381: V/AlarmManager(1643): sending alarm {5cfb45a type 2 *walarm*:com.google.android.intent.action.GCM_RECONNECT}
10-09 12:16:17.396: V/AlarmManager(1643): done {5cfb45a, *walarm*:com.google.android.intent.action.GCM_RECONNECT} [16ms]
10-09 12:16:17.406: W/Conscrypt(12585): Could not set socket write timeout: java.lang.reflect.InvocationTargetException
10-09 12:16:17.417: W/Conscrypt(12585): at java.lang.reflect.Method.invoke(Native Method)
10-09 12:16:17.417: W/Conscrypt(12585): at com.google.android.gms.org.conscrypt.Platform.setSocketWriteTimeout(:com.google.android.gms@13280015@13.2.80 (040300-211705629):13)
10-09 12:16:17.417: W/Conscrypt(12585): Caused by: android.system.ErrnoException: setsockopt failed: EBADF (Bad file descriptor)
10-09 12:16:17.417: W/Conscrypt(12585): at libcore.io.Posix.setsockoptTimeval(Native Method)
10-09 12:16:17.417: W/Conscrypt(12585): at libcore.io.ForwardingOs.setsockoptTimeval(ForwardingOs.java:156)
10-09 12:16:17.432: I/Auth(12585): [BroadcastManager] Broadcasting account services changed.
10-09 12:16:17.461: I/Auth(12568): [SupervisedAccountIntentOperation] onHandleIntent(): com.google.android.gms.auth.ACCOUNT_SERVICES_CHANGED
10-09 12:16:17.468: I/Auth(12568): [SupervisedAccountIntentOperation] This operation is disabled
10-09 12:16:17.481: E/NetworkScheduler(12585): Invalid component specified.
10-09 12:16:17.502: V/ConnectivityManager(12585): isActiveNetworkMetered() returns:false
10-09 12:16:17.517: W/Conscrypt(12568): Could not set socket write timeout: java.lang.reflect.InvocationTargetException
10-09 12:16:17.518: W/Conscrypt(12568): at java.lang.reflect.Method.invoke(Native Method)
