10-09 12:14:51.498: W/art(11435): b6cf3000-b6d7c000 r-xp 00000000 103:07 1543 /system/lib/libc++.so
10-09 12:14:51.498: W/art(11435): b6d7c000-b6d80000 r--p 00088000 103:07 1543 /system/lib/libc++.so
10-09 12:14:51.498: W/art(11435): b6d80000-b6d81000 rw-p 0008c000 103:07 1543 /system/lib/libc++.so
10-09 12:14:51.498: W/art(11435): b6d81000-b6d82000 rw-p 00000000 00:00 0
10-09 12:14:51.498: W/art(11435): b6d82000-b6daa000 r-xp 00000000 103:07 1784 /system/lib/libwilhelm.so
10-09 12:14:51.498: W/art(11435): b6daa000-b6dab000 ---p 00000000 00:00 0
10-09 12:14:51.498: W/art(11435): b6dab000-b6dae000 r--p 00028000 103:07 1784 /system/lib/libwilhelm.so
10-09 12:14:51.498: W/art(11435): b6dae000-b6daf000 rw-p 0002b000 103:07 1784 /system/lib/libwilhelm.so
10-09 12:14:51.498: W/art(11435): b6daf000-b6e80000 r-xp 00000000 103:07 1515 /system/lib/libandroid_runtime.so
10-09 12:14:51.498: W/art(11435): b6e80000-b6e81000 ---p 00000000 00:00 0
10-09 12:14:51.498: W/art(11435): b6e81000-b6e88000 r--p 000d1000 103:07 1515 /system/lib/libandroid_runtime.so
10-09 12:14:51.498: W/art(11435): b6e88000-b6e90000 rw-p 000d8000 103:07 1515 /system/lib/libandroid_runtime.so
10-09 12:14:51.498: W/art(11435): b6e90000-b6e91000 rw-p 00000000 00:00 0 [anon:linker_alloc_vector]
10-09 12:14:51.500: I/PlatformStatsCollectorService(11225): Scheduled Diskstats task with period 86400 sec.
10-09 12:14:51.528: E/NetworkScheduler(8428): Invalid component specified.
10-09 12:14:51.550: D/ICU(11435): No timezone override file found: /data/misc/zoneinfo/current/icu/icu_tzdata.dat
10-09 12:14:51.566: I/PlatformStatsCollectorService(11225): Scheduled Telecomstats task with period 86400 sec.
10-09 12:14:51.570: E/NetworkScheduler(8428): Invalid component specified.
10-09 12:14:51.603: I/Radio-JNI(11435): register_android_hardware_Radio DONE
10-09 12:14:51.636: D/AndroidRuntime(11435): Calling main entry com.android.commands.am.Am
10-09 12:14:51.657: I/ActivityManager(1643): Start proc 11529:com.google.android.gmscore.testing.testsupport/u0a127 for service com.google.android.gmscore.testing.testsupport/.CommandService
10-09 12:14:51.659: D/AndroidRuntime(11435): Shutting down VM
10-09 12:14:51.697: W/System(11529): ClassLoader referenced unknown path: /data/app/com.google.android.gmscore.testing.testsupport-1/lib/arm
10-09 12:14:51.702: I/TSDRIVER(11529): CommandService onHandleIntent()
10-09 12:14:51.704: I/TSDRIVER(11529): Got command: PACKAGE
10-09 12:14:51.713: I/TSDRIVER(11529): flag package: Eglnc2VydmljZXMaLworZ21zOmdvb2dsZWNlcnRpZmljYXRlczplbmFibGVfcGFja2FnZV9jaGVjaxgAGiwKKGZpbnNreS5wbGF5X3NlcnZpY2VzX2F1dG9fdXBkYXRlX2VuYWJsZWQYABo1CjFmaW5za3kuc2V0dXBfd2l6YXJkX2FkZGl0aW9uYWxfYWNjb3VudF92cGFfZW5hYmxlGAA
10-09 12:14:51.718: I/TSDRIVER(11529): flag package: gservices
10-09 12:14:51.723: E/GooglePlayServicesUtil(11529): The Google Play services resources were not found. Check your project configuration to ensure that the resources are included.
10-09 12:14:51.747: W/Primes(11225): Primes not initialized, returning default (no-op) Primes instance which will ignore all calls. Please call Primes.initialize(...) before using any Primes API.
10-09 12:14:51.771: W/DynamiteModule(11225): Local module descriptor class for com.google.android.gms.googlecertificates not found.
10-09 12:14:51.772: W/DynamiteModule(11225): IDynamite loader version < 2, falling back to getModuleVersion2
10-09 12:14:51.773: I/DynamiteModule(11225): Considering local module com.google.android.gms.googlecertificates:0 and remote module com.google.android.gms.googlecertificates:4
10-09 12:14:51.773: I/DynamiteModule(11225): Selected remote version of com.google.android.gms.googlecertificates, version >= 4
10-09 12:14:51.773: W/DynamiteModule(11225): Dynamite loader version < 2, falling back to createModuleContext
10-09 12:14:51.779: W/System(11225): ClassLoader referenced unknown path: /data/data/com.google.android.gms/app_chimera/m/00000008/n/armeabi-v7a
10-09 12:14:51.780: W/System(11225): ClassLoader referenced unknown path: /data/data/com.google.android.gms/app_chimera/m/00000008/n/armeabi
10-09 12:14:51.837: I/TestSupport(11225): Activated: 1538982000000@1539112484670
10-09 12:14:51.837: I/TestSupport(11225): Boot time: 1539110276420
10-09 12:14:51.839: I/TestSupport(11225): Passing package and signature checks: com.google.android.gmscore.testing.testsupport
10-09 12:14:51.865: I/TestSupport(11225): SetOverrideOperation: gms:googlecertificates:enable_package_check = false
10-09 12:14:51.882: W/installd(337): Failed to open /data/data/android: No such file or directory
10-09 12:14:51.957: I/GservicesProvider(11121): override update completed
10-09 12:14:51.971: I/ActivityManager(1643): Start proc 11563:com.google.android.configupdater/u0a17 for broadcast com.google.android.configupdater/.CertPin.CertPinUpdateRequestReceiver
10-09 12:14:51.982: I/TestSupport(11225): Broadcast sent: gms:googlecertificates:enable_package_check
10-09 12:14:51.987: I/TestSupport(11225): GServices override confirmed: gms:googlecertificates:enable_package_check=false
10-09 12:14:52.000: I/Bugle(11382): ApnsOta: OTA version -1
10-09 12:14:52.003: I/TestSupport(11225): SetOverrideOperation: finsky.play_services_auto_update_enabled = false
10-09 12:14:52.007: V/ConnectivityManager(8428): isActiveNetworkMetered() returns:false
10-09 12:14:52.009: W/System(11563): ClassLoader referenced unknown path: /system/priv-app/ConfigUpdater/lib/arm
10-09 12:14:52.037: E/ConfigUpdater(11563): Received malformed URL while handling Gservices.CHANGED_ACTION intent_firewall: null null
10-09 12:14:52.045: E/ConfigUpdater(11563): Received malformed URL while handling Gservices.CHANGED_ACTION apn_db: null null
10-09 12:14:52.049: E/ConfigUpdater(11563): Received malformed URL while handling Gservices.CHANGED_ACTION tzdata: null null
10-09 12:14:52.061: E/ConfigUpdater(11563): Received malformed URL while handling Gservices.CHANGED_ACTION selinux: null null
10-09 12:14:52.074: E/ConfigUpdater(11563): Received malformed URL while handling Gservices.CHANGED_ACTION carrier_provisioning_urls: null null
10-09 12:14:52.133: I/ActivityManager(1643): Start proc 11607:com.google.android.apps.photos/u0a103 for broadcast com.google.android.apps.photos/com.google.android.apps.moviemaker.app.ApplicationEnabler$Receiver
10-09 12:14:52.160: I/GservicesUpdateTask(11092): Updating Gservices keys
10-09 12:14:52.204: I/GeofencerStateMachine(8428): sendQueryLocationOptIn
10-09 12:14:52.214: I/GeofencerStateMachine(8428): sendQueryLocationOptIn
10-09 12:14:52.214: W/System(11607): ClassLoader referenced unknown path: /system/app/Photos/lib/arm
10-09 12:14:52.222: I/GeofencerStateMachine(8428): sendQueryLocationOptIn
10-09 12:14:52.243: I/GeofencerStateMachine(8428): sendQueryLocationOptIn
10-09 12:14:52.260: I/GeofencerStateMachine(8428): sendQueryLocationOptIn
10-09 12:14:52.275: I/GeofencerStateMachine(8428): sendQueryLocationOptIn
10-09 12:14:52.296: I/GeofencerStateMachine(8428): sendQueryLocationOptIn
10-09 12:14:52.302: I/ActivityManager(1643): Killing 11065:com.motorola.invisiblenet/u0a35 (adj 15): empty #7
10-09 12:14:52.341: D/ActivityManager(1643): cleanUpApplicationRecord -- 11065
10-09 12:14:52.344: I/Icing(11225): Indexing com.google.android.gms-apps from com.google.android.gms
10-09 12:14:52.345: I/Icing(11225): Indexing done com.google.android.gms-apps
10-09 12:14:52.552: W/Conscrypt(8428): Could not set socket write timeout: java.lang.reflect.InvocationTargetException
10-09 12:14:52.552: W/Conscrypt(8428): at java.lang.reflect.Method.invoke(Native Method)
10-09 12:14:52.552: W/Conscrypt(8428): at com.google.android.gms.org.conscrypt.Platform.setSocketWriteTimeout(:com.google.android.gms@13280015@13.2.80 (040300-211705629):13)
10-09 12:14:52.552: W/Conscrypt(8428): Caused by: android.system.ErrnoException: setsockopt failed: EBADF (Bad file descriptor)
10-09 12:14:52.552: W/Conscrypt(8428): at libcore.io.Posix.setsockoptTimeval(Native Method)
10-09 12:14:52.552: W/Conscrypt(8428): at libcore.io.ForwardingOs.setsockoptTimeval(ForwardingOs.java:156)
10-09 12:14:52.561: W/Conscrypt(8428): Could not set socket write timeout: java.lang.reflect.InvocationTargetException
10-09 12:14:52.561: W/Conscrypt(8428): at java.lang.reflect.Method.invoke(Native Method)
10-09 12:14:52.561: W/Conscrypt(8428): at com.google.android.gms.org.conscrypt.Platform.setSocketWriteTimeout(:com.google.android.gms@13280015@13.2.80 (040300-211705629):13)
10-09 12:14:52.561: W/Conscrypt(8428): Caused by: android.system.ErrnoException: setsockopt failed: EBADF (Bad file descriptor)
10-09 12:14:52.561: W/Conscrypt(8428): at libcore.io.Posix.setsockoptTimeval(Native Method)
10-09 12:14:52.561: W/Conscrypt(8428): at libcore.io.ForwardingOs.setsockoptTimeval(ForwardingOs.java:156)
10-09 12:14:52.602: E/Finsky(11151): [792] com.google.android.finsky.ar.c.a(34): Unable to build selector: /storage/emulated/0/Download/marketenvs.csv: open failed: ENOENT (No such file or directory)
10-09 12:14:52.653: I/Finsky(11151): [829] com.google.android.finsky.db.a.a.a.b(92): Triggered update for experiment package com.google.android.finsky.stable.
10-09 12:14:52.680: I/ActivityManager(1643): Killing 11078:com.motorola.motodisplay/u0a44 (adj 15): empty #7
10-09 12:14:52.725: D/ActivityManager(1643): cleanUpApplicationRecord -- 11078
10-09 12:14:52.732: V/ConnectivityManager(8428): isActiveNetworkMetered() returns:false
10-09 12:14:52.786: I/Backup(11225): [GmsBackupStatusChangeReceiver] Going to enable gms backup transport.
10-09 12:14:52.813: I/NetRec(8428): [893] afog.b: onConfigChanged()
10-09 12:14:52.820: I/Backup(8428): [BackupTransportMigratorChimeraService] Starting migration...
10-09 12:14:52.826: I/NetRec(8428): [892] ClearDatabaseService.onHandleIntent: Clearing score cache
10-09 12:14:52.827: I/NetRec(8428): [893] afog.b: Cancelling all NetRec GCM tasks
10-09 12:14:52.834: I/GCoreUlr(8428): Starting service, intent=Intent { act=com.google.android.location.reporting.ACTION_UPDATE_WORLD cmp=com.google.android.gms/com.google.android.location.reporting.service.DispatchingService (has extras) }, extras=Bundle[{receiverAction=com.google.gservices.intent.action.GSERVICES_CHANGED}]
10-09 12:14:52.858: I/Finsky(11151): [1] com.google.android.finsky.wear.WearSupportService.onStartCommand(26): Starting WearSupportService for send_installed_apps
10-09 12:14:52.860: I/Finsky(11151): [1] com.google.android.finsky.wear.w.a(18): Connecting to wearable
10-09 12:14:52.896: I/ShortcutBadger(11151): Checking if platform supports badge counters, attempt 1/3.
10-09 12:14:52.910: I/Finsky(11151): [821] com.google.android.finsky.verifier.impl.as.a(7): Restoring notifications
10-09 12:14:52.916: I/ShortcutBadger(11151): Checking if platform supports badge counters, attempt 2/3.
10-09 12:14:52.919: I/GservicesProvider(11121): override update completed
10-09 12:14:52.923: I/ShortcutBadger(11151): Checking if platform supports badge counters, attempt 3/3.
10-09 12:14:52.930: W/ShortcutBadger(11151): Badge counter seems not supported in this platform: unable to resolve intent: Intent { act=android.intent.action.BADGE_COUNT_UPDATE (has extras) }
10-09 12:14:52.959: W/WearableService(8428): onGetService: Wear is not available on this device.
10-09 12:14:52.962: E/Finsky(11151): [1] com.google.android.finsky.wear.x.a(3): onConnectionFailed: ConnectionResult{statusCode=API_UNAVAILABLE, resolution=null, message=null}
10-09 12:14:53.024: E/ConfigUpdater(11563): Received malformed URL while handling Gservices.CHANGED_ACTION intent_firewall: null null
10-09 12:14:53.037: I/Bugle(11382): ApnsOta: OTA version -1
10-09 12:14:53.041: I/TestSupport(11225): Broadcast sent: finsky.play_services_auto_update_enabled
10-09 12:14:53.050: E/ConfigUpdater(11563): Received malformed URL while handling Gservices.CHANGED_ACTION apn_db: null null
10-09 12:14:53.052: E/ConfigUpdater(11563): Received malformed URL while handling Gservices.CHANGED_ACTION tzdata: null null
10-09 12:14:53.056: E/ConfigUpdater(11563): Received malformed URL while handling Gservices.CHANGED_ACTION selinux: null null
10-09 12:14:53.060: I/GCoreUlr(8428): WorldUpdater received intent Intent { act=com.google.android.location.reporting.ACTION_UPDATE_WORLD cmp=com.google.android.gms/com.google.android.location.reporting.service.DispatchingService (has extras) } with receiverAction com.google.gservices.intent.action.GSERVICES_CHANGED
10-09 12:14:53.062: W/ActivityManager(1643): Unable to start service Intent { cmp=com.google.android.gms/.analytics.service.RefreshEnabledStateService } U=0: not found
10-09 12:14:53.063: I/TestSupport(11225): GServices override confirmed: finsky.play_services_auto_update_enabled=false
10-09 12:14:53.068: W/Finsky(11151): [1] com.google.android.finsky.wear.w.b(31): GoogleApiClient instance is not connected when requested
10-09 12:14:53.070: E/ConfigUpdater(11563): Received malformed URL while handling Gservices.CHANGED_ACTION carrier_provisioning_urls: null null
10-09 12:14:53.069: W/Finsky(11151): [1] com.google.android.finsky.wear.dk.run(16): Dropping command=send_installed_apps due to Gms not connected
10-09 12:14:53.071: I/Finsky(11151): [1] com.google.android.finsky.wear.WearSupportService.b(66): Stopping WearSupportService
10-09 12:14:53.097: I/Finsky(11151): [1] com.google.android.finsky.verifier.impl.as.c(44): Done restoring notifications
10-09 12:14:53.115: I/TestSupport(11225): SetOverrideOperation: finsky.setup_wizard_additional_account_vpa_enable = false
10-09 12:14:53.143: I/GservicesUpdateTask(11092): Updating Gservices keys
10-09 12:14:53.145: I/PlatformStatsCollectorService(11225): Scheduled Batterystats task with period 7200 sec.
10-09 12:14:53.164: I/Finsky(11151): [1] com.google.android.finsky.setup.ar.run(35): Detected restoreservicev2://recovery not needed, will not run
10-09 12:14:53.191: V/ConnectivityManager(8428): isActiveNetworkMetered() returns:false
10-09 12:14:53.201: I/GeofencerStateMachine(8428): sendQueryLocationOptIn
10-09 12:14:53.204: I/GCoreUlr(8428): WorldUpdater:com.google.gservices.intent.action.GSERVICES_CHANGED: Ensuring that reporting is stopped because of reasons: (no Google accounts)
10-09 12:14:53.223: I/GeofencerStateMachine(8428): sendQueryLocationOptIn
10-09 12:14:53.229: I/GeofencerStateMachine(8428): sendQueryLocationOptIn
10-09 12:14:53.241: I/GCoreUlr(8428): Unbound from all signal providers.
10-09 12:14:53.267: I/GeofencerStateMachine(8428): sendQueryLocationOptIn
10-09 12:14:53.274: I/Backup(11225): [GmsBackupStatusChangeReceiver] Going to enable gms backup transport.
10-09 12:14:53.278: I/GCoreUlr(8428): DispatchingService ignoring Intent { act=android.net.wifi.WIFI_STATE_CHANGED flg=0x4000010 (has extras) } because ULR inactive
10-09 12:14:53.292: W/ChimeraUtils(11225): Non Chimera context
10-09 12:14:53.296: I/GCoreUlr(8428): Unbound from all signal providers.
10-09 12:14:53.296: I/GCoreUlr(8428): Stopping handler for UlrDispSvcFast
10-09 12:14:53.300: I/GeofencerStateMachine(8428): sendQueryLocationOptIn
10-09 12:14:53.307: I/GeofencerStateMachine(8428): sendQueryLocationOptIn
10-09 12:14:53.317: I/GeofencerStateMachine(8428): sendQueryLocationOptIn
10-09 12:14:53.329: I/NetRec(8428): [892] afog.b: onConfigChanged()
10-09 12:14:53.339: I/NetRec(8428): [892] afog.b: Cancelling all NetRec GCM tasks
10-09 12:14:53.342: I/GCoreUlr(8428): Starting service, intent=Intent { act=com.google.android.location.reporting.ACTION_UPDATE_WORLD cmp=com.google.android.gms/com.google.android.location.reporting.service.DispatchingService (has extras) }, extras=Bundle[{receiverAction=com.google.gservices.intent.action.GSERVICES_CHANGED}]
10-09 12:14:53.368: D/CAR.SETUP(11225): Received GService flag change intent.
10-09 12:14:53.374: I/NetRec(8428): [895] ClearDatabaseService.onHandleIntent: Clearing score cache
10-09 12:14:53.389: I/ChromeSync(11225): [Sync,SyncIntentOperation] Handling the intent: Intent { act=com.google.gservices.intent.action.GSERVICES_CHANGED flg=0x10 cmp=com.google.android.gms/.chimera.GmsIntentOperationService$PersistentInternalReceiver }.
10-09 12:14:53.453: I/GCoreUlr(8428): WorldUpdater received intent Intent { act=com.google.android.location.reporting.ACTION_UPDATE_WORLD cmp=com.google.android.gms/com.google.android.location.reporting.service.DispatchingService (has extras) } with receiverAction com.google.gservices.intent.action.GSERVICES_CHANGED
10-09 12:14:53.471: E/NetworkScheduler(8428): Invalid component specified.
10-09 12:14:53.480: I/DynamiteModule(11225): Considering local module com.google.android.gms.flags:3 and remote module com.google.android.gms.flags:3
10-09 12:14:53.480: I/DynamiteModule(11225): Selected local version of com.google.android.gms.flags
10-09 12:14:53.484: I/aiqy(8428): Scheduling adaptive one off task with window [14400, 604800] in seconds [CONTEXT service_id=51 ]
10-09 12:14:53.485: I/GCoreUlr(8428): WorldUpdater:com.google.gservices.intent.action.GSERVICES_CHANGED: Ensuring that reporting is stopped because of reasons: (no Google accounts)
10-09 12:14:53.492: I/GservicesProvider(11121): override update completed
10-09 12:14:53.502: I/GCoreUlr(8428): Unbound from all signal providers.
10-09 12:14:53.519: I/TestSupport(11225): Broadcast sent: finsky.setup_wizard_additional_account_vpa_enable
10-09 12:14:53.529: I/Bugle(11382): ApnsOta: OTA version -1
10-09 12:14:53.541: E/ConfigUpdater(11563): Received malformed URL while handling Gservices.CHANGED_ACTION intent_firewall: null null
10-09 12:14:53.546: E/ConfigUpdater(11563): Received malformed URL while handling Gservices.CHANGED_ACTION apn_db: null null
10-09 12:14:53.548: I/TestSupport(11225): GServices override confirmed: finsky.setup_wizard_additional_account_vpa_enable=false
10-09 12:14:53.548: I/TSDRIVER(11529): Handled command: PACKAGE
10-09 12:14:53.549: E/ConfigUpdater(11563): Received malformed URL while handling Gservices.CHANGED_ACTION tzdata: null null
10-09 12:14:53.552: E/ConfigUpdater(11563): Received malformed URL while handling Gservices.CHANGED_ACTION selinux: null null
10-09 12:14:53.556: E/ConfigUpdater(11563): Received malformed URL while handling Gservices.CHANGED_ACTION carrier_provisioning_urls: null null
10-09 12:14:53.574: E/NetworkScheduler(8428): Invalid component specified.
10-09 12:14:53.590: W/System(11151): ClassLoader referenced unknown path: /system/framework/com.qualcomm.qti.GBAHttpAuthentication.jar
10-09 12:14:53.612: I/GservicesUpdateTask(11092): Updating Gservices keys
10-09 12:14:53.641: I/GCoreUlr(8428): DispatchingService ignoring Intent { act=android.net.wifi.WIFI_STATE_CHANGED flg=0x4000010 (has extras) } because ULR inactive
10-09 12:14:53.664: I/GCoreUlr(8428): Unbound from all signal providers.
10-09 12:14:53.664: I/GCoreUlr(8428): Stopping handler for UlrDispSvcFast
10-09 12:14:53.705: I/GeofencerStateMachine(8428): sendQueryLocationOptIn
10-09 12:14:53.713: I/GeofencerStateMachine(8428): sendQueryLocationOptIn
10-09 12:14:53.721: I/GeofencerStateMachine(8428): sendQueryLocationOptIn
10-09 12:14:53.747: I/GeofencerStateMachine(8428): sendQueryLocationOptIn
10-09 12:14:53.756: V/ConnectivityManager(8428): isActiveNetworkMetered() returns:false
10-09 12:14:53.772: I/Backup(11225): [GmsBackupStatusChangeReceiver] Going to enable gms backup transport.
10-09 12:14:53.780: I/GeofencerStateMachine(8428): sendQueryLocationOptIn
10-09 12:14:53.802: I/GeofencerStateMachine(8428): sendQueryLocationOptIn
10-09 12:14:53.805: I/GeofencerStateMachine(8428): sendQueryLocationOptIn
10-09 12:14:53.809: I/NetRec(8428): [893] afog.b: onConfigChanged()
10-09 12:14:53.827: I/NetRec(8428): [893] afog.b: Cancelling all NetRec GCM tasks
10-09 12:14:53.830: I/NetRec(8428): [894] ClearDatabaseService.onHandleIntent: Clearing score cache
10-09 12:14:53.831: I/GCoreUlr(8428): Starting service, intent=Intent { act=com.google.android.location.reporting.ACTION_UPDATE_WORLD cmp=com.google.android.gms/com.google.android.location.reporting.service.DispatchingService (has extras) }, extras=Bundle[{receiverAction=com.google.gservices.intent.action.GSERVICES_CHANGED}]
10-09 12:14:53.876: E/NetworkScheduler(8428): Invalid component specified.
10-09 12:14:53.882: E/NetworkScheduler(8428): Invalid component specified.
10-09 12:14:53.936: I/ActivityManager(1643): Killing 11108:com.google.android.apps.docs/u0a79 (adj 15): empty #7
10-09 12:14:53.942: I/GCoreUlr(8428): WorldUpdater received intent Intent { act=com.google.android.location.reporting.ACTION_UPDATE_WORLD cmp=com.google.android.gms/com.google.android.location.reporting.service.DispatchingService (has extras) } with receiverAction com.google.gservices.intent.action.GSERVICES_CHANGED
10-09 12:14:53.965: E/NetworkScheduler(8428): Invalid component specified.
10-09 12:14:54.018: D/ActivityManager(1643): cleanUpApplicationRecord -- 11108
10-09 12:14:54.026: V/ConnectivityManager(8428): isActiveNetworkMetered() returns:false
10-09 12:14:54.074: E/NetworkScheduler(8428): Invalid component specified.
10-09 12:14:54.088: E/NetworkScheduler(8428): Invalid component specified.
10-09 12:14:54.104: E/NetworkScheduler(8428): Invalid component specified.
10-09 12:14:54.112: E/NetworkScheduler(8428): Invalid component specified.
10-09 12:14:54.131: V/ConnectivityManager(8428): isActiveNetworkMetered() returns:false
10-09 12:14:54.138: I/GCoreUlr(8428): WorldUpdater:com.google.gservices.intent.action.GSERVICES_CHANGED: Ensuring that reporting is stopped because of reasons: (no Google accounts)
10-09 12:14:54.173: I/GCoreUlr(8428): Unbound from all signal providers.
10-09 12:14:54.183: E/AsyncOpDispatcher(11225): Could not get module info from current context.
10-09 12:14:54.183: E/AsyncOpDispatcher(11225): java.lang.IllegalStateException: Unable to get current module info in ModuleManager created with non-module Context
10-09 12:14:54.183: E/AsyncOpDispatcher(11225): at com.google.android.chimera.config.ModuleManager.getCurrentModule(:com.google.android.gms@13280015@13.2.80 (040300-211705629):2)
10-09 12:14:54.183: E/AsyncOpDispatcher(11225): at wwj.b(:com.google.android.gms@13280015@13.2.80 (040300-211705629):1)
10-09 12:14:54.183: E/AsyncOpDispatcher(11225): at wwj.(:com.google.android.gms@13280015@13.2.80 (040300-211705629):8)
10-09 12:14:54.183: E/AsyncOpDispatcher(11225): at wwj.a(:com.google.android.gms@13280015@13.2.80 (040300-211705629):9)
10-09 12:14:54.183: E/AsyncOpDispatcher(11225): at com.google.android.gms.icing.mdd.service.DataDownloadChimeraService.a(:com.google.android.gms@13280015@13.2.80 (040300-211705629):14)
10-09 12:14:54.183: E/AsyncOpDispatcher(11225): at wwd.a(:com.google.android.gms@13280015@13.2.80 (040300-211705629):26)
10-09 12:14:54.183: E/AsyncOpDispatcher(11225): at pmz.a(:com.google.android.gms@13280015@13.2.80 (040300-211705629):46)
10-09 12:14:54.183: E/AsyncOpDispatcher(11225): at pnh.a(:com.google.android.gms@13280015@13.2.80 (040300-211705629):110)
10-09 12:14:54.183: E/AsyncOpDispatcher(11225): at pbi.run(:com.google.android.gms@13280015@13.2.80 (040300-211705629):8)
10-09 12:14:54.183: E/AsyncOpDispatcher(11225): at android.os.Handler.handleCallback(Handler.java:746)
10-09 12:14:54.183: E/AsyncOpDispatcher(11225): at android.os.Handler.dispatchMessage(Handler.java:95)
10-09 12:14:54.183: E/AsyncOpDispatcher(11225): at android.os.Looper.loop(Looper.java:148)
10-09 12:14:54.183: E/AsyncOpDispatcher(11225): at android.os.HandlerThread.run(HandlerThread.java:61)
10-09 12:14:54.243: I/GCoreUlr(8428): Unbound from all signal providers.
10-09 12:14:54.244: I/GCoreUlr(8428): Stopping handler for UlrDispSvcFast
10-09 12:14:54.245: I/GCoreUlr(8428): DispatchingService ignoring Intent { act=android.net.wifi.WIFI_STATE_CHANGED flg=0x4000010 (has extras) } because ULR inactive
10-09 12:14:54.252: I/MS_Utils(11225): version of com.google.android.apps.maps = 933102123
10-09 12:14:54.275: W/ProxyAndroidLoggerBackend(11151): Too many Flogger logs received before configuration. Dropping old logs.
10-09 12:14:54.275: W/ProxyAndroidLoggerBackend(11151): Too many Flogger logs received before configuration. Dropping old logs.
10-09 12:14:54.275: W/ProxyAndroidLoggerBackend(11151): Too many Flogger logs received before configuration. Dropping old logs.
10-09 12:14:54.276: W/ProxyAndroidLoggerBackend(11151): Too many Flogger logs received before configuration. Dropping old logs.
10-09 12:14:54.276: W/ProxyAndroidLoggerBackend(11151): Too many Flogger logs received before configuration. Dropping old logs.
10-09 12:14:54.276: W/ProxyAndroidLoggerBackend(11151): Too many Flogger logs received before configuration. Dropping old logs.
10-09 12:14:54.276: W/ProxyAndroidLoggerBackend(11151): Too many Flogger logs received before configuration. Dropping old logs.
10-09 12:14:54.278: W/ProxyAndroidLoggerBackend(11151): Too many Flogger logs received before configuration. Dropping old logs.
10-09 12:14:54.278: W/ProxyAndroidLoggerBackend(11151): Too many Flogger logs received before configuration. Dropping old logs.
10-09 12:14:54.278: W/ProxyAndroidLoggerBackend(11151): Too many Flogger logs received before configuration. Dropping old logs.
10-09 12:14:54.279: W/ProxyAndroidLoggerBackend(11151): Too many Flogger logs received before configuration. Dropping old logs.
10-09 12:14:54.279: W/ProxyAndroidLoggerBackend(11151): Too many Flogger logs received before configuration. Dropping old logs.
10-09 12:14:54.285: W/ProxyAndroidLoggerBackend(11151): Too many Flogger logs received before configuration. Dropping old logs.
10-09 12:14:54.285: W/ProxyAndroidLoggerBackend(11151): Too many Flogger logs received before configuration. Dropping old logs.
10-09 12:14:54.285: W/ProxyAndroidLoggerBackend(11151): Too many Flogger logs received before configuration. Dropping old logs.
10-09 12:14:54.286: W/ProxyAndroidLoggerBackend(11151): Too many Flogger logs received before configuration. Dropping old logs.
10-09 12:14:54.286: W/ProxyAndroidLoggerBackend(11151): Too many Flogger logs received before configuration. Dropping old logs.
10-09 12:14:54.288: W/ProxyAndroidLoggerBackend(11151): Too many Flogger logs received before configuration. Dropping old logs.
10-09 12:14:54.288: W/ProxyAndroidLoggerBackend(11151): Too many Flogger logs received before configuration. Dropping old logs.
10-09 12:14:54.289: W/ProxyAndroidLoggerBackend(11151): Too many Flogger logs received before configuration. Dropping old logs.
10-09 12:14:54.289: W/ProxyAndroidLoggerBackend(11151): Too many Flogger logs received before configuration. Dropping old logs.
10-09 12:14:54.290: W/ProxyAndroidLoggerBackend(11151): Too many Flogger logs received before configuration. Dropping old logs.
10-09 12:14:54.291: W/ProxyAndroidLoggerBackend(11151): Too many Flogger logs received before configuration. Dropping old logs.
10-09 12:14:54.291: W/ProxyAndroidLoggerBackend(11151): Too many Flogger logs received before configuration. Dropping old logs.
10-09 12:14:54.292: W/ProxyAndroidLoggerBackend(11151): Too many Flogger logs received before configuration. Dropping old logs.
10-09 12:14:54.292: W/ProxyAndroidLoggerBackend(11151): Too many Flogger logs received before configuration. Dropping old logs.
10-09 12:14:54.292: W/ProxyAndroidLoggerBackend(11151): Too many Flogger logs received before configuration. Dropping old logs.
10-09 12:14:54.292: W/ProxyAndroidLoggerBackend(11151): Too many Flogger logs received before configuration. Dropping old logs.
10-09 12:14:54.292: W/ProxyAndroidLoggerBackend(11151): Too many Flogger logs received before configuration. Dropping old logs.
10-09 12:14:54.341: W/ProxyAndroidLoggerBackend(11151): Too many Flogger logs received before configuration. Dropping old logs.
10-09 12:14:54.434: W/ProxyAndroidLoggerBackend(11151): Too many Flogger logs received before configuration. Dropping old logs.
10-09 12:14:54.445: W/ProxyAndroidLoggerBackend(11151): Too many Flogger logs received before configuration. Dropping old logs.
10-09 12:14:54.445: W/ProxyAndroidLoggerBackend(11151): Too many Flogger logs received before configuration. Dropping old logs.
10-09 12:14:54.470: I/MobileDataHub(11225): Scheduling periodic tasks
10-09 12:14:54.471: I/CmaSystemUpdateService(11225): StartServiceIntentOperation: Intent { act=com.google.gservices.intent.action.GSERVICES_CHANGED flg=0x10 cmp=com.google.android.gms/.chimera.GmsIntentOperationService$PersistentInternalReceiver }
10-09 12:14:54.472: I/CmaSystemUpdateService(11225): receiver: Intent { act=com.google.gservices.intent.action.GSERVICES_CHANGED flg=0x10 cmp=com.google.android.gms/.chimera.GmsIntentOperationService$PersistentInternalReceiver }
10-09 12:14:54.477: W/ProxyAndroidLoggerBackend(11151): Too many Flogger logs received before configuration. Dropping old logs.
10-09 12:14:54.480: I/SystemUpdate(11225): [Installation,ReceiverIntentOperation] Received intent: Intent { act=com.google.gservices.intent.action.GSERVICES_CHANGED flg=0x10 cmp=com.google.android.gms/.chimera.GmsIntentOperationService$PersistentInternalReceiver }.
10-09 12:14:54.482: V/ConnectivityManager(8428): isActiveNetworkMetered() returns:false
10-09 12:14:54.492: W/MobileDataHub(11225): [Service] appsupload-periodic periodic task disabled
10-09 12:14:54.510: I/PlatformStatsCollectorService(11225): Scheduled Procstats task with period 86400 sec.
10-09 12:14:54.521: E/NetworkScheduler(8428): Invalid component specified.
10-09 12:14:54.539: I/PlatformStatsCollectorService(11225): Scheduled Wifistats task with period 86400 sec.
10-09 12:14:54.551: I/OcrModelUpStIntentOp(11225): Updating ocr activity enabled=true (phenotypeFlag=true, lowRamDevice=false, prereqCheck=true)
10-09 12:14:54.575: W/ChimeraUtils(11225): Non Chimera context
10-09 12:14:54.576: W/ChimeraUtils(11225): Non Chimera context
10-09 12:14:54.591: V/ConnectivityManager(8428): isActiveNetworkMetered() returns:false
10-09 12:14:54.592: D/AndroidRuntime(11723): >>>>>> START com.android.internal.os.RuntimeInit uid 2000 <<<<<<
10-09 12:14:54.596: I/SystemUpdate(11225): [Execution,InstallationEventIntentOperation] Handling event of type 2.
10-09 12:14:54.600: D/AndroidRuntime(11723): CheckJNI is OFF
10-09 12:14:54.606: W/art(11723): 7007b000-70aa6000 rw-p 00000000 103:09 12202 /data/dalvik-cache/arm/system@framework@boot.art
10-09 12:14:54.606: W/art(11723): b1012000-b3048000 r--p 00000000 103:07 1336 /system/framework/arm/boot.oat
10-09 12:14:54.606: W/art(11723): b3048000-b489c000 r-xp 02036000 103:07 1336 /system/framework/arm/boot.oat
10-09 12:14:54.606: W/art(11723): b489c000-b489d000 rw-p 0388a000 103:07 1336 /system/framework/arm/boot.oat
10-09 12:14:54.606: W/art(11723): b489d000-b48bb000 r--p 00a2b000 103:09 12202 /data/dalvik-cache/arm/system@framework@boot.art
10-09 12:14:54.607: W/art(11723): b48bb000-b48bc000 rw-p 00000000 00:00 0 [anon:linker_alloc_vector]
10-09 12:14:54.607: W/art(11723): b48bd000-b48c0000 r-xp 00000000 103:07 1716 /system/lib/libsigchain.so
10-09 12:14:54.607: W/art(11723): b48c0000-b48c1000 r--p 00002000 103:07 1716 /system/lib/libsigchain.so
10-09 12:14:54.607: W/art(11723): b48c1000-b48c2000 rw-p 00003000 103:07 1716 /system/lib/libsigchain.so
10-09 12:14:54.607: W/art(11723): b48c2000-b4cf8000 r-xp 00000000 103:07 1521 /system/lib/libart.so
10-09 12:14:54.607: W/art(11723): b4cf8000-b4d02000 r--p 00435000 103:07 1521 /system/lib/libart.so
10-09 12:14:54.607: W/art(11723): b4d02000-b4d03000 rw-p 0043f000 103:07 1521 /system/lib/libart.so
10-09 12:14:54.607: W/art(11723): b4d03000-b4d05000 rw-p 00000000 00:00 0
10-09 12:14:54.607: W/art(11723): b4d05000-b4d06000 r--p 00000000 00:00 0
10-09 12:14:54.607: W/art(11723): b4d06000-b4d07000 r--p 00000000 00:00 0
10-09 12:14:54.607: W/art(11723): b4d07000-b4d27000 r--s 00000000 00:0c 7705 /dev/__properties__
10-09 12:14:54.607: W/art(11723): b4d27000-b4d28000 rw-p 00000000 00:00 0 [anon:linker_alloc_vector]
10-09 12:14:54.607: W/art(11723): b4d28000-b573a000 r-xp 00000000 103:07 1495 /system/lib/libLLVM.so
10-09 12:14:54.607: W/art(11723): b573a000-b573b000 ---p 00000000 00:00 0
10-09 12:14:54.607: W/art(11723): b573b000-b5784000 r--p 00a12000 103:07 1495 /system/lib/libLLVM.so
10-09 12:14:54.607: W/art(11723): b5784000-b5785000 rw-p 00a5b000 103:07 1495 /system/lib/libLLVM.so
10-09 12:14:54.607: W/art(11723): b5785000-b578d000 rw-p 00000000 00:00 0
10-09 12:14:54.607: W/art(11723): b578d000-b57c2000 r-xp 00000000 103:07 1537 /system/lib/libbcinfo.so
10-09 12:14:54.607: W/art(11723): b57c2000-b57c3000 ---p 00000000 00:00 0
10-09 12:14:54.607: W/art(11723): b57c3000-b57c4000 r--p 00035000 103:07 1537 /system/lib/libbcinfo.so
10-09 12:14:54.607: W/art(11723): b57c4000-b57c5000 rw-p 00036000 103:07 1537 /system/lib/libbcinfo.so
10-09 12:14:54.607: W/art(11723): b57c5000-b57c6000 r--p 00000000 00:00 0 [anon:linker_alloc]
10-09 12:14:54.607: W/art(11723): b57c6000-b581e000 r-xp 00000000 103:07 1536 /system/lib/libbcc.so
10-09 12:14:54.607: W/art(11723): b581e000-b581f000 ---p 00000000 00:00 0
10-09 12:14:54.607: W/art(11723): b581f000-b5820000 r--p 00058000 103:07 1536 /system/lib/libbcc.so
10-09 12:14:54.607: W/art(11723): b5820000-b5821000 rw-p 00059000 103:07 1536 /system/lib/libbcc.so
10-09 12:14:54.607: W/art(11723): b5821000-b582b000 r-xp 00000000 103:07 1557 /system/lib/libcommon_time_client.so
10-09 12:14:54.607: W/art(11723): b582b000-b582e000 r--p 00009000 103:07 1557 /system/lib/libcommon_time_client.so
10-09 12:14:54.607: W/art(11723): b582e000-b582f000 rw-p 0000c000 103:07 1557 /system/lib/libcommon_time_client.so
10-09 12:14:54.607: W/art(11723): b582f000-b5847000 r-xp 00000000 103:07 1694 /system/lib/libprotobuf-cpp-lite.so
10-09 12:14:54.607: W/art(11723): b5847000-b5848000 r--p 00017000 103:07 1694 /system/lib/libprotobuf-cpp-lite.so
10-09 12:14:54.607: W/art(11723): b5848000-b5849000 rw-p 00018000 103:07 1694 /system/lib/libprotobuf-cpp-lite.so
10-09 12:14:54.607: W/art(11723): b5849000-b584a000 r--p 00000000 00:00 0
10-09 12:14:54.607: W/art(11723): b584a000-b5851000 r-xp 00000000 103:07 1733 /system/lib/libstagefright_avc_common.so
10-09 12:14:54.607: W/art(11723): b5851000-b5852000 r--p 00006000 103:07 1733 /system/lib/libstagefright_avc_common.so
10-09 12:14:54.607: W/art(11723): b5852000-b5853000 rw-p 00007000 103:07 1733 /system/lib/libstagefright_avc_common.so
10-09 12:14:54.607: W/art(11723): b5853000-b5856000 r-xp 00000000 103:07 1734 /system/lib/libstagefright_enc_common.so
10-09 12:14:54.607: W/art(11723): b5856000-b5857000 r--p 00002000 103:07 1734 /system/lib/libstagefright_enc_common.so
10-09 12:14:54.607: W/art(11723): b5857000-b5858000 rw-p 00003000 103:07 1734 /system/lib/libstagefright_enc_common.so
10-09 12:14:54.607: W/art(11723): b5858000-b585c000 r-xp 00000000 103:07 1691 /system/lib/libpowermanager.so
10-09 12:14:54.607: W/art(11723): b585c000-b585d000 ---p 00000000 00:00 0
10-09 12:14:54.607: W/art(11723): b585d000-b585e000 r--p 00004000 103:07 1691 /system/lib/libpowermanager.so
10-09 12:14:54.607: W/art(11723): b585e000-b585f000 rw-p 00005000 103:07 1691 /system/lib/libpowermanager.so
10-09 12:14:54.607: W/art(11723): b585f000-b587b000 r-xp 00000000 103:07 1778 /system/lib/libvorbisidec.so
10-09 12:14:54.607: W/art(11723): b587b000-b587c000 r--p 0001b000 103:07 1778 /system/lib/libvorbisidec.so
10-09 12:14:54.607: W/art(11723): b587c000-b587d000 rw-p 0001c000 103:07 1778 /system/lib/libvorbisidec.so
10-09 12:14:54.607: W/art(11723): b587d000-b5882000 r-xp 00000000 103:07 1760 /system/lib/libstagefright_yuv.so
10-09 12:14:54.607: W/art(11723): b5882000-b5883000 r--p 00004000 103:07 1760 /system/lib/libstagefright_yuv.so
10-09 12:14:54.607: W/art(11723): b5883000-b5884000 rw-p 00005000 103:07 1760 /system/lib/libstagefright_yuv.so
10-09 12:14:54.607: W/art(11723): b5884000-b58b2000 r-xp 00000000 103:07 1738 /system/lib/libstagefright_omx.so
10-09 12:14:54.607: W/art(11723): b58b2000-b58b3000 ---p 00000000 00:00 0
10-09 12:14:54.608: W/art(11723): b58b3000-b58b6000 r--p 0002e000 103:07 1738 /system/lib/libstagefright_omx.so
10-09 12:14:54.608: W/art(11723): b58b6000-b58b7000 rw-p 00031000 103:07 1738 /system/lib/libstagefright_omx.so
10-09 12:14:54.608: W/art(11723): b58b7000-b58b8000 r--p 00000000 00:00 0 [anon:linker_alloc]
10-09 12:14:54.608: W/art(11723): b58b8000-b58f1000 r-xp 00000000 103:07 1681 /system/lib/libopus.so
10-09 12:14:54.608: W/art(11723): b58f1000-b58f2000 ---p 00000000 00:00 0
10-09 12:14:54.608: W/art(11723): b58f2000-b58f3000 r--p 00039000 103:07 1681 /system/lib/libopus.so
10-09 12:14:54.608: W/art(11723): b58f3000-b58f4000 rw-p 0003a000 103:07 1681 /system/lib/libopus.so
10-09 12:14:54.608: W/art(11723): b58f4000-b58fb000 r-xp 00000000 103:07 1653 /system/lib/libmediautils.so
10-09 12:14:54.608: W/art(11723): b58fb000-b58fc000 ---p 00000000 00:00 0
10-09 12:14:54.608: W/art(11723): b58fc000-b58fd000 r--p 00007000 103:07 1653 /system/lib/libmediautils.so
10-09 12:14:54.608: W/art(11723): b58fd000-b58fe000 rw-p 00008000 103:07 1653 /system/lib/libmediautils.so
10-09 12:14:54.608: W/art(11723): b58fe000-b5913000 r-xp 00000000 103:07 1569 /system/lib/libdrmframework.so
10-09 12:14:54.608: W/art(11723): b5913000-b5914000 ---p 00000000 00:00 0
10-09 12:14:54.608: W/art(11723): b5914000-b5917000 r--p 00015000 103:07 1569 /system/lib/libdrmframework.so
10-09 12:14:54.608: W/art(11723): b5917000-b5918000 rw-p 00018000 103:07 1569 /system/lib/libdrmframework.so
10-09 12:14:54.608: W/art(11723): b5918000-b5936000 r-xp 00000000 103:07 1510 /system/lib/libRScpp.so
10-09 12:14:54.608: W/art(11723): b5936000-b5937000 ---p 00000000 00:00 0
10-09 12:14:54.608: W/art(11723): b5937000-b5938000 r--p 0001e000 103:07 1510 /system/lib/libRScpp.so
10-09 12:14:54.608: W/art(11723): b5938000-b5939000 rw-p 0001f000 103:07 1510 /system/lib/libRScpp.so
10-09 12:14:54.608: W/art(11723): b5939000-b5977000 r-xp 00000000 103:07 1507 /system/lib/libRS.so
10-09 12:14:54.608: W/art(11723): b5977000-b5978000 ---p 00000000 00:00 0
10-09 12:14:54.608: W/art(11723): b5978000-b597a000 r--p 0003e000 103:07 1507 /system/lib/libRS.so
10-09 12:14:54.608: W/art(11723): b597a000-b597b000 rw-p 00040000 103:07 1507 /system/lib/libRS.so
10-09 12:14:54.608: W/art(11723): b597b000-b5982000 r-xp 00000000 103:07 1727 /system/lib/libspeexresampler.so
10-09 12:14:54.608: W/art(11723): b5982000-b5983000 r--p 00006000 103:07 1727 /system/lib/libspeexresampler.so
10-09 12:14:54.608: W/art(11723): b5983000-b5984000 rw-p 00007000 103:07 1727 /system/lib/libspeexresampler.so
10-09 12:14:54.608: W/art(11723): b5984000-b598d000 r-xp 00000000 103:07 1673 /system/lib/libnbaio.so
10-09 12:14:54.608: W/art(11723): b598d000-b598e000 r--p 00008000 103:07 1673 /system/lib/libnbaio.so
10-09 12:14:54.608: W/art(11723): b598e000-b598f000 rw-p 00009000 103:07 1673 /system/lib/libnbaio.so
10-09 12:14:54.608: W/art(11723): b598f000-b59a1000 r-xp 00000000 103:07 1685 /system/lib/libpcre.so
10-09 12:14:54.608: W/art(11723): b59a1000-b59a2000 r--p 00011000 103:07 1685 /system/lib/libpcre.so
10-09 12:14:54.608: W/art(11723): b59a2000-b59a3000 rw-p 00012000 103:07 1685 /system/lib/libpcre.so
10-09 12:14:54.608: W/art(11723): b59a3000-b59a8000 r-xp 00000000 103:07 1785 /system/lib/libwpa_client.so
10-09 12:14:54.608: W/art(11723): b59a8000-b59a9000 r--p 00004000 103:07 1785 /system/lib/libwpa_client.so
10-09 12:14:54.608: W/art(11723): b59a9000-b59aa000 rw-p 00005000 103:07 1785 /system/lib/libwpa_client.so
10-09 12:14:54.608: W/art(11723): b59aa000-b59ac000 r--p 00000000 00:00 0 [anon:linker_alloc]
10-09 12:14:54.608: W/art(11723): b59ac000-b5a1a000 r-xp 00000000 103:07 1491 /system/lib/libGLES_trace.so
10-09 12:14:54.608: W/art(11723): b5a1a000-b5a1c000 r--p 0006d000 103:07 1491 /system/lib/libGLES_trace.so
10-09 12:14:54.608: W/art(11723): b5a1c000-b5a1d000 rw-p 0006f000 103:07 1491 /system/lib/libGLES_trace.so
10-09 12:14:54.608: W/art(11723): b5a1d000-b5a53000 r-xp 00000000 103:07 2947 /system/vendor/lib/libqc-opt.so
10-09 12:14:54.608: W/art(11723): b5a53000-b5a54000 r--p 00035000 103:07 2947 /system/vendor/lib/libqc-opt.so
10-09 12:14:54.608: W/art(11723): b5a54000-b5a55000 rw-p 00036000 103:07 2947 /system/vendor/lib/libqc-opt.so
10-09 12:14:54.608: W/art(11723): b5a55000-b5ab9000 r-xp 00000000 103:07 1610 /system/lib/libft2.so
10-09 12:14:54.608: W/art(11723): b5ab9000-b5abb000 r--p 00063000 103:07 1610 /system/lib/libft2.so
10-09 12:14:54.608: W/art(11723): b5abb000-b5abc000 rw-p 00065000 103:07 1610 /system/lib/libft2.so
10-09 12:14:54.608: W/art(11723): b5abc000-b5ae1000 r-xp 00000000 103:07 1689 /system/lib/libpng.so
10-09 12:14:54.608: W/art(11723): b5ae1000-b5ae2000 r--p 00024000 103:07 1689 /system/lib/libpng.so
10-09 12:14:54.608: W/art(11723): b5ae2000-b5ae3000 rw-p 00025000 103:07 1689 /system/lib/libpng.so
10-09 12:14:54.608: W/art(11723): b5ae3000-b5ae6000 r-xp 00000000 103:07 1766 /system/lib/libsync.so
10-09 12:14:54.608: W/art(11723): b5ae6000-b5ae7000 r--p 00002000 103:07 1766 /system/lib/libsync.so
10-09 12:14:54.608: W/art(11723): b5ae7000-b5ae8000 rw-p 00003000 103:07 1766 /system/lib/libsync.so
10-09 12:14:54.608: W/art(11723): b5ae8000-b5aed000 r-xp 00000000 103:07 1762 /system/lib/libstdc++.so
10-09 12:14:54.609: W/art(11723): b5aed000-b5aee000 r--p 00004000 103:07 1762 /system/lib/libstdc++.so
10-09 12:14:54.609: W/art(11723): b5aee000-b5aef000 rw-p 00005000 103:07 1762 /system/lib/libstdc++.so
10-09 12:14:54.609: W/art(11723): b5aef000-b5aff000 r-xp 00000000 103:07 1774 /system/lib/libunwind.so
10-09 12:14:54.609: W/art(11723): b5aff000-b5b00000 r--p 0000f000 103:07 1774 /system/lib/libunwind.so
10-09 12:14:54.609: W/art(11723): b5b00000-b5b01000 rw-p 00010000 103:07 1774 /system/lib/libunwind.so
10-09 12:14:54.609: W/art(11723): b5b01000-b5b47000 rw-p 00000000 00:00 0
10-09 12:14:54.609: W/art(11723): b5b47000-b5b50000 r-xp 00000000 103:07 1535 /system/lib/libbase.so
10-09 12:14:54.609: W/art(11723): b5b50000-b5b51000 r--p 00008000 103:07 1535 /system/lib/libbase.so
10-09 12:14:54.609: W/art(11723): b5b51000-b5b52000 rw-p 00009000 103:07 1535 /system/lib/libbase.so
10-09 12:14:54.609: W/art(11723): b5b52000-b5b57000 r-xp 00000000 103:07 1595 /system/lib/libeffects.so
10-09 12:14:54.609: W/art(11723): b5b57000-b5b58000 r--p 00004000 103:07 1595 /system/lib/libeffects.so
10-09 12:14:54.609: W/art(11723): b5b58000-b5b59000 rw-p 00005000 103:07 1595 /system/lib/libeffects.so
10-09 12:14:54.609: W/art(11723): b5b59000-b5b5a000 r--p 00000000 00:00 0 [anon:linker_alloc]
10-09 12:14:54.609: W/art(11723): b5b5a000-b5b5d000 r-xp 00000000 103:07 1736 /system/lib/libstagefright_http_support.so
10-09 12:14:54.609: W/art(11723): b5b5d000-b5b5e000 ---p 00000000 00:00 0
10-09 12:14:54.609: W/art(11723): b5b5e000-b5b5f000 r--p 00003000 103:07 1736 /system/lib/libstagefright_http_support.so
10-09 12:14:54.609: W/art(11723): b5b5f000-b5b60000 rw-p 00004000 103:07 1736 /system/lib/libstagefright_http_support.so
10-09 12:14:54.609: W/art(11723): b5b60000-b5b78000 r-xp 00000000 103:07 1735 /system/lib/libstagefright_foundation.so
10-09 12:14:54.609: W/art(11723): b5b78000-b5b79000 ---p 00000000 00:00 0
10-09 12:14:54.609: W/art(11723): b5b79000-b5b7a000 r--p 00018000 103:07 1735 /system/lib/libstagefright_foundation.so
10-09 12:14:54.609: W/art(11723): b5b7a000-b5b7b000 rw-p 00019000 103:07 1735 /system/lib/libstagefright_foundation.so
10-09 12:14:54.609: W/art(11723): b5b7b000-b5cda000 r-xp 00000000 103:07 1731 /system/lib/libstagefright.so
10-09 12:14:54.609: W/art(11723): b5cda000-b5cdb000 ---p 00000000 00:00 0
10-09 12:14:54.609: W/art(11723): b5cdb000-b5ce7000 r--p 0015f000 103:07 1731 /system/lib/libstagefright.so
10-09 12:14:54.609: W/art(11723): b5ce7000-b5ce8000 rw-p 0016b000 103:07 1731 /system/lib/libstagefright.so
10-09 12:14:54.609: W/art(11723): b5ce8000-b5d4f000 r-xp 00000000 103:07 1620 /system/lib/libhwui.so
10-09 12:14:54.609: W/art(11723): b5d4f000-b5d50000 ---p 00000000 00:00 0
10-09 12:14:54.609: W/art(11723): b5d50000-b5d53000 r--p 00067000 103:07 1620 /system/lib/libhwui.so
10-09 12:14:54.609: W/art(11723): b5d53000-b5d54000 rw-p 0006a000 103:07 1620 /system/lib/libhwui.so
10-09 12:14:54.609: W/art(11723): b5d54000-b5d57000 r-xp 00000000 103:07 1704 /system/lib/libradio_metadata.so
10-09 12:14:54.609: W/art(11723): b5d57000-b5d58000 r--p 00002000 103:07 1704 /system/lib/libradio_metadata.so
10-09 12:14:54.609: W/art(11723): b5d58000-b5d59000 rw-p 00003000 103:07 1704 /system/lib/libradio_metadata.so
10-09 12:14:54.609: W/art(11723): b5d59000-b5d5d000 r-xp 00000000 103:07 1671 /system/lib/libnativebridge.so
10-09 12:14:54.609: W/art(11723): b5d5d000-b5d5e000 r--p 00003000 103:07 1671 /system/lib/libnativebridge.so
10-09 12:14:54.609: W/art(11723): b5d5e000-b5d5f000 rw-p 00004000 103:07 1671 /system/lib/libnativebridge.so
10-09 12:14:54.609: W/art(11723): b5d5f000-b5d63000 r-xp 00000000 103:07 1693 /system/lib/libprocessgroup.so
10-09 12:14:54.609: W/art(11723): b5d63000-b5d64000 r--p 00003000 103:07 1693 /system/lib/libprocessgroup.so
10-09 12:14:54.609: W/art(11723): b5d64000-b5d65000 rw-p 00004000 103:07 1693 /system/lib/libprocessgroup.so
10-09 12:14:54.609: W/art(11723): b5d65000-b5d73000 r-xp 00000000 103:07 1656 /system/lib/libminikin.so
10-09 12:14:54.609: W/art(11723): b5d73000-b5d74000 ---p 00000000 00:00 0
10-09 12:14:54.609: W/art(11723): b5d74000-b5d75000 r--p 0000e000 103:07 1656 /system/lib/libminikin.so
10-09 12:14:54.609: W/art(11723): b5d75000-b5d76000 rw-p 0000f000 103:07 1656 /system/lib/libminikin.so
10-09 12:14:54.609: W/art(11723): b5d76000-b5d80000 r-xp 00000000 103:07 1724 /system/lib/libsoundtrigger.so
10-09 12:14:54.609: W/art(11723): b5d80000-b5d83000 r--p 00009000 103:07 1724 /system/lib/libsoundtrigger.so
10-09 12:14:54.609: W/art(11723): b5d83000-b5d84000 rw-p 0000c000 103:07 1724 /system/lib/libsoundtrigger.so
10-09 12:14:54.609: W/art(11723): b5d84000-b5d85000 r--p 00000000 00:00 0 [anon:linker_alloc]
10-09 12:14:54.609: W/art(11723): b5d85000-b5d8f000 r-xp 00000000 103:07 1703 /system/lib/libradio.so
10-09 12:14:54.609: W/art(11723): b5d8f000-b5d92000 r--p 00009000 103:07 1703 /system/lib/libradio.so
10-09 12:14:54.609: W/art(11723): b5d92000-b5d93000 rw-p 0000c000 103:07 1703 /system/lib/libradio.so
10-09 12:14:54.610: W/art(11723): b5d93000-b5d97000 r-xp 00000000 103:07 1674 /system/lib/libnetd_client.so
10-09 12:14:54.610: W/art(11723): b5d97000-b5d98000 r--p 00003000 103:07 1674 /system/lib/libnetd_client.so
10-09 12:14:54.610: W/art(11723): b5d98000-b5d99000 rw-p 00004000 103:07 1674 /system/lib/libnetd_client.so
10-09 12:14:54.610: W/art(11723): b5d99000-b5da6000 r-xp 00000000 103:07 1623 /system/lib/libimg_utils.so
10-09 12:14:54.610: W/art(11723): b5da6000-b5da8000 r--p 0000c000 103:07 1623 /system/lib/libimg_utils.so
10-09 12:14:54.610: W/art(11723): b5da8000-b5da9000 rw-p 0000e000 103:07 1623 /system/lib/libimg_utils.so
10-09 12:14:54.610: W/art(11723): b5da9000-b61a7000 r-xp 00000000 103:07 1686 /system/lib/libpdfium.so
10-09 12:14:54.610: W/art(11723): b61a7000-b61a8000 ---p 00000000 00:00 0
10-09 12:14:54.610: W/art(11723): b61a8000-b61b1000 r--p 003fe000 103:07 1686 /system/lib/libpdfium.so
10-09 12:14:54.610: W/art(11723): b61b1000-b61b5000 rw-p 00407000 103:07 1686 /system/lib/libpdfium.so
10-09 12:14:54.610: W/art(11723): b61b5000-b61b6000 rw-p 00000000 00:00 0
10-09 12:14:54.610: W/art(11723): b61b6000-b61bd000 r-xp 00000000 103:07 1532 /system/lib/libaud
10-09 12:14:54.610: W/art(11723): ioutils.so
10-09 12:14:54.610: W/art(11723): b61bd000-b61be000 r--p 00006000 103:07 1532 /system/lib/libaudioutils.so
10-09 12:14:54.610: W/art(11723): b61be000-b61bf000 rw-p 00007000 103:07 1532 /system/lib/libaudioutils.so
10-09 12:14:54.610: W/art(11723): b61bf000-b61d9000 r-xp 00000000 103:07 1787 /system/lib/libz.so
10-09 12:14:54.610: W/art(11723): b61d9000-b61da000 r--p 00019000
10-09 12:14:54.610: W/art(11723): 103:07 1787 /system/lib/libz.so
10-09 12:14:54.610: W/art(11723): b61da000-b61db000 rw-p 0001a000 103:07 1787 /system/lib/libz.so
10-09 12:14:54.610: W/art(11723): b61db000-b6224000 r-xp 00000000 103:07 1617 /system/lib/libharfbuzz_ng.so
10-09 12:14:54.610: W/art(11723): b6224000-b6225000 ---p 00000000 00:00 0
10-09 12:14:54.610: W/art(11723): b6225000-b6226000 r--p 00049000 103:07 1617 /system/lib/libhar
10-09 12:14:54.610: W/art(11723): fbuzz_ng.so
10-09 12:14:54.610: W/art(11723): b6226000-b6227000 rw-p 0004a000 103:07 1617 /system/lib/libharfbuzz_ng.so
10-09 12:14:54.610: W/art(11723): b6227000-b6228000 rw-p 00000000 00:00 0 [anon:linker_alloc]
10-09 12:14:54.610: W/art(11723): b6228000-b622d000 r-xp 00000000 103:07 1775 /system/lib/libusbhost.so
10-09 12:14:54.610: W/art(11723): b622d000-b622e000 r--p 00004000 1
10-09 12:14:54.610: W/art(11723): 03:07 1775 /system/lib/libusbhost.so
10-09 12:14:54.610: W/art(11723): b622e000-b622f000 rw-p 00005000 103:07 1775 /system/lib/libusbhost.so
10-09 12:14:54.610: W/art(11723): b622f000-b6265000 r-xp 00000000 103:07 1632 /system/lib/libjpeg.so
10-09 12:14:54.610: W/art(11723): b6265000-b6266000 r--p 00035000 103:07 1632 /system/lib/libjpeg.so
10-09 12:14:54.610: W/art(11723): b6266000-b6267000 rw-p 00036000 103:07 1632 /system/lib/libjpeg.so
10-09 12:14:54.610: W/art(11723): b6267000-b6268000 r--p 00000000 00:00 0 [anon:linker_alloc]
10-09 12:14:54.610: W/art(11723): b6268000-b62f9000 r-xp 00000000 103:07 1648 /system/lib/libmedia.so
10-09 12:14:54.610: W/art(11723): b62f9000-b62fa000 ---p 00000000 00:00 0
10-09 12:14:54.610: W/art(11723): b62fa000-b6316000 r--p 00091000 103:07 1648 /system/lib/libmedia.so
10-09 12:14:54.610: W/art(11723): b6316000-b6317000 rw-p 000ad000 103:07 1648 /system/lib/libmedia.so
10-09 12:14:54.610: W/art(11723): b6317000-b647c000 r-xp 00000000 103:07 1621 /system/lib/libicui18n.so
10-09 12:14:54.610: W/art(11723): b647c000-b647d000 ---p 00000000 00:00 0
10-09 12:14:54.610: W/art(11723): b647d000-b6488000 r--p 00165000 103:07 1621 /system/lib/libicui18n.so
10-09 12:14:54.610: W/art(11723): b6488000-b6489000 rw-p 00170000 103:07 1621 /system/lib/libicui18n.so
