10-09 12:15:01.365: I/art(12262): Rejecting re-init on previously-failed class java.lang.Class
10-09 12:15:01.401: I/ProviderInstaller(12262): Installed default security provider GmsCore_OpenSSL
10-09 12:15:01.404: I/PlatformStatsCollectorService(11225): Scheduled DropboxRealtime task with period 86400 sec.
10-09 12:15:01.429: E/NetworkScheduler(8428): Invalid component specified.
10-09 12:15:01.432: I/ClearcutLoggerManager(3622): flushAndDisconnect() : Success = false : Time = 5
10-09 12:15:01.433: W/System(12262): ClassLoader referenced unknown path: /data/data/com.google.android.gms/app_chimera/m/00000003/n/armeabi-v7a
10-09 12:15:01.437: W/System(12262): ClassLoader referenced unknown path: /data/data/com.google.android.gms/app_chimera/m/00000003/n/armeabi
10-09 12:15:01.455: D/DynamitePackage(12262): Instantiated singleton DynamitePackage.
10-09 12:15:01.455: D/DynamitePackage(12262): Instantiating com.google.android.gms.ads.adshield.ChimeraAdShieldCreatorImpl
10-09 12:15:01.558: W/Conscrypt(8428): Could not set socket write timeout: java.lang.reflect.InvocationTargetException
10-09 12:15:01.558: W/Conscrypt(8428): at java.lang.reflect.Method.invoke(Native Method)
10-09 12:15:01.558: W/Conscrypt(8428): at com.google.android.gms.org.conscrypt.Platform.setSocketWriteTimeout(:com.google.android.gms@13280015@13.2.80 (040300-211705629):13)
10-09 12:15:01.558: W/Conscrypt(8428): Caused by: android.system.ErrnoException: setsockopt failed: EBADF (Bad file descriptor)
10-09 12:15:01.559: W/Conscrypt(8428): at libcore.io.Posix.setsockoptTimeval(Native Method)
10-09 12:15:01.559: W/Conscrypt(8428): at libcore.io.ForwardingOs.setsockoptTimeval(ForwardingOs.java:156)
10-09 12:15:01.608: D/MC_DailyReportAction(5340): Starting class com.motorola.motocare.action.report.WifiHotSpotReport
10-09 12:15:01.609: D/MC_DailyReportAction(5340): Starting class com.motorola.motocare.action.report.WifiStateReport
10-09 12:15:01.612: D/Checkin(5340): publish the event [tag = MOT_CA_STATS_L3 event name = DC_WIFIDRVST]
10-09 12:15:01.615: D/Checkin(5340): publish the event [tag = MOT_CA_STATS_L3 event name = DC_WIFIDRVST]
10-09 12:15:01.616: D/Checkin(5340): publish the event [tag = MOT_CA_STATS_L3 event name = DC_WIFIDRVST]
10-09 12:15:01.617: D/MC_DailyReportAction(5340): Starting class com.motorola.motocare.action.report.MmcStatsReport
10-09 12:15:01.630: D/Checkin(5340): publish the event [tag = MOT_DEVICE_STATS event name = MMCStats]
10-09 12:15:01.632: D/MC_DailyReportAction(5340): Starting class com.motorola.motocare.action.report.MultiUserReport
10-09 12:15:01.635: D/MC_DailyReportAction(5340): Starting class com.motorola.motocare.action.report.BootCompleteReport
10-09 12:15:01.638: I/dex2oat(12316): /system/bin/dex2oat --dex-file=/data/user/0/com.google.android.youtube/cache/1526594665595.jar --oat-file=/data/user/0/com.google.android.youtube/cache/1526594665595.dex
10-09 12:15:01.640: D/Checkin(5340): publish the event [tag = MOT_DEVICE_STATS_L1 event name = EventLogs]
10-09 12:15:01.640: D/MC_DailyReportAction(5340): Starting class com.motorola.motocare.action.report.ShutdownReport
10-09 12:15:01.642: D/MC_DailyReportAction(5340): Starting class com.motorola.motocare.action.report.EventLogReport
10-09 12:15:01.644: D/MC_DailyReportAction(5340): Starting class com.motorola.motocare.action.report.ProcessKillReport
10-09 12:15:01.651: D/MC_DailyReportAction(5340): Starting class com.motorola.motocare.action.report.StorageStatsReport
10-09 12:15:01.670: D/Checkin(5340): publish the event [tag = MOT_DEVICE_STATS event name = STORAGESTATS]
10-09 12:15:01.673: D/MC_DailyReportAction(5340): Starting class com.motorola.motocare.action.report.ThermalReport
10-09 12:15:01.675: D/MC_DailyReportAction(5340): Starting class com.motorola.motocare.action.report.FingerprintReport
10-09 12:15:01.681: D/MC_DailyReportAction(5340): Starting class com.motorola.motocare.action.report.PmapsReport
10-09 12:15:01.690: D/Checkin(5340): publish the event [tag = MOT_DEVICE_STATS event name = PMaps]
10-09 12:15:01.691: D/MC_DailyReportAction(5340): Completed daily reports
10-09 12:15:01.698: D/Checkin(5340): publish the event [tag = MOT_DEVICE_STATS_L3 event name = SystemLocale]
10-09 12:15:01.711: D/Checkin(5340): publish the event [tag = MOT_DEVICE_STATS_L1 event name = SettingLogs]
10-09 12:15:01.751: W/Conscrypt(8428): Could not set socket write timeout: java.lang.reflect.InvocationTargetException
10-09 12:15:01.752: W/Conscrypt(8428): at java.lang.reflect.Method.invoke(Native Method)
10-09 12:15:01.752: W/Conscrypt(8428): at com.google.android.gms.org.conscrypt.Platform.setSocketWriteTimeout(:com.google.android.gms@13280015@13.2.80 (040300-211705629):13)
10-09 12:15:01.752: W/Conscrypt(8428): Caused by: android.system.ErrnoException: setsockopt failed: EBADF (Bad file descriptor)
10-09 12:15:01.752: W/Conscrypt(8428): at libcore.io.Posix.setsockoptTimeval(Native Method)
10-09 12:15:01.752: W/Conscrypt(8428): at libcore.io.ForwardingOs.setsockoptTimeval(ForwardingOs.java:156)
10-09 12:15:01.779: V/AlarmManager(1643): sending alarm {5b9ce type 2 *walarm*:com.google.android.gms.gcm.HEARTBEAT_ALARM}
10-09 12:15:01.799: E/WakeLock(8428): GCM_HB_ALARM release without a matched acquire!
10-09 12:15:01.803: I/dex2oat(12316): dex2oat took 165.822ms (threads: 4) arena alloc=262KB java alloc=52KB native alloc=1185KB free=54KB
10-09 12:15:01.805: V/AlarmManager(1643): done {5b9ce, *walarm*:com.google.android.gms.gcm.HEARTBEAT_ALARM} [26ms]
10-09 12:15:01.807: V/NativeCrypto(8428): Read error: ssl=0xb823c280: I/O error during system call, Connection reset by peer
10-09 12:15:01.808: V/NativeCrypto(8428): SSL shutdown failed: ssl=0xb823c280: I/O error during system call, Broken pipe
10-09 12:15:01.808: E/WakeLock(8428): GCM_HB_ALARM release without a matched acquire!
10-09 12:15:01.817: V/ConnectivityManager(8428): isActiveNetworkMetered() returns:false
10-09 12:15:01.822: D/ConnectivityService(1643): reportNetworkConnectivity(100, false) by 10028
10-09 12:15:01.826: D/NetworkMonitor/NetworkAgentInfo [WIFI () - 100](1643): Forcing reevaluation for UID 10028
10-09 12:15:01.835: D/NetworkMonitor/NetworkAgentInfo [WIFI () - 100](1643): Checking http://connectivitycheck.gstatic.com/generate_204 on "wl-ftl-mt73-1-24", connectivitycheck.gstatic.com=64.233.185.94
10-09 12:15:01.847: I/Icing(11225): Indexing com.google.android.googlequicksearchbox-applications_uri from com.google.android.googlequicksearchbox
10-09 12:15:01.851: D/NetworkMonitor/NetworkAgentInfo [WIFI () - 100](1643): isCaptivePortal: ret=204 headers={null=[HTTP/1.1 204 No Content], Content-Length=[0], Date=[Tue, 09 Oct 2018 19:15:01 GMT], X-Android-Received-Millis=[1539112501850], X-Android-Response-Source=[NETWORK 204], X-Android-Selected-Protocol=[http/1.1], X-Android-Sent-Millis=[1539112501836]}
10-09 12:15:01.855: D/ConnectivityService(1643): setProvNotificationVisibleIntent null visible=false networkType=MOBILE extraInfo=null highPriority=false
10-09 12:15:01.856: D/ConnectivityService(1643): NetworkAgentInfo [WIFI () - 100] validation passed
10-09 12:15:01.953: I/PlatformStatsCollectorService(11225): Scheduled Graphicsstats task with period 86400 sec.
10-09 12:15:01.964: E/NetworkScheduler(8428): Invalid component specified.
10-09 12:15:01.971: I/ActivityManager(1643): Start proc 12354:com.google.android.talk/u0a88 for broadcast com.google.android.talk/com.google.android.apps.hangouts.service.broadcastreceiver.GcmStateReceiver
10-09 12:15:02.008: I/PlatformStatsCollectorService(11225): Scheduled Dropbox task with period 86400 sec.
10-09 12:15:02.052: D/KeyguardUpdateMonitor(3065): received broadcast android.intent.action.BATTERY_CHANGED
10-09 12:15:02.052: D/KeyguardUpdateMonitor(3065): handleBatteryUpdate
10-09 12:15:02.059: I/DownloadManagerWrapper(3622): onReceive() : Charging = true
10-09 12:15:02.093: V/ConnectivityManager(8428): isActiveNetworkMetered() returns:false
10-09 12:15:02.134: W/System(12354): ClassLoader referenced unknown path: /system/app/Hangouts/lib/arm
10-09 12:15:02.150: I/art(1643): Starting a blocking GC Explicit
10-09 12:15:02.266: I/art(1643): Explicit concurrent mark sweep GC freed 12044(874KB) AllocSpace objects, 1(20KB) LOS objects, 33% free, 19MB/29MB, paused 2.212ms total 113.940ms
10-09 12:15:02.281: W/InstanceID/Rpc(12262): Found 10028
10-09 12:15:02.284: I/IcingInternalCorpora(11225): EventIndexer: starting incremental update
10-09 12:15:02.284: I/IcingInternalCorpora(11225): EventIndexer: 0 added, 0 removed, 0 changed, 0 unchanged, 0 errors.
10-09 12:15:02.285: I/IcingInternalCorpora(11225): EventIndexer: finished after 1 ms.
10-09 12:15:02.318: I/PlatformStatsCollectorService(11225): Scheduled Netstats task with period 86400 sec.
10-09 12:15:02.407: I/Icing(11225): Indexing done com.google.android.googlequicksearchbox-applications_uri
10-09 12:15:02.458: I/ActivityManager(1643): Start proc 12409:com.android.vending/u0a48 for broadcast com.android.vending/com.google.android.finsky.userlanguages.LocaleChangedReceiver
10-09 12:15:02.463: V/ConnectivityManager(12262): isActiveNetworkMetered() returns:false
10-09 12:15:02.510: V/ConnectivityManager(12262): isActiveNetworkMetered() returns:false
10-09 12:15:02.561: D/ConnectivityService(1643): listenForNetwork for Listen from uid/pid:10110/12262 for NetworkRequest [ id=15, legacyType=-1, [ Capabilities: INTERNET&NOT_RESTRICTED&TRUSTED] ]
10-09 12:15:02.604: V/ConnectivityManager(12262): isActiveNetworkMetered() returns:false
10-09 12:15:02.610: W/ActivityManager(1643): Permission Denial: Accessing service ComponentInfo{com.google.android.music/com.google.android.music.dial.DialMediaRouteProviderService} from pid=12262, uid=10110 that is not exported from uid 10100
10-09 12:15:02.616: I/ActivityManager(1643): Killing 11529:com.google.android.gmscore.testing.testsupport/u0a127 (adj 15): empty #7
10-09 12:15:02.702: W/System(12262): ClassLoader referenced unknown path: /system/framework/com.qualcomm.qti.GBAHttpAuthentication.jar
10-09 12:15:02.714: D/ActivityManager(1643): cleanUpApplicationRecord -- 11529
10-09 12:15:02.780: I/CastDatabase(11225): Opening the database
10-09 12:15:02.814: I/SQLiteCastDBHelper(11225): Creating cast database
10-09 12:15:02.847: E/Backup(8428): [BackupTransportMigratorChimeraService] Could not migrate transport!
10-09 12:15:02.854: I/Backup(8428): [BackupTransportMigratorChimeraService] Starting migration...
10-09 12:15:02.934: I/Finsky(12409): [872] com.google.android.finsky.db.a.l.b(25): Started reading experiment flags from file [v6B-2IolLQRBwrwPhscSaeg04As].
10-09 12:15:02.935: I/Finsky(12409): [871] com.google.android.finsky.db.a.l.b(25): Started reading experiment flags from file [SKocQA9EQQFTb-1gQsc5WsjVhGA].
10-09 12:15:02.943: I/Finsky(12409): [872] com.google.android.finsky.db.a.l.b(61): Finished reading experiment flags from file [v6B-2IolLQRBwrwPhscSaeg04As].
10-09 12:15:02.944: I/Finsky(12409): [871] com.google.android.finsky.db.a.l.b(61): Finished reading experiment flags from file [SKocQA9EQQFTb-1gQsc5WsjVhGA].
10-09 12:15:02.981: D/AndroidRuntime(12341): >>>>>> START com.android.internal.os.RuntimeInit uid 2000 <<<<<<
10-09 12:15:02.987: D/AndroidRuntime(12341): CheckJNI is OFF
10-09 12:15:02.994: W/art(12341): 7007b000-70aa6000 rw-p 00000000 103:09 12202 /data/dalvik-cache/arm/system@framework@boot.art
10-09 12:15:02.994: W/art(12341): b1012000-b3048000 r--p 00000000 103:07 1336 /system/framework/arm/boot.oat
10-09 12:15:02.994: W/art(12341): b3048000-b489c000 r-xp 02036000 103:07 1336 /system/framework/arm/boot.oat
10-09 12:15:02.994: W/art(12341): b489c000-b489d000 rw-p 0388a000 103:07 1336 /system/framework/arm/boot.oat
10-09 12:15:02.994: W/art(12341): b489d000-b48bb000 r--p 00a2b000 103:09 12202 /data/dalvik-cache/arm/system@framework@boot.art
10-09 12:15:02.994: W/art(12341): b48bb000-b48bc000 rw-p 00000000 00:00 0 [anon:linker_alloc_vector]
10-09 12:15:02.994: W/art(12341): b48bd000-b48c0000 r-xp 00000000 103:07 1716 /system/lib/libsigchain.so
10-09 12:15:02.994: W/art(12341): b48c0000-b48c1000 r--p 00002000 103:07 1716 /system/lib/libsigchain.so
10-09 12:15:02.994: W/art(12341): b48c1000-b48c2000 rw-p 00003000 103:07 1716 /system/lib/libsigchain.so
10-09 12:15:02.994: W/art(12341): b48c2000-b4cf8000 r-xp 00000000 103:07 1521 /system/lib/libart.so
10-09 12:15:02.994: W/art(12341): b4cf8000-b4d02000 r--p 00435000 103:07 1521 /system/lib/libart.so
10-09 12:15:02.994: W/art(12341): b4d02000-b4d03000 rw-p 0043f000 103:07 1521 /system/lib/libart.so
10-09 12:15:02.994: W/art(12341): b4d03000-b4d05000 rw-p 00000000 00:00 0
10-09 12:15:02.994: W/art(12341): b4d05000-b4d06000 r--p 00000000 00:00 0
10-09 12:15:02.994: W/art(12341): b4d06000-b4d07000 r--p 00000000 00:00 0
10-09 12:15:02.994: W/art(12341): b4d07000-b4d27000 r--s 00000000 00:0c 7705 /dev/__properties__
10-09 12:15:02.994: W/art(12341): b4d27000-b4d28000 rw-p 00000000 00:00 0 [anon:linker_alloc_vector]
10-09 12:15:02.994: W/art(12341): b4d28000-b573a000 r-xp 00000000 103:07 1495 /system/lib/libLLVM.so
10-09 12:15:02.994: W/art(12341): b573a000-b573b000 ---p 00000000 00:00 0
10-09 12:15:02.994: W/art(12341): b573b000-b5784000 r--p 00a12000 103:07 1495 /system/lib/libLLVM.so
10-09 12:15:02.994: W/art(12341): b5784000-b5785000 rw-p 00a5b000 103:07 1495 /system/lib/libLLVM.so
10-09 12:15:02.994: W/art(12341): b5785000-b578d000 rw-p 00000000 00:00 0
10-09 12:15:02.994: W/art(12341): b578d000-b57c2000 r-xp 00000000 103:07 1537 /system/lib/libbcinfo.so
10-09 12:15:02.994: W/art(12341): b57c2000-b57c3000 ---p 00000000 00:00 0
10-09 12:15:02.994: W/art(12341): b57c3000-b57c4000 r--p 00035000 103:07 1537 /system/lib/libbcinfo.so
10-09 12:15:02.994: W/art(12341): b57c4000-b57c5000 rw-p 00036000 103:07 1537 /system/lib/libbcinfo.so
10-09 12:15:02.994: W/art(12341): b57c5000-b57c6000 r--p 00000000 00:00 0 [anon:linker_alloc]
10-09 12:15:02.994: W/art(12341): b57c6000-b581e000 r-xp 00000000 103:07 1536 /system/lib/libbcc.so
10-09 12:15:02.994: W/art(12341): b581e000-b581f000 ---p 00000000 00:00 0
10-09 12:15:02.994: W/art(12341): b581f000-b5820000 r--p 00058000 103:07 1536 /system/lib/libbcc.so
10-09 12:15:02.994: W/art(12341): b5820000-b5821000 rw-p 00059000 103:07 1536 /system/lib/libbcc.so
10-09 12:15:02.994: W/art(12341): b5821000-b582b000 r-xp 00000000 103:07 1557 /system/lib/libcommon_time_client.so
10-09 12:15:02.994: W/art(12341): b582b000-b582e000 r--p 00009000 103:07 1557 /system/lib/libcommon_time_client.so
10-09 12:15:02.994: W/art(12341): b582e000-b582f000 rw-p 0000c000 103:07 1557 /system/lib/libcommon_time_client.so
10-09 12:15:02.994: W/art(12341): b582f000-b5847000 r-xp 00000000 103:07 1694 /system/lib/libprotobuf-cpp-lite.so
10-09 12:15:02.994: W/art(12341): b5847000-b5848000 r--p 00017000 103:07 1694 /system/lib/libprotobuf-cpp-lite.so
10-09 12:15:02.995: W/art(12341): b5848000-b5849000 rw-p 00018000 103:07 1694 /system/lib/libprotobuf-cpp-lite.so
10-09 12:15:02.995: W/art(12341): b5849000-b584a000 r--p 00000000 00:00 0
10-09 12:15:02.995: W/art(12341): b584a000-b5851000 r-xp 00000000 103:07 1733 /system/lib/libstagefright_avc_common.so
10-09 12:15:02.995: W/art(12341): b5851000-b5852000 r--p 00006000 103:07 1733 /system/lib/libstagefright_avc_common.so
10-09 12:15:02.995: W/art(12341): b5852000-b5853000 rw-p 00007000 103:07 1733 /system/lib/libstagefright_avc_common.so
10-09 12:15:02.995: W/art(12341): b5853000-b5856000 r-xp 00000000 103:07 1734 /system/lib/libstagefright_enc_common.so
10-09 12:15:02.995: W/art(12341): b5856000-b5857000 r--p 00002000 103:07 1734 /system/lib/libstagefright_enc_common.so
10-09 12:15:02.995: W/art(12341): b5857000-b5858000 rw-p 00003000 103:07 1734 /system/lib/libstagefright_enc_common.so
10-09 12:15:02.995: W/art(12341): b5858000-b585c000 r-xp 00000000 103:07 1691 /system/lib/libpowermanager.so
10-09 12:15:02.995: W/art(12341): b585c000-b585d000 ---p 00000000 00:00 0
10-09 12:15:02.995: W/art(12341): b585d000-b585e000 r--p 00004000 103:07 1691 /system/lib/libpowermanager.so
10-09 12:15:02.995: W/art(12341): b585e000-b585f000 rw-p 00005000 103:07 1691 /system/lib/libpowermanager.so
10-09 12:15:02.995: W/art(12341): b585f000-b587b000 r-xp 00000000 103:07 1778 /system/lib/libvorbisidec.so
10-09 12:15:02.995: W/art(12341): b587b000-b587c000 r--p 0001b000 103:07 1778 /system/lib/libvorbisidec.so
10-09 12:15:02.995: W/art(12341): b587c000-b587d000 rw-p 0001c000 103:07 1778 /system/lib/libvorbisidec.so
10-09 12:15:02.995: W/art(12341): b587d000-b5882000 r-xp 00000000 103:07 1760 /system/lib/libstagefright_yuv.so
10-09 12:15:02.995: W/art(12341): b5882000-b5883000 r--p 00004000 103:07 1760 /system/lib/libstagefright_yuv.so
10-09 12:15:02.995: W/art(12341): b5883000-b5884000 rw-p 00005000 103:07 1760 /system/lib/libstagefright_yuv.so
10-09 12:15:02.995: W/art(12341): b5884000-b58b2000 r-xp 00000000 103:07 1738 /system/lib/libstagefright_omx.so
10-09 12:15:02.995: W/art(12341): b58b2000-b58b3000 ---p 00000000 00:00 0
10-09 12:15:02.995: W/art(12341): b58b3000-b58b6000 r--p 0002e000 103:07 1738 /system/lib/libstagefright_omx.so
10-09 12:15:02.995: W/art(12341): b58b6000-b58b7000 rw-p 00031000 103:07 1738 /system/lib/libstagefright_omx.so
10-09 12:15:02.995: W/art(12341): b58b7000-b58b8000 r--p 00000000 00:00 0 [anon:linker_alloc]
10-09 12:15:02.995: W/art(12341): b58b8000-b58f1000 r-xp 00000000 103:07 1681 /system/lib/libopus.so
10-09 12:15:02.995: W/art(12341): b58f1000-b58f2000 ---p 00000000 00:00 0
10-09 12:15:02.995: W/art(12341): b58f2000-b58f3000 r--p 00039000 103:07 1681 /system/lib/libopus.so
10-09 12:15:02.995: W/art(12341): b58f3000-b58f4000 rw-p 0003a000 103:07 1681 /system/lib/libopus.so
10-09 12:15:02.995: W/art(12341): b58f4000-b58fb000 r-xp 00000000 103:07 1653 /system/lib/libmediautils.so
10-09 12:15:02.995: W/art(12341): b58fb000-b58fc000 ---p 00000000 00:00 0
10-09 12:15:02.995: W/art(12341): b58fc000-b58fd000 r--p 00007000 103:07 1653 /system/lib/libmediautils.so
10-09 12:15:02.995: W/art(12341): b58fd000-b58fe000 rw-p 00008000 103:07 1653 /system/lib/libmediautils.so
10-09 12:15:02.995: W/art(12341): b58fe000-b5913000 r-xp 00000000 103:07 1569 /system/lib/libdrmframework.so
10-09 12:15:02.995: W/art(12341): b5913000-b5914000 ---p 00000000 00:00 0
10-09 12:15:02.995: W/art(12341): b5914000-b5917000 r--p 00015000 103:07 1569 /system/lib/libdrmframework.so
10-09 12:15:02.995: W/art(12341): b5917000-b5918000 rw-p 00018000 103:07 1569 /system/lib/libdrmframework.so
10-09 12:15:02.995: W/art(12341): b5918000-b5936000 r-xp 00000000 103:07 1510 /system/lib/libRScpp.so
10-09 12:15:02.995: W/art(12341): b5936000-b5937000 ---p 00000000 00:00 0
10-09 12:15:02.995: W/art(12341): b5937000-b5938000 r--p 0001e000 103:07 1510 /system/lib/libRScpp.so
10-09 12:15:02.995: W/art(12341): b5938000-b5939000 rw-p 0001f000 103:07 1510 /system/lib/libRScpp.so
10-09 12:15:02.995: W/art(12341): b5939000-b5977000 r-xp 00000000 103:07 1507 /system/lib/libRS.so
10-09 12:15:02.995: W/art(12341): b5977000-b5978000 ---p 00000000 00:00 0
10-09 12:15:02.995: W/art(12341): b5978000-b597a000 r--p 0003e000 103:07 1507 /system/lib/libRS.so
10-09 12:15:02.995: W/art(12341): b597a000-b597b000 rw-p 00040000 103:07 1507 /system/lib/libRS.so
10-09 12:15:02.995: W/art(12341): b597b000-b5982000 r-xp 00000000 103:07 1727 /system/lib/libspeexresampler.so
10-09 12:15:02.995: W/art(12341): b5982000-b5983000 r--p 00006000 103:07 1727 /system/lib/libspeexresampler.so
10-09 12:15:02.996: W/art(12341): b5983000-b5984000 rw-p 00007000 103:07 1727 /system/lib/libspeexresampler.so
10-09 12:15:02.996: W/art(12341): b5984000-b598d000 r-xp 00000000 103:07 1673 /system/lib/libnbaio.so
10-09 12:15:02.996: W/art(12341): b598d000-b598e000 r--p 00008000 103:07 1673 /system/lib/libnbaio.so
10-09 12:15:02.996: W/art(12341): b598e000-b598f000 rw-p 00009000 103:07 1673 /system/lib/libnbaio.so
10-09 12:15:02.996: W/art(12341): b598f000-b59a1000 r-xp 00000000 103:07 1685 /system/lib/libpcre.so
10-09 12:15:02.996: W/art(12341): b59a1000-b59a2000 r--p 00011000 103:07 1685 /system/lib/libpcre.so
10-09 12:15:02.996: W/art(12341): b59a2000-b59a3000 rw-p 00012000 103:07 1685 /system/lib/libpcre.so
10-09 12:15:02.996: W/art(12341): b59a3000-b59a8000 r-xp 00000000 103:07 1785 /system/lib/libwpa_client.so
10-09 12:15:02.996: W/art(12341): b59a8000-b59a9000 r--p 00004000 103:07 1785 /system/lib/libwpa_client.so
10-09 12:15:02.996: W/art(12341): b59a9000-b59aa000 rw-p 00005000 103:07 1785 /system/lib/libwpa_client.so
10-09 12:15:02.996: W/art(12341): b59aa000-b59ac000 r--p 00000000 00:00 0 [anon:linker_alloc]
10-09 12:15:02.996: W/art(12341): b59ac000-b5a1a000 r-xp 00000000 103:07 1491 /system/lib/libGLES_trace.so
10-09 12:15:02.996: W/art(12341): b5a1a000-b5a1c000 r--p 0006d000 103:07 1491 /system/lib/libGLES_trace.so
10-09 12:15:02.996: W/art(12341): b5a1c000-b5a1d000 rw-p 0006f000 103:07 1491 /system/lib/libGLES_trace.so
10-09 12:15:02.996: W/art(12341): b5a1d000-b5a53000 r-xp 00000000 103:07 2947 /system/vendor/lib/libqc-opt.so
10-09 12:15:02.996: W/art(12341): b5a53000-b5a54000 r--p 00035000 103:07 2947 /system/vendor/lib/libqc-opt.so
10-09 12:15:02.996: W/art(12341): b5a54000-b5a55000 rw-p 00036000 103:07 2947 /system/vendor/lib/libqc-opt.so
10-09 12:15:02.996: W/art(12341): b5a55000-b5ab9000 r-xp 00000000 103:07 1610 /system/lib/libft2.so
10-09 12:15:02.996: W/art(12341): b5ab9000-b5abb000 r--p 00063000 103:07 1610 /system/lib/libft2.so
10-09 12:15:02.996: W/art(12341): b5abb000-b5abc000 rw-p 00065000 103:07 1610 /system/lib/libft2.so
10-09 12:15:02.996: W/art(12341): b5abc000-b5ae1000 r-xp 00000000 103:07 1689 /system/lib/libpng.so
10-09 12:15:02.996: W/art(12341): b5ae1000-b5ae2000 r--p 00024000 103:07 1689 /system/lib/libpng.so
10-09 12:15:02.996: W/art(12341): b5ae2000-b5ae3000 rw-p 00025000 103:07 1689 /system/lib/libpng.so
10-09 12:15:02.996: W/art(12341): b5ae3000-b5ae6000 r-xp 00000000 103:07 1766 /system/lib/libsync.so
10-09 12:15:02.996: W/art(12341): b5ae6000-b5ae7000 r--p 00002000 103:07 1766 /system/lib/libsync.so
10-09 12:15:02.996: W/art(12341): b5ae7000-b5ae8000 rw-p 00003000 103:07 1766 /system/lib/libsync.so
10-09 12:15:02.996: W/art(12341): b5ae8000-b5aed000 r-xp 00000000 103:07 1762 /system/lib/libstdc++.so
10-09 12:15:02.996: W/art(12341): b5aed000-b5aee000 r--p 00004000 103:07 1762 /system/lib/libstdc++.so
10-09 12:15:02.996: W/art(12341): b5aee000-b5aef000 rw-p 00005000 103:07 1762 /system/lib/libstdc++.so
10-09 12:15:02.996: W/art(12341): b5aef000-b5aff000 r-xp 00000000 103:07 1774 /system/lib/libunwind.so
10-09 12:15:02.996: W/art(12341): b5aff000-b5b00000 r--p 0000f000 103:07 1774 /system/lib/libunwind.so
10-09 12:15:02.996: W/art(12341): b5b00000-b5b01000 rw-p 00010000 103:07 1774 /system/lib/libunwind.so
10-09 12:15:02.996: W/art(12341): b5b01000-b5b47000 rw-p 00000000 00:00 0
10-09 12:15:02.996: W/art(12341): b5b47000-b5b50000 r-xp 00000000 103:07 1535 /system/lib/libbase.so
10-09 12:15:02.996: W/art(12341): b5b50000-b5b51000 r--p 00008000 103:07 1535 /system/lib/libbase.so
10-09 12:15:02.996: W/art(12341): b5b51000-b5b52000 rw-p 00009000 103:07 1535 /system/lib/libbase.so
10-09 12:15:02.996: W/art(12341): b5b52000-b5b57000 r-xp 00000000 103:07 1595 /system/lib/libeffects.so
10-09 12:15:02.996: W/art(12341): b5b57000-b5b58000 r--p 00004000 103:07 1595 /system/lib/libeffects.so
10-09 12:15:02.996: W/art(12341): b5b58000-b5b59000 rw-p 00005000 103:07 1595 /system/lib/libeffects.so
10-09 12:15:02.997: W/art(12341): b5b59000-b5b5a000 r--p 00000000 00:00 0 [anon:linker_alloc]
10-09 12:15:02.997: W/art(12341): b5b5a000-b5b5d000 r-xp 00000000 103:07 1736 /system/lib/libstagefright_http_support.so
10-09 12:15:02.997: W/art(12341): b5b5d000-b5b5e000 ---p 00000000 00:00 0
10-09 12:15:02.997: W/art(12341): b5b5e000-b5b5f000 r--p 00003000 103:07 1736 /system/lib/libstagefright_http_support.so
10-09 12:15:02.997: W/art(12341): b5b5f000-b5b60000 rw-p 00004000 103:07 1736 /system/lib/libstagefright_http_support.so
10-09 12:15:02.997: W/art(12341): b5b60000-b5b78000 r-xp 00000000 103:07 1735 /system/lib/libstagefright_foundation.so
10-09 12:15:02.997: W/art(12341): b5b78000-b5b79000 ---p 00000000 00:00 0
10-09 12:15:02.997: W/art(12341): b5b79000-b5b7a000 r--p 00018000 103:07 1735 /system/lib/libstagefright_foundation.so
10-09 12:15:02.997: W/art(12341): b5b7a000-b5b7b000 rw-p 00019000 103:07 1735 /system/lib/libstagefright_foundation.so
10-09 12:15:02.997: W/art(12341): b5b7b000-b5cda000 r-xp 00000000 103:07 1731 /system/lib/libstagefright.so
10-09 12:15:02.997: W/art(12341): b5cda000-b5cdb000 ---p 00000000 00:00 0
10-09 12:15:02.997: W/art(12341): b5cdb000-b5ce7000 r--p 0015f000 103:07 1731 /system/lib/libstagefright.so
10-09 12:15:02.997: W/art(12341): b5ce7000-b5ce8000 rw-p 0016b000 103:07 1731 /system/lib/libstagefright.so
10-09 12:15:02.997: W/art(12341): b5ce8000-b5d4f000 r-xp 00000000 103:07 1620 /system/lib/libhwui.so
10-09 12:15:02.997: W/art(12341): b5d4f000-b5d50000 ---p 00000000 00:00 0
10-09 12:15:02.997: W/art(12341): b5d50000-b5d53000 r--p 00067000 103:07 1620 /system/lib/libhwui.so
10-09 12:15:02.997: W/art(12341): b5d53000-b5d54000 rw-p 0006a000 103:07 1620 /system/lib/libhwui.so
10-09 12:15:02.997: W/art(12341): b5d54000-b5d57000 r-xp 00000000 103:07 1704 /system/lib/libradio_metadata.so
10-09 12:15:02.997: W/art(12341): b5d57000-b5d58000 r--p 00002000 103:07 1704 /system/lib/libradio_metadata.so
10-09 12:15:02.997: W/art(12341): b5d58000-b5d59000 rw-p 00003000 103:07 1704 /system/lib/libradio_metadata.so
10-09 12:15:02.997: W/art(12341): b5d59000-b5d5d000 r-xp 00000000 103:07 1671 /system/lib/libnativebridge.so
10-09 12:15:02.997: W/art(12341): b5d5d000-b5d5e000 r--p 00003000 103:07 1671 /system/lib/libnativebridge.so
10-09 12:15:02.997: W/art(12341): b5d5e000-b5d5f000 rw-p 00004000 103:07 1671 /system/lib/libnativebridge.so
10-09 12:15:02.997: W/art(12341): b5d5f000-b5d63000 r-xp 00000000 103:07 1693 /system/lib/libprocessgroup.so
10-09 12:15:02.997: W/art(12341): b5d63000-b5d64000 r--p 00003000 103:07 1693 /system/lib/libprocessgroup.so
10-09 12:15:02.997: W/art(12341): b5d64000-b5d65000 rw-p 00004000 103:07 1693 /system/lib/libprocessgroup.so
10-09 12:15:02.997: W/art(12341): b5d65000-b5d73000 r-xp 00000000 103:07 1656 /system/lib/libminikin.so
10-09 12:15:02.997: W/art(12341): b5d73000-b5d74000 ---p 00000000 00:00 0
10-09 12:15:02.997: W/art(12341): b5d74000-b5d75000 r--p 0000e000 103:07 1656 /system/lib/libminikin.so
10-09 12:15:02.997: W/art(12341): b5d75000-b5d76000 rw-p 0000f000 103:07 1656 /system/lib/libminikin.so
10-09 12:15:02.997: W/art(12341): b5d76000-b5d80000 r-xp 00000000 103:07 1724 /system/lib/libsoundtrigger.so
10-09 12:15:02.997: W/art(12341): b5d80000-b5d83000 r--p 00009000 103:07 1724 /system/lib/libsoundtrigger.so
10-09 12:15:02.997: W/art(12341): b5d83000-b5d84000 rw-p 0000c000 103:07 1724 /system/lib/libsoundtrigger.so
10-09 12:15:02.997: W/art(12341): b5d84000-b5d85000 r--p 00000000 00:00 0 [anon:linker_alloc]
10-09 12:15:02.997: W/art(12341): b5d85000-b5d8f000 r-xp 00000000 103:07 1703 /system/lib/libradio.so
10-09 12:15:02.997: W/art(12341): b5d8f000-b5d92000 r--p 00009000 103:07 1703 /system/lib/libradio.so
10-09 12:15:02.997: W/art(12341): b5d92000-b5d93000 rw-p 0000c000 103:07 1703 /system/lib/libradio.so
10-09 12:15:02.997: W/art(12341): b5d93000-b5d97000 r-xp 00000000 103:07 1674 /system/lib/libnetd_client.so
10-09 12:15:02.997: W/art(12341): b5d97000-b5d98000 r--p 00003000 103:07 1674 /system/lib/libnetd_client.so
10-09 12:15:02.997: W/art(12341): b5d98000-b5d99000 rw-p 00004000 103:07 1674 /system/lib/libnetd_client.so
10-09 12:15:02.997: W/art(12341): b5d99000-b5da6000 r-xp 00000000 103:07 1623 /system/lib/libimg_utils.so
10-09 12:15:02.997: W/art(12341): b5da6000-b5da8000 r--p 0000c000 103:07 1623 /system/lib/libimg_utils.so
10-09 12:15:02.997: W/art(12341): b5da8000-b5da9000 rw-p 0000e000 103:07 1623 /system/lib/libimg_utils.so
10-09 12:15:02.997: W/art(12341): b5da9000-b61a7000 r-xp 00000000 103:07 1686 /system/lib/libpdfium.so
10-09 12:15:02.998: W/art(12341): b61a7000-b61a8000 ---p 00000000 00:00 0
10-09 12:15:02.998: W/art(12341): b61a8000-b61b1000 r--p 003fe000 103:07 1686 /system/lib/libpdfium.so
10-09 12:15:02.998: W/art(12341): b61b1000-b61b5000 rw-p 00407000 103:07 1686 /system/lib/libpdfium.so
10-09 12:15:02.998: W/art(12341): b61b5000-b61b6000 rw-p 00000000 00:00 0
10-09 12:15:02.998: W/art(12341): b61b6000-b61bd000 r-xp 00000000 103:07 1532 /system/lib/libaud
10-09 12:15:02.998: W/art(12341): ioutils.so
10-09 12:15:02.998: W/art(12341): b61bd000-b61be000 r--p 00006000 103:07 1532 /system/lib/libaudioutils.so
10-09 12:15:02.998: W/art(12341): b61be000-b61bf000 rw-p 00007000 103:07 1532 /system/lib/libaudioutils.so
10-09 12:15:02.998: W/art(12341): b61bf000-b61d9000 r-xp 00000000 103:07 1787 /system/lib/libz.so
10-09 12:15:02.998: W/art(12341): b61d9000-b61da000 r--p 00019000
10-09 12:15:02.998: W/art(12341): 103:07 1787 /system/lib/libz.so
10-09 12:15:02.998: W/art(12341): b61da000-b61db000 rw-p 0001a000 103:07 1787 /system/lib/libz.so
10-09 12:15:02.998: W/art(12341): b61db000-b6224000 r-xp 00000000 103:07 1617 /system/lib/libharfbuzz_ng.so
10-09 12:15:02.998: W/art(12341): b6224000-b6225000 ---p 00000000 00:00 0
10-09 12:15:02.998: W/art(12341): b6225000-b6226000 r--p 00049000 103:07 1617 /system/lib/libhar
10-09 12:15:02.998: W/art(12341): fbuzz_ng.so
10-09 12:15:02.998: W/art(12341): b6226000-b6227000 rw-p 0004a000 103:07 1617 /system/lib/libharfbuzz_ng.so
10-09 12:15:02.998: W/art(12341): b6227000-b6228000 rw-p 00000000 00:00 0 [anon:linker_alloc]
10-09 12:15:02.998: W/art(12341): b6228000-b622d000 r-xp 00000000 103:07 1775 /system/lib/libusbhost.so
10-09 12:15:02.998: W/art(12341): b622d000-b622e000 r--p 00004000 1
10-09 12:15:02.998: W/art(12341): 03:07 1775 /system/lib/libusbhost.so
10-09 12:15:02.998: W/art(12341): b622e000-b622f000 rw-p 00005000 103:07 1775 /system/lib/libusbhost.so
10-09 12:15:02.998: W/art(12341): b622f000-b6265000 r-xp 00000000 103:07 1632 /system/lib/libjpeg.so
10-09 12:15:02.998: W/art(12341): b6265000-b6266000 r--p 00035000 103:07 1632 /system/lib/libjpeg.so
10-09 12:15:02.998: W/art(12341): b6266000-b6267000 rw-p 00036000 103:07 1632 /system/lib/libjpeg.so
10-09 12:15:02.998: W/art(12341): b6267000-b6268000 r--p 00000000 00:00 0 [anon:linker_alloc]
10-09 12:15:02.998: W/art(12341): b6268000-b62f9000 r-xp 00000000 103:07 1648 /system/lib/libmedia.so
10-09 12:15:02.998: W/art(12341): b62f9000-b62fa000 ---p 00000000 00:00 0
10-09 12:15:02.998: W/art(12341): b62fa000-b6316000 r--p 00091000 103:07 1648 /system/lib/libmedia.so
10-09 12:15:02.998: W/art(12341): b6316000-b6317000 rw-p 000ad000 103:07 1648 /system/lib/libmedia.so
10-09 12:15:02.998: W/art(12341): b6317000-b647c000 r-xp 00000000 103:07 1621 /system/lib/libicui18n.so
10-09 12:15:02.998: W/art(12341): b647c000-b647d000 ---p 00000000 00:00 0
10-09 12:15:02.998: W/art(12341): b647d000-b6488000 r--p 00165000 103:07 1621 /system/lib/libicui18n.so
10-09 12:15:02.998: W/art(12341): b6488000-b6489000 rw-p 00170000 103:07 1621 /system/lib/libicui18n.so
10-09 12:15:02.998: W/art(12341): b6489000-b6598000 r-xp 00000000 103:07 1622 /system/lib/libicuuc.so
10-09 12:15:02.998: W/art(12341): b6598000-b65a3000 r--p 0010e000 103:07 1622 /system/lib/libicuuc.so
10-09 12:15:02.998: W/art(12341): b65a3000-b65a4000 rw-p 00119000 103:07 1622 /system/lib/libicuuc.so
10-09 12:15:02.998: W/art(12341): b65a4000-b65a8000 rw-p 00000000 00:00 0
10-09 12:15:02.998: W/art(12341): b65a8000-b65cb000 r-xp 00000000 103:07 1730 /system/lib/libssl.so
10-09 12:15:02.998: W/art(12341): b65cb000-b65cd000 r--p 00022000 103:07 1730 /system/lib/libssl.so
10-09 12:15:02.998: W/art(12341): b65cd000-b65ce000 rw-p 00024000 103:07 1730 /system/lib/libssl.so
10-09 12:15:02.998: W/art(12341): b65ce000-b665e000 r-xp 00000000 103:07 1560
10-09 12:15:02.998: W/art(12341): /system/lib/libcrypto.so
10-09 12:15:02.998: W/art(12341): b665e000-b665f000 ---p 00000000 00:00 0
10-09 12:15:02.998: W/art(12341): b665f000-b666a000 r--p 00090000 103:07 1560 /system/lib/libcrypto.so
10-09 12:15:02.998: W/art(12341): b666a000-b666b000 rw-p 0009b000 103:07 1560 /system/lib/libcrypto.so
10-09 12:15:02.998: W/art(12341): b666b000-b66bd000 r-xp 00000000 103:07 1722 /system/lib/libson
10-09 12:15:02.998: W/art(12341): ivox.so
10-09 12:15:02.998: W/art(12341): b66bd000-b66be000 ---p 00000000 00:00 0
10-09 12:15:02.998: W/art(12341): b66be000-b66bf000 r--p 00052000 103:07 1722 /system/lib/libsonivox.so
10-09 12:15:02.998: W/art(12341): b66bf000-b66c0000 rw-p 00053000 103:07 1722 /system/lib/libsonivox.so
10-09 12:15:02.998: W/art(12341): b66c0000-b66c5000 rw-p 00000000 00:00 0
10-09 12:15:02.998: W/art(12341): b66c5000-b66d4000 r-xp 0
10-09 12:15:02.998: W/art(12341): 0000000 103:07 1713 /system/lib/libselinux.so
10-09 12:15:02.998: W/art(12341): b66d4000-b66d5000 r--p 0000e000 103:07 1713 /system/lib/libselinux.so
10-09 12:15:02.998: W/art(12341): b66d5000-b66d6000 rw-p 0000f000 103:07 1713 /system/lib/libselinux.so
10-09 12:15:02.999: W/art(12341): b66d6000-b66dd000 r-xp 00000000 103:07 1616 /system/lib/libhardware_legacy.so
10-09 12:15:02.999: W/art(12341): b66dd000-b66de000 ---p 00000000 00:00 0
10-09 12:15:02.999: W/art(12341): b66de000-b66df000 r--p 00007000 103:07 1616 /system/lib/libhardware_legacy.so
10-09 12:15:02.999: W/art(12341): b66df000-b66e0000 rw-p 00008000 103:07 1616 /system/lib/libhardware_legacy.so
10-09 12:15:02.999: W/art(12341): b66e0000-b66e1000 rw-p 00000000 00:00 0
10-09 12:15:02.999: W/art(12341): b66e1000-b66e4000 r-xp 00000000 103:07 1615
10-09 12:15:02.999: W/art(12341): /system/lib/libhardware.so
10-09 12:15:02.999: W/art(12341): b66e4000-b66e5000 r--p 00002000 103:07 1615 /system/lib/libhardware.so
10-09 12:15:02.999: W/art(12341): b66e5000-b66e6000 rw-p 00003000 103:07 1615 /system/lib/libhardware.so
10-09 12:15:02.999: W/art(12341): b66e6000-b66ea000 r-xp 00000000 103:07 1489 /system/lib/libETC1.so
10-09 12:15:02.999: W/art(12341): b66ea000-b66eb000 r--p 00003000
10-09 12:15:02.999: W/art(12341): 103:07 1489 /system/lib/libETC1.so
10-09 12:15:02.999: W/art(12341): b66eb000-b66ec000 rw-p 00004000 103:07 1489 /system/lib/libETC1.so
10-09 12:15:02.999: W/art(12341): b66ec000-b66f9000 r-xp 00000000 103:07 1493 /system/lib/libGLESv2.so
10-09 12:15:02.999: W/art(12341): b66f9000-b66fa000 r--p 0000c000 103:07 1493 /system/lib/libGLESv2.so
10-09 12:15:02.999: W/art(12341): b66fa000-b66fb000 rw-p 0000d000 103:07 1493 /system/lib/libGLESv2.so
10-09 12:15:02.999: W/art(12341): b66fb000-b6703000 r-xp 00000000 103:07 1492 /system/lib/libGLESv1_CM.so
10-09 12:15:02.999: W/art(12341): b6703000-b6704000 r--p 00007000 103:07 1492 /system/lib/libGLESv1_CM.so
10-09 12:15:02.999: W/art(12341): b6704000-b6705000 rw-p 00008000 103:07 1492 /system/lib/libGLESv1_CM.so
10-09 12:15:02.999: W/art(12341): b6705000-b6761000 r-xp 00000000 103:07 1488 /system/lib/libEGL.so
10-09 12:15:02.999: W/art(12341): b6761000-b6762000 ---p 00000000 00:00 0
10-09 12:15:02.999: W/art(12341): b6762000-b6764000 r--p 0005c000 103:07 1488 /system/lib/libEGL.so
10-09 12:15:02.999: W/art(12341): b6764000-b676d000 rw-p 0005e000 103:07 1488 /system/lib/libEGL.so
10-09 12:15:02.999: W/art(12341): b676d000-b6770000 rw-p 00000000 00:00 0
10-09 12:15:02.999: W/art(12341): b6770000-b683f000 r-xp 00000000 103:07 1728 /system/lib/libsqlite.so
10-09 12:15:02.999: W/art(12341): b683f000-b6841000 r--p 000ce000 103:07 1728 /system/lib/libsqlite.so
10-09 12:15:02.999: W/art(12341): b6841000-b6842000 rw-p 000d0000 103:07 1728 /system/lib/libsqlite.so
10-09 12:15:02.999: W/art(12341): b6842000-b6a9c000 r-xp 00000000 103:07 1717 /system/lib/libskia.so
10-09 12:15:02.999: W/art(12341): b6a9c000-b6a9d000 ---p 00000000 00:00 0
10-09 12:15:02.999: W/art(12341): b6a9d000-b6ab7000 r--p 0025a000 103:07 1717 /system/lib/libskia.so
10-09 12:15:02.999: W/art(12341): b6ab7000-b6ab9000 rw-p 00274000 103:07 1717 /system/lib/libskia.so
10-09 12:15:02.999: W/art(12341): b6ab9000-b6abe000 rw-p 00000000 00:00 0
10-09 12:15:02.999: W/art(12341): b6abe000-b6ac6000 r-xp 00000000 103:07 1547 /system/lib/libcamera_
10-09 12:15:02.999: W/art(12341): metadata.so
10-09 12:15:02.999: W/art(12341): b6ac6000-b6ac7000 ---p 00000000 00:00 0
10-09 12:15:02.999: W/art(12341): b6ac7000-b6ac8000 r--p 00008000 103:07 1547 /system/lib/libcamera_metadata.so
10-09 12:15:02.999: W/art(12341): b6ac8000-b6ac9000 rw-p 00009000 103:07 1547 /system/lib/libcamera_metadata.so
10-09 12:15:02.999: W/art(12341): b6ac9000-b6aed000 r-xp 00000000 103:07 1546
10-09 12:15:02.999: W/art(12341): /system/lib/libcamera_client.so
10-09 12:15:02.999: W/art(12341): b6aed000-b6aee000 ---p 00000000 00:00 0
10-09 12:15:02.999: W/art(12341): b6aee000-b6af5000 r--p 00024000 103:07 1546 /system/lib/libcamera_client.so
10-09 12:15:02.999: W/art(12341): b6af5000-b6af6000 rw-p 0002b000 103:07 1546 /system/lib/libcamera_client.so
10-09 12:15:02.999: W/art(12341): b6af6000-b6b32000 r-xp 00000000 103:07 1625 /sys
10-09 12:15:02.999: W/art(12341): tem/lib/libinputflinger.so
10-09 12:15:02.999: W/art(12341): b6b32000-b6b35000 r--p 0003b000 103:07 1625 /system/lib/libinputflinger.so
10-09 12:15:02.999: W/art(12341): b6b35000-b6b36000 rw-p 0003e000 103:07 1625 /system/lib/libinputflinger.so
10-09 12:15:02.999: W/art(12341): b6b36000-b6b50000 r-xp 00000000 103:07 1624 /system/lib/libinput.so
10-09 12:15:02.999: W/art(12341): b6b50000-b6b54000 r--p 00019000 103:07 1624 /system/lib/libinput.so
10-09 12:15:02.999: W/art(12341): b6b54000-b6b55000 rw-p 0001d000 103:07 1624 /system/lib/libinput.so
10-09 12:15:02.999: W/art(12341): b6b55000-b6ba2000 r-xp 00000000 103:07 1614 /system/lib/libgui.so
10-09 12:15:02.999: W/art(12341): b6ba2000-b6bae000 r--p 0004c000 103:07 1614 /system/lib/libgui.so
10-09 12:15:02.999: W/art(12341): b6bae000-b6baf000 rw-p 00058000 103:07 1614 /system/lib/libgui.so
10-09 12:15:03.000: W/art(12341): b6baf000-b6bbc000 r-xp 00000000 103:07 1773 /system/lib/libui.so
10-09 12:15:03.000: W/art(12341): b6bbc000-b6bbd000 ---p 00000000 00:00 0
10-09 12:15:03.000: W/art(12341): b6bbd000-b6bbe000 r--p 0000d000 103:07 1773 /system/lib/libui.so
10-09 12:15:03.000: W/art(12341): b6bbe000-b6bbf000 rw-p 0000e000 103:07 1773 /system/lib/libui.so
10-09 12:15:03.000: W/art(12341): b6bbf000-b6bc6000 r-xp 00000000 103:07 1676 /system/lib/libnetutils.so
10-09 12:15:03.000: W/art(12341): b6bc6000-b6bc7000 r--p 00006000 103:07 1676 /system/lib/libnetutils.so
10-09 12:15:03.000: W/art(12341): b6bc7000-b6bc8000 rw-p 00007000 103:07 1676 /system/lib/libnetutils.so
10-09 12:15:03.000: W/art(12341): b6bc8000-b6bcf000 r-xp 00000000 103:07 1672 /system/lib/libnativehelper.so
10-09 12:15:03.000: W/art(12341): b6bcf000-b6bd0000 r--p 00006000 103:07 1672 /system/lib/libnativehelper.so
10-09 12:15:03.000: W/art(12341): b6bd0000-b6bd1000 rw-p 00007000 103:07 1672 /system/lib/libnativehelper.so
10-09 12:15:03.000: W/art(12341): b6bd1000-b6be5000 r-xp 00000000 103:07 1597 /system/lib/libexpat.so
10-09 12:15:03.000: W/art(12341): b6be5000-b6be7000 r--p 00013000 103:07 1597 /system/lib/libexpat.so
10-09 12:15:03.000: W/art(12341): b6be7000-b6be8000 rw-p 00015000 103:07 1597 /system/lib/libexpat.so
10-09 12:15:03.000: W/art(12341): b6be8000-b6c0f000 r-xp 00000000 103:07 1517 /system/lib/libandroidfw.so
10-09 12:15:03.000: W/art(12341): b6c0f000-b6c10000 ---p 00000000 00:00 0
10-09 12:15:03.000: W/art(12341): b6c10000-b6c11000 r--p 00027000 103:07 1517 /system/lib/libandroidfw.so
10-09 12:15:03.000: W/art(12341): b6c11000-b6c12000 rw-p 00028000 103:07 1517 /system/lib/libandroidfw.so
10-09 12:15:03.000: W/art(12341): b6c12000-b6c15000 r-xp 00000000 103:07 1655 /system/lib/libmemtrack.so
10-09 12:15:03.000: W/art(12341): b6c15000-b6c16000 r--p 00002000 103:07 1655 /system/lib/libmemtrack.so
10-09 12:15:03.000: W/art(12341): b6c16000-b6c17000 rw-p 00003000 103:07 1655 /system/lib/libmemtrack.so
10-09 12:15:03.000: W/art(12341): b6c17000-b6c20000 r-xp 00000000 103:07 1534 /system/lib/libbacktrace.so
10-09 12:15:03.000: W/art(12341): b6c20000-b6c21000 r--p 00008000 103:07 1534 /system/lib/libbacktrace.so
10-09 12:15:03.000: W/art(12341): b6c21000-b6c22000 rw-p 00009000 103:07 1534 /system/lib/libbacktrace.so
10-09 12:15:03.000: W/art(12341): b6c22000-b6c41000 r-xp 00000000 103:07 1645 /system/lib/libm.so
10-09 12:15:03.000: W/art(12341): b6c41000-b6c42000 ---p 00000000 00:00 0
10-09 12:15:03.000: W/art(12341): b6c42000-b6c43000 r--p 0001f000 103:07 1645 /system/lib/libm.so
10-09 12:15:03.000: W/art(12341): b6c43000-b6c44000 rw-p 00020000 103:07 1645 /system/lib/libm.so
10-09 12:15:03.000: W/art(12341): b6c44000-b6ca0000 r-xp 00000000 103:07 1544 /system/lib/libc.so
10-09 12:15:03.000: W/art(12341): b6ca0000-b6ca1000 ---p 00000000 00:00 0
10-09 12:15:03.000: W/art(12341): b6ca1000-b6ca4000 r--p 0005c000 103:07 1544 /system/lib/libc.so
10-09 12:15:03.000: W/art(12341): b6ca4000-b6ca7000 rw-p 0005f000 103:07 1544 /system/lib/libc.so
10-09 12:15:03.000: W/art(12341): b6ca7000-b6cb0000 rw-p 00000000 00:00 0
10-09 12:15:03.000: W/art(12341): b6cb0000-b6d39000 r-xp 00000000 103:07 1543 /system/lib/libc++.so
10-09 12:15:03.000: W/art(12341): b6d39000-b6d3d000 r--p 00088000 103:07 1543 /system/lib/libc++.so
10-09 12:15:03.000: W/art(12341): b6d3d000-b6d3e000 rw-p 0008c000 103:07 1543 /system/lib/libc++.so
10-09 12:15:03.000: W/art(12341): b6d3e000-b6d3f000 rw-p 00000000 00:00 0
10-09 12:15:03.000: W/art(12341): b6d3f000-b6d67000 r-xp 00000000 103:07 1784 /system/lib/libwilhelm.so
10-09 12:15:03.000: W/art(12341): b6d67000-b6d68000 ---p 00000000 00:00 0
10-09 12:15:03.000: W/art(12341): b6d68000-b6d6b000 r--p 00028000 103:07 1784 /system/lib/libwilhelm.so
10-09 12:15:03.000: W/art(12341): b6d6b000-b6d6c000 rw-p 0002b000 103:07 1784 /system/lib/libwilhelm.so
10-09 12:15:03.000: W/art(12341): b6d6c000-b6e3d000 r-xp 00000000 103:07 1515 /system/lib/libandroid_runtime.so
10-09 12:15:03.000: W/art(12341): b6e3d000-b6e3e000 ---p 00000000 00:00 0
10-09 12:15:03.000: W/art(12341): b6e3e000-b6e45000 r--p 000d1000 103:07 1515 /system/lib/libandroid_runtime.so
10-09 12:15:03.000: W/art(12341): b6e45000-b6e4d000 rw-p 000d8000 103:07 1515 /system/lib/libandroid_runtime.so
10-09 12:15:03.000: W/art(12341): b6e4d000-b6e4e000 rw-p 00000000 00:00 0 [anon:linker_alloc_vector]
10-09 12:15:03.000: W/art(12341): b6e4e000-b6e52000 r--p 00000000 00:00 0 [anon:linker_alloc]
10-09 12:15:03.000: W/art(12341): b6e52000-b6e78000 r-xp 00000000 103:07 1538 /system/lib/libbinder.so
10-09 12:15:03.000: W/art(12341): b6e78000-b6e7f000 r--p 00025000 103:07 1538 /system/lib/libbinder.so
10-09 12:15:03.001: W/art(12341): b6e7f000-b6e80000 rw-p 0002c000 103:07 1538 /system/lib/libbinder.so
10-09 12:15:03.001: W/art(12341): b6e80000-b6e88000 r-xp 00000000 103:07 1643 /system/lib/liblog.so
10-09 12:15:03.001: W/art(12341): b6e88000-b6e89000 r--p 00007000 103:07 1643 /system/lib/liblog.so
10-09 12:15:03.001: W/art(12341): b6e89000-b6e8a000 rw-p 00008000 103:07 1643 /system/lib/liblog.so
10-09 12:15:03.001: W/art(12341): b6e8a000-b6ea2000 r-xp 00000000 103:07 1776 /system/lib/libutils.so
10-09 12:15:03.001: W/art(12341): b6ea2000-b6ea3000 ---p 00000000 00:00 0
10-09 12:15:03.001: W/art(12341): b6ea3000-b6ea4000 r--p 00018000 103:07 1776 /system/lib/libutils.so
10-09 12:15:03.001: W/art(12341): b6ea4000-b6ea5000 rw-p 00019000 103:07 1776 /system/lib/libutils.so
10-09 12:15:03.001: W/art(12341): b6ea5000-b6eb4000 r-xp 00000000 103:07 1561 /system/lib/libcutils.so
10-09 12:15:03.001: W/art(12341): b6eb4000-b6eb5000 ---p 00000000 00:00 0
10-09 12:15:03.001: W/art(12341): b6eb5000-b6eb6000 r--p 0000f000 103:07 1561 /system/lib/libcutils.so
10-09 12:15:03.001: W/art(12341): b6eb6000-b6eb7000 rw-p 00010000 103:07 1561 /system/lib/libcutils.so
10-09 12:15:03.001: W/art(12341): b6eb7000-b6eb8000 rw-p 00000000 00:00 0 [anon:linker_alloc_vector]
10-09 12:15:03.001: W/art(12341): b6eb8000-b6eb9000 rw-p 00000000 00:00 0 [anon:linker_alloc_64]
10-09 12:15:03.001: W/art(12341): b6eb9000-b6eba000 r--p 00000000 00:00 0 [anon:linker_alloc]
10-09 12:15:03.001: W/art(12341): b6eba000-b6ebb000 rw-p 00000000 00:00 0 [anon:linker_alloc]
10-09 12:15:03.001: W/art(12341): b6ebb000-b6ebc000 rw-p 00000000 00:00 0 [anon:linker_alloc_vector]
10-09 12:15:03.001: W/art(12341): b6ebc000-b6ebd000 rw-p 00000000 00:00 0 [anon:linker_alloc_32]
10-09 12:15:03.001: W/art(12341): b6ebd000-b6ebe000 r--p 00000000 00:00 0 [anon:linker_alloc]
10-09 12:15:03.001: W/art(12341): b6ebe000-b6ede000 r--s 00000000 00:0c 7705 /dev/__properties__
10-09 12:15:03.001: W/art(12341): b6ede000-b6edf000 r--p 00000000 00:00 0
10-09 12:15:03.001: W/art(12341): b6edf000-b6ee0000 ---p 00000000 00:00 0
10-09 12:15:03.001: W/art(12341): b6ee0000-b6ee2000 rw-p 00000000 00:00 0 [anon:thread signal stack]
10-09 12:15:03.001: W/art(12341): b6ee2000-b6efe000 r-xp 00000000 103:07 516 /system/bin/linker
10-09 12:15:03.001: W/art(12341): b6efe000-b6eff000 r-xp 00000000 00:00 0 [sigpage]
10-09 12:15:03.001: W/art(12341): b6eff000-b6f00000 r--p 0001c000 103:07 516 /system/bin/linker
10-09 12:15:03.001: W/art(12341): b6f00000-b6f02000 rw-p 0001d000 103:07 516 /system/bin/linker
10-09 12:15:03.001: W/art(12341): b6f02000-b6f04000 rw-p 00000000 00:00 0
10-09 12:15:03.001: W/art(12341): b6f04000-b6f09000 r-xp 00000000 103:07 373 /system/bin/app_process32
10-09 12:15:03.001: W/art(12341): b6f09000-b6f0a000 r--p 00004000 103:07 373 /system/bin/app_process32
10-09 12:15:03.001: W/art(12341): b6f0a000-b6f0b000 rw-p 00000000 00:00 0
10-09 12:15:03.001: W/art(12341): b7758000-b778a000 rw-p 00000000 00:00 0 [heap]
10-09 12:15:03.001: W/art(12341): be3ad000-bebac000 rw-p 00000000 00:00 0 [stack]
10-09 12:15:03.001: W/art(12341): ffff0000-ffff1000 r-xp 00000000 00:00 0 [vectors]
10-09 12:15:03.026: I/Finsky(12409): [1] com.google.android.finsky.wear.bc.a(14): Component class com.google.android.finsky.wear.WearSupportService enabled via PackageManager.
10-09 12:15:03.028: I/Finsky(12409): [1] com.google.android.finsky.wear.bc.a(14): Component class com.google.android.finsky.wear.WearChangeListenerService enabled via PackageManager.
10-09 12:15:03.031: I/Finsky(12409): [1] com.google.android.finsky.application.impl.a.dl(2498): Not a unicorn device
10-09 12:15:03.044: W/Settings(12409): Setting download_manager_max_bytes_over_mobile has moved from android.provider.Settings.Secure to android.provider.Settings.Global.
10-09 12:15:03.045: W/Settings(12409): Setting download_manager_recommended_max_bytes_over_mobile has moved from android.provider.Settings.Secure to android.provider.Settings.Global.
10-09 12:15:03.057: D/ICU(12341): No timezone override file found: /data/misc/zoneinfo/current/icu/icu_tzdata.dat
10-09 12:15:03.074: D/ConnectivityService(1643): listenForNetwork for Listen from uid/pid:10048/12409 for NetworkRequest [ id=16, legacyType=-1, [ Capabilities: INTERNET&NOT_RESTRICTED&TRUSTED] ]
10-09 12:15:03.083: I/cr_CronetLibraryLoader(12409): Cronet version: 68.0.3426.0, arch: armv7l
10-09 12:15:03.087: W/art(12354): Verification of ghs[] fxl.ab() took 200.125ms
10-09 12:15:03.095: D/WifiService(1643): New client listening to asynchronous messages
10-09 12:15:03.100: I/CastSocket(11225): 23 >= 18. Adding new CastClientAuthKeyManager.
10-09 12:15:03.126: I/Radio-JNI(12341): register_android_hardware_Radio DONE
10-09 12:15:03.138: I/DiscoveryManager(11225): WifiGuestModeDeviceScanner enabled.
10-09 12:15:03.163: I/SQLiteCastStore(11225): 0 CastNetworkInfo instances loaded, 0 CastDeviceInfo instances loaded, 0 paired guest mode devices loaded.
10-09 12:15:03.165: D/AndroidRuntime(12341): Calling main entry com.android.commands.settings.SettingsCmd
10-09 12:15:03.172: I/DiscoveryManager(11225): Filter criteria(233637DE) scannerFlags(2)
10-09 12:15:03.175: W/Settings(5056): Setting data_roaming has moved from android.provider.Settings.Secure to android.provider.Settings.Global.
10-09 12:15:03.176: W/Settings(3357): Setting data_roaming has moved from android.provider.Settings.Secure to android.provider.Settings.Global.
10-09 12:15:03.176: W/Settings(5056): Setting data_roaming has moved from android.provider.Settings.Secure to android.provider.Settings.Global.
10-09 12:15:03.176: W/Settings(5056): Setting data_roaming has moved from android.provider.Settings.Secure to android.provider.Settings.Global.
10-09 12:15:03.176: D/AndroidRuntime(12341): Shutting down VM
10-09 12:15:03.178: I/CastDatabase(11225): CastDeviceInfo created: V_79bab485-38bd-475b-a7ec-01cf072020b4
10-09 12:15:03.180: I/Finsky(12409): [1] com.google.android.finsky.scheduler.bb.(18): Resetting scheduler db
10-09 12:15:03.185: W/Finsky(12409): [1] com.google.android.finsky.hygiene.b.d.c(267): Routine hygiene hasn't run recently, reverting to daily hygiene.
10-09 12:15:03.260: I/CastDatabase(11225): Saving the database
10-09 12:15:03.266: I/SQLiteCastStore(11225): [CastNetworkInfo] saved: 0, skipped: 0, [CastDeviceInfo]: saved 0, skipped 0, Paired Guest Mode DeviceInfo] saved: 0, skipped: 0. [ProbedNetworks]: save 0, skipped: 0
10-09 12:15:03.280: I/Finsky(12409): [1] com.google.android.finsky.splitinstallservice.bu.a(25): Connecting InstallListener to SplitInstallService broadcaster...
10-09 12:15:03.312: I/Finsky(12409): [1] com.google.android.finsky.cn.a.a(48): Enabling bucket experiment: factor=1.000, zeroDelta=0ms, forceNetwork=true
10-09 12:15:03.318: W/Finsky(12409): [1] com.google.android.finsky.application.impl.a.b(578): For unauth, use getDfeApiNonAuthenticated() instead!
10-09 12:15:03.321: I/Finsky(12409): [1] com.google.android.finsky.verifier.impl.cq.b(114): Setup app restrictions monitor
10-09 12:15:03.324: I/Finsky(12409): [1] com.google.android.finsky.verifier.impl.dv.a(20): Device wide unknown source restriction is changed.
10-09 12:15:03.366: I/Finsky(12409): [1] com.google.android.finsky.userlanguages.LocaleChangedReceiver.a(28): Clear all Billing acquire cache.
