10-09 12:14:46.156: I/Icing(11225): Creating PermissionChecker based on ACL with config_version 1 having 5 permissions defined.
10-09 12:14:46.160: W/Icing(11225): generic::invalid_argument: Empty URI
10-09 12:14:46.160: W/Icing(11225): WordsMap was not properly initialized
10-09 12:14:46.211: I/PlatformStatsCollectorService(11225): Scheduled SurfaceFlinger task with period 86400 sec.
10-09 12:14:46.215: E/NetworkScheduler(8428): Invalid component specified.
10-09 12:14:46.241: I/PlatformStatsCollectorService(11225): Scheduled Notificationstats task with period 86400 sec.
10-09 12:14:46.246: E/NetworkScheduler(8428): Invalid component specified.
10-09 12:14:46.314: E/Icing(11225): File /data/data/com.google.android.gms/files/AppDataSearch/main/cur/ds.perdocdata header mismatch
10-09 12:14:46.331: W/Icing(11225): Docstore bad crc 0xcb1b2308 vs 0x52cbb398
10-09 12:14:46.406: W/GoogleCertificatesImpl(11225): Package com.google.android.gms.policy_test_support has a cert in the whitelist but wrong package name. go/package-enforcement-help
10-09 12:14:46.473: W/GoogleCertificatesImpl(11225): Package com.google.android.gms.policy_test_support has a cert in the whitelist but wrong package name. go/package-enforcement-help
10-09 12:14:46.550: E/Icing(11225): Lite index docid 111 ahead of clip 83
10-09 12:14:46.572: W/Icing(11225): Fail to authenticate package: com.google.android.videos, fingerprint mismatch (null != null)
10-09 12:14:46.651: E/WorkSourceUtil(11225): Could not find package: com.google.android.videos
10-09 12:14:46.700: I/Icing(11225): doRemovePackageData com.google.android.videos
10-09 12:14:46.708: I/Icing(11225): updateResources: need to parse yva{com.google.android.gms}
10-09 12:14:46.716: W/GoogleCertificatesImpl(11225): Package com.google.android.gms.policy_test_support has a cert in the whitelist but wrong package name. go/package-enforcement-help
10-09 12:14:47.026: I/Icing(11225): Internal init done: storage state 0
10-09 12:14:47.043: I/Icing(11225): IndexChimeraService.getServiceInterface callingPackage=com.google.android.googlequicksearchbox componentName=null serviceId=32
10-09 12:14:47.076: I/Icing(11225): IndexChimeraService.getServiceInterface callingPackage=com.google.android.googlequicksearchbox componentName=null serviceId=33
10-09 12:14:47.119: I/Icing(11225): 21 corpora need re-polling
10-09 12:14:47.174: W/ThreadPoolDumper(11092): Task d[maybeDisconnect] was queued for 1039ms before starting on executor IcingConnectionExecutor
10-09 12:14:47.226: I/Icing(11225): Post-init done
10-09 12:14:47.227: I/Icing(11225): Query from package: com.google.android.googlequicksearchbox, component: null, restrict package: com.google.android.googlequicksearchbox, start: 0, num: 1000
10-09 12:14:47.354: I/Icing(11225): Usage reports ok 0, Failed Usage reports 0, indexed 0, rejected 0, imm upload false
10-09 12:14:47.377: I/Icing(11225): Usage reports ok 0, Failed Usage reports 0, indexed 0, rejected 0, imm upload true
10-09 12:14:47.392: I/Icing(11225): Usage reports ok 0, Failed Usage reports 0, indexed 0, rejected 0, imm upload false
10-09 12:14:47.416: I/Icing(11225): Usage reports ok 0, Failed Usage reports 0, indexed 0, rejected 0, imm upload true
10-09 12:14:47.422: I/Icing(11225): Indexing com.google.android.googlequicksearchbox-phones_data_id from com.google.android.googlequicksearchbox
10-09 12:14:47.436: I/GsaNativeCrashHandler(11092): Loaded shared library: nativecrashreporter
10-09 12:14:47.474: I/Icing(11225): Indexing done com.google.android.googlequicksearchbox-phones_data_id
10-09 12:14:47.475: I/Icing(11225): Indexing com.google.android.googlequicksearchbox-suggest_query from com.google.android.googlequicksearchbox
10-09 12:14:47.511: I/Icing(11225): Indexing done com.google.android.googlequicksearchbox-suggest_query
10-09 12:14:47.513: I/Icing(11225): Indexing com.google.android.gms-emails_data_id from com.google.android.gms
10-09 12:14:47.538: I/Icing(11225): Indexing done com.google.android.gms-emails_data_id
10-09 12:14:47.544: I/Icing(11225): Indexing com.google.android.gms-sms from com.google.android.gms
10-09 12:14:47.564: I/Icing(11225): Indexing done com.google.android.gms-sms
10-09 12:14:47.565: I/Icing(11225): Indexing com.google.android.gms-postals_data_id from com.google.android.gms
10-09 12:14:47.572: I/Icing(11225): Indexing done com.google.android.gms-postals_data_id
10-09 12:14:47.576: I/Icing(11225): Indexing com.google.android.googlequicksearchbox-postals_data_id from com.google.android.googlequicksearchbox
10-09 12:14:47.599: I/Icing(11225): Indexing done com.google.android.googlequicksearchbox-postals_data_id
10-09 12:14:47.602: I/Icing(11225): Not indexing corpus from package com.google.android.music as it has never connected
10-09 12:14:47.602: E/Icing(11225): Aborting indexing of corpus playlists
10-09 12:14:47.605: I/Icing(11225): Indexing com.google.android.googlequicksearchbox-contacts_contact_id from com.google.android.googlequicksearchbox
10-09 12:14:47.636: I/Icing(11225): Indexing done com.google.android.googlequicksearchbox-contacts_contact_id
10-09 12:14:47.638: I/Icing(11225): Indexing com.google.android.gms-phones_data_id from com.google.android.gms
10-09 12:14:47.652: I/Icing(11225): Indexing done com.google.android.gms-phones_data_id
10-09 12:14:47.655: I/Icing(11225): Not indexing corpus from package com.google.android.music as it has never connected
10-09 12:14:47.655: E/Icing(11225): Aborting indexing of corpus artists
10-09 12:14:47.663: I/Icing(11225): Indexing com.android.chrome-omnibox from com.android.chrome
10-09 12:14:47.676: I/ActivityManager(1643): Start proc 11368:com.android.chrome/u0a72 for content provider com.android.chrome/com.google.android.apps.chrome.icing.IcingProvider
10-09 12:14:47.718: W/System(11368): ClassLoader referenced unknown path: /system/app/Chrome/lib/arm
10-09 12:14:47.778: I/Icing(11225): Indexing done com.android.chrome-omnibox
10-09 12:14:47.792: I/Icing(11225): Indexing com.google.android.googlequicksearchbox-emails_data_id from com.google.android.googlequicksearchbox
10-09 12:14:47.813: I/Icing(11225): Indexing done com.google.android.googlequicksearchbox-emails_data_id
10-09 12:14:47.815: I/Icing(11225): Indexing com.google.android.googlequicksearchbox-applications_uri from com.google.android.googlequicksearchbox
10-09 12:14:47.835: I/Icing(11225): Indexing done com.google.android.googlequicksearchbox-applications_uri
10-09 12:14:47.840: I/Icing(11225): Indexing com.google.android.apps.messaging-partsCorpus from com.google.android.apps.messaging
10-09 12:14:47.852: I/ActivityManager(1643): Start proc 11382:com.google.android.apps.messaging/u0a97 for content provider com.google.android.apps.messaging/.shared.datamodel.BugleContentProvider
10-09 12:14:47.891: W/System(11382): ClassLoader referenced unknown path: /system/app/Messenger/lib/arm
10-09 12:14:48.103: I/Icing(11225): Indexing done com.google.android.apps.messaging-partsCorpus
10-09 12:14:48.105: I/Icing(11225): Indexing com.google.android.gms-contacts_contact_id from com.google.android.gms
10-09 12:14:48.119: I/Icing(11225): Indexing done com.google.android.gms-contacts_contact_id
10-09 12:14:48.121: I/Icing(11225): Indexing com.google.android.gms-apps from com.google.android.gms
10-09 12:14:48.130: I/Icing(11225): Indexing done com.google.android.gms-apps
10-09 12:14:48.132: I/Icing(11225): Not indexing corpus from package com.google.android.music as it has never connected
10-09 12:14:48.132: E/Icing(11225): Aborting indexing of corpus albums
10-09 12:14:48.137: I/Icing(11225): Indexing com.google.android.apps.messaging-participantsCorpus from com.google.android.apps.messaging
10-09 12:14:48.174: I/Icing(11225): Indexing done com.google.android.apps.messaging-participantsCorpus
10-09 12:14:48.176: I/Icing(11225): Indexing com.google.android.gms-internal.3p:MobileApplication from com.google.android.gms
10-09 12:14:48.183: I/BugleDataModel(11382): Fixup: Send failed - 0 Download failed - 0
10-09 12:14:48.231: E/Bugle(11382): Get mms config failed: invalid subId. subId=-1, real subId=1, map=[]
10-09 12:14:48.236: I/Bugle(11382): ApnsOta: OTA version -1
10-09 12:14:48.251: W/Bugle(11382): PhoneUtils.getSelfRawNumber: subInfo is null for 1
10-09 12:14:48.264: E/Bugle(11382): Get mms config failed: invalid subId. subId=-1, real subId=1, map=[]
10-09 12:14:48.267: W/Bugle(11382): PhoneUtils.getSelfRawNumber: subInfo is null for 1
10-09 12:14:48.310: I/Icing(11225): Indexing com.google.android.apps.messaging-messagesCorpus from com.google.android.apps.messaging
10-09 12:14:48.347: I/Icing(11225): Indexing done com.google.android.apps.messaging-messagesCorpus
10-09 12:14:48.353: I/Icing(11225): Not indexing corpus from package com.google.android.music as it has never connected
10-09 12:14:48.353: E/Icing(11225): Aborting indexing of corpus songs
10-09 12:14:48.367: I/Icing(11225): Indexing done com.google.android.gms-internal.3p:MobileApplication
10-09 12:14:48.428: I/Icing(11225): Indexing com.google.android.gms-apps from com.google.android.gms
10-09 12:14:48.429: I/Icing(11225): Indexing done com.google.android.gms-apps
10-09 12:14:48.505: I/ContextCompilationHandl(11092): Compiling grammar for: en-US, type=MUSIC_NAMES
10-09 12:14:48.540: I/Icing(11225): IndexChimeraService.getServiceInterface callingPackage=com.google.android.googlequicksearchbox componentName=null serviceId=33
10-09 12:14:48.541: I/Icing(11225): IndexChimeraService.getServiceInterface callingPackage=com.google.android.googlequicksearchbox componentName=null serviceId=32
10-09 12:14:48.550: I/Icing(11225): Query from package: com.google.android.googlequicksearchbox, component: null, restrict package: com.google.android.music, start: 0, num: 500
10-09 12:14:48.598: I/Icing(11225): IndexChimeraService.getServiceInterface callingPackage=com.google.android.googlequicksearchbox componentName=null serviceId=32
10-09 12:14:48.606: I/Icing(11225): Usage reports ok 0, Failed Usage reports 0, indexed 0, rejected 0, imm upload true
10-09 12:14:48.607: I/Icing(11225): IndexChimeraService.getServiceInterface callingPackage=com.google.android.googlequicksearchbox componentName=null serviceId=33
10-09 12:14:48.620: I/Icing(11225): Query from package: com.google.android.googlequicksearchbox, component: null, restrict package: com.google.android.music, start: 0, num: 100
10-09 12:14:48.656: I/Icing(11225): IndexChimeraService.getServiceInterface callingPackage=com.google.android.googlequicksearchbox componentName=null serviceId=32
10-09 12:14:48.662: I/Icing(11225): IndexChimeraService.getServiceInterface callingPackage=com.google.android.googlequicksearchbox componentName=null serviceId=33
10-09 12:14:48.667: I/Icing(11225): Usage reports ok 0, Failed Usage reports 0, indexed 0, rejected 0, imm upload true
10-09 12:14:48.672: I/Icing(11225): Query from package: com.google.android.googlequicksearchbox, component: null, restrict package: com.google.android.music, start: 0, num: 100
10-09 12:14:48.710: I/Icing(11225): IndexChimeraService.getServiceInterface callingPackage=com.google.android.googlequicksearchbox componentName=null serviceId=32
10-09 12:14:48.715: I/Icing(11225): IndexChimeraService.getServiceInterface callingPackage=com.google.android.googlequicksearchbox componentName=null serviceId=33
10-09 12:14:48.718: I/Icing(11225): Usage reports ok 0, Failed Usage reports 0, indexed 0, rejected 0, imm upload true
10-09 12:14:48.727: I/Icing(11225): Query from package: com.google.android.googlequicksearchbox, component: null, restrict package: com.google.android.music, start: 0, num: 100
10-09 12:14:48.757: I/ContextCompilationHandl(11092): Recognition context unchanged for MUSIC_NAMES en-US
10-09 12:14:48.773: I/Icing(11225): Usage reports ok 0, Failed Usage reports 0, indexed 0, rejected 0, imm upload true
10-09 12:14:48.793: I/Icing(11225): Usage reports ok 0, Failed Usage reports 0, indexed 0, rejected 0, imm upload true
10-09 12:14:48.816: I/Icing(11225): Usage reports ok 0, Failed Usage reports 0, indexed 0, rejected 0, imm upload true
10-09 12:14:48.837: I/Icing(11225): Usage reports ok 0, Failed Usage reports 0, indexed 0, rejected 0, imm upload true
10-09 12:14:48.857: I/Icing(11225): Usage reports ok 0, Failed Usage reports 0, indexed 0, rejected 0, imm upload true
10-09 12:14:50.096: I/dex2oat(11217): dex2oat took 7.218s (threads: 4) arena alloc=1084KB java alloc=2MB native alloc=16MB free=2MB
10-09 12:14:50.428: W/Settings(1643): Setting install_non_market_apps has moved from android.provider.Settings.Global to android.provider.Settings.Secure, returning read-only value.
10-09 12:14:50.428: I/art(1643): Starting a blocking GC Explicit
10-09 12:14:50.515: I/art(1643): Explicit concurrent mark sweep GC freed 52818(3MB) AllocSpace objects, 7(140KB) LOS objects, 33% free, 19MB/29MB, paused 1.925ms total 86.954ms
10-09 12:14:50.518: I/art(11106): System.exit called, status: 0
10-09 12:14:50.518: I/AndroidRuntime(11106): VM exiting with result code 0.
10-09 12:14:50.560: D/libc(330): retrying_select2 timeout
10-09 12:14:50.560: D/libc(330): dns server used:10.10.100.103
10-09 12:14:50.566: I/ActivityManager(1643): Start proc 11430:com.google.android.partnersetup/u0a32 for broadcast com.google.android.partnersetup/.RlzPingBroadcastReceiver
10-09 12:14:50.570: I/InputReader(1643): Reconfiguring input devices. changes=0x00000010
10-09 12:14:50.576: D/CarrierServiceBindHelper(3719): Receive action: android.intent.action.PACKAGE_ADDED
10-09 12:14:50.577: D/CarrierServiceBindHelper(3719): mHandler: 3
10-09 12:14:50.577: D/CarrierConfigLoader(3719): mHandler: 9 phoneId: 0
10-09 12:14:50.600: W/System(11430): ClassLoader referenced unknown path: /system/priv-app/GooglePartnerSetup/lib/arm
10-09 12:14:50.660: D/libc(330): retrying_select2 timeout
10-09 12:14:50.660: D/libc(330): dns server used:10.10.100.105
10-09 12:14:50.680: I/UpdateIcingCorporaServi(11092): Updating corpora: APPS=com.google.android.gmscore.testing.testsupport, CONTACTS=MAYBE
10-09 12:14:50.740: I/Finsky(11151): [1] com.google.android.finsky.p2p.c.a(10): Frosting ID looked up on UI thread. Caller should move to a background thread.
10-09 12:14:50.752: I/Finsky(11151): [1] com.google.android.finsky.wear.WearSupportService.onStartCommand(26): Starting WearSupportService for auto_install
10-09 12:14:50.753: I/Finsky(11151): [1] com.google.android.finsky.wear.w.a(18): Connecting to wearable
10-09 12:14:50.755: I/Finsky(11151): [1] com.google.android.finsky.wear.WearSupportService.onStartCommand(26): Starting WearSupportService for send_installed_apps
10-09 12:14:50.757: I/UpdateIcingCorporaServi(11092): UpdateCorporaTask done [took 76 ms] updated apps [took 76 ms]
10-09 12:14:50.757: I/Finsky(11151): [1] com.google.android.finsky.p2p.d.a(2): Wrote row to frosting DB: 34
10-09 12:14:50.758: I/Finsky(11151): [1] com.google.android.finsky.externalreferrer.b.a(10): Package state data is missing for com.google.android.gmscore.testing.testsupport
10-09 12:14:50.770: I/Wear_Controller(8428): Wear requires a companion app to be installed.
10-09 12:14:50.770: I/WearableService(8428): onCreate: Wearable Services not starting. Wear is not available on this device.
10-09 12:14:50.776: W/WearableService(8428): onGetService: Wear is not available on this device.
10-09 12:14:50.777: E/Finsky(11151): [1] com.google.android.finsky.wear.x.a(3): onConnectionFailed: ConnectionResult{statusCode=API_UNAVAILABLE, resolution=null, message=null}
10-09 12:14:50.778: W/Finsky(11151): [1] com.google.android.finsky.wear.w.b(31): GoogleApiClient instance is not connected when requested
10-09 12:14:50.778: W/Finsky(11151): [1] com.google.android.finsky.wear.dk.run(16): Dropping command=auto_install due to Gms not connected
10-09 12:14:50.779: I/Finsky(11151): [1] com.google.android.finsky.wear.WearSupportService.b(66): Stopping WearSupportService
10-09 12:14:50.783: W/Finsky(11151): [1] com.google.android.finsky.wear.w.b(31): GoogleApiClient instance is not connected when requested
10-09 12:14:50.784: W/Finsky(11151): [1] com.google.android.finsky.wear.dk.run(16): Dropping command=send_installed_apps due to Gms not connected
10-09 12:14:50.784: I/Finsky(11151): [1] com.google.android.finsky.wear.WearSupportService.b(66): Stopping WearSupportService
10-09 12:14:50.786: I/ActivityManager(1643): Killing 11237:android.process.media/u0a23 (adj 15): empty #7
10-09 12:14:50.806: W/Conscrypt(11225): Could not set socket write timeout: java.lang.reflect.InvocationTargetException
10-09 12:14:50.807: W/Conscrypt(11225): at java.lang.reflect.Method.invoke(Native Method)
10-09 12:14:50.807: W/Conscrypt(11225): at com.google.android.gms.org.conscrypt.Platform.setSocketWriteTimeout(:com.google.android.gms@13280015@13.2.80 (040300-211705629):13)
10-09 12:14:50.807: W/Conscrypt(11225): Caused by: android.system.ErrnoException: setsockopt failed: EBADF (Bad file descriptor)
10-09 12:14:50.807: W/Conscrypt(11225): at libcore.io.Posix.setsockoptTimeval(Native Method)
10-09 12:14:50.807: W/Conscrypt(11225): at libcore.io.ForwardingOs.setsockoptTimeval(ForwardingOs.java:156)
10-09 12:14:50.828: D/ActivityManager(1643): cleanUpApplicationRecord -- 11237
10-09 12:14:50.889: W/Conscrypt(11225): Could not set socket write timeout: java.lang.reflect.InvocationTargetException
10-09 12:14:50.889: W/Conscrypt(11225): at java.lang.reflect.Method.invoke(Native Method)
10-09 12:14:50.889: W/Conscrypt(11225): at com.google.android.gms.org.conscrypt.Platform.setSocketWriteTimeout(:com.google.android.gms@13280015@13.2.80 (040300-211705629):13)
10-09 12:14:50.889: W/Conscrypt(11225): Caused by: android.system.ErrnoException: setsockopt failed: EBADF (Bad file descriptor)
10-09 12:14:50.889: W/Conscrypt(11225): at libcore.io.Posix.setsockoptTimeval(Native Method)
10-09 12:14:50.889: W/Conscrypt(11225): at libcore.io.ForwardingOs.setsockoptTimeval(ForwardingOs.java:156)
10-09 12:14:50.962: V/ConnectivityManager(8428): isActiveNetworkMetered() returns:false
10-09 12:14:51.035: I/PlatformStatsCollectorService(11225): Scheduled Fingerprintstats task with period 86400 sec.
10-09 12:14:51.046: E/NetworkScheduler(8428): Invalid component specified.
10-09 12:14:51.078: I/Auth(11225): [SupervisedAccountIntentOperation] onHandleIntent(): android.intent.action.PACKAGE_ADDED
10-09 12:14:51.078: I/Auth(11225): [SupervisedAccountIntentOperation] This operation is disabled
10-09 12:14:51.079: I/ChromeSync(11225): [Sync,SyncIntentOperation] Handling the intent: Intent { act=android.intent.action.PACKAGE_ADDED dat=package:com.google.android.gmscore.testing.testsupport flg=0x4000010 cmp=com.google.android.gms/.chimera.GmsIntentOperationService (has extras) }.
10-09 12:14:51.089: I/ChromeSync(11225): [Persistence,AffiliationManager] No affiliation data for android://7qg--Vdm54zxKo8avkCXCD_7ToNk-gSGsIINmMu_krBTT9yKXmXa5m1MzFNMIqP92nwcLB8-pgfDA4TXFVsmSw==@com.google.android.gmscore.testing.testsupport/. Marking affiliation data as stale...
10-09 12:14:51.094: I/ChromeSync(11225): [Persistence,AffiliationManager] Fetching affiliations from the server.
10-09 12:14:51.134: I/Icing(11225): IndexChimeraService.getServiceInterface callingPackage=com.google.android.gms componentName=AppsCorpus serviceId=36
10-09 12:14:51.134: I/Icing(11225): IndexChimeraService.getServiceInterface callingPackage=com.google.android.gms componentName=AppsCorpus serviceId=32
10-09 12:14:51.139: I/PlatformStatsCollectorService(11225): Scheduled Telephonystats task with period 86400 sec.
10-09 12:14:51.146: E/NetworkScheduler(8428): Invalid component specified.
10-09 12:14:51.155: I/PeopleContactsSync(11225): triggerPendingContactsCleanup: no accounts
10-09 12:14:51.195: I/Icing(11225): Usage reports ok 0, Failed Usage reports 0, indexed 0, rejected 0, imm upload false
10-09 12:14:51.250: I/Icing(11225): Usage reports ok 0, Failed Usage reports 0, indexed 0, rejected 0, imm upload false
10-09 12:14:51.438: V/ConnectivityManager(8428): isActiveNetworkMetered() returns:false
10-09 12:14:51.480: D/AndroidRuntime(11435): >>>>>> START com.android.internal.os.RuntimeInit uid 2000 <<<<<<
10-09 12:14:51.486: D/AndroidRuntime(11435): CheckJNI is OFF
10-09 12:14:51.492: W/art(11435): 7007b000-70aa6000 rw-p 00000000 103:09 12202 /data/dalvik-cache/arm/system@framework@boot.art
10-09 12:14:51.492: W/art(11435): b1055000-b308b000 r--p 00000000 103:07 1336 /system/framework/arm/boot.oat
10-09 12:14:51.492: W/art(11435): b308b000-b48df000 r-xp 02036000 103:07 1336 /system/framework/arm/boot.oat
10-09 12:14:51.492: W/art(11435): b48df000-b48e0000 rw-p 0388a000 103:07 1336 /system/framework/arm/boot.oat
10-09 12:14:51.492: W/art(11435): b48e0000-b48fe000 r--p 00a2b000 103:09 12202 /data/dalvik-cache/arm/system@framework@boot.art
10-09 12:14:51.492: W/art(11435): b48fe000-b48ff000 rw-p 00000000 00:00 0 [anon:linker_alloc_vector]
10-09 12:14:51.492: W/art(11435): b4900000-b4903000 r-xp 00000000 103:07 1716 /system/lib/libsigchain.so
10-09 12:14:51.492: W/art(11435): b4903000-b4904000 r--p 00002000 103:07 1716 /system/lib/libsigchain.so
10-09 12:14:51.492: W/art(11435): b4904000-b4905000 rw-p 00003000 103:07 1716 /system/lib/libsigchain.so
10-09 12:14:51.492: W/art(11435): b4905000-b4d3b000 r-xp 00000000 103:07 1521 /system/lib/libart.so
10-09 12:14:51.492: W/art(11435): b4d3b000-b4d45000 r--p 00435000 103:07 1521 /system/lib/libart.so
10-09 12:14:51.492: W/art(11435): b4d45000-b4d46000 rw-p 0043f000 103:07 1521 /system/lib/libart.so
10-09 12:14:51.492: W/art(11435): b4d46000-b4d48000 rw-p 00000000 00:00 0
10-09 12:14:51.492: W/art(11435): b4d48000-b4d49000 r--p 00000000 00:00 0
10-09 12:14:51.493: W/art(11435): b4d49000-b4d4a000 r--p 00000000 00:00 0
10-09 12:14:51.493: W/art(11435): b4d4a000-b4d6a000 r--s 00000000 00:0c 7705 /dev/__properties__
10-09 12:14:51.493: W/art(11435): b4d6a000-b4d6b000 rw-p 00000000 00:00 0 [anon:linker_alloc_vector]
10-09 12:14:51.493: W/art(11435): b4d6b000-b577d000 r-xp 00000000 103:07 1495 /system/lib/libLLVM.so
10-09 12:14:51.493: W/art(11435): b577d000-b577e000 ---p 00000000 00:00 0
10-09 12:14:51.493: W/art(11435): b577e000-b57c7000 r--p 00a12000 103:07 1495 /system/lib/libLLVM.so
10-09 12:14:51.493: W/art(11435): b57c7000-b57c8000 rw-p 00a5b000 103:07 1495 /system/lib/libLLVM.so
10-09 12:14:51.493: W/art(11435): b57c8000-b57d0000 rw-p 00000000 00:00 0
10-09 12:14:51.493: W/art(11435): b57d0000-b5805000 r-xp 00000000 103:07 1537 /system/lib/libbcinfo.so
10-09 12:14:51.493: W/art(11435): b5805000-b5806000 ---p 00000000 00:00 0
10-09 12:14:51.493: W/art(11435): b5806000-b5807000 r--p 00035000 103:07 1537 /system/lib/libbcinfo.so
10-09 12:14:51.493: W/art(11435): b5807000-b5808000 rw-p 00036000 103:07 1537 /system/lib/libbcinfo.so
10-09 12:14:51.493: W/art(11435): b5808000-b5809000 r--p 00000000 00:00 0 [anon:linker_alloc]
10-09 12:14:51.493: W/art(11435): b5809000-b5861000 r-xp 00000000 103:07 1536 /system/lib/libbcc.so
10-09 12:14:51.493: W/art(11435): b5861000-b5862000 ---p 00000000 00:00 0
10-09 12:14:51.493: W/art(11435): b5862000-b5863000 r--p 00058000 103:07 1536 /system/lib/libbcc.so
10-09 12:14:51.493: W/art(11435): b5863000-b5864000 rw-p 00059000 103:07 1536 /system/lib/libbcc.so
10-09 12:14:51.493: W/art(11435): b5864000-b586e000 r-xp 00000000 103:07 1557 /system/lib/libcommon_time_client.so
10-09 12:14:51.493: W/art(11435): b586e000-b5871000 r--p 00009000 103:07 1557 /system/lib/libcommon_time_client.so
10-09 12:14:51.493: W/art(11435): b5871000-b5872000 rw-p 0000c000 103:07 1557 /system/lib/libcommon_time_client.so
10-09 12:14:51.493: W/art(11435): b5872000-b588a000 r-xp 00000000 103:07 1694 /system/lib/libprotobuf-cpp-lite.so
10-09 12:14:51.493: W/art(11435): b588a000-b588b000 r--p 00017000 103:07 1694 /system/lib/libprotobuf-cpp-lite.so
10-09 12:14:51.493: W/art(11435): b588b000-b588c000 rw-p 00018000 103:07 1694 /system/lib/libprotobuf-cpp-lite.so
10-09 12:14:51.493: W/art(11435): b588c000-b588d000 r--p 00000000 00:00 0
10-09 12:14:51.493: W/art(11435): b588d000-b5894000 r-xp 00000000 103:07 1733 /system/lib/libstagefright_avc_common.so
10-09 12:14:51.493: W/art(11435): b5894000-b5895000 r--p 00006000 103:07 1733 /system/lib/libstagefright_avc_common.so
10-09 12:14:51.493: W/art(11435): b5895000-b5896000 rw-p 00007000 103:07 1733 /system/lib/libstagefright_avc_common.so
10-09 12:14:51.493: W/art(11435): b5896000-b5899000 r-xp 00000000 103:07 1734 /system/lib/libstagefright_enc_common.so
10-09 12:14:51.493: W/art(11435): b5899000-b589a000 r--p 00002000 103:07 1734 /system/lib/libstagefright_enc_common.so
10-09 12:14:51.493: W/art(11435): b589a000-b589b000 rw-p 00003000 103:07 1734 /system/lib/libstagefright_enc_common.so
10-09 12:14:51.493: W/art(11435): b589b000-b589f000 r-xp 00000000 103:07 1691 /system/lib/libpowermanager.so
10-09 12:14:51.493: W/art(11435): b589f000-b58a0000 ---p 00000000 00:00 0
10-09 12:14:51.493: W/art(11435): b58a0000-b58a1000 r--p 00004000 103:07 1691 /system/lib/libpowermanager.so
10-09 12:14:51.493: W/art(11435): b58a1000-b58a2000 rw-p 00005000 103:07 1691 /system/lib/libpowermanager.so
10-09 12:14:51.493: W/art(11435): b58a2000-b58be000 r-xp 00000000 103:07 1778 /system/lib/libvorbisidec.so
10-09 12:14:51.493: W/art(11435): b58be000-b58bf000 r--p 0001b000 103:07 1778 /system/lib/libvorbisidec.so
10-09 12:14:51.493: W/art(11435): b58bf000-b58c0000 rw-p 0001c000 103:07 1778 /system/lib/libvorbisidec.so
10-09 12:14:51.493: W/art(11435): b58c0000-b58c5000 r-xp 00000000 103:07 1760 /system/lib/libstagefright_yuv.so
10-09 12:14:51.493: W/art(11435): b58c5000-b58c6000 r--p 00004000 103:07 1760 /system/lib/libstagefright_yuv.so
10-09 12:14:51.493: W/art(11435): b58c6000-b58c7000 rw-p 00005000 103:07 1760 /system/lib/libstagefright_yuv.so
10-09 12:14:51.493: W/art(11435): b58c7000-b58f5000 r-xp 00000000 103:07 1738 /system/lib/libstagefright_omx.so
10-09 12:14:51.493: W/art(11435): b58f5000-b58f6000 ---p 00000000 00:00 0
10-09 12:14:51.493: W/art(11435): b58f6000-b58f9000 r--p 0002e000 103:07 1738 /system/lib/libstagefright_omx.so
10-09 12:14:51.493: W/art(11435): b58f9000-b58fa000 rw-p 00031000 103:07 1738 /system/lib/libstagefright_omx.so
10-09 12:14:51.493: W/art(11435): b58fa000-b58fb000 r--p 00000000 00:00 0 [anon:linker_alloc]
10-09 12:14:51.493: W/art(11435): b58fb000-b5934000 r-xp 00000000 103:07 1681 /system/lib/libopus.so
10-09 12:14:51.494: W/art(11435): b5934000-b5935000 ---p 00000000 00:00 0
10-09 12:14:51.494: W/art(11435): b5935000-b5936000 r--p 00039000 103:07 1681 /system/lib/libopus.so
10-09 12:14:51.494: W/art(11435): b5936000-b5937000 rw-p 0003a000 103:07 1681 /system/lib/libopus.so
10-09 12:14:51.494: W/art(11435): b5937000-b593e000 r-xp 00000000 103:07 1653 /system/lib/libmediautils.so
10-09 12:14:51.494: W/art(11435): b593e000-b593f000 ---p 00000000 00:00 0
10-09 12:14:51.494: W/art(11435): b593f000-b5940000 r--p 00007000 103:07 1653 /system/lib/libmediautils.so
10-09 12:14:51.494: W/art(11435): b5940000-b5941000 rw-p 00008000 103:07 1653 /system/lib/libmediautils.so
10-09 12:14:51.494: W/art(11435): b5941000-b5956000 r-xp 00000000 103:07 1569 /system/lib/libdrmframework.so
10-09 12:14:51.494: W/art(11435): b5956000-b5957000 ---p 00000000 00:00 0
10-09 12:14:51.494: W/art(11435): b5957000-b595a000 r--p 00015000 103:07 1569 /system/lib/libdrmframework.so
10-09 12:14:51.494: W/art(11435): b595a000-b595b000 rw-p 00018000 103:07 1569 /system/lib/libdrmframework.so
10-09 12:14:51.494: W/art(11435): b595b000-b5979000 r-xp 00000000 103:07 1510 /system/lib/libRScpp.so
10-09 12:14:51.494: W/art(11435): b5979000-b597a000 ---p 00000000 00:00 0
10-09 12:14:51.494: W/art(11435): b597a000-b597b000 r--p 0001e000 103:07 1510 /system/lib/libRScpp.so
10-09 12:14:51.494: W/art(11435): b597b000-b597c000 rw-p 0001f000 103:07 1510 /system/lib/libRScpp.so
10-09 12:14:51.494: W/art(11435): b597c000-b59ba000 r-xp 00000000 103:07 1507 /system/lib/libRS.so
10-09 12:14:51.494: W/art(11435): b59ba000-b59bb000 ---p 00000000 00:00 0
10-09 12:14:51.494: W/art(11435): b59bb000-b59bd000 r--p 0003e000 103:07 1507 /system/lib/libRS.so
10-09 12:14:51.494: W/art(11435): b59bd000-b59be000 rw-p 00040000 103:07 1507 /system/lib/libRS.so
10-09 12:14:51.494: W/art(11435): b59be000-b59c5000 r-xp 00000000 103:07 1727 /system/lib/libspeexresampler.so
10-09 12:14:51.494: W/art(11435): b59c5000-b59c6000 r--p 00006000 103:07 1727 /system/lib/libspeexresampler.so
10-09 12:14:51.494: W/art(11435): b59c6000-b59c7000 rw-p 00007000 103:07 1727 /system/lib/libspeexresampler.so
10-09 12:14:51.494: W/art(11435): b59c7000-b59d0000 r-xp 00000000 103:07 1673 /system/lib/libnbaio.so
10-09 12:14:51.494: W/art(11435): b59d0000-b59d1000 r--p 00008000 103:07 1673 /system/lib/libnbaio.so
10-09 12:14:51.494: W/art(11435): b59d1000-b59d2000 rw-p 00009000 103:07 1673 /system/lib/libnbaio.so
10-09 12:14:51.494: W/art(11435): b59d2000-b59e4000 r-xp 00000000 103:07 1685 /system/lib/libpcre.so
10-09 12:14:51.494: W/art(11435): b59e4000-b59e5000 r--p 00011000 103:07 1685 /system/lib/libpcre.so
10-09 12:14:51.494: W/art(11435): b59e5000-b59e6000 rw-p 00012000 103:07 1685 /system/lib/libpcre.so
10-09 12:14:51.494: W/art(11435): b59e6000-b59eb000 r-xp 00000000 103:07 1785 /system/lib/libwpa_client.so
10-09 12:14:51.494: W/art(11435): b59eb000-b59ec000 r--p 00004000 103:07 1785 /system/lib/libwpa_client.so
10-09 12:14:51.494: W/art(11435): b59ec000-b59ed000 rw-p 00005000 103:07 1785 /system/lib/libwpa_client.so
10-09 12:14:51.494: W/art(11435): b59ed000-b59ef000 r--p 00000000 00:00 0 [anon:linker_alloc]
10-09 12:14:51.494: W/art(11435): b59ef000-b5a5d000 r-xp 00000000 103:07 1491 /system/lib/libGLES_trace.so
10-09 12:14:51.494: W/art(11435): b5a5d000-b5a5f000 r--p 0006d000 103:07 1491 /system/lib/libGLES_trace.so
10-09 12:14:51.494: W/art(11435): b5a5f000-b5a60000 rw-p 0006f000 103:07 1491 /system/lib/libGLES_trace.so
10-09 12:14:51.494: W/art(11435): b5a60000-b5a96000 r-xp 00000000 103:07 2947 /system/vendor/lib/libqc-opt.so
10-09 12:14:51.494: W/art(11435): b5a96000-b5a97000 r--p 00035000 103:07 2947 /system/vendor/lib/libqc-opt.so
10-09 12:14:51.494: W/art(11435): b5a97000-b5a98000 rw-p 00036000 103:07 2947 /system/vendor/lib/libqc-opt.so
10-09 12:14:51.494: W/art(11435): b5a98000-b5afc000 r-xp 00000000 103:07 1610 /system/lib/libft2.so
10-09 12:14:51.494: W/art(11435): b5afc000-b5afe000 r--p 00063000 103:07 1610 /system/lib/libft2.so
10-09 12:14:51.494: W/art(11435): b5afe000-b5aff000 rw-p 00065000 103:07 1610 /system/lib/libft2.so
10-09 12:14:51.494: W/art(11435): b5aff000-b5b24000 r-xp 00000000 103:07 1689 /system/lib/libpng.so
10-09 12:14:51.494: W/art(11435): b5b24000-b5b25000 r--p 00024000 103:07 1689 /system/lib/libpng.so
10-09 12:14:51.494: W/art(11435): b5b25000-b5b26000 rw-p 00025000 103:07 1689 /system/lib/libpng.so
10-09 12:14:51.494: W/art(11435): b5b26000-b5b29000 r-xp 00000000 103:07 1766 /system/lib/libsync.so
10-09 12:14:51.494: W/art(11435): b5b29000-b5b2a000 r--p 00002000 103:07 1766 /system/lib/libsync.so
10-09 12:14:51.494: W/art(11435): b5b2a000-b5b2b000 rw-p 00003000 103:07 1766 /system/lib/libsync.so
10-09 12:14:51.494: W/art(11435): b5b2b000-b5b30000 r-xp 00000000 103:07 1762 /system/lib/libstdc++.so
10-09 12:14:51.494: W/art(11435): b5b30000-b5b31000 r--p 00004000 103:07 1762 /system/lib/libstdc++.so
10-09 12:14:51.494: W/art(11435): b5b31000-b5b32000 rw-p 00005000 103:07 1762 /system/lib/libstdc++.so
10-09 12:14:51.494: W/art(11435): b5b32000-b5b42000 r-xp 00000000 103:07 1774 /system/lib/libunwind.so
10-09 12:14:51.494: W/art(11435): b5b42000-b5b43000 r--p 0000f000 103:07 1774 /system/lib/libunwind.so
10-09 12:14:51.495: W/art(11435): b5b43000-b5b44000 rw-p 00010000 103:07 1774 /system/lib/libunwind.so
10-09 12:14:51.495: W/art(11435): b5b44000-b5b8a000 rw-p 00000000 00:00 0
10-09 12:14:51.495: W/art(11435): b5b8a000-b5b93000 r-xp 00000000 103:07 1535 /system/lib/libbase.so
10-09 12:14:51.495: W/art(11435): b5b93000-b5b94000 r--p 00008000 103:07 1535 /system/lib/libbase.so
10-09 12:14:51.495: W/art(11435): b5b94000-b5b95000 rw-p 00009000 103:07 1535 /system/lib/libbase.so
10-09 12:14:51.495: W/art(11435): b5b95000-b5b9a000 r-xp 00000000 103:07 1595 /system/lib/libeffects.so
10-09 12:14:51.495: W/art(11435): b5b9a000-b5b9b000 r--p 00004000 103:07 1595 /system/lib/libeffects.so
10-09 12:14:51.495: W/art(11435): b5b9b000-b5b9c000 rw-p 00005000 103:07 1595 /system/lib/libeffects.so
10-09 12:14:51.495: W/art(11435): b5b9c000-b5b9d000 r--p 00000000 00:00 0 [anon:linker_alloc]
10-09 12:14:51.495: W/art(11435): b5b9d000-b5ba0000 r-xp 00000000 103:07 1736 /system/lib/libstagefright_http_support.so
10-09 12:14:51.495: W/art(11435): b5ba0000-b5ba1000 ---p 00000000 00:00 0
10-09 12:14:51.495: W/art(11435): b5ba1000-b5ba2000 r--p 00003000 103:07 1736 /system/lib/libstagefright_http_support.so
10-09 12:14:51.495: W/art(11435): b5ba2000-b5ba3000 rw-p 00004000 103:07 1736 /system/lib/libstagefright_http_support.so
10-09 12:14:51.495: W/art(11435): b5ba3000-b5bbb000 r-xp 00000000 103:07 1735 /system/lib/libstagefright_foundation.so
10-09 12:14:51.495: W/art(11435): b5bbb000-b5bbc000 ---p 00000000 00:00 0
10-09 12:14:51.495: W/art(11435): b5bbc000-b5bbd000 r--p 00018000 103:07 1735 /system/lib/libstagefright_foundation.so
10-09 12:14:51.495: W/art(11435): b5bbd000-b5bbe000 rw-p 00019000 103:07 1735 /system/lib/libstagefright_foundation.so
10-09 12:14:51.495: W/art(11435): b5bbe000-b5d1d000 r-xp 00000000 103:07 1731 /system/lib/libstagefright.so
10-09 12:14:51.495: W/art(11435): b5d1d000-b5d1e000 ---p 00000000 00:00 0
10-09 12:14:51.495: W/art(11435): b5d1e000-b5d2a000 r--p 0015f000 103:07 1731 /system/lib/libstagefright.so
10-09 12:14:51.495: W/art(11435): b5d2a000-b5d2b000 rw-p 0016b000 103:07 1731 /system/lib/libstagefright.so
10-09 12:14:51.495: W/art(11435): b5d2b000-b5d92000 r-xp 00000000 103:07 1620 /system/lib/libhwui.so
10-09 12:14:51.495: W/art(11435): b5d92000-b5d93000 ---p 00000000 00:00 0
10-09 12:14:51.495: W/art(11435): b5d93000-b5d96000 r--p 00067000 103:07 1620 /system/lib/libhwui.so
10-09 12:14:51.495: W/art(11435): b5d96000-b5d97000 rw-p 0006a000 103:07 1620 /system/lib/libhwui.so
10-09 12:14:51.495: W/art(11435): b5d97000-b5d9a000 r-xp 00000000 103:07 1704 /system/lib/libradio_metadata.so
10-09 12:14:51.495: W/art(11435): b5d9a000-b5d9b000 r--p 00002000 103:07 1704 /system/lib/libradio_metadata.so
10-09 12:14:51.495: W/art(11435): b5d9b000-b5d9c000 rw-p 00003000 103:07 1704 /system/lib/libradio_metadata.so
10-09 12:14:51.495: W/art(11435): b5d9c000-b5da0000 r-xp 00000000 103:07 1671 /system/lib/libnativebridge.so
10-09 12:14:51.495: W/art(11435): b5da0000-b5da1000 r--p 00003000 103:07 1671 /system/lib/libnativebridge.so
10-09 12:14:51.495: W/art(11435): b5da1000-b5da2000 rw-p 00004000 103:07 1671 /system/lib/libnativebridge.so
10-09 12:14:51.495: W/art(11435): b5da2000-b5da6000 r-xp 00000000 103:07 1693 /system/lib/libprocessgroup.so
10-09 12:14:51.495: W/art(11435): b5da6000-b5da7000 r--p 00003000 103:07 1693 /system/lib/libprocessgroup.so
10-09 12:14:51.495: W/art(11435): b5da7000-b5da8000 rw-p 00004000 103:07 1693 /system/lib/libprocessgroup.so
10-09 12:14:51.495: W/art(11435): b5da8000-b5db6000 r-xp 00000000 103:07 1656 /system/lib/libminikin.so
10-09 12:14:51.495: W/art(11435): b5db6000-b5db7000 ---p 00000000 00:00 0
10-09 12:14:51.495: W/art(11435): b5db7000-b5db8000 r--p 0000e000 103:07 1656 /system/lib/libminikin.so
10-09 12:14:51.495: W/art(11435): b5db8000-b5db9000 rw-p 0000f000 103:07 1656 /system/lib/libminikin.so
10-09 12:14:51.495: W/art(11435): b5db9000-b5dc3000 r-xp 00000000 103:07 1724 /system/lib/libsoundtrigger.so
10-09 12:14:51.495: W/art(11435): b5dc3000-b5dc6000 r--p 00009000 103:07 1724 /system/lib/libsoundtrigger.so
10-09 12:14:51.495: W/art(11435): b5dc6000-b5dc7000 rw-p 0000c000 103:07 1724 /system/lib/libsoundtrigger.so
10-09 12:14:51.495: W/art(11435): b5dc7000-b5dc8000 r--p 00000000 00:00 0 [anon:linker_alloc]
10-09 12:14:51.495: W/art(11435): b5dc8000-b5dd2000 r-xp 00000000 103:07 1703 /system/lib/libradio.so
10-09 12:14:51.495: W/art(11435): b5dd2000-b5dd5000 r--p 00009000 103:07 1703 /system/lib/libradio.so
10-09 12:14:51.495: W/art(11435): b5dd5000-b5dd6000 rw-p 0000c000 103:07 1703 /system/lib/libradio.so
10-09 12:14:51.495: W/art(11435): b5dd6000-b5dda000 r-xp 00000000 103:07 1674 /system/lib/libnetd_client.so
10-09 12:14:51.495: W/art(11435): b5dda000-b5ddb000 r--p 00003000 103:07 1674 /system/lib/libnetd_client.so
10-09 12:14:51.495: W/art(11435): b5ddb000-b5ddc000 rw-p 00004000 103:07 1674 /system/lib/libnetd_client.so
10-09 12:14:51.496: W/art(11435): b5ddc000-b5de9000 r-xp 00000000 103:07 1623 /system/lib/libimg_utils.so
10-09 12:14:51.496: W/art(11435): b5de9000-b5deb000 r--p 0000c000 103:07 1623 /system/lib/libimg_utils.so
10-09 12:14:51.496: W/art(11435): b5deb000-b5dec000 rw-p 0000e000 103:07 1623 /system/lib/libimg_utils.so
10-09 12:14:51.496: W/art(11435): b5dec000-b61ea000 r-xp 00000000 103:07 1686 /system/lib/libpdfium.so
10-09 12:14:51.496: W/art(11435): b61ea000-b61eb000 ---p 00000000 00:00 0
10-09 12:14:51.496: W/art(11435): b61eb000-b61f4000 r--p 003fe000 103:07 1686 /system/lib/libpdfium.so
10-09 12:14:51.496: W/art(11435): b61f4000-b61f8000 rw-p 00407000 103:07 1686 /system/lib/libpdfium.so
10-09 12:14:51.496: W/art(11435): b61f8000-b61f9000 rw-p 00000000 00:00 0
10-09 12:14:51.496: W/art(11435): b61f9000-b6200000 r-xp 00000000 103:07 1532 /system/lib/libaud
10-09 12:14:51.496: W/art(11435): ioutils.so
10-09 12:14:51.496: W/art(11435): b6200000-b6201000 r--p 00006000 103:07 1532 /system/lib/libaudioutils.so
10-09 12:14:51.496: W/art(11435): b6201000-b6202000 rw-p 00007000 103:07 1532 /system/lib/libaudioutils.so
10-09 12:14:51.496: W/art(11435): b6202000-b621c000 r-xp 00000000 103:07 1787 /system/lib/libz.so
10-09 12:14:51.496: W/art(11435): b621c000-b621d000 r--p 00019000
10-09 12:14:51.496: W/art(11435): 103:07 1787 /system/lib/libz.so
10-09 12:14:51.496: W/art(11435): b621d000-b621e000 rw-p 0001a000 103:07 1787 /system/lib/libz.so
10-09 12:14:51.496: W/art(11435): b621e000-b6267000 r-xp 00000000 103:07 1617 /system/lib/libharfbuzz_ng.so
10-09 12:14:51.496: W/art(11435): b6267000-b6268000 ---p 00000000 00:00 0
10-09 12:14:51.496: W/art(11435): b6268000-b6269000 r--p 00049000 103:07 1617 /system/lib/libhar
10-09 12:14:51.496: W/art(11435): fbuzz_ng.so
10-09 12:14:51.496: W/art(11435): b6269000-b626a000 rw-p 0004a000 103:07 1617 /system/lib/libharfbuzz_ng.so
10-09 12:14:51.496: W/art(11435): b626a000-b626b000 rw-p 00000000 00:00 0 [anon:linker_alloc]
10-09 12:14:51.496: W/art(11435): b626b000-b6270000 r-xp 00000000 103:07 1775 /system/lib/libusbhost.so
10-09 12:14:51.496: W/art(11435): b6270000-b6271000 r--p 00004000 1
10-09 12:14:51.496: W/art(11435): 03:07 1775 /system/lib/libusbhost.so
10-09 12:14:51.496: W/art(11435): b6271000-b6272000 rw-p 00005000 103:07 1775 /system/lib/libusbhost.so
10-09 12:14:51.496: W/art(11435): b6272000-b62a8000 r-xp 00000000 103:07 1632 /system/lib/libjpeg.so
10-09 12:14:51.496: W/art(11435): b62a8000-b62a9000 r--p 00035000 103:07 1632 /system/lib/libjpeg.so
10-09 12:14:51.496: W/art(11435): b62a9000-b62aa000 rw-p 00036000 103:07 1632 /system/lib/libjpeg.so
10-09 12:14:51.496: W/art(11435): b62aa000-b62ab000 r--p 00000000 00:00 0 [anon:linker_alloc]
10-09 12:14:51.496: W/art(11435): b62ab000-b633c000 r-xp 00000000 103:07 1648 /system/lib/libmedia.so
10-09 12:14:51.496: W/art(11435): b633c000-b633d000 ---p 00000000 00:00 0
10-09 12:14:51.496: W/art(11435): b633d000-b6359000 r--p 00091000 103:07 1648 /system/lib/libmedia.so
10-09 12:14:51.496: W/art(11435): b6359000-b635a000 rw-p 000ad000 103:07 1648 /system/lib/libmedia.so
10-09 12:14:51.496: W/art(11435): b635a000-b64bf000 r-xp 00000000 103:07 1621 /system/lib/libicui18n.so
10-09 12:14:51.496: W/art(11435): b64bf000-b64c0000 ---p 00000000 00:00 0
10-09 12:14:51.496: W/art(11435): b64c0000-b64cb000 r--p 00165000 103:07 1621 /system/lib/libicui18n.so
10-09 12:14:51.496: W/art(11435): b64cb000-b64cc000 rw-p 00170000 103:07 1621 /system/lib/libicui18n.so
10-09 12:14:51.496: W/art(11435): b64cc000-b65db000 r-xp 00000000 103:07 1622 /system/lib/libicuuc.so
10-09 12:14:51.496: W/art(11435): b65db000-b65e6000 r--p 0010e000 103:07 1622 /system/lib/libicuuc.so
10-09 12:14:51.496: W/art(11435): b65e6000-b65e7000 rw-p 00119000 103:07 1622 /system/lib/libicuuc.so
10-09 12:14:51.496: W/art(11435): b65e7000-b65eb000 rw-p 00000000 00:00 0
10-09 12:14:51.496: W/art(11435): b65eb000-b660e000 r-xp 00000000 103:07 1730 /system/lib/libssl.so
10-09 12:14:51.496: W/art(11435): b660e000-b6610000 r--p 00022000 103:07 1730 /system/lib/libssl.so
10-09 12:14:51.496: W/art(11435): b6610000-b6611000 rw-p 00024000 103:07 1730 /system/lib/libssl.so
10-09 12:14:51.496: W/art(11435): b6611000-b66a1000 r-xp 00000000 103:07 1560
10-09 12:14:51.496: W/art(11435): /system/lib/libcrypto.so
10-09 12:14:51.496: W/art(11435): b66a1000-b66a2000 ---p 00000000 00:00 0
10-09 12:14:51.496: W/art(11435): b66a2000-b66ad000 r--p 00090000 103:07 1560 /system/lib/libcrypto.so
10-09 12:14:51.496: W/art(11435): b66ad000-b66ae000 rw-p 0009b000 103:07 1560 /system/lib/libcrypto.so
10-09 12:14:51.496: W/art(11435): b66ae000-b6700000 r-xp 00000000 103:07 1722 /system/lib/libson
10-09 12:14:51.496: W/art(11435): ivox.so
10-09 12:14:51.496: W/art(11435): b6700000-b6701000 ---p 00000000 00:00 0
10-09 12:14:51.497: W/art(11435): b6701000-b6702000 r--p 00052000 103:07 1722 /system/lib/libsonivox.so
10-09 12:14:51.497: W/art(11435): b6702000-b6703000 rw-p 00053000 103:07 1722 /system/lib/libsonivox.so
10-09 12:14:51.497: W/art(11435): b6703000-b6708000 rw-p 00000000 00:00 0
10-09 12:14:51.497: W/art(11435): b6708000-b6717000 r-xp 0
10-09 12:14:51.497: W/art(11435): 0000000 103:07 1713 /system/lib/libselinux.so
10-09 12:14:51.497: W/art(11435): b6717000-b6718000 r--p 0000e000 103:07 1713 /system/lib/libselinux.so
10-09 12:14:51.497: W/art(11435): b6718000-b6719000 rw-p 0000f000 103:07 1713 /system/lib/libselinux.so
10-09 12:14:51.497: W/art(11435): b6719000-b6720000 r-xp 00000000 103:07 1616 /system/lib/libhardware_legacy.so
10-09 12:14:51.497: W/art(11435): b6720000-b6721000 ---p 00000000 00:00 0
10-09 12:14:51.497: W/art(11435): b6721000-b6722000 r--p 00007000 103:07 1616 /system/lib/libhardware_legacy.so
10-09 12:14:51.497: W/art(11435): b6722000-b6723000 rw-p 00008000 103:07 1616 /system/lib/libhardware_legacy.so
10-09 12:14:51.497: W/art(11435): b6723000-b6724000 rw-p 00000000 00:00 0
10-09 12:14:51.497: W/art(11435): b6724000-b6727000 r-xp 00000000 103:07 1615
10-09 12:14:51.497: W/art(11435): /system/lib/libhardware.so
10-09 12:14:51.497: W/art(11435): b6727000-b6728000 r--p 00002000 103:07 1615 /system/lib/libhardware.so
10-09 12:14:51.497: W/art(11435): b6728000-b6729000 rw-p 00003000 103:07 1615 /system/lib/libhardware.so
10-09 12:14:51.497: W/art(11435): b6729000-b672d000 r-xp 00000000 103:07 1489 /system/lib/libETC1.so
10-09 12:14:51.497: W/art(11435): b672d000-b672e000 r--p 00003000
10-09 12:14:51.497: W/art(11435): 103:07 1489 /system/lib/libETC1.so
10-09 12:14:51.497: W/art(11435): b672e000-b672f000 rw-p 00004000 103:07 1489 /system/lib/libETC1.so
10-09 12:14:51.497: W/art(11435): b672f000-b673c000 r-xp 00000000 103:07 1493 /system/lib/libGLESv2.so
10-09 12:14:51.497: W/art(11435): b673c000-b673d000 r--p 0000c000 103:07 1493 /system/lib/libGLESv2.so
10-09 12:14:51.497: W/art(11435): b673d000-b673e000 rw-p 0000d000 103:07 1493 /system/lib/libGLESv2.so
10-09 12:14:51.497: W/art(11435): b673e000-b6746000 r-xp 00000000 103:07 1492 /system/lib/libGLESv1_CM.so
10-09 12:14:51.497: W/art(11435): b6746000-b6747000 r--p 00007000 103:07 1492 /system/lib/libGLESv1_CM.so
10-09 12:14:51.497: W/art(11435): b6747000-b6748000 rw-p 00008000 103:07 1492 /system/lib/libGLESv1_CM.so
10-09 12:14:51.497: W/art(11435): b6748000-b67a4000 r-xp 00000000 103:07 1488 /system/lib/libEGL.so
10-09 12:14:51.497: W/art(11435): b67a4000-b67a5000 ---p 00000000 00:00 0
10-09 12:14:51.497: W/art(11435): b67a5000-b67a7000 r--p 0005c000 103:07 1488 /system/lib/libEGL.so
10-09 12:14:51.497: W/art(11435): b67a7000-b67b0000 rw-p 0005e000 103:07 1488 /system/lib/libEGL.so
10-09 12:14:51.497: W/art(11435): b67b0000-b67b3000 rw-p 00000000 00:00 0
10-09 12:14:51.497: W/art(11435): b67b3000-b6882000 r-xp 00000000 103:07 1728 /system/lib/libsqlite.so
10-09 12:14:51.497: W/art(11435): b6882000-b6884000 r--p 000ce000 103:07 1728 /system/lib/libsqlite.so
10-09 12:14:51.497: W/art(11435): b6884000-b6885000 rw-p 000d0000 103:07 1728 /system/lib/libsqlite.so
10-09 12:14:51.497: W/art(11435): b6885000-b6adf000 r-xp 00000000 103:07 1717 /system/lib/libskia.so
10-09 12:14:51.497: W/art(11435): b6adf000-b6ae0000 ---p 00000000 00:00 0
10-09 12:14:51.497: W/art(11435): b6ae0000-b6afa000 r--p 0025a000 103:07 1717 /system/lib/libskia.so
10-09 12:14:51.497: W/art(11435): b6afa000-b6afc000 rw-p 00274000 103:07 1717 /system/lib/libskia.so
10-09 12:14:51.497: W/art(11435): b6afc000-b6b01000 rw-p 00000000 00:00 0
10-09 12:14:51.497: W/art(11435): b6b01000-b6b09000 r-xp 00000000 103:07 1547 /system/lib/libcamera_
10-09 12:14:51.497: W/art(11435): metadata.so
10-09 12:14:51.497: W/art(11435): b6b09000-b6b0a000 ---p 00000000 00:00 0
10-09 12:14:51.497: W/art(11435): b6b0a000-b6b0b000 r--p 00008000 103:07 1547 /system/lib/libcamera_metadata.so
10-09 12:14:51.497: W/art(11435): b6b0b000-b6b0c000 rw-p 00009000 103:07 1547 /system/lib/libcamera_metadata.so
10-09 12:14:51.497: W/art(11435): b6b0c000-b6b30000 r-xp 00000000 103:07 1546
10-09 12:14:51.497: W/art(11435): /system/lib/libcamera_client.so
10-09 12:14:51.497: W/art(11435): b6b30000-b6b31000 ---p 00000000 00:00 0
10-09 12:14:51.497: W/art(11435): b6b31000-b6b38000 r--p 00024000 103:07 1546 /system/lib/libcamera_client.so
10-09 12:14:51.497: W/art(11435): b6b38000-b6b39000 rw-p 0002b000 103:07 1546 /system/lib/libcamera_client.so
10-09 12:14:51.497: W/art(11435): b6b39000-b6b75000 r-xp 00000000 103:07 1625 /sys
10-09 12:14:51.497: W/art(11435): tem/lib/libinputflinger.so
10-09 12:14:51.497: W/art(11435): b6b75000-b6b78000 r--p 0003b000 103:07 1625 /system/lib/libinputflinger.so
10-09 12:14:51.497: W/art(11435): b6b78000-b6b79000 rw-p 0003e000 103:07 1625 /system/lib/libinputflinger.so
10-09 12:14:51.497: W/art(11435): b6b79000-b6b93000 r-xp 00000000 103:07 1624 /system/lib/libinput.so
10-09 12:14:51.497: W/art(11435): b6b93000-b6b97000 r--p 00019000 103:07 1624 /system/lib/libinput.so
10-09 12:14:51.497: W/art(11435): b6b97000-b6b98000 rw-p 0001d000 103:07 1624 /system/lib/libinput.so
10-09 12:14:51.497: W/art(11435): b6b98000-b6be5000 r-xp 00000000 103:07 1614 /system/lib/libgui.so
10-09 12:14:51.497: W/art(11435): b6be5000-b6bf1000 r--p 0004c000 103:07 1614 /system/lib/libgui.so
10-09 12:14:51.498: W/art(11435): b6bf1000-b6bf2000 rw-p 00058000 103:07 1614 /system/lib/libgui.so
10-09 12:14:51.498: W/art(11435): b6bf2000-b6bff000 r-xp 00000000 103:07 1773 /system/lib/libui.so
10-09 12:14:51.498: W/art(11435): b6bff000-b6c00000 ---p 00000000 00:00 0
10-09 12:14:51.498: W/art(11435): b6c00000-b6c01000 r--p 0000d000 103:07 1773 /system/lib/libui.so
10-09 12:14:51.498: W/art(11435): b6c01000-b6c02000 rw-p 0000e000 103:07 1773 /system/lib/libui.so
10-09 12:14:51.498: W/art(11435): b6c02000-b6c09000 r-xp 00000000 103:07 1676 /system/lib/libnetutils.so
10-09 12:14:51.498: W/art(11435): b6c09000-b6c0a000 r--p 00006000 103:07 1676 /system/lib/libnetutils.so
10-09 12:14:51.498: W/art(11435): b6c0a000-b6c0b000 rw-p 00007000 103:07 1676 /system/lib/libnetutils.so
10-09 12:14:51.498: W/art(11435): b6c0b000-b6c12000 r-xp 00000000 103:07 1672 /system/lib/libnativehelper.so
10-09 12:14:51.498: W/art(11435): b6c12000-b6c13000 r--p 00006000 103:07 1672 /system/lib/libnativehelper.so
10-09 12:14:51.498: W/art(11435): b6c13000-b6c14000 rw-p 00007000 103:07 1672 /system/lib/libnativehelper.so
10-09 12:14:51.498: W/art(11435): b6c14000-b6c28000 r-xp 00000000 103:07 1597 /system/lib/libexpat.so
10-09 12:14:51.498: W/art(11435): b6c28000-b6c2a000 r--p 00013000 103:07 1597 /system/lib/libexpat.so
10-09 12:14:51.498: W/art(11435): b6c2a000-b6c2b000 rw-p 00015000 103:07 1597 /system/lib/libexpat.so
10-09 12:14:51.498: W/art(11435): b6c2b000-b6c52000 r-xp 00000000 103:07 1517 /system/lib/libandroidfw.so
10-09 12:14:51.498: W/art(11435): b6c52000-b6c53000 ---p 00000000 00:00 0
10-09 12:14:51.498: W/art(11435): b6c53000-b6c54000 r--p 00027000 103:07 1517 /system/lib/libandroidfw.so
10-09 12:14:51.498: W/art(11435): b6c54000-b6c55000 rw-p 00028000 103:07 1517 /system/lib/libandroidfw.so
10-09 12:14:51.498: W/art(11435): b6c55000-b6c58000 r-xp 00000000 103:07 1655 /system/lib/libmemtrack.so
10-09 12:14:51.498: W/art(11435): b6c58000-b6c59000 r--p 00002000 103:07 1655 /system/lib/libmemtrack.so
10-09 12:14:51.498: W/art(11435): b6c59000-b6c5a000 rw-p 00003000 103:07 1655 /system/lib/libmemtrack.so
10-09 12:14:51.498: W/art(11435): b6c5a000-b6c63000 r-xp 00000000 103:07 1534 /system/lib/libbacktrace.so
10-09 12:14:51.498: W/art(11435): b6c63000-b6c64000 r--p 00008000 103:07 1534 /system/lib/libbacktrace.so
10-09 12:14:51.498: W/art(11435): b6c64000-b6c65000 rw-p 00009000 103:07 1534 /system/lib/libbacktrace.so
10-09 12:14:51.498: W/art(11435): b6c65000-b6c84000 r-xp 00000000 103:07 1645 /system/lib/libm.so
10-09 12:14:51.498: W/art(11435): b6c84000-b6c85000 ---p 00000000 00:00 0
10-09 12:14:51.498: W/art(11435): b6c85000-b6c86000 r--p 0001f000 103:07 1645 /system/lib/libm.so
10-09 12:14:51.498: W/art(11435): b6c86000-b6c87000 rw-p 00020000 103:07 1645 /system/lib/libm.so
10-09 12:14:51.498: W/art(11435): b6c87000-b6ce3000 r-xp 00000000 103:07 1544 /system/lib/libc.so
10-09 12:14:51.498: W/art(11435): b6ce3000-b6ce4000 ---p 00000000 00:00 0
10-09 12:14:51.498: W/art(11435): b6ce4000-b6ce7000 r--p 0005c000 103:07 1544 /system/lib/libc.so
10-09 12:14:51.498: W/art(11435): b6ce7000-b6cea000 rw-p 0005f000 103:07 1544 /system/lib/libc.so
10-09 12:14:51.498: W/art(11435): b6cea000-b6cf3000 rw-p 00000000 00:00 0
