10-09 12:15:07.546: W/art(12687): b57cd000-b5816000 r--p 00a12000 103:07 1495 /system/lib/libLLVM.so
10-09 12:15:07.546: W/art(12687): b5816000-b5817000 rw-p 00a5b000 103:07 1495 /system/lib/libLLVM.so
10-09 12:15:07.546: W/art(12687): b5817000-b581f000 rw-p 00000000 00:00 0
10-09 12:15:07.546: W/art(12687): b581f000-b5854000 r-xp 00000000 103:07 1537 /system/lib/libbcinfo.so
10-09 12:15:07.546: W/art(12687): b5854000-b5855000 ---p 00000000 00:00 0
10-09 12:15:07.546: W/art(12687): b5855000-b5856000 r--p 00035000 103:07 1537 /system/lib/libbcinfo.so
10-09 12:15:07.546: W/art(12687): b5856000-b5857000 rw-p 00036000 103:07 1537 /system/lib/libbcinfo.so
10-09 12:15:07.546: W/art(12687): b5857000-b5858000 r--p 00000000 00:00 0 [anon:linker_alloc]
10-09 12:15:07.546: W/art(12687): b5858000-b58b0000 r-xp 00000000 103:07 1536 /system/lib/libbcc.so
10-09 12:15:07.546: W/art(12687): b58b0000-b58b1000 ---p 00000000 00:00 0
10-09 12:15:07.546: W/art(12687): b58b1000-b58b2000 r--p 00058000 103:07 1536 /system/lib/libbcc.so
10-09 12:15:07.546: W/art(12687): b58b2000-b58b3000 rw-p 00059000 103:07 1536 /system/lib/libbcc.so
10-09 12:15:07.546: W/art(12687): b58b3000-b58bd000 r-xp 00000000 103:07 1557 /system/lib/libcommon_time_client.so
10-09 12:15:07.546: W/art(12687): b58bd000-b58c0000 r--p 00009000 103:07 1557 /system/lib/libcommon_time_client.so
10-09 12:15:07.546: W/art(12687): b58c0000-b58c1000 rw-p 0000c000 103:07 1557 /system/lib/libcommon_time_client.so
10-09 12:15:07.546: W/art(12687): b58c1000-b58d9000 r-xp 00000000 103:07 1694 /system/lib/libprotobuf-cpp-lite.so
10-09 12:15:07.546: W/art(12687): b58d9000-b58da000 r--p 00017000 103:07 1694 /system/lib/libprotobuf-cpp-lite.so
10-09 12:15:07.546: W/art(12687): b58da000-b58db000 rw-p 00018000 103:07 1694 /system/lib/libprotobuf-cpp-lite.so
10-09 12:15:07.546: W/art(12687): b58db000-b58dc000 r--p 00000000 00:00 0
10-09 12:15:07.546: W/art(12687): b58dc000-b58e3000 r-xp 00000000 103:07 1733 /system/lib/libstagefright_avc_common.so
10-09 12:15:07.546: W/art(12687): b58e3000-b58e4000 r--p 00006000 103:07 1733 /system/lib/libstagefright_avc_common.so
10-09 12:15:07.546: W/art(12687): b58e4000-b58e5000 rw-p 00007000 103:07 1733 /system/lib/libstagefright_avc_common.so
10-09 12:15:07.546: W/art(12687): b58e5000-b58e8000 r-xp 00000000 103:07 1734 /system/lib/libstagefright_enc_common.so
10-09 12:15:07.546: W/art(12687): b58e8000-b58e9000 r--p 00002000 103:07 1734 /system/lib/libstagefright_enc_common.so
10-09 12:15:07.546: W/art(12687): b58e9000-b58ea000 rw-p 00003000 103:07 1734 /system/lib/libstagefright_enc_common.so
10-09 12:15:07.546: W/art(12687): b58ea000-b58ee000 r-xp 00000000 103:07 1691 /system/lib/libpowermanager.so
10-09 12:15:07.546: W/art(12687): b58ee000-b58ef000 ---p 00000000 00:00 0
10-09 12:15:07.546: W/art(12687): b58ef000-b58f0000 r--p 00004000 103:07 1691 /system/lib/libpowermanager.so
10-09 12:15:07.546: W/art(12687): b58f0000-b58f1000 rw-p 00005000 103:07 1691 /system/lib/libpowermanager.so
10-09 12:15:07.546: W/art(12687): b58f1000-b590d000 r-xp 00000000 103:07 1778 /system/lib/libvorbisidec.so
10-09 12:15:07.546: W/art(12687): b590d000-b590e000 r--p 0001b000 103:07 1778 /system/lib/libvorbisidec.so
10-09 12:15:07.547: W/art(12687): b590e000-b590f000 rw-p 0001c000 103:07 1778 /system/lib/libvorbisidec.so
10-09 12:15:07.547: W/art(12687): b590f000-b5914000 r-xp 00000000 103:07 1760 /system/lib/libstagefright_yuv.so
10-09 12:15:07.547: W/art(12687): b5914000-b5915000 r--p 00004000 103:07 1760 /system/lib/libstagefright_yuv.so
10-09 12:15:07.547: W/art(12687): b5915000-b5916000 rw-p 00005000 103:07 1760 /system/lib/libstagefright_yuv.so
10-09 12:15:07.547: W/art(12687): b5916000-b5944000 r-xp 00000000 103:07 1738 /system/lib/libstagefright_omx.so
10-09 12:15:07.547: W/art(12687): b5944000-b5945000 ---p 00000000 00:00 0
10-09 12:15:07.547: W/art(12687): b5945000-b5948000 r--p 0002e000 103:07 1738 /system/lib/libstagefright_omx.so
10-09 12:15:07.547: W/art(12687): b5948000-b5949000 rw-p 00031000 103:07 1738 /system/lib/libstagefright_omx.so
10-09 12:15:07.547: W/art(12687): b5949000-b594a000 r--p 00000000 00:00 0 [anon:linker_alloc]
10-09 12:15:07.547: W/art(12687): b594a000-b5983000 r-xp 00000000 103:07 1681 /system/lib/libopus.so
10-09 12:15:07.547: W/art(12687): b5983000-b5984000 ---p 00000000 00:00 0
10-09 12:15:07.547: W/art(12687): b5984000-b5985000 r--p 00039000 103:07 1681 /system/lib/libopus.so
10-09 12:15:07.547: W/art(12687): b5985000-b5986000 rw-p 0003a000 103:07 1681 /system/lib/libopus.so
10-09 12:15:07.547: W/art(12687): b5986000-b598d000 r-xp 00000000 103:07 1653 /system/lib/libmediautils.so
10-09 12:15:07.547: W/art(12687): b598d000-b598e000 ---p 00000000 00:00 0
10-09 12:15:07.547: W/art(12687): b598e000-b598f000 r--p 00007000 103:07 1653 /system/lib/libmediautils.so
10-09 12:15:07.547: W/art(12687): b598f000-b5990000 rw-p 00008000 103:07 1653 /system/lib/libmediautils.so
10-09 12:15:07.547: W/art(12687): b5990000-b59a5000 r-xp 00000000 103:07 1569 /system/lib/libdrmframework.so
10-09 12:15:07.547: W/art(12687): b59a5000-b59a6000 ---p 00000000 00:00 0
10-09 12:15:07.547: W/art(12687): b59a6000-b59a9000 r--p 00015000 103:07 1569 /system/lib/libdrmframework.so
10-09 12:15:07.547: W/art(12687): b59a9000-b59aa000 rw-p 00018000 103:07 1569 /system/lib/libdrmframework.so
10-09 12:15:07.547: W/art(12687): b59aa000-b59c8000 r-xp 00000000 103:07 1510 /system/lib/libRScpp.so
10-09 12:15:07.547: W/art(12687): b59c8000-b59c9000 ---p 00000000 00:00 0
10-09 12:15:07.547: W/art(12687): b59c9000-b59ca000 r--p 0001e000 103:07 1510 /system/lib/libRScpp.so
10-09 12:15:07.547: W/art(12687): b59ca000-b59cb000 rw-p 0001f000 103:07 1510 /system/lib/libRScpp.so
10-09 12:15:07.547: W/art(12687): b59cb000-b5a09000 r-xp 00000000 103:07 1507 /system/lib/libRS.so
10-09 12:15:07.547: W/art(12687): b5a09000-b5a0a000 ---p 00000000 00:00 0
10-09 12:15:07.547: W/art(12687): b5a0a000-b5a0c000 r--p 0003e000 103:07 1507 /system/lib/libRS.so
10-09 12:15:07.547: W/art(12687): b5a0c000-b5a0d000 rw-p 00040000 103:07 1507 /system/lib/libRS.so
10-09 12:15:07.547: W/art(12687): b5a0d000-b5a14000 r-xp 00000000 103:07 1727 /system/lib/libspeexresampler.so
10-09 12:15:07.547: W/art(12687): b5a14000-b5a15000 r--p 00006000 103:07 1727 /system/lib/libspeexresampler.so
10-09 12:15:07.547: W/art(12687): b5a15000-b5a16000 rw-p 00007000 103:07 1727 /system/lib/libspeexresampler.so
10-09 12:15:07.547: W/art(12687): b5a16000-b5a1f000 r-xp 00000000 103:07 1673 /system/lib/libnbaio.so
10-09 12:15:07.547: W/art(12687): b5a1f000-b5a20000 r--p 00008000 103:07 1673 /system/lib/libnbaio.so
10-09 12:15:07.547: W/art(12687): b5a20000-b5a21000 rw-p 00009000 103:07 1673 /system/lib/libnbaio.so
10-09 12:15:07.547: W/art(12687): b5a21000-b5a33000 r-xp 00000000 103:07 1685 /system/lib/libpcre.so
10-09 12:15:07.547: W/art(12687): b5a33000-b5a34000 r--p 00011000 103:07 1685 /system/lib/libpcre.so
10-09 12:15:07.547: W/art(12687): b5a34000-b5a35000 rw-p 00012000 103:07 1685 /system/lib/libpcre.so
10-09 12:15:07.547: I/GCoreUlr(12585): WorldUpdater received intent Intent { act=com.google.android.location.reporting.ACTION_UPDATE_WORLD cmp=com.google.android.gms/com.google.android.location.reporting.service.DispatchingService (has extras) } with receiverAction com.google.android.location.internal.server.ACTION_RESTARTED
10-09 12:15:07.547: W/art(12687): b5a35000-b5a3a000 r-xp 00000000 103:07 1785 /system/lib/libwpa_client.so
10-09 12:15:07.547: W/art(12687): b5a3a000-b5a3b000 r--p 00004000 103:07 1785 /system/lib/libwpa_client.so
10-09 12:15:07.547: W/art(12687): b5a3b000-b5a3c000 rw-p 00005000 103:07 1785 /system/lib/libwpa_client.so
10-09 12:15:07.547: W/art(12687): b5a3c000-b5a3e000 r--p 00000000 00:00 0 [anon:linker_alloc]
10-09 12:15:07.547: W/art(12687): b5a3e000-b5aac000 r-xp 00000000 103:07 1491 /system/lib/libGLES_trace.so
10-09 12:15:07.547: W/art(12687): b5aac000-b5aae000 r--p 0006d000 103:07 1491 /system/lib/libGLES_trace.so
10-09 12:15:07.547: W/art(12687): b5aae000-b5aaf000 rw-p 0006f000 103:07 1491 /system/lib/libGLES_trace.so
10-09 12:15:07.547: W/art(12687): b5aaf000-b5ae5000 r-xp 00000000 103:07 2947 /system/vendor/lib/libqc-opt.so
10-09 12:15:07.547: W/art(12687): b5ae5000-b5ae6000 r--p 00035000 103:07 2947 /system/vendor/lib/libqc-opt.so
10-09 12:15:07.547: W/art(12687): b5ae6000-b5ae7000 rw-p 00036000 103:07 2947 /system/vendor/lib/libqc-opt.so
10-09 12:15:07.547: W/art(12687): b5ae7000-b5b4b000 r-xp 00000000 103:07 1610 /system/lib/libft2.so
10-09 12:15:07.547: W/art(12687): b5b4b000-b5b4d000 r--p 00063000 103:07 1610 /system/lib/libft2.so
10-09 12:15:07.548: W/art(12687): b5b4d000-b5b4e000 rw-p 00065000 103:07 1610 /system/lib/libft2.so
10-09 12:15:07.548: W/art(12687): b5b4e000-b5b73000 r-xp 00000000 103:07 1689 /system/lib/libpng.so
10-09 12:15:07.548: W/art(12687): b5b73000-b5b74000 r--p 00024000 103:07 1689 /system/lib/libpng.so
10-09 12:15:07.548: W/art(12687): b5b74000-b5b75000 rw-p 00025000 103:07 1689 /system/lib/libpng.so
10-09 12:15:07.548: W/art(12687): b5b75000-b5b78000 r-xp 00000000 103:07 1766 /system/lib/libsync.so
10-09 12:15:07.548: W/art(12687): b5b78000-b5b79000 r--p 00002000 103:07 1766 /system/lib/libsync.so
10-09 12:15:07.548: W/art(12687): b5b79000-b5b7a000 rw-p 00003000 103:07 1766 /system/lib/libsync.so
10-09 12:15:07.548: W/art(12687): b5b7a000-b5b7f000 r-xp 00000000 103:07 1762 /system/lib/libstdc++.so
10-09 12:15:07.548: W/art(12687): b5b7f000-b5b80000 r--p 00004000 103:07 1762 /system/lib/libstdc++.so
10-09 12:15:07.548: W/art(12687): b5b80000-b5b81000 rw-p 00005000 103:07 1762 /system/lib/libstdc++.so
10-09 12:15:07.548: W/art(12687): b5b81000-b5b91000 r-xp 00000000 103:07 1774 /system/lib/libunwind.so
10-09 12:15:07.548: W/art(12687): b5b91000-b5b92000 r--p 0000f000 103:07 1774 /system/lib/libunwind.so
10-09 12:15:07.548: W/art(12687): b5b92000-b5b93000 rw-p 00010000 103:07 1774 /system/lib/libunwind.so
10-09 12:15:07.548: W/art(12687): b5b93000-b5bd9000 rw-p 00000000 00:00 0
10-09 12:15:07.548: W/art(12687): b5bd9000-b5be2000 r-xp 00000000 103:07 1535 /system/lib/libbase.so
10-09 12:15:07.548: W/art(12687): b5be2000-b5be3000 r--p 00008000 103:07 1535 /system/lib/libbase.so
10-09 12:15:07.548: W/art(12687): b5be3000-b5be4000 rw-p 00009000 103:07 1535 /system/lib/libbase.so
10-09 12:15:07.548: W/art(12687): b5be4000-b5be9000 r-xp 00000000 103:07 1595 /system/lib/libeffects.so
10-09 12:15:07.548: W/art(12687): b5be9000-b5bea000 r--p 00004000 103:07 1595 /system/lib/libeffects.so
10-09 12:15:07.548: W/art(12687): b5bea000-b5beb000 rw-p 00005000 103:07 1595 /system/lib/libeffects.so
10-09 12:15:07.548: W/art(12687): b5beb000-b5bec000 r--p 00000000 00:00 0 [anon:linker_alloc]
10-09 12:15:07.548: W/art(12687): b5bec000-b5bef000 r-xp 00000000 103:07 1736 /system/lib/libstagefright_http_support.so
10-09 12:15:07.548: W/art(12687): b5bef000-b5bf0000 ---p 00000000 00:00 0
10-09 12:15:07.548: W/art(12687): b5bf0000-b5bf1000 r--p 00003000 103:07 1736 /system/lib/libstagefright_http_support.so
10-09 12:15:07.548: W/art(12687): b5bf1000-b5bf2000 rw-p 00004000 103:07 1736 /system/lib/libstagefright_http_support.so
10-09 12:15:07.548: W/art(12687): b5bf2000-b5c0a000 r-xp 00000000 103:07 1735 /system/lib/libstagefright_foundation.so
10-09 12:15:07.548: W/art(12687): b5c0a000-b5c0b000 ---p 00000000 00:00 0
10-09 12:15:07.548: W/art(12687): b5c0b000-b5c0c000 r--p 00018000 103:07 1735 /system/lib/libstagefright_foundation.so
10-09 12:15:07.548: W/art(12687): b5c0c000-b5c0d000 rw-p 00019000 103:07 1735 /system/lib/libstagefright_foundation.so
10-09 12:15:07.548: W/art(12687): b5c0d000-b5d6c000 r-xp 00000000 103:07 1731 /system/lib/libstagefright.so
10-09 12:15:07.548: W/art(12687): b5d6c000-b5d6d000 ---p 00000000 00:00 0
10-09 12:15:07.548: W/art(12687): b5d6d000-b5d79000 r--p 0015f000 103:07 1731 /system/lib/libstagefright.so
10-09 12:15:07.548: W/art(12687): b5d79000-b5d7a000 rw-p 0016b000 103:07 1731 /system/lib/libstagefright.so
10-09 12:15:07.548: W/art(12687): b5d7a000-b5de1000 r-xp 00000000 103:07 1620 /system/lib/libhwui.so
10-09 12:15:07.548: W/art(12687): b5de1000-b5de2000 ---p 00000000 00:00 0
10-09 12:15:07.548: W/art(12687): b5de2000-b5de5000 r--p 00067000 103:07 1620 /system/lib/libhwui.so
10-09 12:15:07.548: W/art(12687): b5de5000-b5de6000 rw-p 0006a000 103:07 1620 /system/lib/libhwui.so
10-09 12:15:07.548: W/art(12687): b5de6000-b5de9000 r-xp 00000000 103:07 1704 /system/lib/libradio_metadata.so
10-09 12:15:07.548: W/art(12687): b5de9000-b5dea000 r--p 00002000 103:07 1704 /system/lib/libradio_metadata.so
10-09 12:15:07.548: W/art(12687): b5dea000-b5deb000 rw-p 00003000 103:07 1704 /system/lib/libradio_metadata.so
10-09 12:15:07.548: W/art(12687): b5deb000-b5def000 r-xp 00000000 103:07 1671 /system/lib/libnativebridge.so
10-09 12:15:07.548: W/art(12687): b5def000-b5df0000 r--p 00003000 103:07 1671 /system/lib/libnativebridge.so
10-09 12:15:07.548: W/art(12687): b5df0000-b5df1000 rw-p 00004000 103:07 1671 /system/lib/libnativebridge.so
10-09 12:15:07.548: W/art(12687): b5df1000-b5df5000 r-xp 00000000 103:07 1693 /system/lib/libprocessgroup.so
10-09 12:15:07.548: W/art(12687): b5df5000-b5df6000 r--p 00003000 103:07 1693 /system/lib/libprocessgroup.so
10-09 12:15:07.548: W/art(12687): b5df6000-b5df7000 rw-p 00004000 103:07 1693 /system/lib/libprocessgroup.so
10-09 12:15:07.548: W/art(12687): b5df7000-b5e05000 r-xp 00000000 103:07 1656 /system/lib/libminikin.so
10-09 12:15:07.548: W/art(12687): b5e05000-b5e06000 ---p 00000000 00:00 0
10-09 12:15:07.548: W/art(12687): b5e06000-b5e07000 r--p 0000e000 103:07 1656 /system/lib/libminikin.so
10-09 12:15:07.548: W/art(12687): b5e07000-b5e08000 rw-p 0000f000 103:07 1656 /system/lib/libminikin.so
10-09 12:15:07.549: W/art(12687): b5e08000-b5e12000 r-xp 00000000 103:07 1724 /system/lib/libsoundtrigger.so
10-09 12:15:07.549: W/art(12687): b5e12000-b5e15000 r--p 00009000 103:07 1724 /system/lib/libsoundtrigger.so
10-09 12:15:07.549: W/art(12687): b5e15000-b5e16000 rw-p 0000c000 103:07 1724 /system/lib/libsoundtrigger.so
10-09 12:15:07.549: W/art(12687): b5e16000-b5e17000 r--p 00000000 00:00 0 [anon:linker_alloc]
10-09 12:15:07.549: W/art(12687): b5e17000-b5e21000 r-xp 00000000 103:07 1703 /system/lib/libradio.so
10-09 12:15:07.549: W/art(12687): b5e21000-b5e24000 r--p 00009000 103:07 1703 /system/lib/libradio.so
10-09 12:15:07.549: W/art(12687): b5e24000-b5e25000 rw-p 0000c000 103:07 1703 /system/lib/libradio.so
10-09 12:15:07.549: W/art(12687): b5e25000-b5e29000 r-xp 00000000 103:07 1674 /system/lib/libnetd_client.so
10-09 12:15:07.549: W/art(12687): b5e29000-b5e2a000 r--p 00003000 103:07 1674 /system/lib/libnetd_client.so
10-09 12:15:07.549: W/art(12687): b5e2a000-b5e2b000 rw-p 00004000 103:07 1674 /system/lib/libnetd_client.so
10-09 12:15:07.549: W/art(12687): b5e2b000-b5e38000 r-xp 00000000 103:07 1623 /system/lib/libimg_utils.so
10-09 12:15:07.549: W/art(12687): b5e38000-b5e3a000 r--p 0000c000 103:07 1623 /system/lib/libimg_utils.so
10-09 12:15:07.549: W/art(12687): b5e3a000-b5e3b000 rw-p 0000e000 103:07 1623 /system/lib/libimg_utils.so
10-09 12:15:07.549: W/art(12687): b5e3b000-b6239000 r-xp 00000000 103:07 1686 /system/lib/libpdfium.so
10-09 12:15:07.549: W/art(12687): b6239000-b623a000 ---p 00000000 00:00 0
10-09 12:15:07.549: W/art(12687): b623a000-b6243000 r--p 003fe000 103:07 1686 /system/lib/libpdfium.so
10-09 12:15:07.549: W/art(12687): b6243000-b6247000 rw-p 00407000 103:07 1686 /system/lib/libpdfium.so
10-09 12:15:07.549: W/art(12687): b6247000-b6248000 rw-p 00000000 00:00 0
10-09 12:15:07.549: W/art(12687): b6248000-b624f000 r-xp 00000000 103:07 1532 /system/lib/libaud
10-09 12:15:07.550: W/art(12687): ioutils.so
10-09 12:15:07.550: W/art(12687): b624f000-b6250000 r--p 00006000 103:07 1532 /system/lib/libaudioutils.so
10-09 12:15:07.550: W/art(12687): b6250000-b6251000 rw-p 00007000 103:07 1532 /system/lib/libaudioutils.so
10-09 12:15:07.550: W/art(12687): b6251000-b626b000 r-xp 00000000 103:07 1787 /system/lib/libz.so
10-09 12:15:07.550: W/art(12687): b626b000-b626c000 r--p 00019000
10-09 12:15:07.550: W/art(12687): 103:07 1787 /system/lib/libz.so
10-09 12:15:07.550: W/art(12687): b626c000-b626d000 rw-p 0001a000 103:07 1787 /system/lib/libz.so
10-09 12:15:07.550: W/art(12687): b626d000-b62b6000 r-xp 00000000 103:07 1617 /system/lib/libharfbuzz_ng.so
10-09 12:15:07.550: W/art(12687): b62b6000-b62b7000 ---p 00000000 00:00 0
10-09 12:15:07.550: W/art(12687): b62b7000-b62b8000 r--p 00049000 103:07 1617 /system/lib/libhar
10-09 12:15:07.550: W/art(12687): fbuzz_ng.so
10-09 12:15:07.550: W/art(12687): b62b8000-b62b9000 rw-p 0004a000 103:07 1617 /system/lib/libharfbuzz_ng.so
10-09 12:15:07.550: W/art(12687): b62b9000-b62ba000 rw-p 00000000 00:00 0 [anon:linker_alloc]
10-09 12:15:07.550: W/art(12687): b62ba000-b62bf000 r-xp 00000000 103:07 1775 /system/lib/libusbhost.so
10-09 12:15:07.550: W/art(12687): b62bf000-b62c0000 r--p 00004000 1
10-09 12:15:07.550: W/art(12687): 03:07 1775 /system/lib/libusbhost.so
10-09 12:15:07.550: W/art(12687): b62c0000-b62c1000 rw-p 00005000 103:07 1775 /system/lib/libusbhost.so
10-09 12:15:07.550: W/art(12687): b62c1000-b62f7000 r-xp 00000000 103:07 1632 /system/lib/libjpeg.so
10-09 12:15:07.550: W/art(12687): b62f7000-b62f8000 r--p 00035000 103:07 1632 /system/lib/libjpeg.so
10-09 12:15:07.550: W/art(12687): b62f8000-b62f9000 rw-p 00036000 103:07 1632 /system/lib/libjpeg.so
10-09 12:15:07.550: W/art(12687): b62f9000-b62fa000 r--p 00000000 00:00 0 [anon:linker_alloc]
10-09 12:15:07.550: W/art(12687): b62fa000-b638b000 r-xp 00000000 103:07 1648 /system/lib/libmedia.so
10-09 12:15:07.550: W/art(12687): b638b000-b638c000 ---p 00000000 00:00 0
10-09 12:15:07.550: W/art(12687): b638c000-b63a8000 r--p 00091000 103:07 1648 /system/lib/libmedia.so
10-09 12:15:07.550: W/art(12687): b63a8000-b63a9000 rw-p 000ad000 103:07 1648 /system/lib/libmedia.so
10-09 12:15:07.550: W/art(12687): b63a9000-b650e000 r-xp 00000000 103:07 1621 /system/lib/libicui18n.so
10-09 12:15:07.550: W/art(12687): b650e000-b650f000 ---p 00000000 00:00 0
10-09 12:15:07.550: W/art(12687): b650f000-b651a000 r--p 00165000 103:07 1621 /system/lib/libicui18n.so
10-09 12:15:07.550: W/art(12687): b651a000-b651b000 rw-p 00170000 103:07 1621 /system/lib/libicui18n.so
10-09 12:15:07.550: W/art(12687): b651b000-b662a000 r-xp 00000000 103:07 1622 /system/lib/libicuuc.so
10-09 12:15:07.550: W/art(12687): b662a000-b6635000 r--p 0010e000 103:07 1622 /system/lib/libicuuc.so
10-09 12:15:07.550: W/art(12687): b6635000-b6636000 rw-p 00119000 103:07 1622 /system/lib/libicuuc.so
10-09 12:15:07.550: W/art(12687): b6636000-b663a000 rw-p 00000000 00:00 0
10-09 12:15:07.550: W/art(12687): b663a000-b665d000 r-xp 00000000 103:07 1730 /system/lib/libssl.so
10-09 12:15:07.550: W/art(12687): b665d000-b665f000 r--p 00022000 103:07 1730 /system/lib/libssl.so
10-09 12:15:07.550: W/art(12687): b665f000-b6660000 rw-p 00024000 103:07 1730 /system/lib/libssl.so
10-09 12:15:07.550: W/art(12687): b6660000-b66f0000 r-xp 00000000 103:07 1560
10-09 12:15:07.550: W/art(12687): /system/lib/libcrypto.so
10-09 12:15:07.550: W/art(12687): b66f0000-b66f1000 ---p 00000000 00:00 0
10-09 12:15:07.550: W/art(12687): b66f1000-b66fc000 r--p 00090000 103:07 1560 /system/lib/libcrypto.so
10-09 12:15:07.550: W/art(12687): b66fc000-b66fd000 rw-p 0009b000 103:07 1560 /system/lib/libcrypto.so
10-09 12:15:07.550: W/art(12687): b66fd000-b674f000 r-xp 00000000 103:07 1722 /system/lib/libson
10-09 12:15:07.550: W/art(12687): ivox.so
10-09 12:15:07.550: W/art(12687): b674f000-b6750000 ---p 00000000 00:00 0
10-09 12:15:07.550: W/art(12687): b6750000-b6751000 r--p 00052000 103:07 1722 /system/lib/libsonivox.so
10-09 12:15:07.550: W/art(12687): b6751000-b6752000 rw-p 00053000 103:07 1722 /system/lib/libsonivox.so
10-09 12:15:07.550: W/art(12687): b6752000-b6757000 rw-p 00000000 00:00 0
10-09 12:15:07.550: W/art(12687): b6757000-b6766000 r-xp 0
10-09 12:15:07.551: W/art(12687): 0000000 103:07 1713 /system/lib/libselinux.so
10-09 12:15:07.551: W/art(12687): b6766000-b6767000 r--p 0000e000 103:07 1713 /system/lib/libselinux.so
10-09 12:15:07.551: W/art(12687): b6767000-b6768000 rw-p 0000f000 103:07 1713 /system/lib/libselinux.so
10-09 12:15:07.551: W/art(12687): b6768000-b676f000 r-xp 00000000 103:07 1616 /system/lib/libhardware_legacy.so
10-09 12:15:07.551: W/art(12687): b676f000-b6770000 ---p 00000000 00:00 0
10-09 12:15:07.551: W/art(12687): b6770000-b6771000 r--p 00007000 103:07 1616 /system/lib/libhardware_legacy.so
10-09 12:15:07.551: W/art(12687): b6771000-b6772000 rw-p 00008000 103:07 1616 /system/lib/libhardware_legacy.so
10-09 12:15:07.551: W/art(12687): b6772000-b6773000 rw-p 00000000 00:00 0
10-09 12:15:07.551: W/art(12687): b6773000-b6776000 r-xp 00000000 103:07 1615
10-09 12:15:07.551: W/art(12687): /system/lib/libhardware.so
10-09 12:15:07.551: W/art(12687): b6776000-b6777000 r--p 00002000 103:07 1615 /system/lib/libhardware.so
10-09 12:15:07.551: W/art(12687): b6777000-b6778000 rw-p 00003000 103:07 1615 /system/lib/libhardware.so
10-09 12:15:07.551: W/art(12687): b6778000-b677c000 r-xp 00000000 103:07 1489 /system/lib/libETC1.so
10-09 12:15:07.551: W/art(12687): b677c000-b677d000 r--p 00003000
10-09 12:15:07.551: I/Icing(12568): Not indexing corpus from package com.google.android.music as it has never connected
10-09 12:15:07.551: W/art(12687): 103:07 1489 /system/lib/libETC1.so
10-09 12:15:07.551: W/art(12687): b677d000-b677e000 rw-p 00004000 103:07 1489 /system/lib/libETC1.so
10-09 12:15:07.551: W/art(12687): b677e000-b678b000 r-xp 00000000 103:07 1493 /system/lib/libGLESv2.so
10-09 12:15:07.551: W/art(12687): b678b000-b678c000 r--p 0000c000 103:07 1493 /system/lib/libGLESv2.so
10-09 12:15:07.551: E/Icing(12568): Aborting indexing of corpus albums
10-09 12:15:07.551: W/art(12687): b678c000-b678d000 rw-p 0000d000 103:07 1493 /system/lib/libGLESv2.so
10-09 12:15:07.551: W/art(12687): b678d000-b6795000 r-xp 00000000 103:07 1492 /system/lib/libGLESv1_CM.so
10-09 12:15:07.551: W/art(12687): b6795000-b6796000 r--p 00007000 103:07 1492 /system/lib/libGLESv1_CM.so
10-09 12:15:07.551: W/art(12687): b6796000-b6797000 rw-p 00008000 103:07 1492 /system/lib/libGLESv1_CM.so
10-09 12:15:07.551: W/art(12687): b6797000-b67f3000 r-xp 00000000 103:07 1488 /system/lib/libEGL.so
10-09 12:15:07.551: W/art(12687): b67f3000-b67f4000 ---p 00000000 00:00 0
10-09 12:15:07.551: W/art(12687): b67f4000-b67f6000 r--p 0005c000 103:07 1488 /system/lib/libEGL.so
10-09 12:15:07.551: W/art(12687): b67f6000-b67ff000 rw-p 0005e000 103:07 1488 /system/lib/libEGL.so
10-09 12:15:07.551: W/art(12687): b67ff000-b6802000 rw-p 00000000 00:00 0
10-09 12:15:07.551: W/art(12687): b6802000-b68d1000 r-xp 00000000 103:07 1728 /system/lib/libsqlite.so
10-09 12:15:07.551: W/art(12687): b68d1000-b68d3000 r--p 000ce000 103:07 1728 /system/lib/libsqlite.so
10-09 12:15:07.551: W/art(12687): b68d3000-b68d4000 rw-p 000d0000 103:07 1728 /system/lib/libsqlite.so
10-09 12:15:07.551: W/art(12687): b68d4000-b6b2e000 r-xp 00000000 103:07 1717 /system/lib/libskia.so
10-09 12:15:07.551: W/art(12687): b6b2e000-b6b2f000 ---p 00000000 00:00 0
10-09 12:15:07.551: W/art(12687): b6b2f000-b6b49000 r--p 0025a000 103:07 1717 /system/lib/libskia.so
10-09 12:15:07.551: W/art(12687): b6b49000-b6b4b000 rw-p 00274000 103:07 1717 /system/lib/libskia.so
10-09 12:15:07.551: W/art(12687): b6b4b000-b6b50000 rw-p 00000000 00:00 0
10-09 12:15:07.551: W/art(12687): b6b50000-b6b58000 r-xp 00000000 103:07 1547 /system/lib/libcamera_
10-09 12:15:07.551: W/art(12687): metadata.so
10-09 12:15:07.551: W/art(12687): b6b58000-b6b59000 ---p 00000000 00:00 0
10-09 12:15:07.551: W/art(12687): b6b59000-b6b5a000 r--p 00008000 103:07 1547 /system/lib/libcamera_metadata.so
10-09 12:15:07.551: W/art(12687): b6b5a000-b6b5b000 rw-p 00009000 103:07 1547 /system/lib/libcamera_metadata.so
10-09 12:15:07.551: W/art(12687): b6b5b000-b6b7f000 r-xp 00000000 103:07 1546
10-09 12:15:07.551: W/art(12687): /system/lib/libcamera_client.so
10-09 12:15:07.551: W/art(12687): b6b7f000-b6b80000 ---p 00000000 00:00 0
10-09 12:15:07.551: W/art(12687): b6b80000-b6b87000 r--p 00024000 103:07 1546 /system/lib/libcamera_client.so
10-09 12:15:07.551: W/art(12687): b6b87000-b6b88000 rw-p 0002b000 103:07 1546 /system/lib/libcamera_client.so
10-09 12:15:07.551: W/art(12687): b6b88000-b6bc4000 r-xp 00000000 103:07 1625 /sys
10-09 12:15:07.551: W/art(12687): tem/lib/libinputflinger.so
10-09 12:15:07.551: W/art(12687): b6bc4000-b6bc7000 r--p 0003b000 103:07 1625 /system/lib/libinputflinger.so
10-09 12:15:07.551: W/art(12687): b6bc7000-b6bc8000 rw-p 0003e000 103:07 1625 /system/lib/libinputflinger.so
10-09 12:15:07.551: W/art(12687): b6bc8000-b6be2000 r-xp 00000000 103:07 1624 /system/lib/libinput.so
10-09 12:15:07.551: W/art(12687): b6be2000-b6be6000 r--p 00019000 103:07 1624 /system/lib/libinput.so
10-09 12:15:07.551: W/art(12687): b6be6000-b6be7000 rw-p 0001d000 103:07 1624 /system/lib/libinput.so
10-09 12:15:07.551: W/art(12687): b6be7000-b6c34000 r-xp 00000000 103:07 1614 /system/lib/libgui.so
10-09 12:15:07.551: W/art(12687): b6c34000-b6c40000 r--p 0004c000 103:07 1614 /system/lib/libgui.so
10-09 12:15:07.551: W/art(12687): b6c40000-b6c41000 rw-p 00058000 103:07 1614 /system/lib/libgui.so
10-09 12:15:07.552: W/art(12687): b6c41000-b6c4e000 r-xp 00000000 103:07 1773 /system/lib/libui.so
10-09 12:15:07.552: W/art(12687): b6c4e000-b6c4f000 ---p 00000000 00:00 0
10-09 12:15:07.552: W/art(12687): b6c4f000-b6c50000 r--p 0000d000 103:07 1773 /system/lib/libui.so
10-09 12:15:07.552: W/art(12687): b6c50000-b6c51000 rw-p 0000e000 103:07 1773 /system/lib/libui.so
10-09 12:15:07.552: W/art(12687): b6c51000-b6c58000 r-xp 00000000 103:07 1676 /system/lib/libnetutils.so
10-09 12:15:07.552: W/art(12687): b6c58000-b6c59000 r--p 00006000 103:07 1676 /system/lib/libnetutils.so
10-09 12:15:07.552: W/art(12687): b6c59000-b6c5a000 rw-p 00007000 103:07 1676 /system/lib/libnetutils.so
10-09 12:15:07.552: W/art(12687): b6c5a000-b6c61000 r-xp 00000000 103:07 1672 /system/lib/libnativehelper.so
10-09 12:15:07.552: W/art(12687): b6c61000-b6c62000 r--p 00006000 103:07 1672 /system/lib/libnativehelper.so
10-09 12:15:07.552: W/art(12687): b6c62000-b6c63000 rw-p 00007000 103:07 1672 /system/lib/libnativehelper.so
10-09 12:15:07.552: W/art(12687): b6c63000-b6c77000 r-xp 00000000 103:07 1597 /system/lib/libexpat.so
10-09 12:15:07.552: W/art(12687): b6c77000-b6c79000 r--p 00013000 103:07 1597 /system/lib/libexpat.so
10-09 12:15:07.552: W/art(12687): b6c79000-b6c7a000 rw-p 00015000 103:07 1597 /system/lib/libexpat.so
10-09 12:15:07.552: W/art(12687): b6c7a000-b6ca1000 r-xp 00000000 103:07 1517 /system/lib/libandroidfw.so
10-09 12:15:07.552: W/art(12687): b6ca1000-b6ca2000 ---p 00000000 00:00 0
10-09 12:15:07.552: W/art(12687): b6ca2000-b6ca3000 r--p 00027000 103:07 1517 /system/lib/libandroidfw.so
10-09 12:15:07.552: W/art(12687): b6ca3000-b6ca4000 rw-p 00028000 103:07 1517 /system/lib/libandroidfw.so
10-09 12:15:07.552: W/art(12687): b6ca4000-b6ca7000 r-xp 00000000 103:07 1655 /system/lib/libmemtrack.so
10-09 12:15:07.552: W/art(12687): b6ca7000-b6ca8000 r--p 00002000 103:07 1655 /system/lib/libmemtrack.so
10-09 12:15:07.552: W/art(12687): b6ca8000-b6ca9000 rw-p 00003000 103:07 1655 /system/lib/libmemtrack.so
10-09 12:15:07.552: W/art(12687): b6ca9000-b6cb2000 r-xp 00000000 103:07 1534 /system/lib/libbacktrace.so
10-09 12:15:07.552: W/art(12687): b6cb2000-b6cb3000 r--p 00008000 103:07 1534 /system/lib/libbacktrace.so
10-09 12:15:07.552: W/art(12687): b6cb3000-b6cb4000 rw-p 00009000 103:07 1534 /system/lib/libbacktrace.so
10-09 12:15:07.552: W/art(12687): b6cb4000-b6cd3000 r-xp 00000000 103:07 1645 /system/lib/libm.so
10-09 12:15:07.552: W/art(12687): b6cd3000-b6cd4000 ---p 00000000 00:00 0
10-09 12:15:07.552: I/Icing(12568): Indexing com.google.android.apps.messaging-participantsCorpus from com.google.android.apps.messaging
10-09 12:15:07.552: W/art(12687): b6cd4000-b6cd5000 r--p 0001f000 103:07 1645 /system/lib/libm.so
10-09 12:15:07.552: W/art(12687): b6cd5000-b6cd6000 rw-p 00020000 103:07 1645 /system/lib/libm.so
10-09 12:15:07.552: W/art(12687): b6cd6000-b6d32000 r-xp 00000000 103:07 1544 /system/lib/libc.so
10-09 12:15:07.552: W/art(12687): b6d32000-b6d33000 ---p 00000000 00:00 0
10-09 12:15:07.552: W/art(12687): b6d33000-b6d36000 r--p 0005c000 103:07 1544 /system/lib/libc.so
10-09 12:15:07.552: W/art(12687): b6d36000-b6d39000 rw-p 0005f000 103:07 1544 /system/lib/libc.so
10-09 12:15:07.552: W/art(12687): b6d39000-b6d42000 rw-p 00000000 00:00 0
10-09 12:15:07.552: W/art(12687): b6d42000-b6dcb000 r-xp 00000000 103:07 1543 /system/lib/libc++.so
10-09 12:15:07.552: W/art(12687): b6dcb000-b6dcf000 r--p 00088000 103:07 1543 /system/lib/libc++.so
10-09 12:15:07.552: W/art(12687): b6dcf000-b6dd0000 rw-p 0008c000 103:07 1543 /system/lib/libc++.so
10-09 12:15:07.552: W/art(12687): b6dd0000-b6dd1000 rw-p 00000000 00:00 0
10-09 12:15:07.552: W/art(12687): b6dd1000-b6df9000 r-xp 00000000 103:07 1784 /system/lib/libwilhelm.so
10-09 12:15:07.552: W/art(12687): b6df9000-b6dfa000 ---p 00000000 00:00 0
10-09 12:15:07.552: W/art(12687): b6dfa000-b6dfd000 r--p 00028000 103:07 1784 /system/lib/libwilhelm.so
10-09 12:15:07.552: W/art(12687): b6dfd000-b6dfe000 rw-p 0002b000 103:07 1784 /system/lib/libwilhelm.so
10-09 12:15:07.552: W/art(12687): b6dfe000-b6ecf000 r-xp 00000000 103:07 1515 /system/lib/libandroid_runtime.so
10-09 12:15:07.552: W/art(12687): b6ecf000-b6ed0000 ---p 00000000 00:00 0
10-09 12:15:07.552: W/art(12687): b6ed0000-b6ed7000 r--p 000d1000 103:07 1515 /system/lib/libandroid_runtime.so
10-09 12:15:07.552: W/art(12687): b6ed7000-b6edf000 rw-p 000d8000 103:07 1515 /system/lib/libandroid_runtime.so
10-09 12:15:07.552: W/art(12687): b6edf000-b6ee0000 rw-p 00000000 00:00 0 [anon:linker_alloc_vector]
10-09 12:15:07.552: W/art(12687): b6ee0000-b6ee4000 r--p 00000000 00:00 0 [anon:linker_alloc]
10-09 12:15:07.552: W/art(12687): b6ee4000-b6f0a000 r-xp 00000000 103:07 1538 /system/lib/libbinder.so
10-09 12:15:07.552: W/art(12687): b6f0a000-b6f11000 r--p 00025000 103:07 1538 /system/lib/libbinder.so
10-09 12:15:07.552: W/art(12687): b6f11000-b6f12000 rw-p 0002c000 103:07 1538 /system/lib/libbinder.so
10-09 12:15:07.552: W/art(12687): b6f12000-b6f1a000 r-xp 00000000 103:07 1643 /system/lib/liblog.so
10-09 12:15:07.552: W/art(12687): b6f1a000-b6f1b000 r--p 00007000 103:07 1643 /system/lib/liblog.so
10-09 12:15:07.552: W/art(12687): b6f1b000-b6f1c000 rw-p 00008000 103:07 1643 /system/lib/liblog.so
10-09 12:15:07.553: W/art(12687): b6f1c000-b6f34000 r-xp 00000000 103:07 1776 /system/lib/libutils.so
10-09 12:15:07.553: W/art(12687): b6f34000-b6f35000 ---p 00000000 00:00 0
10-09 12:15:07.553: W/art(12687): b6f35000-b6f36000 r--p 00018000 103:07 1776 /system/lib/libutils.so
10-09 12:15:07.553: W/art(12687): b6f36000-b6f37000 rw-p 00019000 103:07 1776 /system/lib/libutils.so
10-09 12:15:07.553: W/art(12687): b6f37000-b6f46000 r-xp 00000000 103:07 1561 /system/lib/libcutils.so
10-09 12:15:07.553: W/art(12687): b6f46000-b6f47000 ---p 00000000 00:00 0
10-09 12:15:07.553: W/art(12687): b6f47000-b6f48000 r--p 0000f000 103:07 1561 /system/lib/libcutils.so
10-09 12:15:07.553: W/art(12687): b6f48000-b6f49000 rw-p 00010000 103:07 1561 /system/lib/libcutils.so
10-09 12:15:07.553: W/art(12687): b6f49000-b6f4a000 rw-p 00000000 00:00 0 [anon:linker_alloc_vector]
10-09 12:15:07.553: W/art(12687): b6f4a000-b6f4b000 rw-p 00000000 00:00 0 [anon:linker_alloc_64]
10-09 12:15:07.553: W/art(12687): b6f4b000-b6f4c000 r--p 00000000 00:00 0 [anon:linker_alloc]
10-09 12:15:07.553: W/art(12687): b6f4c000-b6f4d000 rw-p 00000000 00:00 0 [anon:linker_alloc]
10-09 12:15:07.553: W/art(12687): b6f4d000-b6f4e000 rw-p 00000000 00:00 0 [anon:linker_alloc_vector]
10-09 12:15:07.553: W/art(12687): b6f4e000-b6f4f000 rw-p 00000000 00:00 0 [anon:linker_alloc_32]
10-09 12:15:07.553: W/art(12687): b6f4f000-b6f50000 r--p 00000000 00:00 0 [anon:linker_alloc]
10-09 12:15:07.553: W/art(12687): b6f50000-b6f70000 r--s 00000000 00:0c 7705 /dev/__properties__
10-09 12:15:07.556: W/art(12687): b6f70000-b6f71000 r--p 00000000 00:00 0
10-09 12:15:07.556: W/art(12687): b6f71000-b6f72000 ---p 00000000 00:00 0
10-09 12:15:07.556: W/art(12687): b6f72000-b6f74000 rw-p 00000000 00:00 0 [anon:thread signal stack]
10-09 12:15:07.556: W/art(12687): b6f74000-b6f90000 r-xp 00000000 103:07 516 /system/bin/linker
10-09 12:15:07.556: W/art(12687): b6f90000-b6f91000 r-xp 00000000 00:00 0 [sigpage]
10-09 12:15:07.556: W/art(12687): b6f91000-b6f92000 r--p 0001c000 103:07 516 /system/bin/linker
10-09 12:15:07.556: W/art(12687): b6f92000-b6f94000 rw-p 0001d000 103:07 516 /system/bin/linker
10-09 12:15:07.556: W/art(12687): b6f94000-b6f96000 rw-p 00000000 00:00 0
10-09 12:15:07.556: W/art(12687): b6f96000-b6f9b000 r-xp 00000000 103:07 373 /system/bin/app_process32
10-09 12:15:07.557: W/art(12687): b6f9b000-b6f9c000 r--p 00004000 103:07 373 /system/bin/app_process32
10-09 12:15:07.557: W/art(12687): b6f9c000-b6f9d000 rw-p 00000000 00:00 0
10-09 12:15:07.557: W/art(12687): b7d06000-b7d38000 rw-p 00000000 00:00 0 [heap]
10-09 12:15:07.557: W/art(12687): be513000-bed12000 rw-p 00000000 00:00 0 [stack]
10-09 12:15:07.557: W/art(12687): ffff0000-ffff1000 r-xp 00000000 00:00 0 [vectors]
10-09 12:15:07.578: I/Icing(12568): Indexing done com.google.android.apps.messaging-participantsCorpus
10-09 12:15:07.581: I/Icing(12568): Indexing com.google.android.gms-internal.3p:MobileApplication from com.google.android.gms
10-09 12:15:07.601: I/GCoreUlr(12585): WorldUpdater:com.google.android.location.internal.server.ACTION_RESTARTED: Ensuring that reporting is stopped because of reasons: (no Google accounts)
10-09 12:15:07.607: I/GCoreUlr(12585): Unbound from all signal providers.
10-09 12:15:07.610: D/ICU(12687): No timezone override file found: /data/misc/zoneinfo/current/icu/icu_tzdata.dat
10-09 12:15:07.616: I/GCoreUlr(12585): DispatchingService ignoring Intent { act=android.net.wifi.WIFI_STATE_CHANGED flg=0x4000010 (has extras) } because ULR inactive
10-09 12:15:07.633: I/GCoreUlr(12585): Unbound from all signal providers.
10-09 12:15:07.634: I/GCoreUlr(12585): Stopping handler for UlrDispSvcFast
10-09 12:15:07.667: I/Radio-JNI(12687): register_android_hardware_Radio DONE
10-09 12:15:07.681: I/Icing(12568): Indexing com.google.android.apps.messaging-messagesCorpus from com.google.android.apps.messaging
10-09 12:15:07.695: I/Icing(12568): Indexing done com.google.android.apps.messaging-messagesCorpus
10-09 12:15:07.698: I/Icing(12568): Not indexing corpus from package com.google.android.music as it has never connected
10-09 12:15:07.698: E/Icing(12568): Aborting indexing of corpus songs
10-09 12:15:07.701: D/AndroidRuntime(12687): Calling main entry com.android.commands.input.Input
10-09 12:15:07.705: I/Input(12687): injectKeyEvent: KeyEvent { action=ACTION_DOWN, keyCode=KEYCODE_HOME, scanCode=0, metaState=0, flags=0x0, repeatCount=0, eventTime=2231282, downTime=2231282, deviceId=-1, source=0x101 }
10-09 12:15:07.712: I/Input(12687): injectKeyEvent: KeyEvent { action=ACTION_UP, keyCode=KEYCODE_HOME, scanCode=0, metaState=0, flags=0x0, repeatCount=0, eventTime=2231282, downTime=2231282, deviceId=-1, source=0x101 }
10-09 12:15:07.718: I/Icing(12568): Indexing done com.google.android.googlequicksearchbox-applications_uri
10-09 12:15:07.725: I/Icing(12568): Indexing done com.google.android.gms-internal.3p:MobileApplication
10-09 12:15:07.734: I/ActivityManager(1643): START u0 {act=android.intent.action.MAIN cat=[android.intent.category.HOME] flg=0x10200000 cmp=com.google.android.googlequicksearchbox/com.google.android.launcher.GEL (has extras)} from uid 1000 on display 0
10-09 12:15:07.744: D/AndroidRuntime(12687): Shutting down VM
10-09 12:15:07.749: I/GEL(3732): handleIntent(Intent { act=android.intent.action.MAIN cat=[android.intent.category.HOME] flg=0x10200000 cmp=com.google.android.googlequicksearchbox/com.google.android.launcher.GEL (has extras) })
10-09 12:15:08.492: I/ActivityManager(1643): Killing 3622:com.google.android.inputmethod.latin/u0a92 (adj 15): empty #7
10-09 12:15:08.524: D/ActivityManager(1643): cleanUpApplicationRecord -- 3622
10-09 12:15:08.566: D/WifiService(1643): releaseWifiLockLocked: WifiLock{NlpWifiLock type=2 binder=android.os.BinderProxy@5a8c371}
10-09 12:15:08.572: D/LBSSystemMonitorService(1643): handleMessage what - 7
10-09 12:15:08.572: D/Wiper_jni(1643): Send Passive Location.
10-09 12:15:08.595: W/GCoreFlp(12585): No location to return for getLastLocation()
10-09 12:15:08.832: I/SFPerfTracer(294): triggers: (rate: 0:2) (0 sw vsyncs) (0 skipped) (57:1160 vsyncs) (59:1474)
10-09 12:15:08.835: D/AndroidRuntime(12743): >>>>>> START com.android.internal.os.RuntimeInit uid 2000 <<<<<<
10-09 12:15:08.837: I/SFPerfTracer(294): triggers: (rate: 5:278) (compose: 0:1) (post: 0:0) (render: 0:2) (58:746 frames) (59:1067)
10-09 12:15:08.837: D/SFPerfTracer(294): layers: (4:13) (FocusedStackFrame (0xb716a740): 0:6)* (DimLayer (0xb7104748): 0:25)* (StatusBar (0xb7195eb8): 0:122) (NavigationBar (0xb71923d0): 0:7) (com.android.systemui.ImageWallpaper (0xb719db60): 0:11) (com.google.android.googlequicksearchbox/com.google.android.launcher.GEL (0xb7175860): 0:39)- (ScreenshotSurface (0xb7155668): 0:15)- (com.google.android.googlequicksearchbox/com.google.android.launcher.GEL (0xb7198d28): 59:76) (BlackSurface (0xb7133bc0): 0:14)- (BlackSurface (0xb7175860): 0:14)- (BlackSurface (0xb71775e8): 0:14)- (BlackSurface (0xb7179370): 0:14)-
10-09 12:15:08.841: D/AndroidRuntime(12743): CheckJNI is OFF
10-09 12:15:08.847: W/art(12743): 7007b000-70aa6000 rw-p 00000000 103:09 12202 /data/dalvik-cache/arm/system@framework@boot.art
10-09 12:15:08.847: W/art(12743): b10d5000-b310b000 r--p 00000000 103:07 1336 /system/framework/arm/boot.oat
10-09 12:15:08.847: W/art(12743): b310b000-b495f000 r-xp 02036000 103:07 1336 /system/framework/arm/boot.oat
10-09 12:15:08.847: W/art(12743): b495f000-b4960000 rw-p 0388a000 103:07 1336 /system/framework/arm/boot.oat
10-09 12:15:08.847: W/art(12743): b4960000-b497e000 r--p 00a2b000 103:09 12202 /data/dalvik-cache/arm/system@framework@boot.art
10-09 12:15:08.847: W/art(12743): b497e000-b497f000 rw-p 00000000 00:00 0 [anon:linker_alloc_vector]
10-09 12:15:08.847: W/art(12743): b4980000-b4983000 r-xp 00000000 103:07 1716 /system/lib/libsigchain.so
10-09 12:15:08.847: W/art(12743): b4983000-b4984000 r--p 00002000 103:07 1716 /system/lib/libsigchain.so
10-09 12:15:08.847: W/art(12743): b4984000-b4985000 rw-p 00003000 103:07 1716 /system/lib/libsigchain.so
10-09 12:15:08.847: W/art(12743): b4985000-b4dbb000 r-xp 00000000 103:07 1521 /system/lib/libart.so
10-09 12:15:08.847: W/art(12743): b4dbb000-b4dc5000 r--p 00435000 103:07 1521 /system/lib/libart.so
10-09 12:15:08.847: W/art(12743): b4dc5000-b4dc6000 rw-p 0043f000 103:07 1521 /system/lib/libart.so
10-09 12:15:08.847: W/art(12743): b4dc6000-b4dc8000 rw-p 00000000 00:00 0
10-09 12:15:08.847: W/art(12743): b4dc8000-b4dc9000 r--p 00000000 00:00 0
10-09 12:15:08.847: W/art(12743): b4dc9000-b4dca000 r--p 00000000 00:00 0
10-09 12:15:08.847: W/art(12743): b4dca000-b4dea000 r--s 00000000 00:0c 7705 /dev/__properties__
10-09 12:15:08.847: W/art(12743): b4dea000-b4deb000 rw-p 00000000 00:00 0 [anon:linker_alloc_vector]
10-09 12:15:08.847: W/art(12743): b4deb000-b57fd000 r-xp 00000000 103:07 1495 /system/lib/libLLVM.so
10-09 12:15:08.847: W/art(12743): b57fd000-b57fe000 ---p 00000000 00:00 0
10-09 12:15:08.847: W/art(12743): b57fe000-b5847000 r--p 00a12000 103:07 1495 /system/lib/libLLVM.so
10-09 12:15:08.847: W/art(12743): b5847000-b5848000 rw-p 00a5b000 103:07 1495 /system/lib/libLLVM.so
10-09 12:15:08.847: W/art(12743): b5848000-b5850000 rw-p 00000000 00:00 0
10-09 12:15:08.847: W/art(12743): b5850000-b5885000 r-xp 00000000 103:07 1537 /system/lib/libbcinfo.so
10-09 12:15:08.847: W/art(12743): b5885000-b5886000 ---p 00000000 00:00 0
10-09 12:15:08.847: W/art(12743): b5886000-b5887000 r--p 00035000 103:07 1537 /system/lib/libbcinfo.so
10-09 12:15:08.847: W/art(12743): b5887000-b5888000 rw-p 00036000 103:07 1537 /system/lib/libbcinfo.so
10-09 12:15:08.847: W/art(12743): b5888000-b5889000 r--p 00000000 00:00 0 [anon:linker_alloc]
10-09 12:15:08.847: W/art(12743): b5889000-b58e1000 r-xp 00000000 103:07 1536 /system/lib/libbcc.so
10-09 12:15:08.847: W/art(12743): b58e1000-b58e2000 ---p 00000000 00:00 0
10-09 12:15:08.847: W/art(12743): b58e2000-b58e3000 r--p 00058000 103:07 1536 /system/lib/libbcc.so
10-09 12:15:08.847: W/art(12743): b58e3000-b58e4000 rw-p 00059000 103:07 1536 /system/lib/libbcc.so
10-09 12:15:08.847: W/art(12743): b58e4000-b58ee000 r-xp 00000000 103:07 1557 /system/lib/libcommon_time_client.so
10-09 12:15:08.848: W/art(12743): b58ee000-b58f1000 r--p 00009000 103:07 1557 /system/lib/libcommon_time_client.so
10-09 12:15:08.848: W/art(12743): b58f1000-b58f2000 rw-p 0000c000 103:07 1557 /system/lib/libcommon_time_client.so
10-09 12:15:08.848: W/art(12743): b58f2000-b590a000 r-xp 00000000 103:07 1694 /system/lib/libprotobuf-cpp-lite.so
10-09 12:15:08.848: W/art(12743): b590a000-b590b000 r--p 00017000 103:07 1694 /system/lib/libprotobuf-cpp-lite.so
10-09 12:15:08.848: W/art(12743): b590b000-b590c000 rw-p 00018000 103:07 1694 /system/lib/libprotobuf-cpp-lite.so
10-09 12:15:08.848: W/art(12743): b590c000-b590d000 r--p 00000000 00:00 0
10-09 12:15:08.848: W/art(12743): b590d000-b5914000 r-xp 00000000 103:07 1733 /system/lib/libstagefright_avc_common.so
10-09 12:15:08.848: W/art(12743): b5914000-b5915000 r--p 00006000 103:07 1733 /system/lib/libstagefright_avc_common.so
10-09 12:15:08.848: W/art(12743): b5915000-b5916000 rw-p 00007000 103:07 1733 /system/lib/libstagefright_avc_common.so
10-09 12:15:08.848: W/art(12743): b5916000-b5919000 r-xp 00000000 103:07 1734 /system/lib/libstagefright_enc_common.so
10-09 12:15:08.848: W/art(12743): b5919000-b591a000 r--p 00002000 103:07 1734 /system/lib/libstagefright_enc_common.so
10-09 12:15:08.848: W/art(12743): b591a000-b591b000 rw-p 00003000 103:07 1734 /system/lib/libstagefright_enc_common.so
10-09 12:15:08.848: W/art(12743): b591b000-b591f000 r-xp 00000000 103:07 1691 /system/lib/libpowermanager.so
10-09 12:15:08.848: W/art(12743): b591f000-b5920000 ---p 00000000 00:00 0
10-09 12:15:08.848: W/art(12743): b5920000-b5921000 r--p 00004000 103:07 1691 /system/lib/libpowermanager.so
10-09 12:15:08.848: W/art(12743): b5921000-b5922000 rw-p 00005000 103:07 1691 /system/lib/libpowermanager.so
10-09 12:15:08.848: W/art(12743): b5922000-b593e000 r-xp 00000000 103:07 1778 /system/lib/libvorbisidec.so
10-09 12:15:08.848: W/art(12743): b593e000-b593f000 r--p 0001b000 103:07 1778 /system/lib/libvorbisidec.so
10-09 12:15:08.848: W/art(12743): b593f000-b5940000 rw-p 0001c000 103:07 1778 /system/lib/libvorbisidec.so
10-09 12:15:08.848: W/art(12743): b5940000-b5945000 r-xp 00000000 103:07 1760 /system/lib/libstagefright_yuv.so
10-09 12:15:08.848: W/art(12743): b5945000-b5946000 r--p 00004000 103:07 1760 /system/lib/libstagefright_yuv.so
10-09 12:15:08.848: W/art(12743): b5946000-b5947000 rw-p 00005000 103:07 1760 /system/lib/libstagefright_yuv.so
10-09 12:15:08.848: W/art(12743): b5947000-b5975000 r-xp 00000000 103:07 1738 /system/lib/libstagefright_omx.so
10-09 12:15:08.848: W/art(12743): b5975000-b5976000 ---p 00000000 00:00 0
10-09 12:15:08.848: W/art(12743): b5976000-b5979000 r--p 0002e000 103:07 1738 /system/lib/libstagefright_omx.so
10-09 12:15:08.848: W/art(12743): b5979000-b597a000 rw-p 00031000 103:07 1738 /system/lib/libstagefright_omx.so
10-09 12:15:08.848: W/art(12743): b597a000-b597b000 r--p 00000000 00:00 0 [anon:linker_alloc]
10-09 12:15:08.848: W/art(12743): b597b000-b59b4000 r-xp 00000000 103:07 1681 /system/lib/libopus.so
10-09 12:15:08.848: W/art(12743): b59b4000-b59b5000 ---p 00000000 00:00 0
10-09 12:15:08.848: W/art(12743): b59b5000-b59b6000 r--p 00039000 103:07 1681 /system/lib/libopus.so
10-09 12:15:08.848: W/art(12743): b59b6000-b59b7000 rw-p 0003a000 103:07 1681 /system/lib/libopus.so
10-09 12:15:08.848: W/art(12743): b59b7000-b59be000 r-xp 00000000 103:07 1653 /system/lib/libmediautils.so
10-09 12:15:08.848: W/art(12743): b59be000-b59bf000 ---p 00000000 00:00 0
10-09 12:15:08.848: W/art(12743): b59bf000-b59c0000 r--p 00007000 103:07 1653 /system/lib/libmediautils.so
10-09 12:15:08.848: W/art(12743): b59c0000-b59c1000 rw-p 00008000 103:07 1653 /system/lib/libmediautils.so
10-09 12:15:08.848: W/art(12743): b59c1000-b59d6000 r-xp 00000000 103:07 1569 /system/lib/libdrmframework.so
10-09 12:15:08.848: W/art(12743): b59d6000-b59d7000 ---p 00000000 00:00 0
10-09 12:15:08.848: W/art(12743): b59d7000-b59da000 r--p 00015000 103:07 1569 /system/lib/libdrmframework.so
10-09 12:15:08.848: W/art(12743): b59da000-b59db000 rw-p 00018000 103:07 1569 /system/lib/libdrmframework.so
10-09 12:15:08.848: W/art(12743): b59db000-b59f9000 r-xp 00000000 103:07 1510 /system/lib/libRScpp.so
10-09 12:15:08.849: W/art(12743): b59f9000-b59fa000 ---p 00000000 00:00 0
10-09 12:15:08.849: W/art(12743): b59fa000-b59fb000 r--p 0001e000 103:07 1510 /system/lib/libRScpp.so
10-09 12:15:08.849: W/art(12743): b59fb000-b59fc000 rw-p 0001f000 103:07 1510 /system/lib/libRScpp.so
10-09 12:15:08.850: W/art(12743): b59fc000-b5a3a000 r-xp 00000000 103:07 1507 /system/lib/libRS.so
10-09 12:15:08.850: W/art(12743): b5a3a000-b5a3b000 ---p 00000000 00:00 0
10-09 12:15:08.850: W/art(12743): b5a3b000-b5a3d000 r--p 0003e000 103:07 1507 /system/lib/libRS.so
10-09 12:15:08.850: W/art(12743): b5a3d000-b5a3e000 rw-p 00040000 103:07 1507 /system/lib/libRS.so
10-09 12:15:08.850: W/art(12743): b5a3e000-b5a45000 r-xp 00000000 103:07 1727 /system/lib/libspeexresampler.so
10-09 12:15:08.850: W/art(12743): b5a45000-b5a46000 r--p 00006000 103:07 1727 /system/lib/libspeexresampler.so
10-09 12:15:08.850: W/art(12743): b5a46000-b5a47000 rw-p 00007000 103:07 1727 /system/lib/libspeexresampler.so
10-09 12:15:08.850: W/art(12743): b5a47000-b5a50000 r-xp 00000000 103:07 1673 /system/lib/libnbaio.so
10-09 12:15:08.850: W/art(12743): b5a50000-b5a51000 r--p 00008000 103:07 1673 /system/lib/libnbaio.so
10-09 12:15:08.850: W/art(12743): b5a51000-b5a52000 rw-p 00009000 103:07 1673 /system/lib/libnbaio.so
10-09 12:15:08.850: W/art(12743): b5a52000-b5a64000 r-xp 00000000 103:07 1685 /system/lib/libpcre.so
10-09 12:15:08.850: W/art(12743): b5a64000-b5a65000 r--p 00011000 103:07 1685 /system/lib/libpcre.so
10-09 12:15:08.850: W/art(12743): b5a65000-b5a66000 rw-p 00012000 103:07 1685 /system/lib/libpcre.so
10-09 12:15:08.850: W/art(12743): b5a66000-b5a6b000 r-xp 00000000 103:07 1785 /system/lib/libwpa_client.so
10-09 12:15:08.850: W/art(12743): b5a6b000-b5a6c000 r--p 00004000 103:07 1785 /system/lib/libwpa_client.so
10-09 12:15:08.850: W/art(12743): b5a6c000-b5a6d000 rw-p 00005000 103:07 1785 /system/lib/libwpa_client.so
10-09 12:15:08.850: W/art(12743): b5a6d000-b5a6f000 r--p 00000000 00:00 0 [anon:linker_alloc]
10-09 12:15:08.850: W/art(12743): b5a6f000-b5add000 r-xp 00000000 103:07 1491 /system/lib/libGLES_trace.so
10-09 12:15:08.850: W/art(12743): b5add000-b5adf000 r--p 0006d000 103:07 1491 /system/lib/libGLES_trace.so
10-09 12:15:08.850: W/art(12743): b5adf000-b5ae0000 rw-p 0006f000 103:07 1491 /system/lib/libGLES_trace.so
10-09 12:15:08.850: W/art(12743): b5ae0000-b5b16000 r-xp 00000000 103:07 2947 /system/vendor/lib/libqc-opt.so
10-09 12:15:08.850: W/art(12743): b5b16000-b5b17000 r--p 00035000 103:07 2947 /system/vendor/lib/libqc-opt.so
10-09 12:15:08.850: W/art(12743): b5b17000-b5b18000 rw-p 00036000 103:07 2947 /system/vendor/lib/libqc-opt.so
10-09 12:15:08.850: W/art(12743): b5b18000-b5b7c000 r-xp 00000000 103:07 1610 /system/lib/libft2.so
10-09 12:15:08.850: W/art(12743): b5b7c000-b5b7e000 r--p 00063000 103:07 1610 /system/lib/libft2.so
10-09 12:15:08.850: W/art(12743): b5b7e000-b5b7f000 rw-p 00065000 103:07 1610 /system/lib/libft2.so
10-09 12:15:08.850: W/art(12743): b5b7f000-b5ba4000 r-xp 00000000 103:07 1689 /system/lib/libpng.so
10-09 12:15:08.850: W/art(12743): b5ba4000-b5ba5000 r--p 00024000 103:07 1689 /system/lib/libpng.so
10-09 12:15:08.850: W/art(12743): b5ba5000-b5ba6000 rw-p 00025000 103:07 1689 /system/lib/libpng.so
10-09 12:15:08.850: W/art(12743): b5ba6000-b5ba9000 r-xp 00000000 103:07 1766 /system/lib/libsync.so
10-09 12:15:08.850: W/art(12743): b5ba9000-b5baa000 r--p 00002000 103:07 1766 /system/lib/libsync.so
10-09 12:15:08.850: W/art(12743): b5baa000-b5bab000 rw-p 00003000 103:07 1766 /system/lib/libsync.so
10-09 12:15:08.850: W/art(12743): b5bab000-b5bb0000 r-xp 00000000 103:07 1762 /system/lib/libstdc++.so
10-09 12:15:08.850: W/art(12743): b5bb0000-b5bb1000 r--p 00004000 103:07 1762 /system/lib/libstdc++.so
10-09 12:15:08.850: W/art(12743): b5bb1000-b5bb2000 rw-p 00005000 103:07 1762 /system/lib/libstdc++.so
10-09 12:15:08.850: W/art(12743): b5bb2000-b5bc2000 r-xp 00000000 103:07 1774 /system/lib/libunwind.so
10-09 12:15:08.850: W/art(12743): b5bc2000-b5bc3000 r--p 0000f000 103:07 1774 /system/lib/libunwind.so
10-09 12:15:08.850: W/art(12743): b5bc3000-b5bc4000 rw-p 00010000 103:07 1774 /system/lib/libunwind.so
10-09 12:15:08.850: W/art(12743): b5bc4000-b5c0a000 rw-p 00000000 00:00 0
10-09 12:15:08.850: W/art(12743): b5c0a000-b5c13000 r-xp 00000000 103:07 1535 /system/lib/libbase.so
10-09 12:15:08.850: W/art(12743): b5c13000-b5c14000 r--p 00008000 103:07 1535 /system/lib/libbase.so
10-09 12:15:08.850: W/art(12743): b5c14000-b5c15000 rw-p 00009000 103:07 1535 /system/lib/libbase.so
10-09 12:15:08.850: W/art(12743): b5c15000-b5c1a000 r-xp 00000000 103:07 1595 /system/lib/libeffects.so
10-09 12:15:08.850: W/art(12743): b5c1a000-b5c1b000 r--p 00004000 103:07 1595 /system/lib/libeffects.so
10-09 12:15:08.850: W/art(12743): b5c1b000-b5c1c000 rw-p 00005000 103:07 1595 /system/lib/libeffects.so
10-09 12:15:08.850: W/art(12743): b5c1c000-b5c1d000 r--p 00000000 00:00 0 [anon:linker_alloc]
