10-09 12:16:03.919: W/art(14357): b6f35000-b6f36000 rw-p 00000000 00:00 0 [anon:linker_alloc_vector]
10-09 12:16:03.919: W/art(14357): b6f36000-b6f37000 rw-p 00000000 00:00 0 [anon:linker_alloc_32]
10-09 12:16:03.919: W/art(14357): b6f37000-b6f38000 r--p 00000000 00:00 0 [anon:linker_alloc]
10-09 12:16:03.919: W/art(14357): b6f38000-b6f58000 r--s 00000000 00:0c 7705 /dev/__properties__
10-09 12:16:03.919: W/art(14357): b6f58000-b6f59000 r--p 00000000 00:00 0
10-09 12:16:03.919: W/art(14357): b6f59000-b6f5a000 ---p 00000000 00:00 0
10-09 12:16:03.919: W/art(14357): b6f5a000-b6f5c000 rw-p 00000000 00:00 0 [anon:thread signal stack]
10-09 12:16:03.919: W/art(14357): b6f5c000-b6f78000 r-xp 00000000 103:07 516 /system/bin/linker
10-09 12:16:03.919: W/art(14357): b6f78000-b6f79000 r-xp 00000000 00:00 0 [sigpage]
10-09 12:16:03.919: W/art(14357): b6f79000-b6f7a000 r--p 0001c000 103:07 516 /system/bin/linker
10-09 12:16:03.919: W/art(14357): b6f7a000-b6f7c000 rw-p 0001d000 103:07 516 /system/bin/linker
10-09 12:16:03.919: W/art(14357): b6f7c000-b6f7e000 rw-p 00000000 00:00 0
10-09 12:16:03.919: W/art(14357): b6f7e000-b6f83000 r-xp 00000000 103:07 373 /system/bin/app_process32
10-09 12:16:03.919: W/art(14357): b6f83000-b6f84000 r--p 00004000 103:07 373 /system/bin/app_process32
10-09 12:16:03.919: W/art(14357): b6f84000-b6f85000 rw-p 00000000 00:00 0
10-09 12:16:03.919: W/art(14357): b82d5000-b8307000 rw-p 00000000 00:00 0 [heap]
10-09 12:16:03.919: W/art(14357): be02d000-be82c000 rw-p 00000000 00:00 0 [stack]
10-09 12:16:03.919: W/art(14357): ffff0000-ffff1000 r-xp 00000000 00:00 0 [vectors]
10-09 12:16:03.957: D/ICU(14357): No timezone override file found: /data/misc/zoneinfo/current/icu/icu_tzdata.dat
10-09 12:16:04.008: I/Radio-JNI(14357): register_android_hardware_Radio DONE
10-09 12:16:04.040: D/AndroidRuntime(14357): Calling main entry com.android.commands.am.Am
10-09 12:16:04.046: I/ActivityManager(1643): Force stopping site.studiofun.TapTapTap appid=10128 user=0: start instr
10-09 12:16:04.046: I/ActivityManager(1643): Killing 11323:android.process.acore/u0a14 (adj 15): empty #7
10-09 12:16:04.089: I/ActivityManager(1643): Start proc 14386:site.studiofun.TapTapTap/u0a128 for added application site.studiofun.TapTapTap
10-09 12:16:04.091: D/ActivityManager(1643): cleanUpApplicationRecord -- 11323
10-09 12:16:04.128: W/System(14386): ClassLoader referenced unknown path: /data/app/com.google.android.apps.mtaas.crawler-1/lib/arm
10-09 12:16:04.128: W/System(14386): [
10-09 12:16:04.157 14386:14386 W/ ]
10-09 12:16:04.128: W/System(14386): Unable to open '/system/framework/prcui-config.jar': No such file or directory
10-09 12:16:04.158: W/art(14386): Failed to open zip archive '/system/framework/prcui-config.jar': I/O Error
10-09 12:16:04.166: I/MonitoringInstr(14386): Instrumentation started!
10-09 12:16:04.177: I/MonitoringInstr(14386): Setting context classloader to 'dalvik.system.PathClassLoader[DexPathList[[zip file "/system/framework/android.test.runner.jar", zip file "/data/app/com.google.android.apps.mtaas.crawler-1/base.apk", zip file "/data/app/site.studiofun.TapTapTap-1/base.apk"],nativeLibraryDirectories=[/data/app/com.google.android.apps.mtaas.crawler-1/lib/arm, /data/app/site.studiofun.TapTapTap-1/lib/arm, /data/app/com.google.android.apps.mtaas.crawler-1/base.apk!/lib/armeabi-v7a, /data/app/site.studiofun.TapTapTap-1/base.apk!/lib/armeabi-v7a, /vendor/lib, /system/lib]]]', Original: 'dalvik.system.PathClassLoader[DexPathList[[zip file "/system/framework/android.test.runner.jar", zip file "/data/app/com.google.android.apps.mtaas.crawler-1/base.apk", zip file "/data/app/site.studiofun.TapTapTap-1/base.apk"],nativeLibraryDirectories=[/data/app/com.google.android.apps.mtaas.crawler-1/lib/arm, /data/app/site.studiofun.TapTapTap-1/lib/arm, /data/app/com.google.android.apps.mtaas.crawler-1/base.apk!/lib/armeabi-v7a, /data/app/site.studiofun.TapTapTap-1/base.apk!/lib/armeabi-v7a, /vendor/lib, /system/lib]]]'
10-09 12:16:04.178: D/ApplicationLifecycleMonitorImpl(14386): running callback: com.google.android.apps.mtaas.crawler.SignaturePatchingCallback@42b2ee
10-09 12:16:04.178: D/ApplicationLifecycleMonitorImpl(14386): [
10-09 12:16:04.178 14386:14386 W/ ]
10-09 12:16:04.178: D/ApplicationLifecycleMonitorImpl(14386): Unable to open '/system/framework/prcui-config.jar': No such file or directory
10-09 12:16:04.178: W/art(14386): Failed to open zip archive '/system/framework/prcui-config.jar': I/O Error
10-09 12:16:04.246: D/ApplicationLifecycleMonitorImpl(14386): callback completes: com.google.android.apps.mtaas.crawler.SignaturePatchingCallback@42b2ee
10-09 12:16:04.246: D/ApplicationLifecycleMonitorImpl(14386): running callback: com.google.android.apps.mtaas.crawler.SignaturePatchingCallback@42b2ee
10-09 12:16:04.246: D/ApplicationLifecycleMonitorImpl(14386): callback completes: com.google.android.apps.mtaas.crawler.SignaturePatchingCallback@42b2ee
10-09 12:16:04.247: I/MonitoringInstr(14386): No JSBridge.
10-09 12:16:04.248: I/MonitoringInstr(14386): Setting context classloader to 'dalvik.system.PathClassLoader[DexPathList[[zip file "/system/framework/android.test.runner.jar", zip file "/data/app/com.google.android.apps.mtaas.crawler-1/base.apk", zip file "/data/app/site.studiofun.TapTapTap-1/base.apk"],nativeLibraryDirectories=[/data/app/com.google.android.apps.mtaas.crawler-1/lib/arm, /data/app/site.studiofun.TapTapTap-1/lib/arm, /data/app/com.google.android.apps.mtaas.crawler-1/base.apk!/lib/armeabi-v7a, /data/app/site.studiofun.TapTapTap-1/base.apk!/lib/armeabi-v7a, /vendor/lib, /system/lib]]]', Original: 'dalvik.system.PathClassLoader[DexPathList[[zip file "/system/framework/android.test.runner.jar", zip file "/data/app/com.google.android.apps.mtaas.crawler-1/base.apk", zip file "/data/app/site.studiofun.TapTapTap-1/base.apk"],nativeLibraryDirectories=[/data/app/com.google.android.apps.mtaas.crawler-1/lib/arm, /data/app/site.studiofun.TapTapTap-1/lib/arm, /data/app/com.google.android.apps.mtaas.crawler-1/base.apk!/lib/armeabi-v7a, /data/app/site.studiofun.TapTapTap-1/base.apk!/lib/armeabi-v7a, /vendor/lib, /system/lib]]]'
10-09 12:16:04.263: I/UsageTrackerFacilitator(14386): Usage tracking disabled
10-09 12:16:04.280: D/TestExecutor(14386): Adding listener androidx.test.internal.runner.listener.LogRunListener
10-09 12:16:04.281: D/TestExecutor(14386): Adding listener androidx.test.internal.runner.listener.InstrumentationResultPrinter
10-09 12:16:04.281: D/TestExecutor(14386): Adding listener androidx.test.internal.runner.listener.ActivityFinisherRunListener
10-09 12:16:04.290: I/TestRunner(14386): run started: 1 tests
10-09 12:16:04.292: I/TestRunner(14386): started: testEntry(com.google.android.apps.mtaas.crawler.CrawlPlatform)
10-09 12:16:04.294: I/MonitoringInstr(14386): Activities that are still in CREATED to STOPPED: 0
10-09 12:16:04.294: I/MonitoringInstr(14386): [
10-09 12:16:04.300 14386:14401 W/ ]
10-09 12:16:04.294: I/MonitoringInstr(14386): Unable to open '/system/framework/prcui-config.jar': No such file or directory
10-09 12:16:04.300: W/art(14386): Failed to open zip archive '/system/framework/prcui-config.jar': I/O Error
10-09 12:16:04.321: I/Robo(14386): Performing experiment gameMode.
10-09 12:16:04.322: I/Robo(14386): Performing experiment monkeyTouchMode.
10-09 12:16:04.324: I/Robo(14386): detectNonSdkApiUsage(..) is not available.
10-09 12:16:04.324: I/Robo(14386): [
10-09 12:16:04.370 14386:14401 W/ ]
10-09 12:16:04.324: I/Robo(14386): Unable to open '/system/framework/prcui-config.jar': No such file or directory
10-09 12:16:04.370: W/art(14386): Failed to open zip archive '/system/framework/prcui-config.jar': I/O Error
10-09 12:16:04.375: I/Robo(14386): Before bind
10-09 12:16:04.377: I/Robo(14332): onBind
10-09 12:16:04.377: I/Robo(14386): After bind true
10-09 12:16:04.381: I/Robo(14386): onServiceConnected
10-09 12:16:04.386: I/Robo(14332): Platform is ready.
10-09 12:16:04.387: W/Robo(14332): Current package [INITIAL_SCREEN_PACKAGE_NAME] is out of whitelisted packages
10-09 12:16:04.388: I/Robo(14332): New Screen: Optional.of(ScreenNode {Id=0, PackageName=INITIAL_SCREEN_PACKAGE_NAME, ActivityName=Optional.absent()})
10-09 12:16:04.388: W/Robo(14332): Current package [INITIAL_SCREEN_PACKAGE_NAME] is out of whitelisted packages
10-09 12:16:04.398: I/Robo(14332): No starting intents specified. Launching with default launcher intent.
10-09 12:16:04.399: I/Robo(14332): Starting crawl for intent Launcher activity.
10-09 12:16:04.399: I/Robo(14332): [
10-09 12:16:04.409 14332:14411 W/ ]
10-09 12:16:04.399: I/Robo(14332): Unable to open '/system/framework/prcui-config.jar': No such file or directory
10-09 12:16:04.410: W/art(14332): Failed to open zip archive '/system/framework/prcui-config.jar': I/O Error
10-09 12:16:04.410: W/art(14332): [
10-09 12:16:04.446 14332:14411 W/ ]
10-09 12:16:04.410: W/art(14332): Unable to open '/system/framework/prcui-config.jar': No such file or directory
10-09 12:16:04.446: W/art(14332): Failed to open zip archive '/system/framework/prcui-config.jar': I/O Error
10-09 12:16:04.446: W/art(14332): [
10-09 12:16:04.460 14332:14411 W/ ]
10-09 12:16:04.446: W/art(14332): Unable to open '/system/framework/prcui-config.jar': No such file or directory
10-09 12:16:04.460: W/art(14332): Failed to open zip archive '/system/framework/prcui-config.jar': I/O Error
10-09 12:16:04.460: W/art(14332): [
10-09 12:16:04.472 14332:14411 W/ ]
10-09 12:16:04.460: W/art(14332): Unable to open '/system/framework/prcui-config.jar': No such file or directory
10-09 12:16:04.472: W/art(14332): Failed to open zip archive '/system/framework/prcui-config.jar': I/O Error
10-09 12:16:04.472: W/art(14332): [
10-09 12:16:04.480 14332:14411 W/ ]
10-09 12:16:04.472: W/art(14332): Unable to open '/system/framework/prcui-config.jar': No such file or directory
10-09 12:16:04.480: W/art(14332): Failed to open zip archive '/system/framework/prcui-config.jar': I/O Error
10-09 12:16:04.490: I/Robo(14332): Performing LaunchAction {site.studiofun.TapTapTap} .
10-09 12:16:04.490: I/Robo(14332): Create an overlay
10-09 12:16:04.495: I/Robo(14386): Launching app using startActivitySync.
10-09 12:16:04.507: I/ActivityManager(1643): START u0 {act=android.intent.action.MAIN cat=[android.intent.category.LAUNCHER] flg=0x14000000 pkg=site.studiofun.TapTapTap cmp=site.studiofun.TapTapTap/com.unity3d.player.UnityPlayerActivity} from uid 10128 on display 0
10-09 12:16:04.523: D/ProcSpeedReader(3357): Failed to read freq stats from null
10-09 12:16:04.529: E/Sensors(1643): AccSensor::setDelay handle:1 delay:66
10-09 12:16:04.529: E/Sensors(1643): AccSensor::setDelay finished!!!
10-09 12:16:04.529: E/Sensors(1643): AccSensor::setEnable handle:1 enable:1
10-09 12:16:04.529: E/Sensors(1643): AccSensor::setEnable handle:1 oldStatus=0 newStatus=1
10-09 12:16:04.533: E/Sensors(1643): AccSensor::setEnable finished!!!
10-09 12:16:04.577: D/ProcSpeedReader(3357): Failed to read freq stats from null
10-09 12:16:04.587: D/LifecycleMonitor(14386): Lifecycle status change: com.unity3d.player.UnityPlayerActivity@9ae9ef3 in: PRE_ON_CREATE
10-09 12:16:04.707: D/LifecycleMonitor(14386): Lifecycle status change: com.unity3d.player.UnityPlayerActivity@9ae9ef3 in: CREATED
10-09 12:16:04.708: D/LifecycleMonitor(14386): Lifecycle status change: com.unity3d.player.UnityPlayerActivity@9ae9ef3 in: STARTED
10-09 12:16:04.708: D/LifecycleMonitor(14386): Lifecycle status change: com.unity3d.player.UnityPlayerActivity@9ae9ef3 in: RESUMED
10-09 12:16:04.731: D/OpenGLRenderer(14386): Use EGL_SWAP_BEHAVIOR_PRESERVED: true
10-09 12:16:04.859: I/art(1643): Background partial concurrent mark sweep GC freed 46498(2MB) AllocSpace objects, 10(220KB) LOS objects, 33% free, 20MB/30MB, paused 2.826ms total 139.983ms
10-09 12:16:04.939: I/SFPerfTracer(294): trigger: post (33.703 ms) (17.036 ms off for 5 triggers) (5 triggers) (5 posts)
10-09 12:16:04.939: I/SFPerfTracer(294): trigger: render (42.310 ms) (17.310 ms off for 5 triggers) (5 triggers) (5 renders)
10-09 12:16:05.035: I/Adreno-EGL(14386): : EGL 1.4 QUALCOMM build: (Ifd751822f5)
10-09 12:16:05.035: I/Adreno-EGL(14386): OpenGL ES Shader Compiler Version: XE031.06.00.05
10-09 12:16:05.035: I/Adreno-EGL(14386): Build Date: 01/26/16 Tue 10-09 12:16:05.035: I/Adreno-EGL(14386): Local Branch: AU12_SBA
10-09 12:16:05.035: I/Adreno-EGL(14386): Remote Branch:
10-09 12:16:05.035: I/Adreno-EGL(14386): Local Patches:
10-09 12:16:05.035: I/Adreno-EGL(14386): Reconstruct Branch:
10-09 12:16:05.046: I/OpenGLRenderer(14386): Initialized EGL, version 1.4
10-09 12:16:05.403: I/LaunchCheckinHandler(1643): Displayed site.studiofun.TapTapTap/com.unity3d.player.UnityPlayerActivity,wp,ca,875
10-09 12:16:05.404: I/ActivityManager(1643): Displayed site.studiofun.TapTapTap/com.unity3d.player.UnityPlayerActivity: +875ms
10-09 12:16:05.416: I/Robo(14386): Launching using Instrumentation succeeded after 919 milliseconds.
10-09 12:16:05.417: I/Robo(14332): Action has been performed.
10-09 12:16:05.417: I/Robo(14332): [
10-09 12:16:05.438 14386:14415 W/ ]
10-09 12:16:05.417: I/Robo(14332): Unable to open '/system/framework/prcui-config.jar': No such file or directory
10-09 12:16:05.438: W/art(14386): Failed to open zip archive '/system/framework/prcui-config.jar': I/O Error
10-09 12:16:05.439: E/Unity(14386): Unable to find libAudioPluginOculusSpatializer
10-09 12:16:05.494: E/Sensors(1643): AccSensor::setEnable handle:1 enable:0
10-09 12:16:05.494: E/Sensors(1643): AccSensor::setEnable handle:1 oldStatus=1 newStatus=0
10-09 12:16:05.495: E/Sensors(1643): AccSensor::setEnable finished!!!
10-09 12:16:05.497: W/Adreno-EGL(14386): : EGL_BAD_MATCH
10-09 12:16:05.499: W/Adreno-EGL(14386): : EGL_BAD_ATTRIBUTE
10-09 12:16:05.499: W/Adreno-EGL(14386): : EGL_BAD_ATTRIBUTE
10-09 12:16:05.600: D/Unity(14386): GL_AMD_compressed_ATC_texture GL_AMD_performance_monitor GL_AMD_program_binary_Z400 GL_EXT_debug_label GL_EXT_debug_marker GL_EXT_discard_framebuffer GL_EXT_robustness GL_EXT_texture_format_BGRA8888 GL_EXT_texture_type_2_10_10_10_REV GL_NV_fence GL_OES_compressed_ETC1_RGB8_texture GL_OES_depth_texture GL_OES_depth24 GL_OES_EGL_image GL_OES_EGL_sync GL_OES_EGL_image_external GL_OES_element_index_uint GL_OES_fbo_render_mipmap GL_OES_fragment_precision_high GL_OES_get_program_binary GL_OES_packed_depth_stencil GL_OES_depth_texture_cube_map GL_OES_rgb8_rgba8 GL_OES_standard_derivatives GL_OES_texture_3D GL_OES_texture_float GL_OES_texture_half_float GL_OES_texture_half_float_linear GL_OES_texture_npot GL_OES_vertex_half_float GL_OES_vertex_type_10_10_10_2 GL_OES_vertex_array_object GL_QCOM_alpha_test GL_QCOM_binning_control GL_QCOM_driver_control GL_QCOM_perfmon_global_mode GL_QCOM_extended_get GL_QCOM_extended_get2 GL_QCOM_tiled_rendering GL_QCOM_writeonly_rendering GL_EXT_sRGB GL_EXT_sRGB_write_control GL_EXT
10-09 12:16:05.600: D/Unity(14386): _texture_sRGB_decode GL_EXT_texture_filter_anisotropic GL_EXT_multisampled_render_to_texture GL_EXT_color_buffer_float GL_EXT_color_buffer_half_float GL_EXT_disjoint_timer_query
10-09 12:16:05.608: D/VoldConnector(1643): SND -> {19 volume mkdirs /storage/emulated/0/Android/data/site.studiofun.TapTapTap/cache/}
10-09 12:16:05.612: D/VoldConnector(1643): RCV <- {200 19 Command succeeded}
10-09 12:16:05.671: D/PermissionCache(294): checking android.permission.READ_FRAME_BUFFER for uid=2000 => granted (291 us)
10-09 12:16:05.759: W/SurfaceFlinger(294): couldn't log to binary event log: overflow.
10-09 12:16:05.864: I/Robo(14386): Espresso: Milliseconds to extract current screen state: 445
10-09 12:16:05.865: I/Robo(14386): width = 1280, height = 720
10-09 12:16:05.866: I/Robo(14386): ExecutionResult: SUCCESS
10-09 12:16:05.875: I/Robo(14386): copied 783 bytes
10-09 12:16:05.891: D/audio_hw_primary(335): out_set_parameters: enter: usecase(1: low-latency-playback) kvpairs: routing=8
10-09 12:16:05.891: D/audio_hw_extn(335): audio_extn_set_anc_parameters: anc_enabled:0
10-09 12:16:05.891: E/soundtrigger(335): audio_extn_sound_trigger_set_parameters: str_params NULL
10-09 12:16:05.929: D/audio_hw_primary(335): start_output_stream: enter: stream(0xb7e6ac40)usecase(1: low-latency-playback) devices(0x8)
10-09 12:16:05.929: V/msm8916_platform(335): platform_get_output_snd_device: enter: output devices(0x8)
10-09 12:16:05.929: V/msm8916_platform(335): platform_get_output_snd_device: exit: snd_device(headphones)
10-09 12:16:05.929: D/audio_hw_primary(335): select_devices: out_snd_device(4: headphones) in_snd_device(0: )
10-09 12:16:05.929: D/hardware_info(335): hw_info_append_hw_type : device_name = headphones
10-09 12:16:05.937: W/audio_hw_utils(335): audio_extn_utils_update_stream_app_type_cfg: App type could not be selected. Falling back to default
10-09 12:16:05.937: I/audio_hw_primary(335): select_devices Selected apptype: 69936
10-09 12:16:05.937: V/msm8916_platform(335): platform_get_output_snd_device: enter: output devices(0x8)
10-09 12:16:05.937: V/msm8916_platform(335): platform_get_output_snd_device: exit: snd_device(headphones)
10-09 12:16:05.937: V/msm8916_platform(335): platform_send_audio_calibration: sending audio calibration for snd_device(4) acdb_id(9)
10-09 12:16:05.937: D/ACDB-LOADER(335): ACDB -> send_audio_cal, acdb_id = 9, path = 0
10-09 12:16:05.937: D/ACDB-LOADER(335): ACDB -> send_asm_topology
10-09 12:16:05.938: D/ACDB-LOADER(335): ACDB -> ACDB_CMD_GET_AUDPROC_STREAM_TOPOLOGY_ID
10-09 12:16:05.938: D/ACDB-LOADER(335): ACDB -> send_adm_topology
10-09 12:16:05.938: D/ACDB-LOADER(335): ACDB -> ACDB_CMD_GET_AUDPROC_COMMON_TOPOLOGY_ID
10-09 12:16:05.938: D/ACDB-LOADER(335): ACDB -> send_audtable
10-09 12:16:05.938: D/ACDB-LOADER(335): ACDB -> ACDB_CMD_GET_AUDPROC_COMMON_TABLE
10-09 12:16:05.938: D/ACDB-LOADER(335): ACDB -> AUDIO_SET_AUDPROC_CAL
10-09 12:16:05.938: D/ACDB-LOADER(335): ACDB -> send_audvoltable
10-09 12:16:05.938: D/ACDB-LOADER(335): ACDB -> ACDB_CMD_GET_AUDPROC_GAIN_DEP_STEP_TABLE
10-09 12:16:05.938: D/ACDB-LOADER(335): ACDB -> AUDIO_SET_AUDPROC_VOL_CAL
10-09 12:16:05.938: D/ACDB-LOADER(335): ACDB -> send_afe_cal
10-09 12:16:05.938: D/ACDB-LOADER(335): ACDB -> ACDB_CMD_GET_AFE_COMMON_TABLE
10-09 12:16:05.938: D/ACDB-LOADER(335): [
10-09 12:16:05.938 335: 701 D/ ]
10-09 12:16:05.938: D/ACDB-LOADER(335): Failed to fetch the lookup information of the device 00000009
10-09 12:16:05.938: D/ACDB-LOADER(335): ACDB -> AUDIO_SET_AFE_CAL
10-09 12:16:05.938: D/ACDB-LOADER(335): ACDB -> send_hw_delay : acdb_id = 9 path = 0
10-09 12:16:05.938: D/ACDB-LOADER(335): ACDB -> ACDB_AVSYNC_INFO: ACDB_CMD_GET_DEVICE_PROPERTY
10-09 12:16:05.938: I/audio_hw_utils(335): audio_extn_utils_send_app_type_cfg app_type 69936, acdb_dev_id 9, sample_rate 48000
10-09 12:16:05.939: D/audio_hw_primary(335): select_devices: done
10-09 12:16:06.173: I/Robo(14386): copied 7396 bytes
10-09 12:16:06.190: I/Robo(14332): Results ready.
10-09 12:16:06.192: I/Robo(14332): read 783 bytes
10-09 12:16:06.194: I/Robo(14386): copied 1101 bytes
10-09 12:16:06.195: I/Robo(14332): read 7396 bytes
10-09 12:16:06.241: I/Robo(14332): read 1101 bytes
10-09 12:16:06.251: I/Robo(14332): newScreenState.hasOpaqueElements() = false
10-09 12:16:06.251: I/Robo(14332): New Screen: Optional.of(ScreenNode {Id=1, PackageName=site.studiofun.TapTapTap, ActivityName=Optional.of(com.unity3d.player.UnityPlayerActivity)})
10-09 12:16:06.271: I/Robo(14332): Finished writing artifact file /storage/emulated/0/app_firebase_test_lab/1.meta
10-09 12:16:06.548: I/Robo(14332): Finished writing artifact file /storage/emulated/0/app_firebase_test_lab/1.png
10-09 12:16:06.548: I/Robo(14332): Set the latest activity to Optional.of(com.unity3d.player.UnityPlayerActivity)
10-09 12:16:06.551: I/Robo(14332): Wrote crawleraction0.meta
10-09 12:16:06.555: I/Robo(14332): Waiting because there are no actionable elements on screen.
10-09 12:16:06.556: I/Robo(14332): Performing com.google.android.apps.mtaas.crawler.controller.action.WaitAction@2548441.
10-09 12:16:06.557: I/Robo(14386): Waiting 1000 milliseconds.
10-09 12:16:06.682: I/SFPerfTracer(294): triggers: (rate: 0:2) (0 sw vsyncs) (0 skipped) (0:1278 vsyncs) (1:2192)
10-09 12:16:07.057: I/ActivityManager(1643): Killing 14021:com.google.android.configupdater/u0a17 (adj 15): empty #7
10-09 12:16:07.095: D/ActivityManager(1643): cleanUpApplicationRecord -- 14021
10-09 12:16:07.558: I/Robo(14332): Action has been performed.
10-09 12:16:07.671: I/Robo(14386): Espresso: Milliseconds to extract current screen state: 113
10-09 12:16:07.672: I/Robo(14386): width = 1280, height = 720
10-09 12:16:07.672: I/Robo(14386): ExecutionResult: SUCCESS
10-09 12:16:07.677: I/Robo(14386): copied 662 bytes
10-09 12:16:07.953: I/Robo(14332): Results ready.
10-09 12:16:07.953: I/Robo(14332): read 662 bytes
10-09 12:16:07.955: I/Robo(14386): copied 1101 bytes
10-09 12:16:07.955: I/Robo(14386): copied 2778 bytes
10-09 12:16:07.955: I/Robo(14332): read 2778 bytes
10-09 12:16:07.999: I/Robo(14332): read 1101 bytes
10-09 12:16:08.000: I/Robo(14332): newScreenState.hasOpaqueElements() = true
10-09 12:16:08.000: I/Robo(14332): New Screen: Optional.of(ScreenNode {Id=2, PackageName=site.studiofun.TapTapTap, ActivityName=Optional.of(com.unity3d.player.UnityPlayerActivity)})
10-09 12:16:08.004: I/Robo(14332): Finished writing artifact file /storage/emulated/0/app_firebase_test_lab/2.meta
10-09 12:16:08.278: I/Robo(14332): Finished writing artifact file /storage/emulated/0/app_firebase_test_lab/2.png
10-09 12:16:08.278: I/Robo(14332): Set the latest activity to Optional.of(com.unity3d.player.UnityPlayerActivity)
10-09 12:16:08.279: I/Robo(14332): Wrote crawleraction1.meta
10-09 12:16:08.280: I/Robo(14332): Successfully performed 0 of 0 Robo script actions.
10-09 12:16:08.283: I/Robo(14332): Performing PointTapAction(493, 540, 1).
10-09 12:16:08.286: I/Robo(14386): PointTapAction: x = 493, y = 540
10-09 12:16:08.291: D/InteractionController(14386): clickNoSync (493, 540)
10-09 12:16:08.314: I/SFPerfTracer(294): triggers: (rate: 5:339) (compose: 0:4) (post: 1:66) (render: 1:62) (0:872 frames) (1:1779)
10-09 12:16:08.314: D/SFPerfTracer(294): layers: (2:13) (FocusedStackFrame (0xb716a740): 0:16)* (DimLayer (0xb7104748): 0:25)* (StatusBar (0xb7195eb8): 0:510)* (NavigationBar (0xb71923d0): 0:48)* (com.android.systemui.ImageWallpaper (0xb719db60): 0:38)* (DimLayer (0xb7156128): 0:2)* (com.google.android.apps.mtaas.backdrop/com.google.android.apps.mtaas.backdrop.BackdropActivity (0xb7198d28): 0:64)- ( (0xb7178f78): 0:16) (Starting site.studiofun.TapTapTap (0xb717c628): 0:20)- (site.studiofun.TapTapTap/com.unity3d.player.UnityPlayerActivity (0xb7175860): 0:17) (SurfaceView (0xb7134bc0): 0:9)*
10-09 12:16:08.399: I/Robo(14332): Action has been performed.
10-09 12:16:08.418: I/Robo(14386): Getting lightweight screen without elements
10-09 12:16:08.419: I/Robo(14386): UiAutomator: Milliseconds to extract current screen state: 18
10-09 12:16:08.419: I/Robo(14386): ExecutionResult: SUCCESS
10-09 12:16:08.427: I/Robo(14332): Results ready.
10-09 12:16:08.430: I/Robo(14386): copied 4 bytes
10-09 12:16:08.433: I/Robo(14386): copied 4 bytes
10-09 12:16:08.433: I/Robo(14386): copied 4 bytes
10-09 12:16:08.433: I/Robo(14332): read 4 bytes
10-09 12:16:08.434: I/Robo(14332): read 4 bytes
10-09 12:16:08.442: D/skia(14332): --- SkImageDecoder::Factory returned null
10-09 12:16:08.442: I/Robo(14332): read 4 bytes
10-09 12:16:08.444: I/Robo(14332): Set the latest activity to Optional.of(com.unity3d.player.UnityPlayerActivity)
10-09 12:16:08.445: I/Robo(14332): Wrote crawleraction2.meta
10-09 12:16:08.447: I/Robo(14332): Performing PointTapAction(777, 637, 2).
10-09 12:16:08.451: I/Robo(14386): PointTapAction: x = 777, y = 637
10-09 12:16:08.487: D/InteractionController(14386): clickNoSync (777, 637)
10-09 12:16:08.598: I/Robo(14332): Action has been performed.
10-09 12:16:08.601: I/Robo(14386): Getting lightweight screen without elements
10-09 12:16:08.601: I/Robo(14386): UiAutomator: Milliseconds to extract current screen state: 2
10-09 12:16:08.601: I/Robo(14386): ExecutionResult: SUCCESS
10-09 12:16:08.604: I/Robo(14386): copied 4 bytes
10-09 12:16:08.605: I/Robo(14386): copied 4 bytes
10-09 12:16:08.607: I/Robo(14386): copied 4 bytes
10-09 12:16:08.620: I/Robo(14332): Results ready.
10-09 12:16:08.621: I/Robo(14332): read 4 bytes
10-09 12:16:08.621: I/Robo(14332): read 4 bytes
10-09 12:16:08.621: D/skia(14332): --- SkImageDecoder::Factory returned null
10-09 12:16:08.621: I/Robo(14332): read 4 bytes
10-09 12:16:08.622: I/Robo(14332): Set the latest activity to Optional.of(com.unity3d.player.UnityPlayerActivity)
10-09 12:16:08.623: I/Robo(14332): Wrote crawleraction3.meta
10-09 12:16:08.624: I/Robo(14332): Performing PointTapAction(209, 684, 3).
10-09 12:16:08.625: I/Robo(14386): PointTapAction: x = 209, y = 684
10-09 12:16:08.627: D/InteractionController(14386): clickNoSync (209, 684)
10-09 12:16:08.731: I/Robo(14332): Action has been performed.
10-09 12:16:08.734: I/Robo(14386): Getting lightweight screen without elements
10-09 12:16:08.735: I/Robo(14386): UiAutomator: Milliseconds to extract current screen state: 2
10-09 12:16:08.735: I/Robo(14386): ExecutionResult: SUCCESS
10-09 12:16:08.739: I/Robo(14332): Results ready.
10-09 12:16:08.740: I/Robo(14386): copied 4 bytes
10-09 12:16:08.740: I/Robo(14332): read 4 bytes
10-09 12:16:08.741: I/Robo(14386): copied 4 bytes
10-09 12:16:08.741: I/Robo(14332): read 4 bytes
10-09 12:16:08.741: D/skia(14332): --- SkImageDecoder::Factory returned null
10-09 12:16:08.743: I/Robo(14332): read 4 bytes
10-09 12:16:08.744: I/Robo(14386): copied 4 bytes
10-09 12:16:08.745: I/Robo(14332): Set the latest activity to Optional.of(com.unity3d.player.UnityPlayerActivity)
10-09 12:16:08.746: I/Robo(14332): Wrote crawleraction4.meta
10-09 12:16:08.751: I/Robo(14332): Performing SystemAction {GO_BACK}.
10-09 12:16:08.755: I/Robo(14386): Espresso: pressing Back.
10-09 12:16:08.760: W/CloseKeyboardAction(14386): Attempting to close soft keyboard, while it is not shown.
10-09 12:16:08.932: E/KeyEventActionBase(14386): Back was pressed but there was no Activity stage transition in 150ms, possibly due to a delay calling super.onBackPressed() from your Activity.
10-09 12:16:08.933: I/Robo(14332): Action has been performed.
10-09 12:16:09.088: D/AudioFlinger(335): mixer(0xb436f008) throttle end: throttle time(2)
10-09 12:16:09.115: I/Robo(14386): Espresso: Milliseconds to extract current screen state: 181
10-09 12:16:09.115: I/Robo(14386): width = 1280, height = 720
10-09 12:16:09.115: I/Robo(14386): ExecutionResult: SUCCESS
10-09 12:16:09.117: I/Robo(14386): copied 662 bytes
10-09 12:16:09.409: I/Robo(14386): copied 2778 bytes
10-09 12:16:09.410: I/Robo(14332): Results ready.
10-09 12:16:09.411: I/Robo(14332): read 662 bytes
10-09 12:16:09.411: I/Robo(14332): read 2778 bytes
10-09 12:16:09.414: I/Robo(14386): copied 1101 bytes
10-09 12:16:09.424: E/Sensors(1643): AccSensor::setDelay handle:1 delay:10
10-09 12:16:09.424: E/Sensors(1643): AccSensor::setDelay finished!!!
10-09 12:16:09.424: E/Sensors(1643): AccSensor::setEnable handle:1 enable:1
10-09 12:16:09.424: E/Sensors(1643): AccSensor::setEnable handle:1 oldStatus=0 newStatus=1
10-09 12:16:09.428: E/Sensors(1643): AccSensor::setEnable finished!!!
10-09 12:16:09.428: E/Sensors(1643): AccSensor::setDelay handle:1 delay:20
10-09 12:16:09.428: E/Sensors(1643): AccSensor::setDelay finished!!!
10-09 12:16:09.453: I/Robo(14332): read 1101 bytes
10-09 12:16:09.454: I/Robo(14332): newScreenState.hasOpaqueElements() = true
10-09 12:16:09.454: I/Robo(14332): New Screen: Optional.of(ScreenNode {Id=3, PackageName=site.studiofun.TapTapTap, ActivityName=Optional.of(com.unity3d.player.UnityPlayerActivity)})
10-09 12:16:09.458: I/Robo(14332): Finished writing artifact file /storage/emulated/0/app_firebase_test_lab/3.meta
10-09 12:16:09.768: I/SFPerfTracer(294): trigger: post (19.489 ms) (2.822 ms off for 5 triggers) (5 triggers) (6 posts)
10-09 12:16:09.788: I/Robo(14332): Finished writing artifact file /storage/emulated/0/app_firebase_test_lab/3.png
10-09 12:16:09.789: I/Robo(14332): Set the latest activity to Optional.of(com.unity3d.player.UnityPlayerActivity)
10-09 12:16:09.790: I/Robo(14332): Wrote crawleraction5.meta
10-09 12:16:09.795: I/Robo(14332): Performing PointTapAction(418, 363, 1).
10-09 12:16:09.796: I/Robo(14386): PointTapAction: x = 418, y = 363
10-09 12:16:10.096: D/InteractionController(14386): clickNoSync (418, 363)
10-09 12:16:10.206: I/Robo(14332): Action has been performed.
10-09 12:16:10.209: I/Robo(14386): Getting lightweight screen without elements
10-09 12:16:10.210: I/Robo(14386): UiAutomator: Milliseconds to extract current screen state: 3
10-09 12:16:10.210: I/Robo(14386): ExecutionResult: SUCCESS
10-09 12:16:10.214: I/Robo(14386): copied 4 bytes
10-09 12:16:10.217: I/Robo(14386): copied 4 bytes
10-09 12:16:10.222: I/Robo(14332): Results ready.
10-09 12:16:10.223: I/Robo(14332): read 4 bytes
10-09 12:16:10.223: I/Robo(14332): read 4 bytes
10-09 12:16:10.223: D/skia(14332): --- SkImageDecoder::Factory returned null
10-09 12:16:10.226: I/Robo(14332): read 4 bytes
10-09 12:16:10.227: I/Robo(14332): Set the latest activity to Optional.of(com.unity3d.player.UnityPlayerActivity)
10-09 12:16:10.228: I/Robo(14332): Wrote crawleraction6.meta
10-09 12:16:10.230: I/Robo(14332): Performing PointTapAction(46, 378, 2).
10-09 12:16:10.231: I/Robo(14386): PointTapAction: x = 46, y = 378
10-09 12:16:10.231: I/Robo(14386): copied 4 bytes
10-09 12:16:10.234: D/InteractionController(14386): clickNoSync (46, 378)
10-09 12:16:10.252: I/SFPerfTracer(294): trigger: frame rate (-35.295%) (38.823 fps) (25.758 ms) (0 drops) (11 frames)
10-09 12:16:10.253: I/SFPerfTracer(294): trigger: post (20.428 ms) (3.761 ms off for 12 triggers) (12 triggers) (12 posts)
10-09 12:16:10.253: I/SFPerfTracer(294): triggers: (rate: 6:349) (compose: 0:4) (post: 3:107) (render: 1:88) (11:898 frames) (12:1825)
10-09 12:16:10.253: D/SFPerfTracer(294): layers: (3:15) (FocusedStackFrame (0xb716a740): 0:16)* (DimLayer (0xb7104748): 0:25)* (StatusBar (0xb7195eb8): 1:520)* (NavigationBar (0xb71923d0): 0:48)* (com.android.systemui.ImageWallpaper (0xb719db60): 0:38)* (DimLayer (0xb7156128): 0:2)* ( (0xb7178f78): 0:16) (site.studiofun.TapTapTap/com.unity3d.player.UnityPlayerActivity (0xb7175860): 0:18)* (SurfaceView (0xb7134bc0): 12:34) ( (0xb717c628): 0:4)- ( (0xb7198d28): 0:3)- ( (0xb717c628): 0:2)- ( (0xb717c628): 1:3)
10-09 12:16:10.343: I/Robo(14332): Action has been performed.
10-09 12:16:10.350: I/Robo(14386): Getting lightweight screen without elements
10-09 12:16:10.351: I/Robo(14386): UiAutomator: Milliseconds to extract current screen state: 6
10-09 12:16:10.351: I/Robo(14386): ExecutionResult: SUCCESS
10-09 12:16:10.353: I/Robo(14386): copied 4 bytes
10-09 12:16:10.355: I/Robo(14386): copied 4 bytes
10-09 12:16:10.355: I/Robo(14386): copied 4 bytes
10-09 12:16:10.366: I/Robo(14332): Results ready.
10-09 12:16:10.368: I/Robo(14332): read 4 bytes
10-09 12:16:10.369: I/Robo(14332): read 4 bytes
10-09 12:16:10.369: D/skia(14332): --- SkImageDecoder::Factory returned null
10-09 12:16:10.369: I/Robo(14332): read 4 bytes
10-09 12:16:10.371: I/Robo(14332): Set the latest activity to Optional.of(com.unity3d.player.UnityPlayerActivity)
10-09 12:16:10.376: I/Robo(14332): Wrote crawleraction7.meta
10-09 12:16:10.378: I/Robo(14332): Performing PointTapAction(273, 698, 3).
10-09 12:16:10.379: I/Robo(14386): PointTapAction: x = 273, y = 698
10-09 12:16:10.381: D/InteractionController(14386): clickNoSync (273, 698)
10-09 12:16:10.488: I/Robo(14332): Action has been performed.
10-09 12:16:10.490: I/Robo(14386): Getting lightweight screen without elements
10-09 12:16:10.491: I/Robo(14386): UiAutomator: Milliseconds to extract current screen state: 2
10-09 12:16:10.491: I/Robo(14386): ExecutionResult: SUCCESS
10-09 12:16:10.497: I/Robo(14386): copied 4 bytes
10-09 12:16:10.499: I/Robo(14386): copied 4 bytes
10-09 12:16:10.501: I/Robo(14386): copied 4 bytes
10-09 12:16:10.527: I/Robo(14332): Results ready.
10-09 12:16:10.528: I/Robo(14332): read 4 bytes
10-09 12:16:10.528: I/Robo(14332): read 4 bytes
10-09 12:16:10.528: D/skia(14332): --- SkImageDecoder::Factory returned null
10-09 12:16:10.528: I/Robo(14332): read 4 bytes
10-09 12:16:10.529: I/Robo(14332): Set the latest activity to Optional.of(com.unity3d.player.UnityPlayerActivity)
10-09 12:16:10.530: I/Robo(14332): Wrote crawleraction8.meta
10-09 12:16:10.532: I/Robo(14332): Performing PointTapAction(770, 76, 4).
10-09 12:16:10.536: I/Robo(14386): PointTapAction: x = 770, y = 76
10-09 12:16:10.543: D/InteractionController(14386): clickNoSync (770, 76)
10-09 12:16:10.555: W/CursorWrapperInner(12751): Cursor finalized without prior close()
10-09 12:16:10.651: I/Robo(14332): Action has been performed.
10-09 12:16:10.655: I/Robo(14386): Getting lightweight screen without elements
10-09 12:16:10.656: I/Robo(14386): UiAutomator: Milliseconds to extract current screen state: 4
10-09 12:16:10.656: I/Robo(14386): ExecutionResult: SUCCESS
10-09 12:16:10.659: I/Robo(14386): copied 4 bytes
10-09 12:16:10.660: I/Robo(14386): copied 4 bytes
10-09 12:16:10.663: I/Robo(14386): copied 4 bytes
10-09 12:16:10.681: I/Robo(14332): Results ready.
10-09 12:16:10.681: I/Robo(14332): read 4 bytes
10-09 12:16:10.681: I/Robo(14332): read 4 bytes
10-09 12:16:10.681: D/skia(14332): --- SkImageDecoder::Factory returned null
10-09 12:16:10.682: I/Robo(14332): read 4 bytes
10-09 12:16:10.683: I/Robo(14332): Set the latest activity to Optional.of(com.unity3d.player.UnityPlayerActivity)
10-09 12:16:10.685: I/Robo(14332): Wrote crawleraction9.meta
10-09 12:16:10.687: I/Robo(14332): Performing PointTapAction(530, 247, 5).
10-09 12:16:10.688: I/Robo(14386): PointTapAction: x = 530, y = 247
10-09 12:16:10.690: D/InteractionController(14386): clickNoSync (530, 247)
10-09 12:16:10.795: I/Robo(14332): Action has been performed.
10-09 12:16:10.804: I/Robo(14386): Getting lightweight screen without elements
10-09 12:16:10.804: I/Robo(14386): UiAutomator: Milliseconds to extract current screen state: 7
10-09 12:16:10.804: I/Robo(14386): ExecutionResult: SUCCESS
10-09 12:16:10.807: I/Robo(14386): copied 4 bytes
10-09 12:16:10.809: I/Robo(14386): copied 4 bytes
10-09 12:16:10.812: I/Robo(14386): copied 4 bytes
10-09 12:16:10.822: I/Robo(14332): Results ready.
10-09 12:16:10.826: I/Robo(14332): read 4 bytes
10-09 12:16:10.826: I/Robo(14332): read 4 bytes
10-09 12:16:10.826: D/skia(14332): --- SkImageDecoder::Factory returned null
10-09 12:16:10.827: I/Robo(14332): read 4 bytes
10-09 12:16:10.828: I/Robo(14332): Set the latest activity to Optional.of(com.unity3d.player.UnityPlayerActivity)
10-09 12:16:10.830: I/Robo(14332): Wrote crawleraction10.meta
10-09 12:16:10.831: I/Robo(14332): Performing PointTapAction(740, 26, 6).
10-09 12:16:10.834: I/Robo(14386): PointTapAction: x = 740, y = 26
10-09 12:16:10.837: D/InteractionController(14386): clickNoSync (740, 26)
10-09 12:16:10.882: I/SFPerfTracer(294): triggers: (rate: 0:2) (0 sw vsyncs) (0 skipped) (5:1315 vsyncs) (7:2296)
10-09 12:16:10.943: I/Robo(14332): Action has been performed.
10-09 12:16:10.946: I/Robo(14386): Getting lightweight screen without elements
10-09 12:16:10.946: I/Robo(14386): UiAutomator: Milliseconds to extract current screen state: 2
10-09 12:16:10.946: I/Robo(14386): ExecutionResult: SUCCESS
10-09 12:16:10.958: I/Robo(14386): copied 4 bytes
10-09 12:16:10.959: I/Robo(14386): copied 4 bytes
10-09 12:16:10.961: I/Robo(14386): copied 4 bytes
10-09 12:16:10.978: I/Robo(14332): Results ready.
10-09 12:16:10.978: I/Robo(14332): read 4 bytes
10-09 12:16:10.979: I/Robo(14332): read 4 bytes
10-09 12:16:10.979: D/skia(14332): --- SkImageDecoder::Factory returned null
10-09 12:16:10.979: I/Robo(14332): read 4 bytes
10-09 12:16:10.980: I/Robo(14332): Set the latest activity to Optional.of(com.unity3d.player.UnityPlayerActivity)
10-09 12:16:10.984: I/Robo(14332): Wrote crawleraction11.meta
10-09 12:16:10.991: I/Robo(14332): Performing PointTapAction(800, 54, 7).
10-09 12:16:10.993: I/Robo(14386): PointTapAction: x = 800, y = 54
10-09 12:16:10.996: D/InteractionController(14386): clickNoSync (800, 54)
10-09 12:16:11.101: I/Robo(14332): Action has been performed.
10-09 12:16:11.105: I/Robo(14386): Getting lightweight screen without elements
10-09 12:16:11.105: I/Robo(14386): UiAutomator: Milliseconds to extract current screen state: 4
10-09 12:16:11.105: I/Robo(14386): ExecutionResult: SUCCESS
10-09 12:16:11.108: I/Robo(14386): copied 4 bytes
10-09 12:16:11.110: I/Robo(14386): copied 4 bytes
10-09 12:16:11.110: I/Robo(14386): copied 4 bytes
10-09 12:16:11.124: I/Robo(14332): Results ready.
10-09 12:16:11.125: I/Robo(14332): read 4 bytes
10-09 12:16:11.125: I/Robo(14332): read 4 bytes
10-09 12:16:11.126: D/skia(14332): --- SkImageDecoder::Factory returned null
10-09 12:16:11.126: I/Robo(14332): read 4 bytes
10-09 12:16:11.128: I/Robo(14332): Set the latest activity to Optional.of(com.unity3d.player.UnityPlayerActivity)
10-09 12:16:11.130: I/Robo(14332): Wrote crawleraction12.meta
10-09 12:16:11.132: I/Robo(14332): Performing PointTapAction(1239, 542, 8).
10-09 12:16:11.134: I/Robo(14386): PointTapAction: x = 1239, y = 542
10-09 12:16:11.140: I/Robo(14386): Getting lightweight screen without elements
10-09 12:16:11.142: I/Robo(14386): UiAutomator: Milliseconds to extract current screen state: 5
10-09 12:16:11.142: I/Robo(14386): ExecutionResult: SUCCESS
10-09 12:16:11.153: I/Robo(14386): copied 4 bytes
10-09 12:16:11.156: I/Robo(14386): copied 4 bytes
10-09 12:16:11.157: I/Robo(14386): copied 4 bytes
10-09 12:16:11.183: I/Robo(14332): Action has been performed.
10-09 12:16:11.183: I/Robo(14332): Results ready.
10-09 12:16:11.184: I/Robo(14332): read 4 bytes
10-09 12:16:11.184: I/Robo(14332): read 4 bytes
10-09 12:16:11.184: D/skia(14332): --- SkImageDecoder::Factory returned null
10-09 12:16:11.185: I/Robo(14332): read 4 bytes
10-09 12:16:11.186: I/Robo(14332): Set the latest activity to Optional.of(com.unity3d.player.UnityPlayerActivity)
10-09 12:16:11.188: I/Robo(14332): Wrote crawleraction13.meta
10-09 12:16:11.190: I/Robo(14332): Performing PointTapAction(223, 428, 9).
10-09 12:16:11.191: I/Robo(14386): PointTapAction: x = 223, y = 428
10-09 12:16:11.195: D/InteractionController(14386): clickNoSync (223, 428)
10-09 12:16:11.208: D/AudioFlinger(335): mixer(0xb436f008) throttle end: throttle time(1)
10-09 12:16:11.300: I/Robo(14332): Action has been performed.
10-09 12:16:11.302: I/Robo(14386): Getting lightweight screen without elements
10-09 12:16:11.303: I/Robo(14386): UiAutomator: Milliseconds to extract current screen state: 3
10-09 12:16:11.303: I/Robo(14386): ExecutionResult: SUCCESS
10-09 12:16:11.314: I/Robo(14386): copied 4 bytes
10-09 12:16:11.316: I/Robo(14386): copied 4 bytes
10-09 12:16:11.319: I/Robo(14386): copied 4 bytes
10-09 12:16:11.333: I/Robo(14332): Results ready.
10-09 12:16:11.333: I/Robo(14332): read 4 bytes
10-09 12:16:11.334: I/Robo(14332): read 4 bytes
10-09 12:16:11.334: D/skia(14332): --- SkImageDecoder::Factory returned null
10-09 12:16:11.334: I/Robo(14332): read 4 bytes
10-09 12:16:11.337: I/Robo(14332): Set the latest activity to Optional.of(com.unity3d.player.UnityPlayerActivity)
10-09 12:16:11.341: I/Robo(14332): Wrote crawleraction14.meta
10-09 12:16:11.345: I/Robo(14332): Performing PointTapAction(1000, 226, 10).
10-09 12:16:11.347: I/Robo(14386): PointTapAction: x = 1000, y = 226
10-09 12:16:11.349: D/InteractionController(14386): clickNoSync (1000, 226)
10-09 12:16:11.455: I/Robo(14332): Action has been performed.
10-09 12:16:11.459: I/Robo(14386): Getting lightweight screen without elements
10-09 12:16:11.459: I/Robo(14386): UiAutomator: Milliseconds to extract current screen state: 3
10-09 12:16:11.459: I/Robo(14386): ExecutionResult: SUCCESS
10-09 12:16:11.463: I/Robo(14386): copied 4 bytes
10-09 12:16:11.464: I/Robo(14386): copied 4 bytes
10-09 12:16:11.465: I/Robo(14386): copied 4 bytes
10-09 12:16:11.482: I/Robo(14332): Results ready.
10-09 12:16:11.483: I/Robo(14332): read 4 bytes
10-09 12:16:11.483: I/Robo(14332): read 4 bytes
10-09 12:16:11.483: D/skia(14332): --- SkImageDecoder::Factory returned null
10-09 12:16:11.484: I/Robo(14332): read 4 bytes
10-09 12:16:11.486: I/Robo(14332): Set the latest activity to Optional.of(com.unity3d.player.UnityPlayerActivity)
10-09 12:16:11.488: I/Robo(14332): Wrote crawleraction15.meta
10-09 12:16:11.498: I/Robo(14332): Performing PointTapAction(513, 268, 11).
10-09 12:16:11.499: I/Robo(14386): PointTapAction: x = 513, y = 268
10-09 12:16:11.507: D/InteractionController(14386): clickNoSync (513, 268)
10-09 12:16:11.613: I/Robo(14332): Action has been performed.
10-09 12:16:11.617: I/Robo(14386): Getting lightweight screen without elements
10-09 12:16:11.619: I/Robo(14386): UiAutomator: Milliseconds to extract current screen state: 4
10-09 12:16:11.619: I/Robo(14386): ExecutionResult: SUCCESS
10-09 12:16:11.622: I/Robo(14332): Results ready.
10-09 12:16:11.624: I/Robo(14386): copied 4 bytes
10-09 12:16:11.627: I/Robo(14386): copied 4 bytes
10-09 12:16:11.627: I/Robo(14386): copied 4 bytes
10-09 12:16:11.628: I/Robo(14332): read 4 bytes
10-09 12:16:11.628: I/Robo(14332): read 4 bytes
10-09 12:16:11.628: D/skia(14332): --- SkImageDecoder::Factory returned null
10-09 12:16:11.628: I/Robo(14332): read 4 bytes
10-09 12:16:11.630: I/Robo(14332): Set the latest activity to Optional.of(com.unity3d.player.UnityPlayerActivity)
10-09 12:16:11.631: I/Robo(14332): Wrote crawleraction16.meta
10-09 12:16:11.633: I/Robo(14332): Performing PointTapAction(193, 676, 12).
10-09 12:16:11.634: I/Robo(14386): PointTapAction: x = 193, y = 676
10-09 12:16:11.636: D/InteractionController(14386): clickNoSync (193, 676)
10-09 12:16:11.760: I/Robo(14332): Action has been performed.
10-09 12:16:11.763: I/Robo(14386): Getting lightweight screen without elements
10-09 12:16:11.764: I/Robo(14386): UiAutomator: Milliseconds to extract current screen state: 2
10-09 12:16:11.764: I/Robo(14386): ExecutionResult: SUCCESS
10-09 12:16:11.774: I/Robo(14332): Results ready.
10-09 12:16:11.775: I/Robo(14386): copied 4 bytes
10-09 12:16:11.776: I/Robo(14386): copied 4 bytes
10-09 12:16:11.777: I/Robo(14332): read 4 bytes
10-09 12:16:11.777: I/Robo(14332): read 4 bytes
10-09 12:16:11.777: D/skia(14332): --- SkImageDecoder::Factory returned null
10-09 12:16:11.780: I/Robo(14332): read 4 bytes
10-09 12:16:11.782: I/Robo(14332): Set the latest activity to Optional.of(com.unity3d.player.UnityPlayerActivity)
10-09 12:16:11.783: I/Robo(14386): copied 4 bytes
10-09 12:16:11.783: I/Robo(14332): Wrote crawleraction17.meta
10-09 12:16:11.785: I/Robo(14332): Performing PointTapAction(670, 262, 13).
10-09 12:16:11.786: I/Robo(14386): PointTapAction: x = 670, y = 262
10-09 12:16:11.788: D/InteractionController(14386): clickNoSync (670, 262)
10-09 12:16:11.815: D/UnityAds(14386): com.unity3d.ads.cache.CacheDirectory.getCacheDirectory() (line:35) :: Unity Ads is using external cache directory: /storage/emulated/0/Android/data/site.studiofun.TapTapTap/cache/UnityAdsCache
10-09 12:16:11.819: E/UnityAds(14386): com.unity3d.ads.misc.Utilities.readFile() (line:150) :: File did not exist or couldn't be read
10-09 12:16:11.825: D/UnityAds(14386): com.unity3d.ads.misc.Utilities.writeFile() (line:101) :: Wrote file: /storage/emulated/0/Android/data/site.studiofun.TapTapTap/cache/UnityAdsCache/UnityAdsStorage-public-data.json
10-09 12:16:11.826: E/UnityAds(14386): com.unity3d.ads.misc.Utilities.readFile() (line:150) :: File did not exist or couldn't be read
10-09 12:16:11.827: D/UnityAds(14386): com.unity3d.ads.misc.Utilities.writeFile() (line:101) :: Wrote file: /storage/emulated/0/Android/data/site.studiofun.TapTapTap/cache/UnityAdsCache/UnityAdsStorage-private-data.json
10-09 12:16:11.829: D/UnityAds(14386): com.unity3d.ads.misc.Utilities.writeFile() (line:101) :: Wrote file: /storage/emulated/0/Android/data/site.studiofun.TapTapTap/cache/UnityAdsCache/UnityAdsStorage-public-data.json
10-09 12:16:11.831: D/UnityAds(14386): com.unity3d.ads.device.Storage.sendEvent() (line:216) :: Couldn't send storage event to WebApp
10-09 12:16:11.836: D/UnityAds(14386): com.unity3d.ads.misc.Utilities.writeFile() (line:101) :: Wrote file: /storage/emulated/0/Android/data/site.studiofun.TapTapTap/cache/UnityAdsCache/UnityAdsStorage-public-data.json
10-09 12:16:11.837: D/UnityAds(14386): com.unity3d.ads.device.Storage.sendEvent() (line:216) :: Couldn't send storage event to WebApp
10-09 12:16:11.844: D/UnityAds(14386): com.unity3d.ads.UnityAds.initialize() (line:106) :: ENTERED METHOD
10-09 12:16:11.844: I/UnityAds(14386): com.unity3d.ads.UnityAds.initialize() (line:143) :: Initializing Unity Ads 2.1.0 (2100) with game id 2773064 in test mode
10-09 12:16:11.847: I/UnityAds(14386): com.unity3d.ads.UnityAds.initialize() (line:157) :: Unity Ads environment check OK
10-09 12:16:11.894: I/Robo(14332): Action has been performed.
10-09 12:16:11.898: I/Robo(14386): Getting lightweight screen without elements
10-09 12:16:11.898: I/Robo(14386): UiAutomator: Milliseconds to extract current screen state: 3
10-09 12:16:11.898: I/Robo(14386): ExecutionResult: SUCCESS
10-09 12:16:11.907: I/Robo(14386): copied 4 bytes
10-09 12:16:11.909: I/Robo(14332): Results ready.
10-09 12:16:11.910: I/Robo(14332): read 4 bytes
10-09 12:16:11.911: I/Robo(14386): copied 4 bytes
10-09 12:16:11.911: I/Robo(14332): read 4 bytes
10-09 12:16:11.911: D/skia(14332): --- SkImageDecoder::Factory returned null
10-09 12:16:11.912: I/Robo(14386): copied 4 bytes
10-09 12:16:11.913: I/Robo(14332): read 4 bytes
10-09 12:16:11.914: I/Robo(14332): Set the latest activity to Optional.of(com.unity3d.player.UnityPlayerActivity)
10-09 12:16:11.915: I/Robo(14332): Wrote crawleraction18.meta
10-09 12:16:11.917: I/Robo(14332): Performing PointTapAction(8, 485, 14).
10-09 12:16:11.918: I/Robo(14386): PointTapAction: x = 8, y = 485
10-09 12:16:11.920: D/InteractionController(14386): clickNoSync (8, 485)
10-09 12:16:11.933: W/SensorService(1643): sensor 00000001 already enabled in connection 0xb8783be0 (ignoring)
10-09 12:16:11.933: E/Sensors(1643): AccSensor::setDelay handle:1 delay:10
10-09 12:16:11.933: E/Sensors(1643): AccSensor::setDelay finished!!!
10-09 12:16:11.933: E/Sensors(1643): AccSensor::setEnable handle:1 enable:1
10-09 12:16:11.933: E/Sensors(1643): AccSensor::setEnable handle:1 oldStatus=1 newStatus=1
10-09 12:16:11.933: E/Sensors(1643): AccSensor::setEnable finished!!!
10-09 12:16:11.934: E/Sensors(1643): AccSensor::setDelay handle:1 delay:20
10-09 12:16:11.934: E/Sensors(1643): AccSensor::setDelay finished!!!
10-09 12:16:11.946: I/UnityAds(14386): com.unity3d.ads.configuration.InitializeThread$InitializeStateConfig.execute() (line:205) :: Unity Ads init: load configuration from https://config.unityads.unity3d.com/webview/2.1.0/release/config.json
10-09 12:16:12.025: I/Robo(14332): Action has been performed.
10-09 12:16:12.028: I/Robo(14386): Getting lightweight screen without elements
10-09 12:16:12.028: I/Robo(14386): UiAutomator: Milliseconds to extract current screen state: 3
10-09 12:16:12.028: I/Robo(14386): ExecutionResult: SUCCESS
10-09 12:16:12.036: I/Robo(14386): copied 4 bytes
10-09 12:16:12.038: I/Robo(14332): Results ready.
10-09 12:16:12.039: I/Robo(14332): read 4 bytes
10-09 12:16:12.039: I/Robo(14386): copied 4 bytes
10-09 12:16:12.040: I/Robo(14332): read 4 bytes
10-09 12:16:12.040: D/skia(14332): --- SkImageDecoder::Factory returned null
10-09 12:16:12.043: I/Robo(14386): copied 4 bytes
10-09 12:16:12.044: I/Robo(14332): read 4 bytes
10-09 12:16:12.045: I/Robo(14332): Set the latest activity to Optional.of(com.unity3d.player.UnityPlayerActivity)
10-09 12:16:12.046: I/Robo(14332): Wrote crawleraction19.meta
10-09 12:16:12.048: I/Robo(14332): Performing PointTapAction(1004, 361, 15).
10-09 12:16:12.049: I/Robo(14386): PointTapAction: x = 1004, y = 361
10-09 12:16:12.053: D/InteractionController(14386): clickNoSync (1004, 361)
10-09 12:16:12.054: D/AudioFlinger(335): mixer(0xb436f008) throttle end: throttle time(12)
10-09 12:16:12.075: W/AudioFlinger::EffectModule(335): EffectModule 0xb7f35778 destructor called with unreleased interface
10-09 12:16:12.075: W/AudioFlinger::EffectHandle(335): disconnect Effect handle 0xb7f2fb70 disconnected after thread destruction
10-09 12:16:12.142: I/Unity(14386): [Info] 10/09/2018 12:16:12 : GooglePlaySignIn::Start - Start
10-09 12:16:12.142: I/Unity(14386):
10-09 12:16:12.142: I/Unity(14386): (Filename: ./artifacts/generated/common/runtime/DebugBindings.gen.cpp Line: 51)
10-09 12:16:12.163: I/Robo(14332): Action has been performed.
10-09 12:16:12.169: I/Unity(14386): [Info] 10/09/2018 12:16:12 : GooglePlaySignIn::SignIn - Start
10-09 12:16:12.169: I/Unity(14386):
10-09 12:16:12.169: I/Unity(14386): (Filename: ./artifacts/generated/common/runtime/DebugBindings.gen.cpp Line: 51)
10-09 12:16:12.170: I/Robo(14386): Getting lightweight screen without elements
10-09 12:16:12.170: I/Robo(14386): UiAutomator: Milliseconds to extract current screen state: 5
10-09 12:16:12.171: I/Robo(14386): ExecutionResult: SUCCESS
10-09 12:16:12.175: I/Robo(14386): copied 4 bytes
10-09 12:16:12.174: I/Robo(14386): copied 4 bytes
10-09 12:16:12.179: I/Robo(14386): copied 4 bytes
10-09 12:16:12.181: I/Robo(14332): Results ready.
10-09 12:16:12.181: I/Robo(14332): read 4 bytes
10-09 12:16:12.181: I/Robo(14332): read 4 bytes
10-09 12:16:12.181: D/skia(14332): --- SkImageDecoder::Factory returned null
10-09 12:16:12.181: I/Robo(14332): read 4 bytes
10-09 12:16:12.184: I/Robo(14332): Set the latest activity to Optional.of(com.unity3d.player.UnityPlayerActivity)
10-09 12:16:12.185: I/Robo(14332): Wrote crawleraction20.meta
10-09 12:16:12.188: I/Robo(14332): Performing PointTapAction(1097, 596, 16).
10-09 12:16:12.189: I/Robo(14386): PointTapAction: x = 1097, y = 596
