10-09 12:15:00.001: V/AlarmManager(1643): sending alarm {2835e85 type 3 *alarm*:android.intent.action.TIME_TICK}
10-09 12:15:00.018: D/Checkin(5340): publish the event [tag = MOT_DEVICE_STATS event name = PerUidStatsSOn]
10-09 12:15:00.020: D/Checkin(5340): publish the event [tag = MOT_DEVICE_STATS event name = DataSizesSOff]
10-09 12:15:00.022: D/Checkin(5340): publish the event [tag = MOT_DEVICE_STATS event name = RadioTypesSOff]
10-09 12:15:00.023: I/GAv4(12197): Google Analytics 7.8.95 is starting up. To enable debug logging on a device run:
10-09 12:15:00.023: I/GAv4(12197): adb shell setprop log.tag.GAv4 DEBUG
10-09 12:15:00.023: I/GAv4(12197): adb logcat -s GAv4
10-09 12:15:00.024: D/Checkin(5340): publish the event [tag = MOT_DEVICE_STATS event name = SignalStrengthsSOff]
10-09 12:15:00.025: D/Checkin(5340): publish the event [tag = MOT_DEVICE_STATS event name = PhoneTimeStatsSOff]
10-09 12:15:00.055: I/GlobalDismissManager(12148): no sender configured
10-09 12:15:00.076: W/GAv4(12197): AnalyticsReceiver is not registered or is disabled. Register the receiver for reliable dispatching on non-Google Play devices. See http://goo.gl/8Rd3yj for instructions.
10-09 12:15:00.082: W/GAv4(12197): CampaignTrackingReceiver is not registered, not exported or is disabled. Installation campaign tracking is not possible. See http://goo.gl/8Rd3yj for instructions.
10-09 12:15:00.099: W/GAv4(12197): AnalyticsService not registered in the app manifest. Hits might not be delivered reliably. See http://goo.gl/8Rd3yj for instructions.
10-09 12:15:00.108: D/Checkin(5340): publish the event [tag = MOT_DEVICE_STATS event name = PerUidStatsSOff]
10-09 12:15:00.134: I/WindowManager(1643): Screen frozen for +1s26ms due to Window{8a7f8cb u0 com.google.android.googlequicksearchbox/com.google.android.launcher.GEL}
10-09 12:15:00.164: D/MC_DailyReportAction(5340): Starting class com.motorola.motocare.action.report.IdleModeReport
10-09 12:15:00.164: I/ActivityManager(1643): Start proc 12215:com.google.android.gm/u0a81 for broadcast com.google.android.gm/.MailIntentReceiver
10-09 12:15:00.166: I/ActivityManager(1643): Killing 11151:com.android.vending/u0a48 (adj 15): empty #7
10-09 12:15:00.167: D/MC_DailyReportAction(5340): Starting class com.motorola.motocare.action.report.AppUsageReport
10-09 12:15:00.181: D/Checkin(5340): publish the event [tag = MOT_DEVICE_STATS event name = AppUsage]
10-09 12:15:00.181: D/MC_DailyReportAction(5340): Starting class com.motorola.motocare.action.report.AccountReport
10-09 12:15:00.187: D/MC_DailyReportAction(5340): Starting class com.motorola.motocare.action.report.ConfigInfoReport
10-09 12:15:00.191: D/Checkin(5340): publish the event [tag = MOT_CA_STATS_L4 event name = DC_ORNT]
10-09 12:15:00.193: D/Checkin(5340): publish the event [tag = MOT_CA_STATS_L4 event name = DC_ORNT]
10-09 12:15:00.195: D/Checkin(5340): publish the event [tag = MOT_CA_STATS_L4 event name = DC_ORNT]
10-09 12:15:00.197: D/Checkin(5340): publish the event [tag = MOT_CA_STATS_L4 event name = DC_ORNT]
10-09 12:15:00.199: D/Checkin(5340): publish the event [tag = MOT_CA_STATS_L4 event name = DC_ORNT]
10-09 12:15:00.201: D/Checkin(5340): publish the event [tag = MOT_CA_STATS_L4 event name = DC_ORNT]
10-09 12:15:00.204: D/Checkin(5340): publish the event [tag = MOT_CA_STATS_L4 event name = DC_ORNT]
10-09 12:15:00.206: D/Checkin(5340): publish the event [tag = MOT_CA_STATS_L4 event name = DC_ORNT]
10-09 12:15:00.208: D/Checkin(5340): publish the event [tag = MOT_CA_STATS_L4 event name = DC_ORNT]
10-09 12:15:00.209: D/Checkin(5340): publish the event [tag = MOT_CA_STATS_L4 event name = DC_ORNT]
10-09 12:15:00.211: D/Checkin(5340): publish the event [tag = MOT_CA_STATS_L4 event name = DC_ORNT]
10-09 12:15:00.213: D/Checkin(5340): publish the event [tag = MOT_CA_STATS_L4 event name = DC_ORNT]
10-09 12:15:00.214: D/MC_DailyReportAction(5340): Starting class com.motorola.motocare.action.report.SignalReport
10-09 12:15:00.230: D/Checkin(5340): publish the event [tag = MOT_CA_STATS_L1 event name = DC_SIGNALSTRENGTH]
10-09 12:15:00.231: D/MC_DailyReportAction(5340): Starting class com.motorola.motocare.action.report.NetworkReport
10-09 12:15:00.237: D/Checkin(5340): publish the event [tag = MOT_CA_STATS_L3 event name = DC_NETWORK]
10-09 12:15:00.239: D/MC_DailyReportAction(5340): Starting class com.motorola.motocare.action.report.UptimeReport
10-09 12:15:00.248: D/Checkin(5340): publish the event [tag = MOT_CA_STATS_L1 event name = DC_BATTERY]
10-09 12:15:00.250: D/MC_DailyReportAction(5340): Starting class com.motorola.motocare.action.report.BatteryLevelReport
10-09 12:15:00.256: D/ConnectivityService(1643): ConnectivityService NetworkRequestInfo binderDied(NetworkRequest [ id=14, legacyType=-1, [ Capabilities: INTERNET&NOT_RESTRICTED&TRUSTED] ], android.os.BinderProxy@c5d828f)
10-09 12:15:00.256: D/ConnectivityService(1643): releasing NetworkRequest NetworkRequest [ id=14, legacyType=-1, [ Capabilities: INTERNET&NOT_RESTRICTED&TRUSTED] ]
10-09 12:15:00.257: E/ConnectivityService(1643): RemoteException caught trying to send a callback msg for NetworkRequest [ id=14, legacyType=-1, [ Capabilities: INTERNET&NOT_RESTRICTED&TRUSTED] ]
10-09 12:15:00.269: D/ActivityManager(1643): cleanUpApplicationRecord -- 11151
10-09 12:15:00.281: D/Checkin(5340): publish the event [tag = MOT_DEVICE_STATS event name = SegidOverrun]
10-09 12:15:00.286: D/Checkin(5340): publish the event [tag = MOT_DEVICE_STATS event name = EventLogs]
10-09 12:15:00.289: D/Checkin(5340): publish the event [tag = MOT_DEVICE_STATS_L1 event name = EventLogs]
10-09 12:15:00.290: D/MC_DailyReportAction(5340): Starting class com.motorola.motocare.action.report.BatteryLowReport
10-09 12:15:00.291: D/MC_DailyReportAction(5340): Starting class com.motorola.motocare.action.report.PauseResumeReport
10-09 12:15:00.298: W/System(12215): ClassLoader referenced unknown path: /system/app/Gmail2/lib/arm
10-09 12:15:00.318: I/ActivityManager(1643): Start proc 12227:com.google.android.inputmethod.japanese/u0a90 for service com.google.android.inputmethod.japanese/.MozcService
10-09 12:15:00.318: V/InputMethodManagerService(1643): Adding window token: android.os.Binder@55b2a1
10-09 12:15:00.358: W/EasBundling(12215): in EasBundling.init, isBundlingEnabled=true
10-09 12:15:00.363: I/ActivityManager(1643): Killing 11563:com.google.android.configupdater/u0a17 (adj 15): empty #7
10-09 12:15:00.368: W/System(12227): ClassLoader referenced unknown path: /system/app/JapaneseIME/lib/arm
10-09 12:15:00.371: I/ClearcutLoggerManager(3622): stopLogging()
10-09 12:15:00.399: D/Checkin(5340): publish the event [tag = MOT_DEVICE_STATS_L2 event name = EventLogs]
10-09 12:15:00.403: D/Checkin(5340): publish the event [tag = MOT_DEVICE_STATS_L2 event name = EventLogs]
10-09 12:15:00.404: D/MC_DailyReportAction(5340): Starting class com.motorola.motocare.action.report.HardkeyReport
10-09 12:15:00.405: D/MC_DailyReportAction(5340): Starting class com.motorola.motocare.action.report.PackageInfoReport
10-09 12:15:00.409: D/Checkin(5340): publish the event [tag = MOT_CA_STATS_L2 event name = DC_PKG]
10-09 12:15:00.411: I/ClearcutLoggerManager(3622): flushAndDisconnect()
10-09 12:15:00.412: D/Checkin(5340): publish the event [tag = MOT_CA_STATS_L2 event name = DC_PKG]
10-09 12:15:00.414: D/Checkin(5340): publish the event [tag = MOT_CA_STATS_L2 event name = DC_PKG]
10-09 12:15:00.420: D/Checkin(5340): publish the event [tag = MOT_CA_STATS_L2 event name = DC_PKG]
10-09 12:15:00.423: D/Checkin(5340): publish the event [tag = MOT_CA_STATS_L2 event name = DC_PKG]
10-09 12:15:00.425: D/Checkin(5340): publish the event [tag = MOT_CA_STATS_L2 event name = DC_PKG]
10-09 12:15:00.427: D/Checkin(5340): publish the event [tag = MOT_CA_STATS_L2 event name = DC_PKG]
10-09 12:15:00.431: D/ActivityManager(1643): cleanUpApplicationRecord -- 11563
10-09 12:15:00.434: D/Checkin(5340): publish the event [tag = MOT_CA_STATS_L2 event name = DC_PKG]
10-09 12:15:00.442: D/Checkin(5340): publish the event [tag = MOT_CA_STATS_L2 event name = DC_PKG]
10-09 12:15:00.444: D/Checkin(5340): publish the event [tag = MOT_CA_STATS_L2 event name = DC_PKG]
10-09 12:15:00.447: D/Checkin(5340): publish the event [tag = MOT_CA_STATS_L2 event name = DC_PKG]
10-09 12:15:00.449: D/Checkin(5340): publish the event [tag = MOT_CA_STATS_L2 event name = DC_PKG]
10-09 12:15:00.452: D/Checkin(5340): publish the event [tag = MOT_CA_STATS_L2 event name = DC_PKG]
10-09 12:15:00.453: D/Checkin(5340): publish the event [tag = MOT_CA_STATS_L2 event name = DC_PKG]
10-09 12:15:00.455: D/Checkin(5340): publish the event [tag = MOT_CA_STATS_L2 event name = DC_PKG]
10-09 12:15:00.456: D/MC_DailyReportAction(5340): Starting class com.motorola.motocare.action.report.AppInfoReport
10-09 12:15:00.469: I/Gmail(12215): getAccountsCursor
10-09 12:15:00.470: D/ActivityThread(12215): Loading provider com.google.android.gmail.provider;com.android.mail.notifier;com.google.android.gm.email.provider;com.google.android.gm.email.notifier: com.android.email.provider.EmailProvider
10-09 12:15:00.502: I/ActivityManager(1643): Killing 11430:com.google.android.partnersetup/u0a32 (adj 15): empty #7
10-09 12:15:00.623: W/ChimeraUtils(8428): Non Chimera context
10-09 12:15:00.623: D/ActivityManager(1643): cleanUpApplicationRecord -- 11430
10-09 12:15:00.647: I/AndroidIME(12227): com.google.android.apps.inputmethod.libs.framework.core.InputBundleManager: Subtype changes from to ja_JP
10-09 12:15:00.651: I/Icing(11225): IndexChimeraService.getServiceInterface callingPackage=com.google.android.googlequicksearchbox componentName=null serviceId=36
10-09 12:15:00.707: W/GAV2(12215): Thread[main,5,main]: Need to call initialize() and be in fallback mode to start dispatch.
10-09 12:15:00.729: I/GoogleInputMethod(12227): performUserUnlock() : isUserInitiallyUnlocked = true
10-09 12:15:00.776: I/art(8428): Background partial concurrent mark sweep GC freed 74966(3MB) AllocSpace objects, 10(240KB) LOS objects, 40% free, 17MB/28MB, paused 2.441ms total 115.258ms
10-09 12:15:00.788: I/Icing(11225): Usage reports ok 0, Failed Usage reports 0, indexed 0, rejected 0, imm upload true
10-09 12:15:00.800: I/NotifUtils(12215): resendNotifications cancelExisting: true, account: null, folder: null
10-09 12:15:00.810: I/Gmail(12215): getAccountsCursor
10-09 12:15:00.818: I/NotifUtils(12215): resendNotifications cancelExisting: true, account: null, folder: null
10-09 12:15:00.833: W/ChimeraUtils(8428): Non Chimera context
10-09 12:15:00.841: I/ActivityManager(1643): Start proc 12262:com.google.android.youtube/u0a110 for broadcast com.google.android.youtube/com.google.android.apps.youtube.app.system.LocaleUpdatedReceiver
10-09 12:15:00.907: W/System(12262): ClassLoader referenced unknown path: /system/app/YouTube/lib/arm
10-09 12:15:00.923: I/CalendarProvider2(12169): Sending notification intent: Intent { act=android.intent.action.PROVIDER_CHANGED dat=content://com.android.calendar flg=0x20000000 }
10-09 12:15:00.924: W/ContentResolver(12169): Failed to get type for: content://com.android.calendar (Unknown URL content://com.android.calendar)
10-09 12:15:00.934: I/Gmail(12215): Initiated Service map for: [gPop3, gLegacyImap, gEas, gmail]
10-09 12:15:00.945: I/Exchange(12215): EasService.onCreate
10-09 12:15:00.946: W/ActivityManager(1643): Unable to start service Intent { cmp=com.google.android.gm.exchange/com.android.exchange.service.EasService } U=0: not found
10-09 12:15:00.949: E/NetworkScheduler(8428): Invalid component specified.
10-09 12:15:00.957: E/NetworkScheduler(8428): Invalid component specified.
10-09 12:15:00.960: I/Exchange(12215): EasService.onCreate stoppedOldService=false
10-09 12:15:00.977: I/Exchange(12215): needResyncCalendar: false, hasCalendarPermission: false, needResyncContacts: false, hasContactsPermission: true
10-09 12:15:00.990: I/Exchange(12215): RestartPingTask
10-09 12:15:01.035: V/ConnectivityManager(8428): isActiveNetworkMetered() returns:false
10-09 12:15:01.044: D/AndroidRuntime(12146): >>>>>> START com.android.internal.os.RuntimeInit uid 2000 <<<<<<
10-09 12:15:01.050: D/AndroidRuntime(12146): CheckJNI is OFF
10-09 12:15:01.056: I/IcingInternalCorpora(11225): Received calendar change notification.
10-09 12:15:01.072: W/art(12146): 7007b000-70aa6000 rw-p 00000000 103:09 12202 /data/dalvik-cache/arm/system@framework@boot.art
10-09 12:15:01.072: W/art(12146): b1103000-b3139000 r--p 00000000 103:07 1336 /system/framework/arm/boot.oat
10-09 12:15:01.072: W/art(12146): b3139000-b498d000 r-xp 02036000 103:07 1336 /system/framework/arm/boot.oat
10-09 12:15:01.072: W/art(12146): b498d000-b498e000 rw-p 0388a000 103:07 1336 /system/framework/arm/boot.oat
10-09 12:15:01.072: W/art(12146): b498e000-b49ac000 r--p 00a2b000 103:09 12202 /data/dalvik-cache/arm/system@framework@boot.art
10-09 12:15:01.072: W/art(12146): b49ac000-b49ad000 rw-p 00000000 00:00 0 [anon:linker_alloc_vector]
10-09 12:15:01.072: W/art(12146): b49ae000-b49b1000 r-xp 00000000 103:07 1716 /system/lib/libsigchain.so
10-09 12:15:01.072: W/art(12146): b49b1000-b49b2000 r--p 00002000 103:07 1716 /system/lib/libsigchain.so
10-09 12:15:01.072: W/art(12146): b49b2000-b49b3000 rw-p 00003000 103:07 1716 /system/lib/libsigchain.so
10-09 12:15:01.072: W/art(12146): b49b3000-b4de9000 r-xp 00000000 103:07 1521 /system/lib/libart.so
10-09 12:15:01.072: W/art(12146): b4de9000-b4df3000 r--p 00435000 103:07 1521 /system/lib/libart.so
10-09 12:15:01.072: W/art(12146): b4df3000-b4df4000 rw-p 0043f000 103:07 1521 /system/lib/libart.so
10-09 12:15:01.072: W/art(12146): b4df4000-b4df6000 rw-p 00000000 00:00 0
10-09 12:15:01.072: W/art(12146): b4df6000-b4df7000 r--p 00000000 00:00 0
10-09 12:15:01.072: W/art(12146): b4df7000-b4df8000 r--p 00000000 00:00 0
10-09 12:15:01.072: W/art(12146): b4df8000-b4e18000 r--s 00000000 00:0c 7705 /dev/__properties__
10-09 12:15:01.072: W/art(12146): b4e18000-b4e19000 rw-p 00000000 00:00 0 [anon:linker_alloc_vector]
10-09 12:15:01.072: W/art(12146): b4e19000-b582b000 r-xp 00000000 103:07 1495 /system/lib/libLLVM.so
10-09 12:15:01.073: W/art(12146): b582b000-b582c000 ---p 00000000 00:00 0
10-09 12:15:01.073: W/art(12146): b582c000-b5875000 r--p 00a12000 103:07 1495 /system/lib/libLLVM.so
10-09 12:15:01.073: W/art(12146): b5875000-b5876000 rw-p 00a5b000 103:07 1495 /system/lib/libLLVM.so
10-09 12:15:01.073: W/art(12146): b5876000-b587e000 rw-p 00000000 00:00 0
10-09 12:15:01.073: W/art(12146): b587e000-b58b3000 r-xp 00000000 103:07 1537 /system/lib/libbcinfo.so
10-09 12:15:01.073: W/art(12146): b58b3000-b58b4000 ---p 00000000 00:00 0
10-09 12:15:01.073: W/art(12146): b58b4000-b58b5000 r--p 00035000 103:07 1537 /system/lib/libbcinfo.so
10-09 12:15:01.073: W/art(12146): b58b5000-b58b6000 rw-p 00036000 103:07 1537 /system/lib/libbcinfo.so
10-09 12:15:01.073: W/art(12146): b58b6000-b58b7000 r--p 00000000 00:00 0 [anon:linker_alloc]
10-09 12:15:01.073: W/art(12146): b58b7000-b590f000 r-xp 00000000 103:07 1536 /system/lib/libbcc.so
10-09 12:15:01.073: W/art(12146): b590f000-b5910000 ---p 00000000 00:00 0
10-09 12:15:01.073: W/art(12146): b5910000-b5911000 r--p 00058000 103:07 1536 /system/lib/libbcc.so
10-09 12:15:01.073: W/art(12146): b5911000-b5912000 rw-p 00059000 103:07 1536 /system/lib/libbcc.so
10-09 12:15:01.073: W/art(12146): b5912000-b591c000 r-xp 00000000 103:07 1557 /system/lib/libcommon_time_client.so
10-09 12:15:01.073: W/art(12146): b591c000-b591f000 r--p 00009000 103:07 1557 /system/lib/libcommon_time_client.so
10-09 12:15:01.073: W/art(12146): b591f000-b5920000 rw-p 0000c000 103:07 1557 /system/lib/libcommon_time_client.so
10-09 12:15:01.073: W/art(12146): b5920000-b5938000 r-xp 00000000 103:07 1694 /system/lib/libprotobuf-cpp-lite.so
10-09 12:15:01.073: W/art(12146): b5938000-b5939000 r--p 00017000 103:07 1694 /system/lib/libprotobuf-cpp-lite.so
10-09 12:15:01.073: W/art(12146): b5939000-b593a000 rw-p 00018000 103:07 1694 /system/lib/libprotobuf-cpp-lite.so
10-09 12:15:01.073: W/art(12146): b593a000-b593b000 r--p 00000000 00:00 0
10-09 12:15:01.073: W/art(12146): b593b000-b5942000 r-xp 00000000 103:07 1733 /system/lib/libstagefright_avc_common.so
10-09 12:15:01.073: W/art(12146): b5942000-b5943000 r--p 00006000 103:07 1733 /system/lib/libstagefright_avc_common.so
10-09 12:15:01.073: W/art(12146): b5943000-b5944000 rw-p 00007000 103:07 1733 /system/lib/libstagefright_avc_common.so
10-09 12:15:01.073: W/art(12146): b5944000-b5947000 r-xp 00000000 103:07 1734 /system/lib/libstagefright_enc_common.so
10-09 12:15:01.073: W/art(12146): b5947000-b5948000 r--p 00002000 103:07 1734 /system/lib/libstagefright_enc_common.so
10-09 12:15:01.073: W/art(12146): b5948000-b5949000 rw-p 00003000 103:07 1734 /system/lib/libstagefright_enc_common.so
10-09 12:15:01.073: W/art(12146): b5949000-b594d000 r-xp 00000000 103:07 1691 /system/lib/libpowermanager.so
10-09 12:15:01.073: W/art(12146): b594d000-b594e000 ---p 00000000 00:00 0
10-09 12:15:01.073: W/art(12146): b594e000-b594f000 r--p 00004000 103:07 1691 /system/lib/libpowermanager.so
10-09 12:15:01.073: W/art(12146): b594f000-b5950000 rw-p 00005000 103:07 1691 /system/lib/libpowermanager.so
10-09 12:15:01.073: W/art(12146): b5950000-b596c000 r-xp 00000000 103:07 1778 /system/lib/libvorbisidec.so
10-09 12:15:01.073: W/art(12146): b596c000-b596d000 r--p 0001b000 103:07 1778 /system/lib/libvorbisidec.so
10-09 12:15:01.073: W/art(12146): b596d000-b596e000 rw-p 0001c000 103:07 1778 /system/lib/libvorbisidec.so
10-09 12:15:01.073: W/art(12146): b596e000-b5973000 r-xp 00000000 103:07 1760 /system/lib/libstagefright_yuv.so
10-09 12:15:01.073: W/art(12146): b5973000-b5974000 r--p 00004000 103:07 1760 /system/lib/libstagefright_yuv.so
10-09 12:15:01.073: W/art(12146): b5974000-b5975000 rw-p 00005000 103:07 1760 /system/lib/libstagefright_yuv.so
10-09 12:15:01.073: W/art(12146): b5975000-b59a3000 r-xp 00000000 103:07 1738 /system/lib/libstagefright_omx.so
10-09 12:15:01.073: W/art(12146): b59a3000-b59a4000 ---p 00000000 00:00 0
10-09 12:15:01.073: W/art(12146): b59a4000-b59a7000 r--p 0002e000 103:07 1738 /system/lib/libstagefright_omx.so
10-09 12:15:01.073: W/art(12146): b59a7000-b59a8000 rw-p 00031000 103:07 1738 /system/lib/libstagefright_omx.so
10-09 12:15:01.073: W/art(12146): b59a8000-b59a9000 r--p 00000000 00:00 0 [anon:linker_alloc]
10-09 12:15:01.073: W/art(12146): b59a9000-b59e2000 r-xp 00000000 103:07 1681 /system/lib/libopus.so
10-09 12:15:01.073: W/art(12146): b59e2000-b59e3000 ---p 00000000 00:00 0
10-09 12:15:01.073: W/art(12146): b59e3000-b59e4000 r--p 00039000 103:07 1681 /system/lib/libopus.so
10-09 12:15:01.073: W/art(12146): b59e4000-b59e5000 rw-p 0003a000 103:07 1681 /system/lib/libopus.so
10-09 12:15:01.073: W/art(12146): b59e5000-b59ec000 r-xp 00000000 103:07 1653 /system/lib/libmediautils.so
10-09 12:15:01.074: W/art(12146): b59ec000-b59ed000 ---p 00000000 00:00 0
10-09 12:15:01.074: W/art(12146): b59ed000-b59ee000 r--p 00007000 103:07 1653 /system/lib/libmediautils.so
10-09 12:15:01.074: W/art(12146): b59ee000-b59ef000 rw-p 00008000 103:07 1653 /system/lib/libmediautils.so
10-09 12:15:01.074: W/art(12146): b59ef000-b5a04000 r-xp 00000000 103:07 1569 /system/lib/libdrmframework.so
10-09 12:15:01.074: W/art(12146): b5a04000-b5a05000 ---p 00000000 00:00 0
10-09 12:15:01.074: W/art(12146): b5a05000-b5a08000 r--p 00015000 103:07 1569 /system/lib/libdrmframework.so
10-09 12:15:01.074: W/art(12146): b5a08000-b5a09000 rw-p 00018000 103:07 1569 /system/lib/libdrmframework.so
10-09 12:15:01.074: W/art(12146): b5a09000-b5a27000 r-xp 00000000 103:07 1510 /system/lib/libRScpp.so
10-09 12:15:01.074: W/art(12146): b5a27000-b5a28000 ---p 00000000 00:00 0
10-09 12:15:01.074: W/art(12146): b5a28000-b5a29000 r--p 0001e000 103:07 1510 /system/lib/libRScpp.so
10-09 12:15:01.074: W/art(12146): b5a29000-b5a2a000 rw-p 0001f000 103:07 1510 /system/lib/libRScpp.so
10-09 12:15:01.074: W/art(12146): b5a2a000-b5a68000 r-xp 00000000 103:07 1507 /system/lib/libRS.so
10-09 12:15:01.074: W/art(12146): b5a68000-b5a69000 ---p 00000000 00:00 0
10-09 12:15:01.074: W/art(12146): b5a69000-b5a6b000 r--p 0003e000 103:07 1507 /system/lib/libRS.so
10-09 12:15:01.074: W/art(12146): b5a6b000-b5a6c000 rw-p 00040000 103:07 1507 /system/lib/libRS.so
10-09 12:15:01.074: W/art(12146): b5a6c000-b5a73000 r-xp 00000000 103:07 1727 /system/lib/libspeexresampler.so
10-09 12:15:01.074: W/art(12146): b5a73000-b5a74000 r--p 00006000 103:07 1727 /system/lib/libspeexresampler.so
10-09 12:15:01.074: W/art(12146): b5a74000-b5a75000 rw-p 00007000 103:07 1727 /system/lib/libspeexresampler.so
10-09 12:15:01.074: W/art(12146): b5a75000-b5a7e000 r-xp 00000000 103:07 1673 /system/lib/libnbaio.so
10-09 12:15:01.074: W/art(12146): b5a7e000-b5a7f000 r--p 00008000 103:07 1673 /system/lib/libnbaio.so
10-09 12:15:01.074: W/art(12146): b5a7f000-b5a80000 rw-p 00009000 103:07 1673 /system/lib/libnbaio.so
10-09 12:15:01.074: W/art(12146): b5a80000-b5a92000 r-xp 00000000 103:07 1685 /system/lib/libpcre.so
10-09 12:15:01.074: W/art(12146): b5a92000-b5a93000 r--p 00011000 103:07 1685 /system/lib/libpcre.so
10-09 12:15:01.074: W/art(12146): b5a93000-b5a94000 rw-p 00012000 103:07 1685 /system/lib/libpcre.so
10-09 12:15:01.074: W/art(12146): b5a94000-b5a99000 r-xp 00000000 103:07 1785 /system/lib/libwpa_client.so
10-09 12:15:01.074: W/art(12146): b5a99000-b5a9a000 r--p 00004000 103:07 1785 /system/lib/libwpa_client.so
10-09 12:15:01.074: W/art(12146): b5a9a000-b5a9b000 rw-p 00005000 103:07 1785 /system/lib/libwpa_client.so
10-09 12:15:01.074: W/art(12146): b5a9b000-b5a9d000 r--p 00000000 00:00 0 [anon:linker_alloc]
10-09 12:15:01.074: W/art(12146): b5a9d000-b5b0b000 r-xp 00000000 103:07 1491 /system/lib/libGLES_trace.so
10-09 12:15:01.074: W/art(12146): b5b0b000-b5b0d000 r--p 0006d000 103:07 1491 /system/lib/libGLES_trace.so
10-09 12:15:01.074: W/art(12146): b5b0d000-b5b0e000 rw-p 0006f000 103:07 1491 /system/lib/libGLES_trace.so
10-09 12:15:01.074: W/art(12146): b5b0e000-b5b44000 r-xp 00000000 103:07 2947 /system/vendor/lib/libqc-opt.so
10-09 12:15:01.074: W/art(12146): b5b44000-b5b45000 r--p 00035000 103:07 2947 /system/vendor/lib/libqc-opt.so
10-09 12:15:01.074: W/art(12146): b5b45000-b5b46000 rw-p 00036000 103:07 2947 /system/vendor/lib/libqc-opt.so
10-09 12:15:01.074: W/art(12146): b5b46000-b5baa000 r-xp 00000000 103:07 1610 /system/lib/libft2.so
10-09 12:15:01.074: W/art(12146): b5baa000-b5bac000 r--p 00063000 103:07 1610 /system/lib/libft2.so
10-09 12:15:01.074: W/art(12146): b5bac000-b5bad000 rw-p 00065000 103:07 1610 /system/lib/libft2.so
10-09 12:15:01.074: W/art(12146): b5bad000-b5bd2000 r-xp 00000000 103:07 1689 /system/lib/libpng.so
10-09 12:15:01.074: W/art(12146): b5bd2000-b5bd3000 r--p 00024000 103:07 1689 /system/lib/libpng.so
10-09 12:15:01.074: W/art(12146): b5bd3000-b5bd4000 rw-p 00025000 103:07 1689 /system/lib/libpng.so
10-09 12:15:01.074: W/art(12146): b5bd4000-b5bd7000 r-xp 00000000 103:07 1766 /system/lib/libsync.so
10-09 12:15:01.074: W/art(12146): b5bd7000-b5bd8000 r--p 00002000 103:07 1766 /system/lib/libsync.so
10-09 12:15:01.075: W/art(12146): b5bd8000-b5bd9000 rw-p 00003000 103:07 1766 /system/lib/libsync.so
10-09 12:15:01.075: W/art(12146): b5bd9000-b5bde000 r-xp 00000000 103:07 1762 /system/lib/libstdc++.so
10-09 12:15:01.075: W/art(12146): b5bde000-b5bdf000 r--p 00004000 103:07 1762 /system/lib/libstdc++.so
10-09 12:15:01.075: W/art(12146): b5bdf000-b5be0000 rw-p 00005000 103:07 1762 /system/lib/libstdc++.so
10-09 12:15:01.075: W/art(12146): b5be0000-b5bf0000 r-xp 00000000 103:07 1774 /system/lib/libunwind.so
10-09 12:15:01.075: W/art(12146): b5bf0000-b5bf1000 r--p 0000f000 103:07 1774 /system/lib/libunwind.so
10-09 12:15:01.075: W/art(12146): b5bf1000-b5bf2000 rw-p 00010000 103:07 1774 /system/lib/libunwind.so
10-09 12:15:01.075: W/art(12146): b5bf2000-b5c38000 rw-p 00000000 00:00 0
10-09 12:15:01.075: W/art(12146): b5c38000-b5c41000 r-xp 00000000 103:07 1535 /system/lib/libbase.so
10-09 12:15:01.075: W/art(12146): b5c41000-b5c42000 r--p 00008000 103:07 1535 /system/lib/libbase.so
10-09 12:15:01.075: W/art(12146): b5c42000-b5c43000 rw-p 00009000 103:07 1535 /system/lib/libbase.so
10-09 12:15:01.075: W/art(12146): b5c43000-b5c48000 r-xp 00000000 103:07 1595 /system/lib/libeffects.so
10-09 12:15:01.075: W/art(12146): b5c48000-b5c49000 r--p 00004000 103:07 1595 /system/lib/libeffects.so
10-09 12:15:01.075: W/art(12146): b5c49000-b5c4a000 rw-p 00005000 103:07 1595 /system/lib/libeffects.so
10-09 12:15:01.075: W/art(12146): b5c4a000-b5c4b000 r--p 00000000 00:00 0 [anon:linker_alloc]
10-09 12:15:01.075: W/art(12146): b5c4b000-b5c4e000 r-xp 00000000 103:07 1736 /system/lib/libstagefright_http_support.so
10-09 12:15:01.075: W/art(12146): b5c4e000-b5c4f000 ---p 00000000 00:00 0
10-09 12:15:01.075: W/art(12146): b5c4f000-b5c50000 r--p 00003000 103:07 1736 /system/lib/libstagefright_http_support.so
10-09 12:15:01.075: W/art(12146): b5c50000-b5c51000 rw-p 00004000 103:07 1736 /system/lib/libstagefright_http_support.so
10-09 12:15:01.075: W/art(12146): b5c51000-b5c69000 r-xp 00000000 103:07 1735 /system/lib/libstagefright_foundation.so
10-09 12:15:01.075: W/art(12146): b5c69000-b5c6a000 ---p 00000000 00:00 0
10-09 12:15:01.075: W/art(12146): b5c6a000-b5c6b000 r--p 00018000 103:07 1735 /system/lib/libstagefright_foundation.so
10-09 12:15:01.075: W/art(12146): b5c6b000-b5c6c000 rw-p 00019000 103:07 1735 /system/lib/libstagefright_foundation.so
10-09 12:15:01.075: W/art(12146): b5c6c000-b5dcb000 r-xp 00000000 103:07 1731 /system/lib/libstagefright.so
10-09 12:15:01.075: W/art(12146): b5dcb000-b5dcc000 ---p 00000000 00:00 0
10-09 12:15:01.075: W/art(12146): b5dcc000-b5dd8000 r--p 0015f000 103:07 1731 /system/lib/libstagefright.so
10-09 12:15:01.075: W/art(12146): b5dd8000-b5dd9000 rw-p 0016b000 103:07 1731 /system/lib/libstagefright.so
10-09 12:15:01.075: W/art(12146): b5dd9000-b5e40000 r-xp 00000000 103:07 1620 /system/lib/libhwui.so
10-09 12:15:01.075: W/art(12146): b5e40000-b5e41000 ---p 00000000 00:00 0
10-09 12:15:01.075: W/art(12146): b5e41000-b5e44000 r--p 00067000 103:07 1620 /system/lib/libhwui.so
10-09 12:15:01.075: W/art(12146): b5e44000-b5e45000 rw-p 0006a000 103:07 1620 /system/lib/libhwui.so
10-09 12:15:01.075: W/art(12146): b5e45000-b5e48000 r-xp 00000000 103:07 1704 /system/lib/libradio_metadata.so
10-09 12:15:01.075: W/art(12146): b5e48000-b5e49000 r--p 00002000 103:07 1704 /system/lib/libradio_metadata.so
10-09 12:15:01.075: W/art(12146): b5e49000-b5e4a000 rw-p 00003000 103:07 1704 /system/lib/libradio_metadata.so
10-09 12:15:01.075: W/art(12146): b5e4a000-b5e4e000 r-xp 00000000 103:07 1671 /system/lib/libnativebridge.so
10-09 12:15:01.075: W/art(12146): b5e4e000-b5e4f000 r--p 00003000 103:07 1671 /system/lib/libnativebridge.so
10-09 12:15:01.075: W/art(12146): b5e4f000-b5e50000 rw-p 00004000 103:07 1671 /system/lib/libnativebridge.so
10-09 12:15:01.075: W/art(12146): b5e50000-b5e54000 r-xp 00000000 103:07 1693 /system/lib/libprocessgroup.so
10-09 12:15:01.075: W/art(12146): b5e54000-b5e55000 r--p 00003000 103:07 1693 /system/lib/libprocessgroup.so
10-09 12:15:01.075: W/art(12146): b5e55000-b5e56000 rw-p 00004000 103:07 1693 /system/lib/libprocessgroup.so
10-09 12:15:01.075: W/art(12146): b5e56000-b5e64000 r-xp 00000000 103:07 1656 /system/lib/libminikin.so
10-09 12:15:01.075: W/art(12146): b5e64000-b5e65000 ---p 00000000 00:00 0
10-09 12:15:01.075: W/art(12146): b5e65000-b5e66000 r--p 0000e000 103:07 1656 /system/lib/libminikin.so
10-09 12:15:01.075: W/art(12146): b5e66000-b5e67000 rw-p 0000f000 103:07 1656 /system/lib/libminikin.so
10-09 12:15:01.075: W/art(12146): b5e67000-b5e71000 r-xp 00000000 103:07 1724 /system/lib/libsoundtrigger.so
10-09 12:15:01.075: W/art(12146): b5e71000-b5e74000 r--p 00009000 103:07 1724 /system/lib/libsoundtrigger.so
10-09 12:15:01.076: W/art(12146): b5e74000-b5e75000 rw-p 0000c000 103:07 1724 /system/lib/libsoundtrigger.so
10-09 12:15:01.076: W/art(12146): b5e75000-b5e76000 r--p 00000000 00:00 0 [anon:linker_alloc]
10-09 12:15:01.076: W/art(12146): b5e76000-b5e80000 r-xp 00000000 103:07 1703 /system/lib/libradio.so
10-09 12:15:01.076: W/art(12146): b5e80000-b5e83000 r--p 00009000 103:07 1703 /system/lib/libradio.so
10-09 12:15:01.076: W/art(12146): b5e83000-b5e84000 rw-p 0000c000 103:07 1703 /system/lib/libradio.so
10-09 12:15:01.076: W/art(12146): b5e84000-b5e88000 r-xp 00000000 103:07 1674 /system/lib/libnetd_client.so
10-09 12:15:01.076: W/art(12146): b5e88000-b5e89000 r--p 00003000 103:07 1674 /system/lib/libnetd_client.so
10-09 12:15:01.076: W/art(12146): b5e89000-b5e8a000 rw-p 00004000 103:07 1674 /system/lib/libnetd_client.so
10-09 12:15:01.076: W/art(12146): b5e8a000-b5e97000 r-xp 00000000 103:07 1623 /system/lib/libimg_utils.so
10-09 12:15:01.076: W/art(12146): b5e97000-b5e99000 r--p 0000c000 103:07 1623 /system/lib/libimg_utils.so
10-09 12:15:01.076: W/art(12146): b5e99000-b5e9a000 rw-p 0000e000 103:07 1623 /system/lib/libimg_utils.so
10-09 12:15:01.076: W/art(12146): b5e9a000-b6298000 r-xp 00000000 103:07 1686 /system/lib/libpdfium.so
10-09 12:15:01.076: W/art(12146): b6298000-b6299000 ---p 00000000 00:00 0
10-09 12:15:01.076: W/art(12146): b6299000-b62a2000 r--p 003fe000 103:07 1686 /system/lib/libpdfium.so
10-09 12:15:01.076: W/art(12146): b62a2000-b62a6000 rw-p 00407000 103:07 1686 /system/lib/libpdfium.so
10-09 12:15:01.076: W/art(12146): b62a6000-b62a7000 rw-p 00000000 00:00 0
10-09 12:15:01.076: W/art(12146): b62a7000-b62ae000 r-xp 00000000 103:07 1532 /system/lib/libaud
10-09 12:15:01.076: W/art(12146): ioutils.so
10-09 12:15:01.076: W/art(12146): b62ae000-b62af000 r--p 00006000 103:07 1532 /system/lib/libaudioutils.so
10-09 12:15:01.076: W/art(12146): b62af000-b62b0000 rw-p 00007000 103:07 1532 /system/lib/libaudioutils.so
10-09 12:15:01.076: W/art(12146): b62b0000-b62ca000 r-xp 00000000 103:07 1787 /system/lib/libz.so
10-09 12:15:01.076: W/art(12146): b62ca000-b62cb000 r--p 00019000
10-09 12:15:01.076: W/art(12146): 103:07 1787 /system/lib/libz.so
10-09 12:15:01.076: W/art(12146): b62cb000-b62cc000 rw-p 0001a000 103:07 1787 /system/lib/libz.so
10-09 12:15:01.076: W/art(12146): b62cc000-b6315000 r-xp 00000000 103:07 1617 /system/lib/libharfbuzz_ng.so
10-09 12:15:01.076: W/art(12146): b6315000-b6316000 ---p 00000000 00:00 0
10-09 12:15:01.076: W/art(12146): b6316000-b6317000 r--p 00049000 103:07 1617 /system/lib/libhar
10-09 12:15:01.076: W/art(12146): fbuzz_ng.so
10-09 12:15:01.076: W/art(12146): b6317000-b6318000 rw-p 0004a000 103:07 1617 /system/lib/libharfbuzz_ng.so
10-09 12:15:01.076: W/art(12146): b6318000-b6319000 rw-p 00000000 00:00 0 [anon:linker_alloc]
10-09 12:15:01.076: W/art(12146): b6319000-b631e000 r-xp 00000000 103:07 1775 /system/lib/libusbhost.so
10-09 12:15:01.076: W/art(12146): b631e000-b631f000 r--p 00004000 1
10-09 12:15:01.076: W/art(12146): 03:07 1775 /system/lib/libusbhost.so
10-09 12:15:01.076: W/art(12146): b631f000-b6320000 rw-p 00005000 103:07 1775 /system/lib/libusbhost.so
10-09 12:15:01.076: W/art(12146): b6320000-b6356000 r-xp 00000000 103:07 1632 /system/lib/libjpeg.so
10-09 12:15:01.076: W/art(12146): b6356000-b6357000 r--p 00035000 103:07 1632 /system/lib/libjpeg.so
10-09 12:15:01.076: W/art(12146): b6357000-b6358000 rw-p 00036000 103:07 1632 /system/lib/libjpeg.so
10-09 12:15:01.088: W/art(12146): b6358000-b6359000 r--p 00000000 00:00 0 [anon:linker_alloc]
10-09 12:15:01.088: W/art(12146): b6359000-b63ea000 r-xp 00000000 103:07 1648 /system/lib/libmedia.so
10-09 12:15:01.088: W/art(12146): b63ea000-b63eb000 ---p 00000000 00:00 0
10-09 12:15:01.088: W/art(12146): b63eb000-b6407000 r--p 00091000 103:07 1648 /system/lib/libmedia.so
10-09 12:15:01.088: W/art(12146): b6407000-b6408000 rw-p 000ad000 103:07 1648 /system/lib/libmedia.so
10-09 12:15:01.088: W/art(12146): b6408000-b656d000 r-xp 00000000 103:07 1621 /system/lib/libicui18n.so
10-09 12:15:01.088: W/art(12146): b656d000-b656e000 ---p 00000000 00:00 0
10-09 12:15:01.088: W/art(12146): b656e000-b6579000 r--p 00165000 103:07 1621 /system/lib/libicui18n.so
10-09 12:15:01.088: W/art(12146): b6579000-b657a000 rw-p 00170000 103:07 1621 /system/lib/libicui18n.so
10-09 12:15:01.088: W/art(12146): b657a000-b6689000 r-xp 00000000 103:07 1622 /system/lib/libicuuc.so
10-09 12:15:01.088: W/art(12146): b6689000-b6694000 r--p 0010e000 103:07 1622 /system/lib/libicuuc.so
10-09 12:15:01.088: W/art(12146): b6694000-b6695000 rw-p 00119000 103:07 1622 /system/lib/libicuuc.so
10-09 12:15:01.088: W/art(12146): b6695000-b6699000 rw-p 00000000 00:00 0
10-09 12:15:01.088: W/art(12146): b6699000-b66bc000 r-xp 00000000 103:07 1730 /system/lib/libssl.so
10-09 12:15:01.088: W/art(12146): b66bc000-b66be000 r--p 00022000 103:07 1730 /system/lib/libssl.so
10-09 12:15:01.088: W/art(12146): b66be000-b66bf000 rw-p 00024000 103:07 1730 /system/lib/libssl.so
10-09 12:15:01.088: W/art(12146): b66bf000-b674f000 r-xp 00000000 103:07 1560
10-09 12:15:01.088: W/art(12146): /system/lib/libcrypto.so
10-09 12:15:01.088: W/art(12146): b674f000-b6750000 ---p 00000000 00:00 0
10-09 12:15:01.088: W/art(12146): b6750000-b675b000 r--p 00090000 103:07 1560 /system/lib/libcrypto.so
10-09 12:15:01.088: W/art(12146): b675b000-b675c000 rw-p 0009b000 103:07 1560 /system/lib/libcrypto.so
10-09 12:15:01.088: W/art(12146): b675c000-b67ae000 r-xp 00000000 103:07 1722 /system/lib/libson
10-09 12:15:01.088: W/art(12146): ivox.so
10-09 12:15:01.088: W/art(12146): b67ae000-b67af000 ---p 00000000 00:00 0
10-09 12:15:01.088: W/art(12146): b67af000-b67b0000 r--p 00052000 103:07 1722 /system/lib/libsonivox.so
10-09 12:15:01.088: W/art(12146): b67b0000-b67b1000 rw-p 00053000 103:07 1722 /system/lib/libsonivox.so
10-09 12:15:01.088: W/art(12146): b67b1000-b67b6000 rw-p 00000000 00:00 0
10-09 12:15:01.088: W/art(12146): b67b6000-b67c5000 r-xp 0
10-09 12:15:01.088: W/art(12146): 0000000 103:07 1713 /system/lib/libselinux.so
10-09 12:15:01.088: W/art(12146): b67c5000-b67c6000 r--p 0000e000 103:07 1713 /system/lib/libselinux.so
10-09 12:15:01.088: W/art(12146): b67c6000-b67c7000 rw-p 0000f000 103:07 1713 /system/lib/libselinux.so
10-09 12:15:01.088: W/art(12146): b67c7000-b67ce000 r-xp 00000000 103:07 1616 /system/lib/libhardware_legacy.so
10-09 12:15:01.089: W/art(12146): b67ce000-b67cf000 ---p 00000000 00:00 0
10-09 12:15:01.089: W/art(12146): b67cf000-b67d0000 r--p 00007000 103:07 1616 /system/lib/libhardware_legacy.so
10-09 12:15:01.089: W/art(12146): b67d0000-b67d1000 rw-p 00008000 103:07 1616 /system/lib/libhardware_legacy.so
10-09 12:15:01.089: W/art(12146): b67d1000-b67d2000 rw-p 00000000 00:00 0
10-09 12:15:01.089: W/art(12146): b67d2000-b67d5000 r-xp 00000000 103:07 1615
10-09 12:15:01.089: W/art(12146): /system/lib/libhardware.so
10-09 12:15:01.089: W/art(12146): b67d5000-b67d6000 r--p 00002000 103:07 1615 /system/lib/libhardware.so
10-09 12:15:01.089: W/art(12146): b67d6000-b67d7000 rw-p 00003000 103:07 1615 /system/lib/libhardware.so
10-09 12:15:01.089: W/art(12146): b67d7000-b67db000 r-xp 00000000 103:07 1489 /system/lib/libETC1.so
10-09 12:15:01.089: W/art(12146): b67db000-b67dc000 r--p 00003000
10-09 12:15:01.089: W/art(12146): 103:07 1489 /system/lib/libETC1.so
10-09 12:15:01.089: W/art(12146): b67dc000-b67dd000 rw-p 00004000 103:07 1489 /system/lib/libETC1.so
10-09 12:15:01.089: W/art(12146): b67dd000-b67ea000 r-xp 00000000 103:07 1493 /system/lib/libGLESv2.so
10-09 12:15:01.089: W/art(12146): b67ea000-b67eb000 r--p 0000c000 103:07 1493 /system/lib/libGLESv2.so
10-09 12:15:01.089: W/art(12146): b67eb000-b67ec000 rw-p 0000d000 103:07 1493 /system/lib/libGLESv2.so
10-09 12:15:01.089: W/art(12146): b67ec000-b67f4000 r-xp 00000000 103:07 1492 /system/lib/libGLESv1_CM.so
10-09 12:15:01.089: W/art(12146): b67f4000-b67f5000 r--p 00007000 103:07 1492 /system/lib/libGLESv1_CM.so
10-09 12:15:01.089: W/art(12146): b67f5000-b67f6000 rw-p 00008000 103:07 1492 /system/lib/libGLESv1_CM.so
10-09 12:15:01.089: W/art(12146): b67f6000-b6852000 r-xp 00000000 103:07 1488 /system/lib/libEGL.so
10-09 12:15:01.089: W/art(12146): b6852000-b6853000 ---p 00000000 00:00 0
10-09 12:15:01.089: W/art(12146): b6853000-b6855000 r--p 0005c000 103:07 1488 /system/lib/libEGL.so
10-09 12:15:01.089: W/art(12146): b6855000-b685e000 rw-p 0005e000 103:07 1488 /system/lib/libEGL.so
10-09 12:15:01.089: W/art(12146): b685e000-b6861000 rw-p 00000000 00:00 0
10-09 12:15:01.089: W/art(12146): b6861000-b6930000 r-xp 00000000 103:07 1728 /system/lib/libsqlite.so
10-09 12:15:01.089: W/art(12146): b6930000-b6932000 r--p 000ce000 103:07 1728 /system/lib/libsqlite.so
10-09 12:15:01.089: W/art(12146): b6932000-b6933000 rw-p 000d0000 103:07 1728 /system/lib/libsqlite.so
10-09 12:15:01.089: W/art(12146): b6933000-b6b8d000 r-xp 00000000 103:07 1717 /system/lib/libskia.so
10-09 12:15:01.089: W/art(12146): b6b8d000-b6b8e000 ---p 00000000 00:00 0
10-09 12:15:01.089: W/art(12146): b6b8e000-b6ba8000 r--p 0025a000 103:07 1717 /system/lib/libskia.so
10-09 12:15:01.089: W/art(12146): b6ba8000-b6baa000 rw-p 00274000 103:07 1717 /system/lib/libskia.so
10-09 12:15:01.089: W/art(12146): b6baa000-b6baf000 rw-p 00000000 00:00 0
10-09 12:15:01.089: W/art(12146): b6baf000-b6bb7000 r-xp 00000000 103:07 1547 /system/lib/libcamera_
10-09 12:15:01.089: W/art(12146): metadata.so
10-09 12:15:01.089: W/art(12146): b6bb7000-b6bb8000 ---p 00000000 00:00 0
10-09 12:15:01.089: W/art(12146): b6bb8000-b6bb9000 r--p 00008000 103:07 1547 /system/lib/libcamera_metadata.so
10-09 12:15:01.089: W/art(12146): b6bb9000-b6bba000 rw-p 00009000 103:07 1547 /system/lib/libcamera_metadata.so
10-09 12:15:01.089: W/art(12146): b6bba000-b6bde000 r-xp 00000000 103:07 1546
10-09 12:15:01.089: W/art(12146): /system/lib/libcamera_client.so
10-09 12:15:01.089: W/art(12146): b6bde000-b6bdf000 ---p 00000000 00:00 0
10-09 12:15:01.089: W/art(12146): b6bdf000-b6be6000 r--p 00024000 103:07 1546 /system/lib/libcamera_client.so
10-09 12:15:01.089: W/art(12146): b6be6000-b6be7000 rw-p 0002b000 103:07 1546 /system/lib/libcamera_client.so
10-09 12:15:01.089: W/art(12146): b6be7000-b6c23000 r-xp 00000000 103:07 1625 /sys
10-09 12:15:01.089: W/art(12146): tem/lib/libinputflinger.so
10-09 12:15:01.089: W/art(12146): b6c23000-b6c26000 r--p 0003b000 103:07 1625 /system/lib/libinputflinger.so
10-09 12:15:01.089: W/art(12146): b6c26000-b6c27000 rw-p 0003e000 103:07 1625 /system/lib/libinputflinger.so
10-09 12:15:01.089: W/art(12146): b6c27000-b6c41000 r-xp 00000000 103:07 1624 /system/lib/libinput.so
10-09 12:15:01.089: W/art(12146): b6c41000-b6c45000 r--p 00019000 103:07 1624 /system/lib/libinput.so
10-09 12:15:01.089: W/art(12146): b6c45000-b6c46000 rw-p 0001d000 103:07 1624 /system/lib/libinput.so
10-09 12:15:01.089: W/art(12146): b6c46000-b6c93000 r-xp 00000000 103:07 1614 /system/lib/libgui.so
10-09 12:15:01.089: W/art(12146): b6c93000-b6c9f000 r--p 0004c000 103:07 1614 /system/lib/libgui.so
10-09 12:15:01.089: W/art(12146): b6c9f000-b6ca0000 rw-p 00058000 103:07 1614 /system/lib/libgui.so
10-09 12:15:01.089: W/art(12146): b6ca0000-b6cad000 r-xp 00000000 103:07 1773 /system/lib/libui.so
10-09 12:15:01.089: W/art(12146): b6cad000-b6cae000 ---p 00000000 00:00 0
10-09 12:15:01.089: W/art(12146): b6cae000-b6caf000 r--p 0000d000 103:07 1773 /system/lib/libui.so
10-09 12:15:01.089: W/art(12146): b6caf000-b6cb0000 rw-p 0000e000 103:07 1773 /system/lib/libui.so
10-09 12:15:01.090: W/art(12146): b6cb0000-b6cb7000 r-xp 00000000 103:07 1676 /system/lib/libnetutils.so
10-09 12:15:01.090: W/art(12146): b6cb7000-b6cb8000 r--p 00006000 103:07 1676 /system/lib/libnetutils.so
10-09 12:15:01.090: W/art(12146): b6cb8000-b6cb9000 rw-p 00007000 103:07 1676 /system/lib/libnetutils.so
10-09 12:15:01.090: W/art(12146): b6cb9000-b6cc0000 r-xp 00000000 103:07 1672 /system/lib/libnativehelper.so
10-09 12:15:01.090: W/art(12146): b6cc0000-b6cc1000 r--p 00006000 103:07 1672 /system/lib/libnativehelper.so
10-09 12:15:01.090: W/art(12146): b6cc1000-b6cc2000 rw-p 00007000 103:07 1672 /system/lib/libnativehelper.so
10-09 12:15:01.090: W/art(12146): b6cc2000-b6cd6000 r-xp 00000000 103:07 1597 /system/lib/libexpat.so
10-09 12:15:01.090: W/art(12146): b6cd6000-b6cd8000 r--p 00013000 103:07 1597 /system/lib/libexpat.so
10-09 12:15:01.090: W/art(12146): b6cd8000-b6cd9000 rw-p 00015000 103:07 1597 /system/lib/libexpat.so
10-09 12:15:01.090: W/art(12146): b6cd9000-b6d00000 r-xp 00000000 103:07 1517 /system/lib/libandroidfw.so
10-09 12:15:01.090: W/art(12146): b6d00000-b6d01000 ---p 00000000 00:00 0
10-09 12:15:01.090: W/art(12146): b6d01000-b6d02000 r--p 00027000 103:07 1517 /system/lib/libandroidfw.so
10-09 12:15:01.090: W/art(12146): b6d02000-b6d03000 rw-p 00028000 103:07 1517 /system/lib/libandroidfw.so
10-09 12:15:01.090: W/art(12146): b6d03000-b6d06000 r-xp 00000000 103:07 1655 /system/lib/libmemtrack.so
10-09 12:15:01.090: W/art(12146): b6d06000-b6d07000 r--p 00002000 103:07 1655 /system/lib/libmemtrack.so
10-09 12:15:01.090: W/art(12146): b6d07000-b6d08000 rw-p 00003000 103:07 1655 /system/lib/libmemtrack.so
10-09 12:15:01.090: W/art(12146): b6d08000-b6d11000 r-xp 00000000 103:07 1534 /system/lib/libbacktrace.so
10-09 12:15:01.090: W/art(12146): b6d11000-b6d12000 r--p 00008000 103:07 1534 /system/lib/libbacktrace.so
10-09 12:15:01.090: W/art(12146): b6d12000-b6d13000 rw-p 00009000 103:07 1534 /system/lib/libbacktrace.so
10-09 12:15:01.090: W/art(12146): b6d13000-b6d32000 r-xp 00000000 103:07 1645 /system/lib/libm.so
10-09 12:15:01.090: W/art(12146): b6d32000-b6d33000 ---p 00000000 00:00 0
10-09 12:15:01.090: W/art(12146): b6d33000-b6d34000 r--p 0001f000 103:07 1645 /system/lib/libm.so
10-09 12:15:01.090: W/art(12146): b6d34000-b6d35000 rw-p 00020000 103:07 1645 /system/lib/libm.so
10-09 12:15:01.090: W/art(12146): b6d35000-b6d91000 r-xp 00000000 103:07 1544 /system/lib/libc.so
10-09 12:15:01.090: W/art(12146): b6d91000-b6d92000 ---p 00000000 00:00 0
10-09 12:15:01.090: W/art(12146): b6d92000-b6d95000 r--p 0005c000 103:07 1544 /system/lib/libc.so
10-09 12:15:01.090: W/art(12146): b6d95000-b6d98000 rw-p 0005f000 103:07 1544 /system/lib/libc.so
10-09 12:15:01.090: W/art(12146): b6d98000-b6da1000 rw-p 00000000 00:00 0
10-09 12:15:01.090: W/art(12146): b6da1000-b6e2a000 r-xp 00000000 103:07 1543 /system/lib/libc++.so
10-09 12:15:01.090: W/art(12146): b6e2a000-b6e2e000 r--p 00088000 103:07 1543 /system/lib/libc++.so
10-09 12:15:01.090: W/art(12146): b6e2e000-b6e2f000 rw-p 0008c000 103:07 1543 /system/lib/libc++.so
10-09 12:15:01.090: W/art(12146): b6e2f000-b6e30000 rw-p 00000000 00:00 0
10-09 12:15:01.090: W/art(12146): b6e30000-b6e58000 r-xp 00000000 103:07 1784 /system/lib/libwilhelm.so
10-09 12:15:01.090: W/art(12146): b6e58000-b6e59000 ---p 00000000 00:00 0
10-09 12:15:01.090: W/art(12146): b6e59000-b6e5c000 r--p 00028000 103:07 1784 /system/lib/libwilhelm.so
10-09 12:15:01.090: W/art(12146): b6e5c000-b6e5d000 rw-p 0002b000 103:07 1784 /system/lib/libwilhelm.so
10-09 12:15:01.090: W/art(12146): b6e5d000-b6f2e000 r-xp 00000000 103:07 1515 /system/lib/libandroid_runtime.so
10-09 12:15:01.090: W/art(12146): b6f2e000-b6f2f000 ---p 00000000 00:00 0
10-09 12:15:01.090: W/art(12146): b6f2f000-b6f36000 r--p 000d1000 103:07 1515 /system/lib/libandroid_runtime.so
10-09 12:15:01.090: W/art(12146): b6f36000-b6f3e000 rw-p 000d8000 103:07 1515 /system/lib/libandroid_runtime.so
10-09 12:15:01.090: W/art(12146): b6f3e000-b6f3f000 rw-p 00000000 00:00 0 [anon:linker_alloc_vector]
10-09 12:15:01.090: W/art(12146): b6f3f000-b6f43000 r--p 00000000 00:00 0 [anon:linker_alloc]
10-09 12:15:01.090: W/art(12146): b6f43000-b6f69000 r-xp 00000000 103:07 1538 /system/lib/libbinder.so
10-09 12:15:01.090: W/art(12146): b6f69000-b6f70000 r--p 00025000 103:07 1538 /system/lib/libbinder.so
10-09 12:15:01.090: W/art(12146): b6f70000-b6f71000 rw-p 0002c000 103:07 1538 /system/lib/libbinder.so
10-09 12:15:01.090: W/art(12146): b6f71000-b6f79000 r-xp 00000000 103:07 1643 /system/lib/liblog.so
10-09 12:15:01.090: W/art(12146): b6f79000-b6f7a000 r--p 00007000 103:07 1643 /system/lib/liblog.so
10-09 12:15:01.090: W/art(12146): b6f7a000-b6f7b000 rw-p 00008000 103:07 1643 /system/lib/liblog.so
10-09 12:15:01.090: W/art(12146): b6f7b000-b6f93000 r-xp 00000000 103:07 1776 /system/lib/libutils.so
10-09 12:15:01.091: W/art(12146): b6f93000-b6f94000 ---p 00000000 00:00 0
10-09 12:15:01.091: W/art(12146): b6f94000-b6f95000 r--p 00018000 103:07 1776 /system/lib/libutils.so
10-09 12:15:01.091: W/art(12146): b6f95000-b6f96000 rw-p 00019000 103:07 1776 /system/lib/libutils.so
10-09 12:15:01.091: W/art(12146): b6f96000-b6fa5000 r-xp 00000000 103:07 1561 /system/lib/libcutils.so
10-09 12:15:01.091: W/art(12146): b6fa5000-b6fa6000 ---p 00000000 00:00 0
10-09 12:15:01.091: W/art(12146): b6fa6000-b6fa7000 r--p 0000f000 103:07 1561 /system/lib/libcutils.so
10-09 12:15:01.091: W/art(12146): b6fa7000-b6fa8000 rw-p 00010000 103:07 1561 /system/lib/libcutils.so
10-09 12:15:01.091: W/art(12146): b6fa8000-b6fa9000 rw-p 00000000 00:00 0 [anon:linker_alloc_vector]
10-09 12:15:01.091: W/art(12146): b6fa9000-b6faa000 rw-p 00000000 00:00 0 [anon:linker_alloc_64]
10-09 12:15:01.091: W/art(12146): b6faa000-b6fab000 r--p 00000000 00:00 0 [anon:linker_alloc]
10-09 12:15:01.091: W/art(12146): b6fab000-b6fac000 rw-p 00000000 00:00 0 [anon:linker_alloc]
10-09 12:15:01.091: W/art(12146): b6fac000-b6fad000 rw-p 00000000 00:00 0 [anon:linker_alloc_vector]
10-09 12:15:01.091: W/art(12146): b6fad000-b6fae000 rw-p 00000000 00:00 0 [anon:linker_alloc_32]
10-09 12:15:01.091: W/art(12146): b6fae000-b6faf000 r--p 00000000 00:00 0 [anon:linker_alloc]
10-09 12:15:01.091: W/art(12146): b6faf000-b6fcf000 r--s 00000000 00:0c 7705 /dev/__properties__
10-09 12:15:01.091: W/art(12146): b6fcf000-b6fd0000 r--p 00000000 00:00 0
10-09 12:15:01.091: W/art(12146): b6fd0000-b6fd1000 ---p 00000000 00:00 0
10-09 12:15:01.091: W/art(12146): b6fd1000-b6fd3000 rw-p 00000000 00:00 0 [anon:thread signal stack]
10-09 12:15:01.091: W/art(12146): b6fd3000-b6fef000 r-xp 00000000 103:07 516 /system/bin/linker
10-09 12:15:01.091: W/art(12146): b6fef000-b6ff0000 r-xp 00000000 00:00 0 [sigpage]
10-09 12:15:01.091: W/art(12146): b6ff0000-b6ff1000 r--p 0001c000 103:07 516 /system/bin/linker
10-09 12:15:01.091: W/art(12146): b6ff1000-b6ff3000 rw-p 0001d000 103:07 516 /system/bin/linker
10-09 12:15:01.091: W/art(12146): b6ff3000-b6ff5000 rw-p 00000000 00:00 0
10-09 12:15:01.091: W/art(12146): b6ff5000-b6ffa000 r-xp 00000000 103:07 373 /system/bin/app_process32
10-09 12:15:01.091: W/art(12146): b6ffa000-b6ffb000 r--p 00004000 103:07 373 /system/bin/app_process32
10-09 12:15:01.091: W/art(12146): b6ffb000-b6ffc000 rw-p 00000000 00:00 0
10-09 12:15:01.091: W/art(12146): b769d000-b76cf000 rw-p 00000000 00:00 0 [heap]
10-09 12:15:01.091: W/art(12146): be248000-bea47000 rw-p 00000000 00:00 0 [stack]
10-09 12:15:01.091: W/art(12146): ffff0000-ffff1000 r-xp 00000000 00:00 0 [vectors]
10-09 12:15:01.098: I/UpdateIcingCorporaServi(11092): UpdateCorporaTask done [took 1534 ms] updated apps [took 1281 ms] updated contacts [took 253 ms]
10-09 12:15:01.124: W/InstanceID/Rpc(11607): Found 10028
10-09 12:15:01.157: I/Gmail(12215): getAccountsCursor
10-09 12:15:01.166: D/ICU(12146): No timezone override file found: /data/misc/zoneinfo/current/icu/icu_tzdata.dat
10-09 12:15:01.186: I/art(1643): Background partial concurrent mark sweep GC freed 42367(3MB) AllocSpace objects, 1(20KB) LOS objects, 33% free, 19MB/29MB, paused 4.083ms total 121.068ms
10-09 12:15:01.206: W/ActivityManager(1643): Unable to start service Intent { cmp=com.google.android.gm/com.android.email.service.AttachmentService } U=0: not found
10-09 12:15:01.241: I/Exchange(12215): RestartPingsTask did not start any pings.
10-09 12:15:01.241: I/Exchange(12215): PSS stopIfIdle
10-09 12:15:01.241: I/Exchange(12215): PSS has no active accounts; stopping service.
10-09 12:15:01.248: I/Gmail(12215): Observing account changes for notifications
10-09 12:15:01.249: I/Exchange(12215): onDestroy
10-09 12:15:01.254: W/DynamiteModule(12262): Failed to load module via V2: java.lang.ClassNotFoundException: Didn't find class "com.google.android.gms.dynamite.DynamiteModule$DynamiteLoaderClassLoader" on path: DexPathList[[zip file "/system/app/YouTube/YouTube.apk"],nativeLibraryDirectories=[/system/app/YouTube/lib/arm, /system/app/YouTube/YouTube.apk!/lib/armeabi-v7a, /vendor/lib, /system/lib]]
10-09 12:15:01.264: I/Radio-JNI(12146): register_android_hardware_Radio DONE
10-09 12:15:01.284: I/PlatformStatsCollectorService(11225): Scheduled Ipconnectivitystats task with period 86400 sec.
10-09 12:15:01.288: I/DynamiteModule(12262): Considering local module com.google.android.gms.ads.dynamite:0 and remote module com.google.android.gms.ads.dynamite:310
10-09 12:15:01.288: I/DynamiteModule(12262): Selected remote version of com.google.android.gms.ads.dynamite, version >= 310
10-09 12:15:01.311: V/NativeCrypto(12262): Registering com/google/android/gms/org/conscrypt/NativeCrypto's 284 native methods...
10-09 12:15:01.342: D/Checkin(5340): publish the event [tag = MOT_CA_STATS_L2 event name = DC_APPINFO]
10-09 12:15:01.346: D/AndroidRuntime(12146): Calling main entry com.android.commands.settings.SettingsCmd
10-09 12:15:01.347: E/NetworkScheduler(8428): Invalid component specified.
10-09 12:15:01.349: D/Checkin(5340): publish the event [tag = MOT_CA_STATS_L2 event name = DC_APPINFO]
10-09 12:15:01.356: D/Checkin(5340): publish the event [tag = MOT_CA_STATS_L2 event name = DC_APPINFO]
10-09 12:15:01.358: D/AndroidRuntime(12146): Shutting down VM
10-09 12:15:01.361: D/Checkin(5340): publish the event [tag = MOT_CA_STATS_L2 event name = DC_APPINFO]
10-09 12:15:01.362: D/MC_DailyReportAction(5340): Starting class com.motorola.motocare.action.report.WakelockReport
10-09 12:15:01.363: I/art(12262): Rejecting re-init on previously-failed class java.lang.Class
10-09 12:15:01.364: I/art(12262): Rejecting re-init on previously-failed class java.lang.Class
10-09 12:15:01.364: I/art(12262): Rejecting re-init on previously-failed class java.lang.Class
