10-09 12:15:51.616: I/GCoreUlr(12585): Starting service, intent=Intent { act=com.google.android.location.reporting.ACTION_UPDATE_WORLD cmp=com.google.android.gms/com.google.android.location.reporting.service.DispatchingService (has extras) }, extras=Bundle[{receiverAction=com.google.gservices.intent.action.GSERVICES_CHANGED}]
10-09 12:15:51.696: V/ConnectivityManager(12585): isActiveNetworkMetered() returns:false
10-09 12:15:51.710: I/TestSupport(12568): AwaitCommitOperation: FlagOverride(com.google.android.gms.auth_account, , Flag(auth_sig_override_enabled, true, 2, 0), true) committed
10-09 12:15:51.711: I/TestSupport(12568): AwaitCommitOperation: no more uncommitted overrides
10-09 12:15:51.735: W/ModuleInitIntentOp(12568): Dropping unexpected action com.google.android.gms.phenotype.COMMITTED
10-09 12:15:51.748: W/ActivityManager(1643): Unable to start service Intent { cmp=com.google.android.gms/.analytics.service.RefreshEnabledStateService } U=0: not found
10-09 12:15:51.751: I/PTCommittedOperation(12585): Receive new configuration for com.google.android.gms.auth_account
10-09 12:15:51.783: I/SFPerfTracer(294): triggers: (rate: 0:2) (0 sw vsyncs) (0 skipped) (0:1252 vsyncs) (1:1990)
10-09 12:15:51.785: I/GCoreUlr(12585): WorldUpdater received intent Intent { act=com.google.android.location.reporting.ACTION_UPDATE_WORLD cmp=com.google.android.gms/com.google.android.location.reporting.service.DispatchingService (has extras) } with receiverAction com.google.gservices.intent.action.GSERVICES_CHANGED
10-09 12:15:51.817: I/art(1643): Background partial concurrent mark sweep GC freed 36515(2MB) AllocSpace objects, 4(80KB) LOS objects, 33% free, 20MB/30MB, paused 2.329ms total 129.081ms
10-09 12:15:51.831: I/TestSupport(12568): SetFlagOverridesOperation: com.google.android.gms.auth_account, '', [Flag(auth_sig_override_target_uid, 10128, 1, 0)]
10-09 12:15:51.850: W/ChimeraUtils(12568): Non Chimera context
10-09 12:15:51.853: W/ChimeraUtils(12585): Non Chimera context
10-09 12:15:51.854: D/CAR.SETUP(12568): Received GService flag change intent.
10-09 12:15:51.872: I/ChromeSync(12568): [Sync,SyncIntentOperation] Handling the intent: Intent { act=com.google.gservices.intent.action.GSERVICES_CHANGED flg=0x10 cmp=com.google.android.gms/.chimera.GmsIntentOperationService$PersistentInternalReceiver }.
10-09 12:15:51.947: I/TestSupport(12568): AwaitCommitOperation: auth_sig_override_target_uid
10-09 12:15:51.973: I/TestSupport(12568): AwaitCommitOperation: FlagOverride(com.google.android.gms.auth_account, , Flag(auth_sig_override_target_uid, 10128, 1, 0), true) committed
10-09 12:15:51.973: I/TestSupport(12568): AwaitCommitOperation: no more uncommitted overrides
10-09 12:15:51.978: I/art(12568): Background partial concurrent mark sweep GC freed 16147(846KB) AllocSpace objects, 5(2MB) LOS objects, 40% free, 20MB/33MB, paused 4.234ms total 159.664ms
10-09 12:15:51.986: I/PTCommittedOperation(12585): Receive new configuration for com.google.android.gms.auth_account
10-09 12:15:52.017: V/NativeCrypto(14077): Registering com/google/android/gms/org/conscrypt/NativeCrypto's 284 native methods...
10-09 12:15:52.042: I/GCoreUlr(12585): WorldUpdater:com.google.gservices.intent.action.GSERVICES_CHANGED: Ensuring that reporting is stopped because of reasons: {account#13#=[InactiveReason{mIdentifier=6, mName='ReportingNotEnabled'}, InactiveReason{mIdentifier=14, mName='HistoryNotEnabled'}]}
10-09 12:15:52.056: I/TestSupport(12568): SetFlagOverridesOperation: com.google.android.gms.auth_account, '', [Flag(auth_sig_override_sha1, '847eb63341c5cf9cf9eee968a8dd79fd3611f5f6', 4, 0)]
10-09 12:15:52.060: E/NetworkScheduler(12585): Invalid component specified.
10-09 12:15:52.065: I/art(14077): Rejecting re-init on previously-failed class java.lang.Class
10-09 12:15:52.065: I/art(14077): Rejecting re-init on previously-failed class java.lang.Class
10-09 12:15:52.066: I/art(14077): Rejecting re-init on previously-failed class java.lang.Class
10-09 12:15:52.066: I/art(14077): Rejecting re-init on previously-failed class java.lang.Class
10-09 12:15:52.098: I/ProviderInstaller(14077): Installed default security provider GmsCore_OpenSSL
10-09 12:15:52.109: I/GCoreUlr(12585): Unbound from all signal providers.
10-09 12:15:52.163: I/GCoreUlr(12585): DispatchingService ignoring Intent { act=android.net.wifi.WIFI_STATE_CHANGED flg=0x4000010 (has extras) } because ULR inactive
10-09 12:15:52.163: W/Thread-992(14116): type=1400 audit(0.0:548): avc: denied { write } for uid=10028 name=".lib.lock" dev="mmcblk0p41" ino=10255 scontext=u:r:untrusted_app:s0:c512,c768 tcontext=u:object_r:system_data_file:s0 tclass=file permissive=0
10-09 12:15:52.166: W/NativeLibraryUtils(14077): Failed to open lock file
10-09 12:15:52.166: W/NativeLibraryUtils(14077): java.io.FileNotFoundException: /data/user/0/com.google.android.gms/cache/.lib.lock: open failed: EACCES (Permission denied)
10-09 12:15:52.166: W/NativeLibraryUtils(14077): at libcore.io.IoBridge.open(IoBridge.java:452)
10-09 12:15:52.166: W/NativeLibraryUtils(14077): at java.io.RandomAccessFile.(RandomAccessFile.java:117)
10-09 12:15:52.166: W/NativeLibraryUtils(14077): at qgx.b(:com.google.android.gms@13280015@13.2.80 (040300-211705629):6)
10-09 12:15:52.166: W/NativeLibraryUtils(14077): at pdm.run(:com.google.android.gms@13280015@13.2.80 (040300-211705629))
10-09 12:15:52.166: W/NativeLibraryUtils(14077): Caused by: android.system.ErrnoException: open failed: EACCES (Permission denied)
10-09 12:15:52.166: W/NativeLibraryUtils(14077): at libcore.io.Posix.open(Native Method)
10-09 12:15:52.166: W/NativeLibraryUtils(14077): at libcore.io.BlockGuardOs.open(BlockGuardOs.java:186)
10-09 12:15:52.166: W/NativeLibraryUtils(14077): at libcore.io.IoBridge.open(IoBridge.java:438)
10-09 12:15:52.166: W/NativeLibraryUtils(14077): ... 3 more
10-09 12:15:52.203: V/ConnectivityManager(12585): isActiveNetworkMetered() returns:false
10-09 12:15:52.228: I/TestSupport(12568): AwaitCommitOperation: auth_sig_override_sha1
10-09 12:15:52.264: I/TestSupport(12568): AwaitCommitOperation: uncommitted: FlagOverride(com.google.android.gms.auth_account, , Flag(auth_sig_override_sha1, '847eb63341c5cf9cf9eee968a8dd79fd3611f5f6', 4, 0), false)
10-09 12:15:52.264: I/TestSupport(12568): AwaitCommitOperation: sleeping for 10 msec.
10-09 12:15:52.270: I/GCoreUlr(12585): Unbound from all signal providers.
10-09 12:15:52.270: I/GCoreUlr(12585): Stopping handler for UlrDispSvcFast
10-09 12:15:52.278: W/Primes(14077): Primes not initialized, returning default (no-op) Primes instance which will ignore all calls. Please call Primes.initialize(...) before using any Primes API.
10-09 12:15:52.316: I/TestSupport(12568): AwaitCommitOperation: uncommitted: FlagOverride(com.google.android.gms.auth_account, , Flag(auth_sig_override_sha1, '847eb63341c5cf9cf9eee968a8dd79fd3611f5f6', 4, 0), false)
10-09 12:15:52.316: I/TestSupport(12568): AwaitCommitOperation: sleeping for 20 msec.
10-09 12:15:52.325: E/NetworkScheduler(12585): Invalid component specified.
10-09 12:15:52.331: E/AsyncOpDispatcher(12568): Could not get module info from current context.
10-09 12:15:52.331: E/AsyncOpDispatcher(12568): java.lang.IllegalStateException: Unable to get current module info in ModuleManager created with non-module Context
10-09 12:15:52.331: E/AsyncOpDispatcher(12568): at com.google.android.chimera.config.ModuleManager.getCurrentModule(:com.google.android.gms@13280015@13.2.80 (040300-211705629):2)
10-09 12:15:52.331: E/AsyncOpDispatcher(12568): at wwj.b(:com.google.android.gms@13280015@13.2.80 (040300-211705629):1)
10-09 12:15:52.331: E/AsyncOpDispatcher(12568): at wwj.(:com.google.android.gms@13280015@13.2.80 (040300-211705629):8)
10-09 12:15:52.331: E/AsyncOpDispatcher(12568): at wwj.a(:com.google.android.gms@13280015@13.2.80 (040300-211705629):9)
10-09 12:15:52.331: E/AsyncOpDispatcher(12568): at com.google.android.gms.icing.mdd.service.DataDownloadChimeraService.a(:com.google.android.gms@13280015@13.2.80 (040300-211705629):14)
10-09 12:15:52.331: E/AsyncOpDispatcher(12568): at wwd.a(:com.google.android.gms@13280015@13.2.80 (040300-211705629):26)
10-09 12:15:52.331: E/AsyncOpDispatcher(12568): at pmz.a(:com.google.android.gms@13280015@13.2.80 (040300-211705629):46)
10-09 12:15:52.331: E/AsyncOpDispatcher(12568): at pnh.a(:com.google.android.gms@13280015@13.2.80 (040300-211705629):110)
10-09 12:15:52.331: E/AsyncOpDispatcher(12568): at pbi.run(:com.google.android.gms@13280015@13.2.80 (040300-211705629):8)
10-09 12:15:52.331: E/AsyncOpDispatcher(12568): at android.os.Handler.handleCallback(Handler.java:746)
10-09 12:15:52.331: E/AsyncOpDispatcher(12568): at android.os.Handler.dispatchMessage(Handler.java:95)
10-09 12:15:52.331: E/AsyncOpDispatcher(12568): at android.os.Looper.loop(Looper.java:148)
10-09 12:15:52.331: E/AsyncOpDispatcher(12568): at android.os.HandlerThread.run(HandlerThread.java:61)
10-09 12:15:52.335: E/NetworkScheduler(12585): Invalid component specified.
10-09 12:15:52.339: E/NetworkScheduler(12585): Invalid component specified.
10-09 12:15:52.342: E/NetworkScheduler(12585): Invalid component specified.
10-09 12:15:52.359: I/TestSupport(12568): AwaitCommitOperation: FlagOverride(com.google.android.gms.auth_account, , Flag(auth_sig_override_sha1, '847eb63341c5cf9cf9eee968a8dd79fd3611f5f6', 4, 0), true) committed
10-09 12:15:52.359: I/TestSupport(12568): AwaitCommitOperation: no more uncommitted overrides
10-09 12:15:52.367: I/PTCommittedOperation(12585): Receive new configuration for com.google.android.gms.auth_account
10-09 12:15:52.407: I/MS_Utils(12568): version of com.google.android.apps.maps = 933102123
10-09 12:15:52.417: V/ConnectivityManager(12585): isActiveNetworkMetered() returns:false
10-09 12:15:52.445: I/TestSupport(12568): AwaitCommitOperation: *
10-09 12:15:52.452: I/TestSupport(12568): AwaitCommitOperation: FlagOverride(com.google.android.gms.auth_account, , Flag(auth_sig_override_enabled, true, 2, 0), true) committed
10-09 12:15:52.452: I/TestSupport(12568): AwaitCommitOperation: FlagOverride(com.google.android.gms.auth_account, , Flag(auth_sig_override_sha1, '847eb63341c5cf9cf9eee968a8dd79fd3611f5f6', 4, 0), true) committed
10-09 12:15:52.452: I/TestSupport(12568): AwaitCommitOperation: FlagOverride(com.google.android.gms.auth_account, , Flag(auth_sig_override_target_uid, 10128, 1, 0), true) committed
10-09 12:15:52.452: I/TestSupport(12568): AwaitCommitOperation: no more uncommitted overrides
10-09 12:15:52.476: W/ModuleInitIntentOp(12568): Dropping unexpected action com.google.android.gms.phenotype.COMMITTED
10-09 12:15:52.481: I/MobileDataHub(12568): Scheduling periodic tasks
10-09 12:15:52.484: W/MobileDataHub(12568): [Service] appsupload-periodic periodic task disabled
10-09 12:15:52.510: I/CmaSystemUpdateService(12568): StartServiceIntentOperation: Intent { act=com.google.gservices.intent.action.GSERVICES_CHANGED flg=0x10 cmp=com.google.android.gms/.chimera.GmsIntentOperationService$PersistentInternalReceiver }
10-09 12:15:52.510: I/CmaSystemUpdateService(12568): receiver: Intent { act=com.google.gservices.intent.action.GSERVICES_CHANGED flg=0x10 cmp=com.google.android.gms/.chimera.GmsIntentOperationService$PersistentInternalReceiver }
10-09 12:15:52.518: I/SystemUpdate(12568): [Installation,ReceiverIntentOperation] Received intent: Intent { act=com.google.gservices.intent.action.GSERVICES_CHANGED flg=0x10 cmp=com.google.android.gms/.chimera.GmsIntentOperationService$PersistentInternalReceiver }.
10-09 12:15:52.528: I/TSDRIVER(14002): Handled command: PACKAGE
10-09 12:15:52.536: I/ActivityManager(1643): Killing 13831:com.motorola.motodisplay/u0a44 (adj 15): empty #7
10-09 12:15:52.589: D/ActivityManager(1643): cleanUpApplicationRecord -- 13831
10-09 12:15:52.611: W/ChimeraUtils(12568): Non Chimera context
10-09 12:15:52.612: E/NetworkScheduler(12585): Invalid component specified.
10-09 12:15:52.613: W/ChimeraUtils(12568): Non Chimera context
10-09 12:15:52.627: V/ConnectivityManager(12585): isActiveNetworkMetered() returns:false
10-09 12:15:52.644: I/SystemUpdate(12568): [Execution,InstallationEventIntentOperation] Handling event of type 2.
10-09 12:15:52.669: I/SystemUpdate(12568): [Execution,InstallationIntentOperation] Received intent: Intent { act=com.google.android.gms.update.INSTALL_UPDATE cat=[targeted_intent_op_prefix:.update.execution.InstallationIntentOperation] cmp=com.google.android.gms/.chimera.GmsIntentOperationService }.
10-09 12:15:52.680: I/SystemUpdate(12568): [Execution,ExecutionManager] Action finished-execution executed for 0.00 seconds.
10-09 12:15:52.699: I/OcrModelUpStIntentOp(12568): Updating ocr activity enabled=true (phenotypeFlag=true, lowRamDevice=false, prereqCheck=true)
10-09 12:15:52.703: V/NativeCrypto(13846): Registering com/google/android/gms/org/conscrypt/NativeCrypto's 284 native methods...
10-09 12:15:52.703: I/ChromeSync(12568): [Sync,SyncAdapter] Successfully synced in 118 milliseconds with request: ona{account=, eventType=700, waitForInitialization=false, zipitVersionInfo=null}.
10-09 12:15:52.754: I/art(13846): Rejecting re-init on previously-failed class java.lang.Class
10-09 12:15:52.755: I/art(13846): Rejecting re-init on previously-failed class java.lang.Class
10-09 12:15:52.756: I/art(13846): Rejecting re-init on previously-failed class java.lang.Class
10-09 12:15:52.757: I/art(13846): Rejecting re-init on previously-failed class java.lang.Class
10-09 12:15:52.787: I/OcrModelUpStIntentOp(12568): Downloading text recognizer
10-09 12:15:52.794: W/ModuleInitIntentOp(12568): Dropping unexpected action com.google.android.gms.phenotype.COMMITTED
10-09 12:15:52.807: I/ProviderInstaller(13846): Installed default security provider GmsCore_OpenSSL
10-09 12:15:52.847: I/Vision(12568): Details: ocr_armeabi_v7a.zip, a0fa9e293aa78a849c0951e9a9220ca9e9935bd9
10-09 12:15:52.850: I/Vision(12568): Engine already satisfied by existing download for ocr
10-09 12:15:53.139: D/AndroidRuntime(14112): >>>>>> START com.android.internal.os.RuntimeInit uid 2000 <<<<<<
10-09 12:15:53.145: D/AndroidRuntime(14112): CheckJNI is OFF
10-09 12:15:53.150: W/art(14112): 7007b000-70aa6000 rw-p 00000000 103:09 12202 /data/dalvik-cache/arm/system@framework@boot.art
10-09 12:15:53.150: W/art(14112): b1038000-b306e000 r--p 00000000 103:07 1336 /system/framework/arm/boot.oat
10-09 12:15:53.150: W/art(14112): b306e000-b48c2000 r-xp 02036000 103:07 1336 /system/framework/arm/boot.oat
10-09 12:15:53.150: W/art(14112): b48c2000-b48c3000 rw-p 0388a000 103:07 1336 /system/framework/arm/boot.oat
10-09 12:15:53.150: W/art(14112): b48c3000-b48e1000 r--p 00a2b000 103:09 12202 /data/dalvik-cache/arm/system@framework@boot.art
10-09 12:15:53.150: W/art(14112): b48e1000-b48e2000 rw-p 00000000 00:00 0 [anon:linker_alloc_vector]
10-09 12:15:53.150: W/art(14112): b48e3000-b48e6000 r-xp 00000000 103:07 1716 /system/lib/libsigchain.so
10-09 12:15:53.150: W/art(14112): b48e6000-b48e7000 r--p 00002000 103:07 1716 /system/lib/libsigchain.so
10-09 12:15:53.150: W/art(14112): b48e7000-b48e8000 rw-p 00003000 103:07 1716 /system/lib/libsigchain.so
10-09 12:15:53.150: W/art(14112): b48e8000-b4d1e000 r-xp 00000000 103:07 1521 /system/lib/libart.so
10-09 12:15:53.150: W/art(14112): b4d1e000-b4d28000 r--p 00435000 103:07 1521 /system/lib/libart.so
10-09 12:15:53.151: W/art(14112): b4d28000-b4d29000 rw-p 0043f000 103:07 1521 /system/lib/libart.so
10-09 12:15:53.151: W/art(14112): b4d29000-b4d2b000 rw-p 00000000 00:00 0
10-09 12:15:53.151: W/art(14112): b4d2b000-b4d2c000 r--p 00000000 00:00 0
10-09 12:15:53.151: W/art(14112): b4d2c000-b4d2d000 r--p 00000000 00:00 0
10-09 12:15:53.151: W/art(14112): b4d2d000-b4d4d000 r--s 00000000 00:0c 7705 /dev/__properties__
10-09 12:15:53.151: W/art(14112): b4d4d000-b4d4e000 rw-p 00000000 00:00 0 [anon:linker_alloc_vector]
10-09 12:15:53.151: W/art(14112): b4d4e000-b5760000 r-xp 00000000 103:07 1495 /system/lib/libLLVM.so
10-09 12:15:53.151: W/art(14112): b5760000-b5761000 ---p 00000000 00:00 0
10-09 12:15:53.151: W/art(14112): b5761000-b57aa000 r--p 00a12000 103:07 1495 /system/lib/libLLVM.so
10-09 12:15:53.151: W/art(14112): b57aa000-b57ab000 rw-p 00a5b000 103:07 1495 /system/lib/libLLVM.so
10-09 12:15:53.151: W/art(14112): b57ab000-b57b3000 rw-p 00000000 00:00 0
10-09 12:15:53.151: W/art(14112): b57b3000-b57e8000 r-xp 00000000 103:07 1537 /system/lib/libbcinfo.so
10-09 12:15:53.151: W/art(14112): b57e8000-b57e9000 ---p 00000000 00:00 0
10-09 12:15:53.151: W/art(14112): b57e9000-b57ea000 r--p 00035000 103:07 1537 /system/lib/libbcinfo.so
10-09 12:15:53.151: W/art(14112): b57ea000-b57eb000 rw-p 00036000 103:07 1537 /system/lib/libbcinfo.so
10-09 12:15:53.151: W/art(14112): b57eb000-b57ec000 r--p 00000000 00:00 0 [anon:linker_alloc]
10-09 12:15:53.151: W/art(14112): b57ec000-b5844000 r-xp 00000000 103:07 1536 /system/lib/libbcc.so
10-09 12:15:53.151: W/art(14112): b5844000-b5845000 ---p 00000000 00:00 0
10-09 12:15:53.151: W/art(14112): b5845000-b5846000 r--p 00058000 103:07 1536 /system/lib/libbcc.so
10-09 12:15:53.151: W/art(14112): b5846000-b5847000 rw-p 00059000 103:07 1536 /system/lib/libbcc.so
10-09 12:15:53.151: W/art(14112): b5847000-b5851000 r-xp 00000000 103:07 1557 /system/lib/libcommon_time_client.so
10-09 12:15:53.151: W/art(14112): b5851000-b5854000 r--p 00009000 103:07 1557 /system/lib/libcommon_time_client.so
10-09 12:15:53.151: W/art(14112): b5854000-b5855000 rw-p 0000c000 103:07 1557 /system/lib/libcommon_time_client.so
10-09 12:15:53.151: W/art(14112): b5855000-b586d000 r-xp 00000000 103:07 1694 /system/lib/libprotobuf-cpp-lite.so
10-09 12:15:53.151: W/art(14112): b586d000-b586e000 r--p 00017000 103:07 1694 /system/lib/libprotobuf-cpp-lite.so
10-09 12:15:53.151: W/art(14112): b586e000-b586f000 rw-p 00018000 103:07 1694 /system/lib/libprotobuf-cpp-lite.so
10-09 12:15:53.151: W/art(14112): b586f000-b5870000 r--p 00000000 00:00 0
10-09 12:15:53.151: W/art(14112): b5870000-b5877000 r-xp 00000000 103:07 1733 /system/lib/libstagefright_avc_common.so
10-09 12:15:53.151: W/art(14112): b5877000-b5878000 r--p 00006000 103:07 1733 /system/lib/libstagefright_avc_common.so
10-09 12:15:53.151: W/art(14112): b5878000-b5879000 rw-p 00007000 103:07 1733 /system/lib/libstagefright_avc_common.so
10-09 12:15:53.151: W/art(14112): b5879000-b587c000 r-xp 00000000 103:07 1734 /system/lib/libstagefright_enc_common.so
10-09 12:15:53.151: W/art(14112): b587c000-b587d000 r--p 00002000 103:07 1734 /system/lib/libstagefright_enc_common.so
10-09 12:15:53.151: W/art(14112): b587d000-b587e000 rw-p 00003000 103:07 1734 /system/lib/libstagefright_enc_common.so
10-09 12:15:53.151: W/art(14112): b587e000-b5882000 r-xp 00000000 103:07 1691 /system/lib/libpowermanager.so
10-09 12:15:53.151: W/art(14112): b5882000-b5883000 ---p 00000000 00:00 0
10-09 12:15:53.151: W/art(14112): b5883000-b5884000 r--p 00004000 103:07 1691 /system/lib/libpowermanager.so
10-09 12:15:53.151: W/art(14112): b5884000-b5885000 rw-p 00005000 103:07 1691 /system/lib/libpowermanager.so
10-09 12:15:53.151: W/art(14112): b5885000-b58a1000 r-xp 00000000 103:07 1778 /system/lib/libvorbisidec.so
10-09 12:15:53.151: W/art(14112): b58a1000-b58a2000 r--p 0001b000 103:07 1778 /system/lib/libvorbisidec.so
10-09 12:15:53.151: W/art(14112): b58a2000-b58a3000 rw-p 0001c000 103:07 1778 /system/lib/libvorbisidec.so
10-09 12:15:53.151: W/art(14112): b58a3000-b58a8000 r-xp 00000000 103:07 1760 /system/lib/libstagefright_yuv.so
10-09 12:15:53.151: W/art(14112): b58a8000-b58a9000 r--p 00004000 103:07 1760 /system/lib/libstagefright_yuv.so
10-09 12:15:53.151: W/art(14112): b58a9000-b58aa000 rw-p 00005000 103:07 1760 /system/lib/libstagefright_yuv.so
10-09 12:15:53.151: W/art(14112): b58aa000-b58d8000 r-xp 00000000 103:07 1738 /system/lib/libstagefright_omx.so
10-09 12:15:53.151: W/art(14112): b58d8000-b58d9000 ---p 00000000 00:00 0
10-09 12:15:53.151: W/art(14112): b58d9000-b58dc000 r--p 0002e000 103:07 1738 /system/lib/libstagefright_omx.so
10-09 12:15:53.151: W/art(14112): b58dc000-b58dd000 rw-p 00031000 103:07 1738 /system/lib/libstagefright_omx.so
10-09 12:15:53.151: W/art(14112): b58dd000-b58de000 r--p 00000000 00:00 0 [anon:linker_alloc]
10-09 12:15:53.151: W/art(14112): b58de000-b5917000 r-xp 00000000 103:07 1681 /system/lib/libopus.so
10-09 12:15:53.151: W/art(14112): b5917000-b5918000 ---p 00000000 00:00 0
10-09 12:15:53.151: W/art(14112): b5918000-b5919000 r--p 00039000 103:07 1681 /system/lib/libopus.so
10-09 12:15:53.151: W/art(14112): b5919000-b591a000 rw-p 0003a000 103:07 1681 /system/lib/libopus.so
10-09 12:15:53.152: W/art(14112): b591a000-b5921000 r-xp 00000000 103:07 1653 /system/lib/libmediautils.so
10-09 12:15:53.152: W/art(14112): b5921000-b5922000 ---p 00000000 00:00 0
10-09 12:15:53.152: W/art(14112): b5922000-b5923000 r--p 00007000 103:07 1653 /system/lib/libmediautils.so
10-09 12:15:53.152: W/art(14112): b5923000-b5924000 rw-p 00008000 103:07 1653 /system/lib/libmediautils.so
10-09 12:15:53.152: W/art(14112): b5924000-b5939000 r-xp 00000000 103:07 1569 /system/lib/libdrmframework.so
10-09 12:15:53.152: W/art(14112): b5939000-b593a000 ---p 00000000 00:00 0
10-09 12:15:53.152: W/art(14112): b593a000-b593d000 r--p 00015000 103:07 1569 /system/lib/libdrmframework.so
10-09 12:15:53.152: W/art(14112): b593d000-b593e000 rw-p 00018000 103:07 1569 /system/lib/libdrmframework.so
10-09 12:15:53.152: W/art(14112): b593e000-b595c000 r-xp 00000000 103:07 1510 /system/lib/libRScpp.so
10-09 12:15:53.152: W/art(14112): b595c000-b595d000 ---p 00000000 00:00 0
10-09 12:15:53.152: W/art(14112): b595d000-b595e000 r--p 0001e000 103:07 1510 /system/lib/libRScpp.so
10-09 12:15:53.152: W/art(14112): b595e000-b595f000 rw-p 0001f000 103:07 1510 /system/lib/libRScpp.so
10-09 12:15:53.152: W/art(14112): b595f000-b599d000 r-xp 00000000 103:07 1507 /system/lib/libRS.so
10-09 12:15:53.152: W/art(14112): b599d000-b599e000 ---p 00000000 00:00 0
10-09 12:15:53.152: W/art(14112): b599e000-b59a0000 r--p 0003e000 103:07 1507 /system/lib/libRS.so
10-09 12:15:53.152: W/art(14112): b59a0000-b59a1000 rw-p 00040000 103:07 1507 /system/lib/libRS.so
10-09 12:15:53.152: W/art(14112): b59a1000-b59a8000 r-xp 00000000 103:07 1727 /system/lib/libspeexresampler.so
10-09 12:15:53.152: W/art(14112): b59a8000-b59a9000 r--p 00006000 103:07 1727 /system/lib/libspeexresampler.so
10-09 12:15:53.152: W/art(14112): b59a9000-b59aa000 rw-p 00007000 103:07 1727 /system/lib/libspeexresampler.so
10-09 12:15:53.152: W/art(14112): b59aa000-b59b3000 r-xp 00000000 103:07 1673 /system/lib/libnbaio.so
10-09 12:15:53.152: W/art(14112): b59b3000-b59b4000 r--p 00008000 103:07 1673 /system/lib/libnbaio.so
10-09 12:15:53.152: W/art(14112): b59b4000-b59b5000 rw-p 00009000 103:07 1673 /system/lib/libnbaio.so
10-09 12:15:53.152: W/art(14112): b59b5000-b59c7000 r-xp 00000000 103:07 1685 /system/lib/libpcre.so
10-09 12:15:53.152: W/art(14112): b59c7000-b59c8000 r--p 00011000 103:07 1685 /system/lib/libpcre.so
10-09 12:15:53.152: W/art(14112): b59c8000-b59c9000 rw-p 00012000 103:07 1685 /system/lib/libpcre.so
10-09 12:15:53.152: W/art(14112): b59c9000-b59ce000 r-xp 00000000 103:07 1785 /system/lib/libwpa_client.so
10-09 12:15:53.152: W/art(14112): b59ce000-b59cf000 r--p 00004000 103:07 1785 /system/lib/libwpa_client.so
10-09 12:15:53.152: W/art(14112): b59cf000-b59d0000 rw-p 00005000 103:07 1785 /system/lib/libwpa_client.so
10-09 12:15:53.152: W/art(14112): b59d0000-b59d2000 r--p 00000000 00:00 0 [anon:linker_alloc]
10-09 12:15:53.152: W/art(14112): b59d2000-b5a40000 r-xp 00000000 103:07 1491 /system/lib/libGLES_trace.so
10-09 12:15:53.152: W/art(14112): b5a40000-b5a42000 r--p 0006d000 103:07 1491 /system/lib/libGLES_trace.so
10-09 12:15:53.152: W/art(14112): b5a42000-b5a43000 rw-p 0006f000 103:07 1491 /system/lib/libGLES_trace.so
10-09 12:15:53.152: W/art(14112): b5a43000-b5a79000 r-xp 00000000 103:07 2947 /system/vendor/lib/libqc-opt.so
10-09 12:15:53.152: W/art(14112): b5a79000-b5a7a000 r--p 00035000 103:07 2947 /system/vendor/lib/libqc-opt.so
10-09 12:15:53.152: W/art(14112): b5a7a000-b5a7b000 rw-p 00036000 103:07 2947 /system/vendor/lib/libqc-opt.so
10-09 12:15:53.152: W/art(14112): b5a7b000-b5adf000 r-xp 00000000 103:07 1610 /system/lib/libft2.so
10-09 12:15:53.152: W/art(14112): b5adf000-b5ae1000 r--p 00063000 103:07 1610 /system/lib/libft2.so
10-09 12:15:53.152: W/art(14112): b5ae1000-b5ae2000 rw-p 00065000 103:07 1610 /system/lib/libft2.so
10-09 12:15:53.152: W/art(14112): b5ae2000-b5b07000 r-xp 00000000 103:07 1689 /system/lib/libpng.so
10-09 12:15:53.152: W/art(14112): b5b07000-b5b08000 r--p 00024000 103:07 1689 /system/lib/libpng.so
10-09 12:15:53.152: W/art(14112): b5b08000-b5b09000 rw-p 00025000 103:07 1689 /system/lib/libpng.so
10-09 12:15:53.152: W/art(14112): b5b09000-b5b0c000 r-xp 00000000 103:07 1766 /system/lib/libsync.so
10-09 12:15:53.152: W/art(14112): b5b0c000-b5b0d000 r--p 00002000 103:07 1766 /system/lib/libsync.so
10-09 12:15:53.152: W/art(14112): b5b0d000-b5b0e000 rw-p 00003000 103:07 1766 /system/lib/libsync.so
10-09 12:15:53.152: W/art(14112): b5b0e000-b5b13000 r-xp 00000000 103:07 1762 /system/lib/libstdc++.so
10-09 12:15:53.152: W/art(14112): b5b13000-b5b14000 r--p 00004000 103:07 1762 /system/lib/libstdc++.so
10-09 12:15:53.152: W/art(14112): b5b14000-b5b15000 rw-p 00005000 103:07 1762 /system/lib/libstdc++.so
10-09 12:15:53.152: W/art(14112): b5b15000-b5b25000 r-xp 00000000 103:07 1774 /system/lib/libunwind.so
10-09 12:15:53.152: W/art(14112): b5b25000-b5b26000 r--p 0000f000 103:07 1774 /system/lib/libunwind.so
10-09 12:15:53.152: W/art(14112): b5b26000-b5b27000 rw-p 00010000 103:07 1774 /system/lib/libunwind.so
10-09 12:15:53.152: W/art(14112): b5b27000-b5b6d000 rw-p 00000000 00:00 0
10-09 12:15:53.152: W/art(14112): b5b6d000-b5b76000 r-xp 00000000 103:07 1535 /system/lib/libbase.so
10-09 12:15:53.153: W/art(14112): b5b76000-b5b77000 r--p 00008000 103:07 1535 /system/lib/libbase.so
10-09 12:15:53.153: W/art(14112): b5b77000-b5b78000 rw-p 00009000 103:07 1535 /system/lib/libbase.so
10-09 12:15:53.153: W/art(14112): b5b78000-b5b7d000 r-xp 00000000 103:07 1595 /system/lib/libeffects.so
10-09 12:15:53.153: W/art(14112): b5b7d000-b5b7e000 r--p 00004000 103:07 1595 /system/lib/libeffects.so
10-09 12:15:53.153: W/art(14112): b5b7e000-b5b7f000 rw-p 00005000 103:07 1595 /system/lib/libeffects.so
10-09 12:15:53.153: W/art(14112): b5b7f000-b5b80000 r--p 00000000 00:00 0 [anon:linker_alloc]
10-09 12:15:53.153: W/art(14112): b5b80000-b5b83000 r-xp 00000000 103:07 1736 /system/lib/libstagefright_http_support.so
10-09 12:15:53.153: W/art(14112): b5b83000-b5b84000 ---p 00000000 00:00 0
10-09 12:15:53.153: W/art(14112): b5b84000-b5b85000 r--p 00003000 103:07 1736 /system/lib/libstagefright_http_support.so
10-09 12:15:53.153: W/art(14112): b5b85000-b5b86000 rw-p 00004000 103:07 1736 /system/lib/libstagefright_http_support.so
10-09 12:15:53.153: W/art(14112): b5b86000-b5b9e000 r-xp 00000000 103:07 1735 /system/lib/libstagefright_foundation.so
10-09 12:15:53.153: W/art(14112): b5b9e000-b5b9f000 ---p 00000000 00:00 0
10-09 12:15:53.153: W/art(14112): b5b9f000-b5ba0000 r--p 00018000 103:07 1735 /system/lib/libstagefright_foundation.so
10-09 12:15:53.153: W/art(14112): b5ba0000-b5ba1000 rw-p 00019000 103:07 1735 /system/lib/libstagefright_foundation.so
10-09 12:15:53.153: W/art(14112): b5ba1000-b5d00000 r-xp 00000000 103:07 1731 /system/lib/libstagefright.so
10-09 12:15:53.153: W/art(14112): b5d00000-b5d01000 ---p 00000000 00:00 0
10-09 12:15:53.153: W/art(14112): b5d01000-b5d0d000 r--p 0015f000 103:07 1731 /system/lib/libstagefright.so
10-09 12:15:53.153: W/art(14112): b5d0d000-b5d0e000 rw-p 0016b000 103:07 1731 /system/lib/libstagefright.so
10-09 12:15:53.153: W/art(14112): b5d0e000-b5d75000 r-xp 00000000 103:07 1620 /system/lib/libhwui.so
10-09 12:15:53.153: W/art(14112): b5d75000-b5d76000 ---p 00000000 00:00 0
10-09 12:15:53.153: W/art(14112): b5d76000-b5d79000 r--p 00067000 103:07 1620 /system/lib/libhwui.so
10-09 12:15:53.153: W/art(14112): b5d79000-b5d7a000 rw-p 0006a000 103:07 1620 /system/lib/libhwui.so
10-09 12:15:53.153: W/art(14112): b5d7a000-b5d7d000 r-xp 00000000 103:07 1704 /system/lib/libradio_metadata.so
10-09 12:15:53.153: W/art(14112): b5d7d000-b5d7e000 r--p 00002000 103:07 1704 /system/lib/libradio_metadata.so
10-09 12:15:53.153: W/art(14112): b5d7e000-b5d7f000 rw-p 00003000 103:07 1704 /system/lib/libradio_metadata.so
10-09 12:15:53.153: W/art(14112): b5d7f000-b5d83000 r-xp 00000000 103:07 1671 /system/lib/libnativebridge.so
10-09 12:15:53.153: W/art(14112): b5d83000-b5d84000 r--p 00003000 103:07 1671 /system/lib/libnativebridge.so
10-09 12:15:53.153: W/art(14112): b5d84000-b5d85000 rw-p 00004000 103:07 1671 /system/lib/libnativebridge.so
10-09 12:15:53.153: W/art(14112): b5d85000-b5d89000 r-xp 00000000 103:07 1693 /system/lib/libprocessgroup.so
10-09 12:15:53.153: W/art(14112): b5d89000-b5d8a000 r--p 00003000 103:07 1693 /system/lib/libprocessgroup.so
10-09 12:15:53.153: W/art(14112): b5d8a000-b5d8b000 rw-p 00004000 103:07 1693 /system/lib/libprocessgroup.so
10-09 12:15:53.154: W/art(14112): b5d8b000-b5d99000 r-xp 00000000 103:07 1656 /system/lib/libminikin.so
10-09 12:15:53.154: W/art(14112): b5d99000-b5d9a000 ---p 00000000 00:00 0
10-09 12:15:53.154: W/art(14112): b5d9a000-b5d9b000 r--p 0000e000 103:07 1656 /system/lib/libminikin.so
10-09 12:15:53.154: W/art(14112): b5d9b000-b5d9c000 rw-p 0000f000 103:07 1656 /system/lib/libminikin.so
10-09 12:15:53.154: W/art(14112): b5d9c000-b5da6000 r-xp 00000000 103:07 1724 /system/lib/libsoundtrigger.so
10-09 12:15:53.154: W/art(14112): b5da6000-b5da9000 r--p 00009000 103:07 1724 /system/lib/libsoundtrigger.so
10-09 12:15:53.154: W/art(14112): b5da9000-b5daa000 rw-p 0000c000 103:07 1724 /system/lib/libsoundtrigger.so
10-09 12:15:53.154: W/art(14112): b5daa000-b5dab000 r--p 00000000 00:00 0 [anon:linker_alloc]
10-09 12:15:53.154: W/art(14112): b5dab000-b5db5000 r-xp 00000000 103:07 1703 /system/lib/libradio.so
10-09 12:15:53.154: W/art(14112): b5db5000-b5db8000 r--p 00009000 103:07 1703 /system/lib/libradio.so
10-09 12:15:53.154: W/art(14112): b5db8000-b5db9000 rw-p 0000c000 103:07 1703 /system/lib/libradio.so
10-09 12:15:53.154: W/art(14112): b5db9000-b5dbd000 r-xp 00000000 103:07 1674 /system/lib/libnetd_client.so
10-09 12:15:53.154: W/art(14112): b5dbd000-b5dbe000 r--p 00003000 103:07 1674 /system/lib/libnetd_client.so
10-09 12:15:53.154: W/art(14112): b5dbe000-b5dbf000 rw-p 00004000 103:07 1674 /system/lib/libnetd_client.so
10-09 12:15:53.154: W/art(14112): b5dbf000-b5dcc000 r-xp 00000000 103:07 1623 /system/lib/libimg_utils.so
10-09 12:15:53.154: W/art(14112): b5dcc000-b5dce000 r--p 0000c000 103:07 1623 /system/lib/libimg_utils.so
10-09 12:15:53.154: W/art(14112): b5dce000-b5dcf000 rw-p 0000e000 103:07 1623 /system/lib/libimg_utils.so
10-09 12:15:53.154: W/art(14112): b5dcf000-b61cd000 r-xp 00000000 103:07 1686 /system/lib/libpdfium.so
10-09 12:15:53.154: W/art(14112): b61cd000-b61ce000 ---p 00000000 00:00 0
10-09 12:15:53.154: W/art(14112): b61ce000-b61d7000 r--p 003fe000 103:07 1686 /system/lib/libpdfium.so
10-09 12:15:53.154: W/art(14112): b61d7000-b61db000 rw-p 00407000 103:07 1686 /system/lib/libpdfium.so
10-09 12:15:53.154: W/art(14112): b61db000-b61dc000 rw-p 00000000 00:00 0
10-09 12:15:53.154: W/art(14112): b61dc000-b61e3000 r-xp 00000000 103:07 1532 /system/lib/libaud
10-09 12:15:53.154: W/art(14112): ioutils.so
10-09 12:15:53.154: W/art(14112): b61e3000-b61e4000 r--p 00006000 103:07 1532 /system/lib/libaudioutils.so
10-09 12:15:53.154: W/art(14112): b61e4000-b61e5000 rw-p 00007000 103:07 1532 /system/lib/libaudioutils.so
10-09 12:15:53.154: W/art(14112): b61e5000-b61ff000 r-xp 00000000 103:07 1787 /system/lib/libz.so
10-09 12:15:53.154: W/art(14112): b61ff000-b6200000 r--p 00019000
10-09 12:15:53.154: W/art(14112): 103:07 1787 /system/lib/libz.so
10-09 12:15:53.154: W/art(14112): b6200000-b6201000 rw-p 0001a000 103:07 1787 /system/lib/libz.so
10-09 12:15:53.154: W/art(14112): b6201000-b624a000 r-xp 00000000 103:07 1617 /system/lib/libharfbuzz_ng.so
10-09 12:15:53.154: W/art(14112): b624a000-b624b000 ---p 00000000 00:00 0
10-09 12:15:53.154: W/art(14112): b624b000-b624c000 r--p 00049000 103:07 1617 /system/lib/libhar
10-09 12:15:53.154: W/art(14112): fbuzz_ng.so
10-09 12:15:53.154: W/art(14112): b624c000-b624d000 rw-p 0004a000 103:07 1617 /system/lib/libharfbuzz_ng.so
10-09 12:15:53.154: W/art(14112): b624d000-b624e000 rw-p 00000000 00:00 0 [anon:linker_alloc]
10-09 12:15:53.154: W/art(14112): b624e000-b6253000 r-xp 00000000 103:07 1775 /system/lib/libusbhost.so
10-09 12:15:53.154: W/art(14112): b6253000-b6254000 r--p 00004000 1
10-09 12:15:53.154: W/art(14112): 03:07 1775 /system/lib/libusbhost.so
10-09 12:15:53.154: W/art(14112): b6254000-b6255000 rw-p 00005000 103:07 1775 /system/lib/libusbhost.so
10-09 12:15:53.154: W/art(14112): b6255000-b628b000 r-xp 00000000 103:07 1632 /system/lib/libjpeg.so
10-09 12:15:53.154: W/art(14112): b628b000-b628c000 r--p 00035000 103:07 1632 /system/lib/libjpeg.so
10-09 12:15:53.154: W/art(14112): b628c000-b628d000 rw-p 00036000 103:07 1632 /system/lib/libjpeg.so
10-09 12:15:53.154: W/art(14112): b628d000-b628e000 r--p 00000000 00:00 0 [anon:linker_alloc]
10-09 12:15:53.154: W/art(14112): b628e000-b631f000 r-xp 00000000 103:07 1648 /system/lib/libmedia.so
10-09 12:15:53.154: W/art(14112): b631f000-b6320000 ---p 00000000 00:00 0
10-09 12:15:53.154: W/art(14112): b6320000-b633c000 r--p 00091000 103:07 1648 /system/lib/libmedia.so
10-09 12:15:53.154: W/art(14112): b633c000-b633d000 rw-p 000ad000 103:07 1648 /system/lib/libmedia.so
10-09 12:15:53.154: W/art(14112): b633d000-b64a2000 r-xp 00000000 103:07 1621 /system/lib/libicui18n.so
10-09 12:15:53.154: W/art(14112): b64a2000-b64a3000 ---p 00000000 00:00 0
10-09 12:15:53.154: W/art(14112): b64a3000-b64ae000 r--p 00165000 103:07 1621 /system/lib/libicui18n.so
10-09 12:15:53.154: W/art(14112): b64ae000-b64af000 rw-p 00170000 103:07 1621 /system/lib/libicui18n.so
10-09 12:15:53.154: W/art(14112): b64af000-b65be000 r-xp 00000000 103:07 1622 /system/lib/libicuuc.so
10-09 12:15:53.154: W/art(14112): b65be000-b65c9000 r--p 0010e000 103:07 1622 /system/lib/libicuuc.so
10-09 12:15:53.154: W/art(14112): b65c9000-b65ca000 rw-p 00119000 103:07 1622 /system/lib/libicuuc.so
10-09 12:15:53.154: W/art(14112): b65ca000-b65ce000 rw-p 00000000 00:00 0
10-09 12:15:53.154: W/art(14112): b65ce000-b65f1000 r-xp 00000000 103:07 1730 /system/lib/libssl.so
10-09 12:15:53.154: W/art(14112): b65f1000-b65f3000 r--p 00022000 103:07 1730 /system/lib/libssl.so
10-09 12:15:53.154: W/art(14112): b65f3000-b65f4000 rw-p 00024000 103:07 1730 /system/lib/libssl.so
10-09 12:15:53.155: W/art(14112): b65f4000-b6684000 r-xp 00000000 103:07 1560
10-09 12:15:53.155: W/art(14112): /system/lib/libcrypto.so
10-09 12:15:53.155: W/art(14112): b6684000-b6685000 ---p 00000000 00:00 0
10-09 12:15:53.155: W/art(14112): b6685000-b6690000 r--p 00090000 103:07 1560 /system/lib/libcrypto.so
10-09 12:15:53.155: W/art(14112): b6690000-b6691000 rw-p 0009b000 103:07 1560 /system/lib/libcrypto.so
10-09 12:15:53.155: W/art(14112): b6691000-b66e3000 r-xp 00000000 103:07 1722 /system/lib/libson
10-09 12:15:53.155: W/art(14112): ivox.so
10-09 12:15:53.155: W/art(14112): b66e3000-b66e4000 ---p 00000000 00:00 0
10-09 12:15:53.155: W/art(14112): b66e4000-b66e5000 r--p 00052000 103:07 1722 /system/lib/libsonivox.so
10-09 12:15:53.155: W/art(14112): b66e5000-b66e6000 rw-p 00053000 103:07 1722 /system/lib/libsonivox.so
10-09 12:15:53.155: W/art(14112): b66e6000-b66eb000 rw-p 00000000 00:00 0
10-09 12:15:53.155: W/art(14112): b66eb000-b66fa000 r-xp 0
10-09 12:15:53.155: W/art(14112): 0000000 103:07 1713 /system/lib/libselinux.so
10-09 12:15:53.155: W/art(14112): b66fa000-b66fb000 r--p 0000e000 103:07 1713 /system/lib/libselinux.so
10-09 12:15:53.155: W/art(14112): b66fb000-b66fc000 rw-p 0000f000 103:07 1713 /system/lib/libselinux.so
10-09 12:15:53.155: W/art(14112): b66fc000-b6703000 r-xp 00000000 103:07 1616 /system/lib/libhardware_legacy.so
10-09 12:15:53.155: W/art(14112): b6703000-b6704000 ---p 00000000 00:00 0
10-09 12:15:53.155: W/art(14112): b6704000-b6705000 r--p 00007000 103:07 1616 /system/lib/libhardware_legacy.so
10-09 12:15:53.155: W/art(14112): b6705000-b6706000 rw-p 00008000 103:07 1616 /system/lib/libhardware_legacy.so
10-09 12:15:53.155: W/art(14112): b6706000-b6707000 rw-p 00000000 00:00 0
10-09 12:15:53.155: W/art(14112): b6707000-b670a000 r-xp 00000000 103:07 1615
10-09 12:15:53.155: W/art(14112): /system/lib/libhardware.so
10-09 12:15:53.155: W/art(14112): b670a000-b670b000 r--p 00002000 103:07 1615 /system/lib/libhardware.so
10-09 12:15:53.155: W/art(14112): b670b000-b670c000 rw-p 00003000 103:07 1615 /system/lib/libhardware.so
10-09 12:15:53.155: W/art(14112): b670c000-b6710000 r-xp 00000000 103:07 1489 /system/lib/libETC1.so
10-09 12:15:53.155: W/art(14112): b6710000-b6711000 r--p 00003000
10-09 12:15:53.155: W/art(14112): 103:07 1489 /system/lib/libETC1.so
10-09 12:15:53.155: W/art(14112): b6711000-b6712000 rw-p 00004000 103:07 1489 /system/lib/libETC1.so
10-09 12:15:53.155: W/art(14112): b6712000-b671f000 r-xp 00000000 103:07 1493 /system/lib/libGLESv2.so
10-09 12:15:53.155: W/art(14112): b671f000-b6720000 r--p 0000c000 103:07 1493 /system/lib/libGLESv2.so
10-09 12:15:53.155: W/art(14112): b6720000-b6721000 rw-p 0000d000 103:07 1493 /system/lib/libGLESv2.so
10-09 12:15:53.155: W/art(14112): b6721000-b6729000 r-xp 00000000 103:07 1492 /system/lib/libGLESv1_CM.so
10-09 12:15:53.155: W/art(14112): b6729000-b672a000 r--p 00007000 103:07 1492 /system/lib/libGLESv1_CM.so
10-09 12:15:53.155: W/art(14112): b672a000-b672b000 rw-p 00008000 103:07 1492 /system/lib/libGLESv1_CM.so
10-09 12:15:53.155: W/art(14112): b672b000-b6787000 r-xp 00000000 103:07 1488 /system/lib/libEGL.so
10-09 12:15:53.155: W/art(14112): b6787000-b6788000 ---p 00000000 00:00 0
10-09 12:15:53.155: W/art(14112): b6788000-b678a000 r--p 0005c000 103:07 1488 /system/lib/libEGL.so
10-09 12:15:53.155: W/art(14112): b678a000-b6793000 rw-p 0005e000 103:07 1488 /system/lib/libEGL.so
10-09 12:15:53.155: W/art(14112): b6793000-b6796000 rw-p 00000000 00:00 0
10-09 12:15:53.155: W/art(14112): b6796000-b6865000 r-xp 00000000 103:07 1728 /system/lib/libsqlite.so
10-09 12:15:53.155: W/art(14112): b6865000-b6867000 r--p 000ce000 103:07 1728 /system/lib/libsqlite.so
10-09 12:15:53.155: W/art(14112): b6867000-b6868000 rw-p 000d0000 103:07 1728 /system/lib/libsqlite.so
10-09 12:15:53.155: W/art(14112): b6868000-b6ac2000 r-xp 00000000 103:07 1717 /system/lib/libskia.so
10-09 12:15:53.155: W/art(14112): b6ac2000-b6ac3000 ---p 00000000 00:00 0
10-09 12:15:53.155: W/art(14112): b6ac3000-b6add000 r--p 0025a000 103:07 1717 /system/lib/libskia.so
10-09 12:15:53.155: W/art(14112): b6add000-b6adf000 rw-p 00274000 103:07 1717 /system/lib/libskia.so
10-09 12:15:53.155: W/art(14112): b6adf000-b6ae4000 rw-p 00000000 00:00 0
10-09 12:15:53.155: W/art(14112): b6ae4000-b6aec000 r-xp 00000000 103:07 1547 /system/lib/libcamera_
10-09 12:15:53.155: W/art(14112): metadata.so
10-09 12:15:53.155: W/art(14112): b6aec000-b6aed000 ---p 00000000 00:00 0
10-09 12:15:53.155: W/art(14112): b6aed000-b6aee000 r--p 00008000 103:07 1547 /system/lib/libcamera_metadata.so
10-09 12:15:53.155: W/art(14112): b6aee000-b6aef000 rw-p 00009000 103:07 1547 /system/lib/libcamera_metadata.so
10-09 12:15:53.155: W/art(14112): b6aef000-b6b13000 r-xp 00000000 103:07 1546
10-09 12:15:53.155: W/art(14112): /system/lib/libcamera_client.so
10-09 12:15:53.155: W/art(14112): b6b13000-b6b14000 ---p 00000000 00:00 0
10-09 12:15:53.155: W/art(14112): b6b14000-b6b1b000 r--p 00024000 103:07 1546 /system/lib/libcamera_client.so
10-09 12:15:53.155: W/art(14112): b6b1b000-b6b1c000 rw-p 0002b000 103:07 1546 /system/lib/libcamera_client.so
10-09 12:15:53.155: W/art(14112): b6b1c000-b6b58000 r-xp 00000000 103:07 1625 /sys
10-09 12:15:53.155: W/art(14112): tem/lib/libinputflinger.so
10-09 12:15:53.155: W/art(14112): b6b58000-b6b5b000 r--p 0003b000 103:07 1625 /system/lib/libinputflinger.so
10-09 12:15:53.155: W/art(14112): b6b5b000-b6b5c000 rw-p 0003e000 103:07 1625 /system/lib/libinputflinger.so
10-09 12:15:53.155: W/art(14112): b6b5c000-b6b76000 r-xp 00000000 103:07 1624 /system/lib/libinput.so
10-09 12:15:53.156: W/art(14112): b6b76000-b6b7a000 r--p 00019000 103:07 1624 /system/lib/libinput.so
10-09 12:15:53.156: W/art(14112): b6b7a000-b6b7b000 rw-p 0001d000 103:07 1624 /system/lib/libinput.so
10-09 12:15:53.156: W/art(14112): b6b7b000-b6bc8000 r-xp 00000000 103:07 1614 /system/lib/libgui.so
10-09 12:15:53.156: W/art(14112): b6bc8000-b6bd4000 r--p 0004c000 103:07 1614 /system/lib/libgui.so
10-09 12:15:53.156: W/art(14112): b6bd4000-b6bd5000 rw-p 00058000 103:07 1614 /system/lib/libgui.so
10-09 12:15:53.156: W/art(14112): b6bd5000-b6be2000 r-xp 00000000 103:07 1773 /system/lib/libui.so
10-09 12:15:53.156: W/art(14112): b6be2000-b6be3000 ---p 00000000 00:00 0
10-09 12:15:53.156: W/art(14112): b6be3000-b6be4000 r--p 0000d000 103:07 1773 /system/lib/libui.so
10-09 12:15:53.156: W/art(14112): b6be4000-b6be5000 rw-p 0000e000 103:07 1773 /system/lib/libui.so
10-09 12:15:53.156: W/art(14112): b6be5000-b6bec000 r-xp 00000000 103:07 1676 /system/lib/libnetutils.so
10-09 12:15:53.156: W/art(14112): b6bec000-b6bed000 r--p 00006000 103:07 1676 /system/lib/libnetutils.so
10-09 12:15:53.156: W/art(14112): b6bed000-b6bee000 rw-p 00007000 103:07 1676 /system/lib/libnetutils.so
10-09 12:15:53.156: W/art(14112): b6bee000-b6bf5000 r-xp 00000000 103:07 1672 /system/lib/libnativehelper.so
10-09 12:15:53.156: W/art(14112): b6bf5000-b6bf6000 r--p 00006000 103:07 1672 /system/lib/libnativehelper.so
10-09 12:15:53.156: W/art(14112): b6bf6000-b6bf7000 rw-p 00007000 103:07 1672 /system/lib/libnativehelper.so
10-09 12:15:53.156: W/art(14112): b6bf7000-b6c0b000 r-xp 00000000 103:07 1597 /system/lib/libexpat.so
10-09 12:15:53.156: W/art(14112): b6c0b000-b6c0d000 r--p 00013000 103:07 1597 /system/lib/libexpat.so
10-09 12:15:53.156: W/art(14112): b6c0d000-b6c0e000 rw-p 00015000 103:07 1597 /system/lib/libexpat.so
10-09 12:15:53.156: W/art(14112): b6c0e000-b6c35000 r-xp 00000000 103:07 1517 /system/lib/libandroidfw.so
10-09 12:15:53.156: W/art(14112): b6c35000-b6c36000 ---p 00000000 00:00 0
10-09 12:15:53.156: W/art(14112): b6c36000-b6c37000 r--p 00027000 103:07 1517 /system/lib/libandroidfw.so
10-09 12:15:53.156: W/art(14112): b6c37000-b6c38000 rw-p 00028000 103:07 1517 /system/lib/libandroidfw.so
10-09 12:15:53.156: W/art(14112): b6c38000-b6c3b000 r-xp 00000000 103:07 1655 /system/lib/libmemtrack.so
10-09 12:15:53.156: W/art(14112): b6c3b000-b6c3c000 r--p 00002000 103:07 1655 /system/lib/libmemtrack.so
10-09 12:15:53.156: W/art(14112): b6c3c000-b6c3d000 rw-p 00003000 103:07 1655 /system/lib/libmemtrack.so
10-09 12:15:53.156: W/art(14112): b6c3d000-b6c46000 r-xp 00000000 103:07 1534 /system/lib/libbacktrace.so
10-09 12:15:53.156: W/art(14112): b6c46000-b6c47000 r--p 00008000 103:07 1534 /system/lib/libbacktrace.so
10-09 12:15:53.156: W/art(14112): b6c47000-b6c48000 rw-p 00009000 103:07 1534 /system/lib/libbacktrace.so
10-09 12:15:53.156: W/art(14112): b6c48000-b6c67000 r-xp 00000000 103:07 1645 /system/lib/libm.so
10-09 12:15:53.156: W/art(14112): b6c67000-b6c68000 ---p 00000000 00:00 0
10-09 12:15:53.156: W/art(14112): b6c68000-b6c69000 r--p 0001f000 103:07 1645 /system/lib/libm.so
10-09 12:15:53.156: W/art(14112): b6c69000-b6c6a000 rw-p 00020000 103:07 1645 /system/lib/libm.so
10-09 12:15:53.156: W/art(14112): b6c6a000-b6cc6000 r-xp 00000000 103:07 1544 /system/lib/libc.so
10-09 12:15:53.156: W/art(14112): b6cc6000-b6cc7000 ---p 00000000 00:00 0
10-09 12:15:53.156: W/art(14112): b6cc7000-b6cca000 r--p 0005c000 103:07 1544 /system/lib/libc.so
10-09 12:15:53.156: W/art(14112): b6cca000-b6ccd000 rw-p 0005f000 103:07 1544 /system/lib/libc.so
10-09 12:15:53.156: W/art(14112): b6ccd000-b6cd6000 rw-p 00000000 00:00 0
10-09 12:15:53.156: W/art(14112): b6cd6000-b6d5f000 r-xp 00000000 103:07 1543 /system/lib/libc++.so
10-09 12:15:53.156: W/art(14112): b6d5f000-b6d63000 r--p 00088000 103:07 1543 /system/lib/libc++.so
10-09 12:15:53.156: W/art(14112): b6d63000-b6d64000 rw-p 0008c000 103:07 1543 /system/lib/libc++.so
10-09 12:15:53.156: W/art(14112): b6d64000-b6d65000 rw-p 00000000 00:00 0
10-09 12:15:53.156: W/art(14112): b6d65000-b6d8d000 r-xp 00000000 103:07 1784 /system/lib/libwilhelm.so
10-09 12:15:53.156: W/art(14112): b6d8d000-b6d8e000 ---p 00000000 00:00 0
10-09 12:15:53.156: W/art(14112): b6d8e000-b6d91000 r--p 00028000 103:07 1784 /system/lib/libwilhelm.so
10-09 12:15:53.156: W/art(14112): b6d91000-b6d92000 rw-p 0002b000 103:07 1784 /system/lib/libwilhelm.so
10-09 12:15:53.156: W/art(14112): b6d92000-b6e63000 r-xp 00000000 103:07 1515 /system/lib/libandroid_runtime.so
10-09 12:15:53.156: W/art(14112): b6e63000-b6e64000 ---p 00000000 00:00 0
10-09 12:15:53.156: W/art(14112): b6e64000-b6e6b000 r--p 000d1000 103:07 1515 /system/lib/libandroid_runtime.so
10-09 12:15:53.156: W/art(14112): b6e6b000-b6e73000 rw-p 000d8000 103:07 1515 /system/lib/libandroid_runtime.so
10-09 12:15:53.157: W/art(14112): b6e73000-b6e74000 rw-p 00000000 00:00 0 [anon:linker_alloc_vector]
10-09 12:15:53.157: W/art(14112): b6e74000-b6e78000 r--p 00000000 00:00 0 [anon:linker_alloc]
10-09 12:15:53.157: W/art(14112): b6e78000-b6e9e000 r-xp 00000000 103:07 1538 /system/lib/libbinder.so
10-09 12:15:53.157: W/art(14112): b6e9e000-b6ea5000 r--p 00025000 103:07 1538 /system/lib/libbinder.so
10-09 12:15:53.157: W/art(14112): b6ea5000-b6ea6000 rw-p 0002c000 103:07 1538 /system/lib/libbinder.so
10-09 12:15:53.157: W/art(14112): b6ea6000-b6eae000 r-xp 00000000 103:07 1643 /system/lib/liblog.so
10-09 12:15:53.157: W/art(14112): b6eae000-b6eaf000 r--p 00007000 103:07 1643 /system/lib/liblog.so
10-09 12:15:53.157: W/art(14112): b6eaf000-b6eb0000 rw-p 00008000 103:07 1643 /system/lib/liblog.so
10-09 12:15:53.157: W/art(14112): b6eb0000-b6ec8000 r-xp 00000000 103:07 1776 /system/lib/libutils.so
10-09 12:15:53.157: W/art(14112): b6ec8000-b6ec9000 ---p 00000000 00:00 0
10-09 12:15:53.157: W/art(14112): b6ec9000-b6eca000 r--p 00018000 103:07 1776 /system/lib/libutils.so
10-09 12:15:53.157: W/art(14112): b6eca000-b6ecb000 rw-p 00019000 103:07 1776 /system/lib/libutils.so
10-09 12:15:53.157: W/art(14112): b6ecb000-b6eda000 r-xp 00000000 103:07 1561 /system/lib/libcutils.so
10-09 12:15:53.157: W/art(14112): b6eda000-b6edb000 ---p 00000000 00:00 0
10-09 12:15:53.157: W/art(14112): b6edb000-b6edc000 r--p 0000f000 103:07 1561 /system/lib/libcutils.so
10-09 12:15:53.157: W/art(14112): b6edc000-b6edd000 rw-p 00010000 103:07 1561 /system/lib/libcutils.so
10-09 12:15:53.157: W/art(14112): b6edd000-b6ede000 rw-p 00000000 00:00 0 [anon:linker_alloc_vector]
10-09 12:15:53.157: W/art(14112): b6ede000-b6edf000 rw-p 00000000 00:00 0 [anon:linker_alloc_64]
10-09 12:15:53.157: W/art(14112): b6edf000-b6ee0000 r--p 00000000 00:00 0 [anon:linker_alloc]
10-09 12:15:53.157: W/art(14112): b6ee0000-b6ee1000 rw-p 00000000 00:00 0 [anon:linker_alloc]
10-09 12:15:53.157: W/art(14112): b6ee1000-b6ee2000 rw-p 00000000 00:00 0 [anon:linker_alloc_vector]
10-09 12:15:53.157: W/art(14112): b6ee2000-b6ee3000 rw-p 00000000 00:00 0 [anon:linker_alloc_32]
10-09 12:15:53.157: W/art(14112): b6ee3000-b6ee4000 r--p 00000000 00:00 0 [anon:linker_alloc]
10-09 12:15:53.157: W/art(14112): b6ee4000-b6f04000 r--s 00000000 00:0c 7705 /dev/__properties__
10-09 12:15:53.157: W/art(14112): b6f04000-b6f05000 r--p 00000000 00:00 0
10-09 12:15:53.157: W/art(14112): b6f05000-b6f06000 ---p 00000000 00:00 0
10-09 12:15:53.157: W/art(14112): b6f06000-b6f08000 rw-p 00000000 00:00 0 [anon:thread signal stack]
10-09 12:15:53.157: W/art(14112): b6f08000-b6f24000 r-xp 00000000 103:07 516 /system/bin/linker
10-09 12:15:53.157: W/art(14112): b6f24000-b6f25000 r-xp 00000000 00:00 0 [sigpage]
10-09 12:15:53.157: W/art(14112): b6f25000-b6f26000 r--p 0001c000 103:07 516 /system/bin/linker
10-09 12:15:53.157: W/art(14112): b6f26000-b6f28000 rw-p 0001d000 103:07 516 /system/bin/linker
10-09 12:15:53.157: W/art(14112): b6f28000-b6f2a000 rw-p 00000000 00:00 0
10-09 12:15:53.157: W/art(14112): b6f2a000-b6f2f000 r-xp 00000000 103:07 373 /system/bin/app_process32
10-09 12:15:53.157: W/art(14112): b6f2f000-b6f30000 r--p 00004000 103:07 373 /system/bin/app_process32
10-09 12:15:53.157: W/art(14112): b6f30000-b6f31000 rw-p 00000000 00:00 0
10-09 12:15:53.157: W/art(14112): b7b6e000-b7ba0000 rw-p 00000000 00:00 0 [heap]
10-09 12:15:53.157: W/art(14112): be4c4000-becc3000 rw-p 00000000 00:00 0 [stack]
10-09 12:15:53.157: W/art(14112): ffff0000-ffff1000 r-xp 00000000 00:00 0 [vectors]
10-09 12:15:53.197: D/ICU(14112): No timezone override file found: /data/misc/zoneinfo/current/icu/icu_tzdata.dat
10-09 12:15:53.241: I/Radio-JNI(14112): register_android_hardware_Radio DONE
10-09 12:15:53.272: D/AndroidRuntime(14112): Calling main entry com.android.commands.am.Am
10-09 12:15:53.278: I/ActivityManager(1643): Force stopping com.google.android.apps.mtaas.tools appid=10114 user=0: start instr
10-09 12:15:53.290: I/ActivityManager(1643): Start proc 14130:com.google.android.apps.mtaas.tools/u0a114 for added application com.google.android.apps.mtaas.tools
10-09 12:15:53.315: W/System(14130): ClassLoader referenced unknown path: /data/app/com.google.android.apps.mtaas.tools-1/lib/arm
10-09 12:15:53.315: W/System(14130): ClassLoader referenced unknown path: /data/app/com.google.android.apps.mtaas.tools-1/lib/arm
10-09 12:15:53.346: D/DumpPackageStats(14130): Instrumentation completed successfully
10-09 12:15:53.347: I/ActivityManager(1643): Force stopping com.google.android.apps.mtaas.tools appid=10114 user=0: finished inst
10-09 12:15:53.348: I/ActivityManager(1643): Killing 14130:com.google.android.apps.mtaas.tools/u0a114 (adj 0): stop com.google.android.apps.mtaas.tools
10-09 12:15:53.348: D/AndroidRuntime(14112): Shutting down VM
10-09 12:15:53.384: D/ActivityManager(1643): cleanUpApplicationRecord -- 14130
