10-09 12:15:19.376: W/Conscrypt(12883): at com.google.android.gms.org.conscrypt.Platform.setSocketWriteTimeout(:com.google.android.gms@13280015@13.2.80 (040300-211705629):13)
10-09 12:15:19.376: W/Conscrypt(12883): Caused by: android.system.ErrnoException: setsockopt failed: EBADF (Bad file descriptor)
10-09 12:15:19.376: W/Conscrypt(12883): at libcore.io.Posix.setsockoptTimeval(Native Method)
10-09 12:15:19.376: W/Conscrypt(12883): at libcore.io.ForwardingOs.setsockoptTimeval(ForwardingOs.java:156)
10-09 12:15:19.399: W/aqvd(12585): Empty context buffer. Thus might mean that the context is not synced down.
10-09 12:15:19.400: W/aqrh(12585): Empty context model while retrieving upload opt-in status!
10-09 12:15:19.462: D/MusicProfiler(12883): http: duration=0548ms uri=https://mclients.googleapis.com/sj/v2.5/config?hl=ja_JP&tier=none&dv=3216&alt=json&max-results=0
10-09 12:15:19.534: W/Conscrypt(12568): Could not set socket write timeout: java.lang.reflect.InvocationTargetException
10-09 12:15:19.534: W/Conscrypt(12568): at java.lang.reflect.Method.invoke(Native Method)
10-09 12:15:19.534: W/Conscrypt(12568): at com.google.android.gms.org.conscrypt.Platform.setSocketWriteTimeout(:com.google.android.gms@13280015@13.2.80 (040300-211705629):13)
10-09 12:15:19.534: W/Conscrypt(12568): Caused by: android.system.ErrnoException: setsockopt failed: EBADF (Bad file descriptor)
10-09 12:15:19.535: W/Conscrypt(12568): at libcore.io.Posix.setsockoptTimeval(Native Method)
10-09 12:15:19.535: W/Conscrypt(12568): at libcore.io.ForwardingOs.setsockoptTimeval(ForwardingOs.java:156)
10-09 12:15:19.543: W/Conscrypt(12568): Could not set socket write timeout: java.lang.reflect.InvocationTargetException
10-09 12:15:19.544: W/Conscrypt(12568): at java.lang.reflect.Method.invoke(Native Method)
10-09 12:15:19.544: W/Conscrypt(12568): at com.google.android.gms.org.conscrypt.Platform.setSocketWriteTimeout(:com.google.android.gms@13280015@13.2.80 (040300-211705629):13)
10-09 12:15:19.544: W/Conscrypt(12568): Caused by: android.system.ErrnoException: setsockopt failed: EBADF (Bad file descriptor)
10-09 12:15:19.544: W/Conscrypt(12568): at libcore.io.Posix.setsockoptTimeval(Native Method)
10-09 12:15:19.544: W/Conscrypt(12568): at libcore.io.ForwardingOs.setsockoptTimeval(ForwardingOs.java:156)
10-09 12:15:19.549: I/ConfigSyncHelper(12883): User gained Woodstock.
10-09 12:15:19.549: I/ConfigSyncHelper(12883): Nautilus trial became available.
10-09 12:15:19.549: I/ConfigSyncHelper(12883): Nautilus purchase became available.
10-09 12:15:19.558: I/WVCdm(335): CdmEngine::OpenSession
10-09 12:15:19.558: I/WVCdm(335): Level3 Library Jun 15 2015 14:09:24
10-09 12:15:19.562: W/WVCdm(335): Could not read /data/mediadrm/IDM1013/ay64.dat2: No such file or directory
10-09 12:15:19.563: D/DrmWidevineDash(335): OEMCrypto_Initialize: starts! g_qsee_apps_version = 0x21
10-09 12:15:19.563: D/DrmWidevineDash(335): Service_Initialize: starts!
10-09 12:15:19.563: D/QSEECOMAPI:(335): QSEECom_get_handle sb_length = 0x19000
10-09 12:15:19.563: D/QSEECOMAPI:(335): App is not loaded in QSEE
10-09 12:15:19.563: E/QSEECOMAPI:(335): Error::Cannot open the file /vendor/firmware/widevine.mdt
10-09 12:15:19.563: E/QSEECOMAPI:(335): Error::Loading image failed with ret = -1
10-09 12:15:19.563: D/QSEECOMAPI:(335): QSEECom_get_handle sb_length = 0x19000
10-09 12:15:19.563: D/QSEECOMAPI:(335): App is not loaded in QSEE
10-09 12:15:19.564: E/QSEECOMAPI:(335): Error::Cannot open the file /system/etc/firmware/widevine.mdt
10-09 12:15:19.564: E/QSEECOMAPI:(335): Error::Loading image failed with ret = -1
10-09 12:15:19.564: D/QSEECOMAPI:(335): QSEECom_get_handle sb_length = 0x19000
10-09 12:15:19.564: D/QSEECOMAPI:(335): App is not loaded in QSEE
10-09 12:15:19.594: I/Ads(12568): Accounts have changed: com.google.android.gms.auth.GOOGLE_ACCOUNT_CHANGE
10-09 12:15:19.602: D/QSEECOMAPI:(335): Loaded image: APP id = 12
10-09 12:15:19.608: D/DrmWidevineDash(335): Service_Initialize: ends! returns 0
10-09 12:15:19.608: D/DrmWidevineDash(335): Service_Initialize: function time: 45ms (0s 45235109ns)
10-09 12:15:19.619: D/QSAPPSVER(335): qsapps_get_capabilities: Capability from secure side: 0x0
10-09 12:15:19.619: D/QSAPPSVER(335): qsapps_get_capabilities: returns 0
10-09 12:15:19.619: D/DrmWidevineDash(335): OEMCrypto_Initialize sion_buffer g_wv_fhandle->ion_sbuffer 0x0xb11ea000
10-09 12:15:19.619: E/DrmWidevineDash(335): sion_buffer g_wv_fhandle->ion_sbuffer 0x0xb11ea000
10-09 12:15:19.619: D/QSEECOMAPI:(335): SUCESS::ioctl call to scale bus bandwidth to level 1 success with ret = 0
10-09 12:15:19.634: D/DrmLibTime(321): got the req here! ret=0
10-09 12:15:19.634: D/DrmLibTime(321): command id, time_cmd_id = 770
10-09 12:15:19.634: D/DrmLibTime(321): time_getutcsec starts!
10-09 12:15:19.634: D/DrmLibTime(321): QSEE Time Listener: time_getutcsec
10-09 12:15:19.634: D/DrmLibTime(321): QSEE Time Listener: get_utc_seconds
10-09 12:15:19.634: D/DrmLibTime(321): QSEE Time Listener: time_get_modem_time
10-09 12:15:19.634: D/DrmLibTime(321): QSEE Time Listener: Checking if ATS_MODEM is set or not.
10-09 12:15:19.634: D/QC-time-services(321): Lib:time_genoff_operation: pargs->base = 13
10-09 12:15:19.634: D/QC-time-services(321): Lib:time_genoff_operation: pargs->operation = 2
10-09 12:15:19.634: D/QC-time-services(321): Lib:time_genoff_operation: pargs->ts_val = 0
10-09 12:15:19.634: D/QC-time-services(321): Lib:time_genoff_operation: Send to server passed!!
10-09 12:15:19.635: D/QC-time-services(364): Daemon: Connection accepted:time_genoff
10-09 12:15:19.637: D/QC-time-services(364): Daemon:Received base = 13, unit = 1, operation = 2,value = 0
10-09 12:15:19.637: D/QC-time-services(364): Daemon:genoff_opr: Base = 13, val = 0, operation = 2
10-09 12:15:19.637: D/QC-time-services(364): offset is: 0 for base: 1
10-09 12:15:19.638: E/QC-time-services(364): Daemon: Time-services: Waiting to acceptconnection
10-09 12:15:19.640: E/QC-time-services(321): Receive Passed == base = 13, unit = 1, operation = 2, result = 0
10-09 12:15:19.640: D/DrmLibTime(321): QSEE Time Listener: ATS_MODEM is set. Try to retrieve it.
10-09 12:15:19.640: D/QC-time-services(364): Daemon: Connection accepted:time_genoff
10-09 12:15:19.647: D/QC-time-services(364): Daemon:Received base = 13, unit = 1, operation = 1,value = 0
10-09 12:15:19.647: D/QC-time-services(364): Daemon:genoff_opr: Base = 13, val = 0, operation = 1
10-09 12:15:19.647: D/QC-time-services(364): Daemon: genoff get for 13
10-09 12:15:19.647: D/QC-time-services(364): Daemon:rtc_get: Time read from RTC -- MM/DD/YY HH:MM:SS3/14/71 1:36:41
10-09 12:15:19.647: D/QC-time-services(364): Daemon:Value read from RTC seconds = 40441001000
10-09 12:15:19.648: D/QC-time-services(364): Daemon:Value read from generic offset = 1498671515822
10-09 12:15:19.648: D/QC-time-services(364): Daemon:Final Time = 1539112516822
10-09 12:15:19.648: D/DrmLibTime(321): QSEE Time Listener: Time GenOff - seconds: 1539112516
10-09 12:15:19.648: D/DrmLibTime(321): time_getutcsec returns 0, sec = 1539112516; nsec = 0
10-09 12:15:19.648: D/DrmLibTime(321): time_getutcsec finished!
10-09 12:15:19.648: D/DrmLibTime(321): iotcl_continue_command finished! and return 0
10-09 12:15:19.648: D/DrmLibTime(321): before calling ioctl to read the next time_cmd
10-09 12:15:19.649: E/QC-time-services(364): Daemon: Time-services: Waiting to acceptconnection
10-09 12:15:19.650: D/QSEECOMAPI:(335): SUCESS::ioctl call to scale bus bandwidth to level 0 success with ret = 0
10-09 12:15:19.656: D/DrmWidevineDash(335): OEMCrypto_ION_Malloc: function time: 5ms (0s 5753178ns)
10-09 12:15:19.656: D/DrmWidevineDash(335): OEMCrypto_Initialize: ends! returns 0
10-09 12:15:19.656: D/DrmWidevineDash(335): _oecc01: function time: 92ms (0s 92748447ns)
10-09 12:15:19.656: D/DrmWidevineDash(335): OEMCrypto_APIVersion: starts!
10-09 12:15:19.656: D/QSEECOMAPI:(335): SUCESS::ioctl call to scale bus bandwidth to level 1 success with ret = 0
10-09 12:15:19.657: D/QSEECOMAPI:(335): SUCESS::ioctl call to scale bus bandwidth to level 0 success with ret = 0
10-09 12:15:19.657: D/DrmWidevineDash(335): hlos api version = 10
10-09 12:15:19.657: D/DrmWidevineDash(335): tz api version = 10
10-09 12:15:19.657: D/DrmWidevineDash(335): OEMCrypto_APIVersion: ends! returns version 10
10-09 12:15:19.657: D/DrmWidevineDash(335): _oecc22: function time: 1ms (0s 1514271ns)
10-09 12:15:19.658: D/DrmWidevineDash(335): OEMCrypto_IsKeyboxValid: starts!
10-09 12:15:19.658: D/QSEECOMAPI:(335): SUCESS::ioctl call to scale bus bandwidth to level 1 success with ret = 0
10-09 12:15:19.687: E/NetworkScheduler(12585): Invalid component specified.
10-09 12:15:19.691: I/art(1643): Background partial concurrent mark sweep GC freed 25648(1920KB) AllocSpace objects, 12(240KB) LOS objects, 33% free, 20MB/30MB, paused 3.621ms total 154.415ms
10-09 12:15:19.715: I/ChromeSync(12568): [Sync,SyncIntentOperation] Handling the intent: Intent { act=com.google.android.gms.auth.GOOGLE_ACCOUNT_CHANGE cat=[com.google.android.gms.auth.category.ACCOUNT_ADDED] flg=0x10 cmp=com.google.android.gms/.chimera.GmsIntentOperationService$PersistentInternalReceiver (has extras) }.
10-09 12:15:19.744: D/QSEECOMAPI:(335): SUCESS::ioctl call to scale bus bandwidth to level 0 success with ret = 0
10-09 12:15:19.744: D/DrmWidevineDash(335): OEMCrypto_IsKeyboxValid: ends! returns 0
10-09 12:15:19.744: D/DrmWidevineDash(335): _oecc05: function time: 86ms (0s 86563082ns)
10-09 12:15:19.744: D/WVCdm(335): OEMCrypto_Initialize Level 1 success. I will use level 1.
10-09 12:15:19.745: D/DrmWidevineDash(335): OEMCrypto_OpenSession: starts! SID=0xbee381c4
10-09 12:15:19.745: D/DrmWidevineDash(335): OEMCrypto_OpenSession Session ID = 0
10-09 12:15:19.745: D/QSEECOMAPI:(335): SUCESS::ioctl call to scale bus bandwidth to level 1 success with ret = 0
10-09 12:15:19.745: D/QSEECOMAPI:(335): SUCESS::ioctl call to scale bus bandwidth to level 0 success with ret = 0
10-09 12:15:19.745: D/DrmWidevineDash(335): OEMCrypto_OpenSession SID = 1
10-09 12:15:19.745: D/DrmWidevineDash(335): OEMCrypto_OpenSession: ends! returns 0
10-09 12:15:19.745: D/DrmWidevineDash(335): _oecc09: function time: 0ms (0s 453490ns)
10-09 12:15:19.745: D/DrmWidevineDash(335): OEMCrypto_GetRandom: starts! randomData=0xb7f2ff20, dataLength=8
10-09 12:15:19.745: D/QSEECOMAPI:(335): SUCESS::ioctl call to scale bus bandwidth to level 1 success with ret = 0
10-09 12:15:19.746: D/QSEECOMAPI:(335): SUCESS::ioctl call to scale bus bandwidth to level 0 success with ret = 0
10-09 12:15:19.746: D/DrmWidevineDash(335): OEMCrypto_GetRandom: ends! returns 0
10-09 12:15:19.746: D/DrmWidevineDash(335): _oecc06: function time: 0ms (0s 592813ns)
10-09 12:15:19.746: D/DrmWidevineDash(335): OEMCrypto_LoadDeviceRSAKey: starts! SID=1, wrapped_rsa_key=0xb7fa9e10, wrapped_rsa_key_length=1280
10-09 12:15:19.746: D/QSEECOMAPI:(335): SUCESS::ioctl call to scale bus bandwidth to level 1 success with ret = 0
10-09 12:15:19.755: D/QSEECOMAPI:(335): SUCESS::ioctl call to scale bus bandwidth to level 0 success with ret = 0
10-09 12:15:19.755: D/DrmWidevineDash(335): OEMCrypto_LoadDeviceRSAKey: ends! returns 0
10-09 12:15:19.755: D/DrmWidevineDash(335): _oecc19: function time: 9ms (0s 9111720ns)
10-09 12:15:19.755: I/WVCdm(335): CdmEngine::QueryKeyControlInfo
10-09 12:15:19.756: W/WVCdm(335): BufferReader::Read : Failure during parse: Not enough bytes (4)
10-09 12:15:19.756: W/WVCdm(335): CdmEngine::ExtractWidevinePssh: Unable to read atom size.
10-09 12:15:19.756: I/WVCdm(335): CdmEngine::GenerateKeyRequest
10-09 12:15:19.756: D/DrmWidevineDash(335): OEMCrypto_GetDeviceID: starts! deviceID=0xb7faca00, idLength=0xb1571f24
10-09 12:15:19.756: D/QSEECOMAPI:(335): SUCESS::ioctl call to scale bus bandwidth to level 1 success with ret = 0
10-09 12:15:19.779: W/SemanticLocation(12568): Personalization not enabled; won't try to improve personalization account.
10-09 12:15:19.832: W/art(12585): Suspending all threads took: 9.892ms
10-09 12:15:19.841: I/art(12568): Background partial concurrent mark sweep GC freed 21079(1634KB) AllocSpace objects, 11(220KB) LOS objects, 40% free, 15MB/25MB, paused 4.104ms total 115.555ms
10-09 12:15:19.843: D/QSEECOMAPI:(335): SUCESS::ioctl call to scale bus bandwidth to level 0 success with ret = 0
10-09 12:15:19.848: D/DrmWidevineDash(335): OEMCrypto_GetDeviceID: ends! returns 0
10-09 12:15:19.849: D/DrmWidevineDash(335): _oecc07: function time: 92ms (0s 92637613ns)
10-09 12:15:19.849: D/DrmWidevineDash(335): OEMCrypto_SupportsUsageTable: starts!
10-09 12:15:19.849: D/QSEECOMAPI:(335): SUCESS::ioctl call to scale bus bandwidth to level 1 success with ret = 0
10-09 12:15:19.850: D/QSEECOMAPI:(335): SUCESS::ioctl call to scale bus bandwidth to level 0 success with ret = 0
10-09 12:15:19.850: D/DrmWidevineDash(335): OEMCrypto_SupportsUsageTable: is_supported = 1
10-09 12:15:19.850: D/DrmWidevineDash(335): OEMCrypto_SupportsUsageTable: wv_app_version =0x91
10-09 12:15:19.850: D/DrmWidevineDash(335): OEMCrypto_SupportsUsageTable: ends! returns 0
10-09 12:15:19.850: D/DrmWidevineDash(335): _oecc29: function time: 1ms (0s 1240574ns)
10-09 12:15:19.850: D/DrmWidevineDash(335): OEMCrypto_IsAntiRollbackHwPresent: starts!
10-09 12:15:19.850: D/QSEECOMAPI:(335): SUCESS::ioctl call to scale bus bandwidth to level 1 success with ret = 0
10-09 12:15:19.850: D/QSEECOMAPI:(335): SUCESS::ioctl call to scale bus bandwidth to level 0 success with ret = 0
10-09 12:15:19.850: D/DrmWidevineDash(335): OEMCrypto_IsAntiRollbackHwPresent ends! ret=0, is_antirb_enabled = 0
10-09 12:15:19.850: D/DrmWidevineDash(335): _oecc39: function time: 0ms (0s 364532ns)
10-09 12:15:19.850: D/DrmWidevineDash(335): OEMCrypto_APIVersion: starts!
10-09 12:15:19.850: D/QSEECOMAPI:(335): SUCESS::ioctl call to scale bus bandwidth to level 1 success with ret = 0
10-09 12:15:19.851: D/QSEECOMAPI:(335): SUCESS::ioctl call to scale bus bandwidth to level 0 success with ret = 0
10-09 12:15:19.851: D/DrmWidevineDash(335): hlos api version = 10
10-09 12:15:19.851: D/DrmWidevineDash(335): tz api version = 10
10-09 12:15:19.851: D/DrmWidevineDash(335): OEMCrypto_APIVersion: ends! returns version 10
10-09 12:15:19.851: D/DrmWidevineDash(335): _oecc22: function time: 0ms (0s 381250ns)
10-09 12:15:19.851: D/DrmWidevineDash(335): OEMCrypto_GetHDCPCapability starts!
10-09 12:15:19.851: D/QSEECOMAPI:(335): SUCESS::ioctl call to scale bus bandwidth to level 1 success with ret = 0
10-09 12:15:19.851: D/QSEECOMAPI:(335): SUCESS::ioctl call to scale bus bandwidth to level 0 success with ret = 0
10-09 12:15:19.851: D/DrmWidevineDash(335): OEMCrypto_GetHDCPCapability current=255, max=4
10-09 12:15:19.851: D/DrmWidevineDash(335): OEMCrypto_GetHDCPCapability ends! ret = 0
10-09 12:15:19.851: D/DrmWidevineDash(335): _oecc44: function time: 0ms (0s 373229ns)
10-09 12:15:19.851: D/DrmWidevineDash(335): OEMCrypto_GenerateNonce: starts! SID=1, nonce=0xb1572058
10-09 12:15:19.851: D/QSEECOMAPI:(335): SUCESS::ioctl call to scale bus bandwidth to level 1 success with ret = 0
10-09 12:15:19.852: D/QSEECOMAPI:(335): SUCESS::ioctl call to scale bus bandwidth to level 0 success with ret = 0
10-09 12:15:19.852: D/DrmWidevineDash(335): OEMCrypto_GenerateNonce: ends! returns 0
10-09 12:15:19.852: D/DrmWidevineDash(335): _oecc14: function time: 0ms (0s 874115ns)
10-09 12:15:19.852: D/WVCdm(335): PrepareKeyRequest: nonce=3927516396
10-09 12:15:19.852: D/DrmWidevineDash(335): OEMCrypto_GenerateRSASignature starts! SID=1, message=0xb7f32ef8
10-09 12:15:19.852: D/DrmWidevineDash(335): message_length=1644, signature=0xb7faccf8, signature_length=0xb1571ffc
10-09 12:15:19.852: D/QSEECOMAPI:(335): SUCESS::ioctl call to scale bus bandwidth to level 1 success with ret = 0
10-09 12:15:19.876: I/art(12585): Background partial concurrent mark sweep GC freed 71202(4MB) AllocSpace objects, 9(180KB) LOS objects, 39% free, 16MB/26MB, paused 13.387ms total 149.065ms
10-09 12:15:19.887: D/MusicContentProvider(12883): Enabling sync for Account {name=KSJ7Z4E2SEOGZ4S3ZF4FK2PPN4-00@cloudtestlabaccounts.com, type=com.google}
10-09 12:15:19.893: W/Conscrypt(12568): Could not set socket write timeout: java.lang.reflect.InvocationTargetException
10-09 12:15:19.895: W/Conscrypt(12568): at java.lang.reflect.Method.invoke(Native Method)
10-09 12:15:19.895: W/Conscrypt(12568): at com.google.android.gms.org.conscrypt.Platform.setSocketWriteTimeout(:com.google.android.gms@13280015@13.2.80 (040300-211705629):13)
10-09 12:15:19.895: W/Conscrypt(12568): Caused by: android.system.ErrnoException: setsockopt failed: EBADF (Bad file descriptor)
10-09 12:15:19.896: W/Conscrypt(12568): at libcore.io.Posix.setsockoptTimeval(Native Method)
10-09 12:15:19.896: W/Conscrypt(12568): at libcore.io.ForwardingOs.setsockoptTimeval(ForwardingOs.java:156)
10-09 12:15:19.927: V/ConnectivityManager(12585): isActiveNetworkMetered() returns:false
10-09 12:15:19.941: I/MS_RegisterService(12568): Tachyon host: instantmessaging-pa.googleapis.com, Tachyon port: 443
10-09 12:15:20.007: W/Conscrypt(12568): Could not set socket write timeout: java.lang.reflect.InvocationTargetException
10-09 12:15:20.008: W/Conscrypt(12568): at java.lang.reflect.Method.invoke(Native Method)
10-09 12:15:20.008: W/Conscrypt(12568): at com.google.android.gms.org.conscrypt.Platform.setSocketWriteTimeout(:com.google.android.gms@13280015@13.2.80 (040300-211705629):13)
10-09 12:15:20.008: W/Conscrypt(12568): Caused by: android.system.ErrnoException: setsockopt failed: EBADF (Bad file descriptor)
10-09 12:15:20.008: W/Conscrypt(12568): at libcore.io.Posix.setsockoptTimeval(Native Method)
10-09 12:15:20.008: W/Conscrypt(12568): at libcore.io.ForwardingOs.setsockoptTimeval(ForwardingOs.java:156)
10-09 12:15:20.011: I/PeopleDatabaseHelper(12568): cleanUpNonGplusAccounts done.
10-09 12:15:20.027: I/MS_RegisterService(12568): RegisterService intent:Intent { act=com.google.android.gms.matchstick.register_intent_google_account_change cat=[targeted_intent_op_prefix:com.google.android.libraries.matchstick.net.SilentRegisterIntentOperation] cmp=com.google.android.gms/.chimera.GmsIntentOperationService } isPeriodic:false
10-09 12:15:20.041: W/SemanticLocation(12568): Personalization not enabled; ignoring AccountChangeBroadcast.
10-09 12:15:20.049: W/SemanticLocation(12568): Personalization not enabled; won't try to improve personalization account.
10-09 12:15:20.061: I/SemanticLocation(12568): Cancel DailyWhamDataUpload
10-09 12:15:20.082: I/SemanticLocation(12568): Cancel ReverseGeoBatch
10-09 12:15:20.096: I/SemanticLocation(12568): Cancel WhamDailyActiveUserReport
10-09 12:15:20.102: I/Places(12585): ?: Couldn't find platform key file.
10-09 12:15:20.114: W/MS_RegisterService(12568): Not eligible for registration.
10-09 12:15:20.128: W/Conscrypt(12585): Could not set socket write timeout: java.lang.reflect.InvocationTargetException
10-09 12:15:20.129: W/Conscrypt(12585): at java.lang.reflect.Method.invoke(Native Method)
10-09 12:15:20.129: W/Conscrypt(12585): at com.google.android.gms.org.conscrypt.Platform.setSocketWriteTimeout(:com.google.android.gms@13280015@13.2.80 (040300-211705629):13)
10-09 12:15:20.129: W/Conscrypt(12585): Caused by: android.system.ErrnoException: setsockopt failed: EBADF (Bad file descriptor)
10-09 12:15:20.129: W/Conscrypt(12585): at libcore.io.Posix.setsockoptTimeval(Native Method)
10-09 12:15:20.129: W/Conscrypt(12585): at libcore.io.ForwardingOs.setsockoptTimeval(ForwardingOs.java:156)
10-09 12:15:20.171: V/NativeCrypto(12585): Read error: ssl=0xb8323f40: I/O error during system call, Connection reset by peer
10-09 12:15:20.173: V/NativeCrypto(12585): SSL shutdown failed: ssl=0xb8323f40: I/O error during system call, Broken pipe
10-09 12:15:20.174: E/WakeLock(12585): GCM_HB_ALARM release without a matched acquire!
10-09 12:15:20.176: E/GCM(12585): Connection closed with errorCode 20
10-09 12:15:20.197: V/ConnectivityManager(12585): isActiveNetworkMetered() returns:false
10-09 12:15:20.244: I/Adreno-EGL(12846): : EGL 1.4 QUALCOMM build: (Ifd751822f5)
10-09 12:15:20.244: I/Adreno-EGL(12846): OpenGL ES Shader Compiler Version: XE031.06.00.05
10-09 12:15:20.244: I/Adreno-EGL(12846): Build Date: 01/26/16 Tue 10-09 12:15:20.244: I/Adreno-EGL(12846): Local Branch: AU12_SBA
10-09 12:15:20.244: I/Adreno-EGL(12846): Remote Branch:
10-09 12:15:20.244: I/Adreno-EGL(12846): Local Patches:
10-09 12:15:20.244: I/Adreno-EGL(12846): Reconstruct Branch:
10-09 12:15:20.250: D/QSEECOMAPI:(335): SUCESS::ioctl call to scale bus bandwidth to level 0 success with ret = 0
10-09 12:15:20.250: D/DrmWidevineDash(335): OEMCrypto_GenerateRSASignature returns 0
10-09 12:15:20.250: D/DrmWidevineDash(335): _oecc36: function time: 398ms (0s 398269884ns)
10-09 12:15:20.253: I/WVCdm(335): CdmEngine::CloseSession
10-09 12:15:20.253: D/DrmWidevineDash(335): OEMCrypto_CloseSession: starts! SID=1
10-09 12:15:20.253: D/QSEECOMAPI:(335): SUCESS::ioctl call to scale bus bandwidth to level 1 success with ret = 0
10-09 12:15:20.254: D/QSEECOMAPI:(335): SUCESS::ioctl call to scale bus bandwidth to level 0 success with ret = 0
10-09 12:15:20.254: D/DrmWidevineDash(335): OEMCrypto_CloseSession: ends! returns 0
10-09 12:15:20.254: D/DrmWidevineDash(335): _oecc10: function time: 0ms (0s 947448ns)
10-09 12:15:20.254: D/DrmWidevineDash(335): OEMCrypto_Terminate: starts!
10-09 12:15:20.254: D/QSEECOMAPI:(335): SUCESS::ioctl call to scale bus bandwidth to level 1 success with ret = 0
10-09 12:15:20.255: D/QSEECOMAPI:(335): SUCESS::ioctl call to scale bus bandwidth to level 0 success with ret = 0
10-09 12:15:20.255: D/DrmWidevineDash(335): Service_Uninitialize: starts!
10-09 12:15:20.255: D/QSEECOMAPI:(335): QSEECom_dealloc_memory
10-09 12:15:20.255: D/QSEECOMAPI:(335): QSEECom_shutdown_app, app_id = 12
10-09 12:15:20.256: D/DrmWidevineDash(335): Service_Uninitialize: ends! returns 0x0
10-09 12:15:20.256: D/DrmWidevineDash(335): Service_Uninitialize: function time: 0ms (0s 415573ns)
10-09 12:15:20.256: D/DrmWidevineDash(335): OEMCrypto_ION_Free: function time: 0ms (0s 254010ns)
10-09 12:15:20.256: D/DrmWidevineDash(335): OEMCrypto_Terminate: ends! returns 0
10-09 12:15:20.256: D/DrmWidevineDash(335): _oecc02: function time: 2ms (0s 2017083ns)
10-09 12:15:20.259: W/Conscrypt(12585): Could not set socket write timeout: java.lang.reflect.InvocationTargetException
10-09 12:15:20.259: W/Conscrypt(12585): at java.lang.reflect.Method.invoke(Native Method)
10-09 12:15:20.259: W/Conscrypt(12585): at com.google.android.gms.org.conscrypt.Platform.setSocketWriteTimeout(:com.google.android.gms@13280015@13.2.80 (040300-211705629):13)
10-09 12:15:20.259: W/Conscrypt(12585): Caused by: android.system.ErrnoException: setsockopt failed: EBADF (Bad file descriptor)
10-09 12:15:20.262: W/Conscrypt(12585): at libcore.io.Posix.setsockoptTimeval(Native Method)
10-09 12:15:20.262: W/Conscrypt(12585): at libcore.io.ForwardingOs.setsockoptTimeval(ForwardingOs.java:156)
10-09 12:15:20.270: I/GeofencerStateMachine(12585): removeGeofences: removeRequest=RemoveGeofencingRequest[REMOVE_BY_PENDING_INTENT pendingIntent=PendingIntent[creatorPackage=com.google.android.gms], packageName=null]
10-09 12:15:20.277: I/GeofencerStateMachine(12585): removeGeofences: removeRequest=RemoveGeofencingRequest[REMOVE_BY_PENDING_INTENT pendingIntent=PendingIntent[creatorPackage=com.google.android.gms], packageName=null]
10-09 12:15:20.312: I/Adreno-EGL(12846): : EGL 1.4 QUALCOMM build: (Ifd751822f5)
10-09 12:15:20.312: I/Adreno-EGL(12846): OpenGL ES Shader Compiler Version: XE031.06.00.05
10-09 12:15:20.312: I/Adreno-EGL(12846): Build Date: 01/26/16 Tue 10-09 12:15:20.312: I/Adreno-EGL(12846): Local Branch: AU12_SBA
10-09 12:15:20.312: I/Adreno-EGL(12846): Remote Branch:
10-09 12:15:20.312: I/Adreno-EGL(12846): Local Patches:
10-09 12:15:20.312: I/Adreno-EGL(12846): Reconstruct Branch:
10-09 12:15:20.320: E/NetworkScheduler(12585): Invalid component specified.
10-09 12:15:20.324: E/NetworkScheduler(12585): Invalid component specified.
10-09 12:15:20.328: W/Conscrypt(12585): Could not set socket write timeout: java.lang.reflect.InvocationTargetException
10-09 12:15:20.328: W/Conscrypt(12585): at java.lang.reflect.Method.invoke(Native Method)
10-09 12:15:20.328: W/Conscrypt(12585): at com.google.android.gms.org.conscrypt.Platform.setSocketWriteTimeout(:com.google.android.gms@13280015@13.2.80 (040300-211705629):13)
10-09 12:15:20.328: W/Conscrypt(12585): Caused by: android.system.ErrnoException: setsockopt failed: EBADF (Bad file descriptor)
10-09 12:15:20.330: W/Conscrypt(12585): at libcore.io.Posix.setsockoptTimeval(Native Method)
10-09 12:15:20.331: W/Conscrypt(12585): at libcore.io.ForwardingOs.setsockoptTimeval(ForwardingOs.java:156)
10-09 12:15:20.344: W/Conscrypt(12585): Could not set socket write timeout: java.lang.reflect.InvocationTargetException
10-09 12:15:20.345: W/Conscrypt(12585): at java.lang.reflect.Method.invoke(Native Method)
10-09 12:15:20.345: W/Conscrypt(12585): at com.google.android.gms.org.conscrypt.Platform.setSocketWriteTimeout(:com.google.android.gms@13280015@13.2.80 (040300-211705629):13)
10-09 12:15:20.345: W/Conscrypt(12585): Caused by: android.system.ErrnoException: setsockopt failed: EBADF (Bad file descriptor)
10-09 12:15:20.345: W/Conscrypt(12585): at libcore.io.Posix.setsockoptTimeval(Native Method)
10-09 12:15:20.345: W/Conscrypt(12585): at libcore.io.ForwardingOs.setsockoptTimeval(ForwardingOs.java:156)
10-09 12:15:20.357: I/Places(12585): ?: Couldn't find platform key file.
10-09 12:15:20.359: W/Binder_3(12872): type=1400 audit(0.0:543): avc: denied { read } for uid=10028 name="/" dev="tmpfs" ino=7698 scontext=u:r:untrusted_app:s0:c512,c768 tcontext=u:object_r:device:s0 tclass=dir permissive=0
10-09 12:15:20.368: W/Conscrypt(12585): Could not set socket write timeout: java.lang.reflect.InvocationTargetException
10-09 12:15:20.368: W/Conscrypt(12585): at java.lang.reflect.Method.invoke(Native Method)
10-09 12:15:20.368: W/Conscrypt(12585): at com.google.android.gms.org.conscrypt.Platform.setSocketWriteTimeout(:com.google.android.gms@13280015@13.2.80 (040300-211705629):13)
10-09 12:15:20.368: W/Conscrypt(12585): Caused by: android.system.ErrnoException: setsockopt failed: EBADF (Bad file descriptor)
10-09 12:15:20.369: W/Conscrypt(12585): at libcore.io.Posix.setsockoptTimeval(Native Method)
10-09 12:15:20.369: W/Conscrypt(12585): at libcore.io.ForwardingOs.setsockoptTimeval(ForwardingOs.java:156)
10-09 12:15:20.383: I/GeofencerStateMachine(12585): removeGeofences: removeRequest=RemoveGeofencingRequest[REMOVE_BY_PENDING_INTENT pendingIntent=PendingIntent[creatorPackage=com.google.android.gms], packageName=null]
10-09 12:15:20.410: I/GeofencerStateMachine(12585): removeGeofences: removeRequest=RemoveGeofencingRequest[REMOVE_BY_PENDING_INTENT pendingIntent=PendingIntent[creatorPackage=com.google.android.gms], packageName=null]
10-09 12:15:20.414: I/GeofencerStateMachine(12585): removeGeofences: removeRequest=RemoveGeofencingRequest[REMOVE_BY_PENDING_INTENT pendingIntent=PendingIntent[creatorPackage=com.google.android.gms], packageName=null]
10-09 12:15:20.427: I/GeofencerStateMachine(12585): removeGeofences: removeRequest=RemoveGeofencingRequest[REMOVE_BY_PENDING_INTENT pendingIntent=PendingIntent[creatorPackage=com.google.android.gms], packageName=null]
10-09 12:15:20.435: I/Places(12585): ?: Couldn't find platform key file.
10-09 12:15:20.440: V/ConnectivityManager(12585): isActiveNetworkMetered() returns:false
10-09 12:15:20.452: E/AccountsChangedIntentOp(12568): exception while subscribe
10-09 12:15:20.452: E/AccountsChangedIntentOp(12568): java.util.concurrent.ExecutionException: java.io.IOException: TOO_MANY_REGISTRATIONS
10-09 12:15:20.452: E/AccountsChangedIntentOp(12568): at bgov.a(:com.google.android.gms@13280015@13.2.80 (040300-211705629):20)
10-09 12:15:20.452: E/AccountsChangedIntentOp(12568): at bgov.get(:com.google.android.gms@13280015@13.2.80 (040300-211705629):14)
10-09 12:15:20.452: E/AccountsChangedIntentOp(12568): at bgpe.get(:com.google.android.gms@13280015@13.2.80 (040300-211705629))
10-09 12:15:20.452: E/AccountsChangedIntentOp(12568): at com.google.android.gms.languageprofile.service.AccountsChangedIntentOperation.onHandleIntent(:com.google.android.gms@13280015@13.2.80 (040300-211705629):2)
10-09 12:15:20.452: E/AccountsChangedIntentOp(12568): at com.google.android.chimera.IntentOperation.onHandleIntent(:com.google.android.gms@13280015@13.2.80 (040300-211705629):2)
10-09 12:15:20.452: E/AccountsChangedIntentOp(12568): at dkm.a(:com.google.android.gms@13280015@13.2.80 (040300-211705629):34)
10-09 12:15:20.452: E/AccountsChangedIntentOp(12568): at odq.a(:com.google.android.gms@13280015@13.2.80 (040300-211705629):11)
10-09 12:15:20.452: E/AccountsChangedIntentOp(12568): at dkr.run(:com.google.android.gms@13280015@13.2.80 (040300-211705629):12)
10-09 12:15:20.452: E/AccountsChangedIntentOp(12568): at dko.run(:com.google.android.gms@13280015@13.2.80 (040300-211705629):9)
10-09 12:15:20.452: E/AccountsChangedIntentOp(12568): at java.util.concurrent.ThreadPoolExecutor.runWorker(ThreadPoolExecutor.java:1113)
10-09 12:15:20.452: E/AccountsChangedIntentOp(12568): at java.util.concurrent.ThreadPoolExecutor$Worker.run(ThreadPoolExecutor.java:588)
10-09 12:15:20.452: E/AccountsChangedIntentOp(12568): at java.lang.Thread.run(Thread.java:818)
10-09 12:15:20.452: E/AccountsChangedIntentOp(12568): Caused by: java.io.IOException: TOO_MANY_REGISTRATIONS
10-09 12:15:20.452: E/AccountsChangedIntentOp(12568): at aadd.a(:com.google.android.gms@13280015@13.2.80 (040300-211705629):21)
10-09 12:15:20.452: E/AccountsChangedIntentOp(12568): at aacn.b(:com.google.android.gms@13280015@13.2.80 (040300-211705629):9)
10-09 12:15:20.452: E/AccountsChangedIntentOp(12568): at aacn.a(:com.google.android.gms@13280015@13.2.80 (040300-211705629):22)
10-09 12:15:20.452: E/AccountsChangedIntentOp(12568): at aayg.a(:com.google.android.gms@13280015@13.2.80 (040300-211705629):8)
10-09 12:15:20.452: E/AccountsChangedIntentOp(12568): ... 9 more
10-09 12:15:20.454: I/Authzen(12585): [ProximitySyncManager] Syncing data for account
10-09 12:15:20.457: W/Conscrypt(12585): Could not set socket write timeout: java.lang.reflect.InvocationTargetException
10-09 12:15:20.458: W/Conscrypt(12585): at java.lang.reflect.Method.invoke(Native Method)
10-09 12:15:20.458: W/Conscrypt(12585): at com.google.android.gms.org.conscrypt.Platform.setSocketWriteTimeout(:com.google.android.gms@13280015@13.2.80 (040300-211705629):13)
10-09 12:15:20.458: W/Conscrypt(12585): Caused by: android.system.ErrnoException: setsockopt failed: EBADF (Bad file descriptor)
10-09 12:15:20.460: W/Conscrypt(12585): at libcore.io.Posix.setsockoptTimeval(Native Method)
10-09 12:15:20.460: W/Conscrypt(12585): at libcore.io.ForwardingOs.setsockoptTimeval(ForwardingOs.java:156)
10-09 12:15:20.476: W/Binder_3(12872): type=1400 audit(0.0:544): avc: denied { search } for uid=10028 name="355" dev="proc" ino=36732 scontext=u:r:untrusted_app:s0:c512,c768 tcontext=u:r:zygote:s0 tclass=dir permissive=0
10-09 12:15:20.480: I/GeofencerStateMachine(12585): removeGeofences: removeRequest=RemoveGeofencingRequest[REMOVE_BY_PENDING_INTENT pendingIntent=PendingIntent[creatorPackage=com.google.android.gms], packageName=null]
10-09 12:15:20.483: E/Authzen(12585): [ProximitySyncManager] could not get public key
10-09 12:15:20.483: E/Authzen(12585): java.util.concurrent.ExecutionException: hxm: 25505:
10-09 12:15:20.483: E/Authzen(12585): at aprc.b(:com.google.android.gms@13280015@13.2.80 (040300-211705629):2)
10-09 12:15:20.483: E/Authzen(12585): at aprc.a(:com.google.android.gms@13280015@13.2.80 (040300-211705629):28)
10-09 12:15:20.483: E/Authzen(12585): at hnu.a(:com.google.android.gms@13280015@13.2.80 (040300-211705629):29)
10-09 12:15:20.483: E/Authzen(12585): at hnu.a(:com.google.android.gms@13280015@13.2.80 (040300-211705629):19)
10-09 12:15:20.483: E/Authzen(12585): at hph.a(:com.google.android.gms@13280015@13.2.80 (040300-211705629):9)
10-09 12:15:20.483: E/Authzen(12585): at hpm.a(:com.google.android.gms@13280015@13.2.80 (040300-211705629):55)
10-09 12:15:20.483: E/Authzen(12585): at hpm.a(:com.google.android.gms@13280015@13.2.80 (040300-211705629):27)
10-09 12:15:20.483: E/Authzen(12585): at com.google.android.gms.auth.authzen.cryptauth.AccountChangeProcessingIntentOperation.onHandleIntent(:com.google.android.gms@13280015@13.2.80 (040300-211705629):8)
10-09 12:15:20.483: E/Authzen(12585): at com.google.android.chimera.IntentOperation.onHandleIntent(:com.google.android.gms@13280015@13.2.80 (040300-211705629):2)
10-09 12:15:20.483: E/Authzen(12585): at dkm.a(:com.google.android.gms@13280015@13.2.80 (040300-211705629):34)
10-09 12:15:20.483: E/Authzen(12585): at odq.a(:com.google.android.gms@13280015@13.2.80 (040300-211705629):11)
10-09 12:15:20.483: E/Authzen(12585): at dkr.run(:com.google.android.gms@13280015@13.2.80 (040300-211705629):12)
10-09 12:15:20.483: E/Authzen(12585): at dko.run(:com.google.android.gms@13280015@13.2.80 (040300-211705629):9)
10-09 12:15:20.483: E/Authzen(12585): at java.util.concurrent.ThreadPoolExecutor.runWorker(ThreadPoolExecutor.java:1113)
10-09 12:15:20.483: E/Authzen(12585): at java.util.concurrent.ThreadPoolExecutor$Worker.run(ThreadPoolExecutor.java:588)
10-09 12:15:20.483: E/Authzen(12585): at java.lang.Thread.run(Thread.java:818)
10-09 12:15:20.483: E/Authzen(12585): Caused by: hxm: 25505:
10-09 12:15:20.483: E/Authzen(12585): at hxb.a(:com.google.android.gms@13280015@13.2.80 (040300-211705629):1)
10-09 12:15:20.483: E/Authzen(12585): at hzd.a(:com.google.android.gms@13280015@13.2.80 (040300-211705629):1)
10-09 12:15:20.483: E/Authzen(12585): at hzd.a(:com.google.android.gms@13280015@13.2.80 (040300-211705629):6)
10-09 12:15:20.483: E/Authzen(12585): at wwt.a(:com.google.android.gms@13280015@13.2.80 (040300-211705629):3)
10-09 12:15:20.483: E/Authzen(12585): at cgv.onTransact(:com.google.android.gms@13280015@13.2.80 (040300-211705629):5)
10-09 12:15:20.483: E/Authzen(12585): at android.os.Binder.execTransact(Binder.java:453)
10-09 12:15:20.483: I/Authzen(12585): [SyncManager] sync failed for 100
10-09 12:15:20.484: I/GeofencerStateMachine(12585): removeGeofences: removeRequest=RemoveGeofencingRequest[REMOVE_BY_PENDING_INTENT pendingIntent=PendingIntent[creatorPackage=com.google.android.gms], packageName=null]
10-09 12:15:20.489: I/GeofencerStateMachine(12585): removeGeofences: removeRequest=RemoveGeofencingRequest[REMOVE_BY_PENDING_INTENT pendingIntent=PendingIntent[creatorPackage=com.google.android.gms], packageName=null]
10-09 12:15:20.490: E/NetworkScheduler(12585): Invalid component specified.
10-09 12:15:20.497: I/Places(12585): ?: Couldn't find platform key file.
10-09 12:15:20.504: I/Authzen(12585): [SyncManager] Setting up sync 80905243ms later.
10-09 12:15:20.526: E/constellation(12568): [event_manager] Couldn't get GCM token
10-09 12:15:20.526: E/constellation(12568): java.io.IOException: TOO_MANY_REGISTRATIONS
10-09 12:15:20.526: E/constellation(12568): at aadd.a(:com.google.android.gms@13280015@13.2.80 (040300-211705629):21)
10-09 12:15:20.526: E/constellation(12568): at aacn.b(:com.google.android.gms@13280015@13.2.80 (040300-211705629):9)
10-09 12:15:20.526: E/constellation(12568): at aacn.a(:com.google.android.gms@13280015@13.2.80 (040300-211705629):22)
10-09 12:15:20.526: E/constellation(12568): at com.google.android.gms.constellation.EventManager.a(:com.google.android.gms@13280015@13.2.80 (040300-211705629):3)
10-09 12:15:20.526: E/constellation(12568): at com.google.android.gms.constellation.EventManager.onHandleIntent(:com.google.android.gms@13280015@13.2.80 (040300-211705629):104)
10-09 12:15:20.526: E/constellation(12568): at com.google.android.chimera.IntentOperation.onHandleIntent(:com.google.android.gms@13280015@13.2.80 (040300-211705629):2)
10-09 12:15:20.526: E/constellation(12568): at dkm.a(:com.google.android.gms@13280015@13.2.80 (040300-211705629):34)
10-09 12:15:20.526: E/constellation(12568): at odq.a(:com.google.android.gms@13280015@13.2.80 (040300-211705629):11)
10-09 12:15:20.526: E/constellation(12568): at dkr.run(:com.google.android.gms@13280015@13.2.80 (040300-211705629):12)
10-09 12:15:20.526: E/constellation(12568): at dko.run(:com.google.android.gms@13280015@13.2.80 (040300-211705629):9)
10-09 12:15:20.526: E/constellation(12568): at java.util.concurrent.ThreadPoolExecutor.runWorker(ThreadPoolExecutor.java:1113)
10-09 12:15:20.526: E/constellation(12568): at java.util.concurrent.ThreadPoolExecutor$Worker.run(ThreadPoolExecutor.java:588)
10-09 12:15:20.526: E/constellation(12568): at java.lang.Thread.run(Thread.java:818)
10-09 12:15:20.541: W/constellation(12568): [event_manager] Event manager is not initialized
10-09 12:15:20.552: I/GeofencerStateMachine(12585): removeGeofences: removeRequest=RemoveGeofencingRequest[REMOVE_BY_PENDING_INTENT pendingIntent=PendingIntent[creatorPackage=com.google.android.gms], packageName=null]
10-09 12:15:20.573: E/constellation(12568): [gaia_id_checker] Couldn't sync with the server due to
10-09 12:15:20.573: E/constellation(12568): qss
10-09 12:15:20.573: E/constellation(12568): at com.google.android.gms.constellation.EventManager.onHandleIntent(:com.google.android.gms@13280015@13.2.80 (040300-211705629):31)
10-09 12:15:20.573: E/constellation(12568): at com.google.android.chimera.IntentOperation.onHandleIntent(:com.google.android.gms@13280015@13.2.80 (040300-211705629):2)
10-09 12:15:20.573: E/constellation(12568): at dkm.a(:com.google.android.gms@13280015@13.2.80 (040300-211705629):34)
10-09 12:15:20.573: E/constellation(12568): at odq.a(:com.google.android.gms@13280015@13.2.80 (040300-211705629):11)
10-09 12:15:20.573: E/constellation(12568): at dkr.run(:com.google.android.gms@13280015@13.2.80 (040300-211705629):12)
10-09 12:15:20.573: E/constellation(12568): at dko.run(:com.google.android.gms@13280015@13.2.80 (040300-211705629):9)
10-09 12:15:20.573: E/constellation(12568): at java.util.concurrent.ThreadPoolExecutor.runWorker(ThreadPoolExecutor.java:1113)
10-09 12:15:20.573: E/constellation(12568): at java.util.concurrent.ThreadPoolExecutor$Worker.run(ThreadPoolExecutor.java:588)
10-09 12:15:20.573: E/constellation(12568): at java.lang.Thread.run(Thread.java:818)
10-09 12:15:20.574: W/AdaptiveDiscoveryWorker(12568): Exiting Adaptive Discovery. Current NetworkInfo is NULL.
10-09 12:15:20.584: I/GeofencerStateMachine(12585): removeGeofences: removeRequest=RemoveGeofencingRequest[REMOVE_BY_PENDING_INTENT pendingIntent=PendingIntent[creatorPackage=com.google.android.gms], packageName=null]
10-09 12:15:20.591: I/NetworkScheduler(12585): ignoring stale queue check message
10-09 12:15:20.594: I/GeofencerStateMachine(12585): removeGeofences: removeRequest=RemoveGeofencingRequest[REMOVE_BY_PENDING_INTENT pendingIntent=PendingIntent[creatorPackage=com.google.android.gms], packageName=null]
10-09 12:15:20.607: I/CheckinUtil(12568): Classify the device as Phone.
10-09 12:15:20.640: I/CheckinConnFactory(12568): Get token from PseudonymousIdApi: 140=zgYUKwf_m_mME-h_cwKVwMw5hNw1Y47dEn0l-7725xKXe5CeUmv0i4fEXhjazVXMZLe_EpHtajVq-XVcPGnhsyLVFpauPmAoLpVuf8u5qpx4C1IFVcguS-ML-fvs1VCb
10-09 12:15:20.641: W/aqvd(12585): Empty context buffer. Thus might mean that the context is not synced down.
10-09 12:15:20.642: W/aqrh(12585): Empty context model while retrieving upload opt-in status!
10-09 12:15:20.655: I/CheckinRequestProcessor(12568): set cookie as: NID=140=zgYUKwf_m_mME-h_cwKVwMw5hNw1Y47dEn0l-7725xKXe5CeUmv0i4fEXhjazVXMZLe_EpHtajVq-XVcPGnhsyLVFpauPmAoLpVuf8u5qpx4C1IFVcguS-ML-fvs1VCb
10-09 12:15:20.681: W/Conscrypt(12568): Could not set socket write timeout: java.lang.reflect.InvocationTargetException
10-09 12:15:20.682: W/Conscrypt(12568): at java.lang.reflect.Method.invoke(Native Method)
10-09 12:15:20.682: W/Conscrypt(12568): at com.google.android.gms.org.conscrypt.Platform.setSocketWriteTimeout(:com.google.android.gms@13280015@13.2.80 (040300-211705629):13)
10-09 12:15:20.682: W/Conscrypt(12568): Caused by: android.system.ErrnoException: setsockopt failed: EBADF (Bad file descriptor)
10-09 12:15:20.682: W/Conscrypt(12568): at libcore.io.Posix.setsockoptTimeval(Native Method)
10-09 12:15:20.682: W/Conscrypt(12568): at libcore.io.ForwardingOs.setsockoptTimeval(ForwardingOs.java:156)
10-09 12:15:20.693: W/Conscrypt(12568): Could not set socket write timeout: java.lang.reflect.InvocationTargetException
10-09 12:15:20.693: W/Conscrypt(12568): at java.lang.reflect.Method.invoke(Native Method)
10-09 12:15:20.693: W/Conscrypt(12568): at com.google.android.gms.org.conscrypt.Platform.setSocketWriteTimeout(:com.google.android.gms@13280015@13.2.80 (040300-211705629):13)
10-09 12:15:20.693: W/Conscrypt(12568): Caused by: android.system.ErrnoException: setsockopt failed: EBADF (Bad file descriptor)
10-09 12:15:20.693: W/Conscrypt(12568): at libcore.io.Posix.setsockoptTimeval(Native Method)
10-09 12:15:20.693: W/Conscrypt(12568): at libcore.io.ForwardingOs.setsockoptTimeval(ForwardingOs.java:156)
10-09 12:15:21.036: W/Conscrypt(12585): Could not set socket write timeout: java.lang.reflect.InvocationTargetException
10-09 12:15:21.036: W/Conscrypt(12585): at java.lang.reflect.Method.invoke(Native Method)
10-09 12:15:21.036: W/Conscrypt(12585): at com.google.android.gms.org.conscrypt.Platform.setSocketWriteTimeout(:com.google.android.gms@13280015@13.2.80 (040300-211705629):13)
10-09 12:15:21.036: W/Conscrypt(12585): Caused by: android.system.ErrnoException: setsockopt failed: EBADF (Bad file descriptor)
10-09 12:15:21.037: W/Conscrypt(12585): at libcore.io.Posix.setsockoptTimeval(Native Method)
10-09 12:15:21.037: W/Conscrypt(12585): at libcore.io.ForwardingOs.setsockoptTimeval(ForwardingOs.java:156)
10-09 12:15:21.071: E/WakeLock(12585): GCMSEND release without a matched acquire!
10-09 12:15:21.087: W/Conscrypt(12585): Could not set socket write timeout: java.lang.reflect.InvocationTargetException
10-09 12:15:21.087: W/Conscrypt(12585): at java.lang.reflect.Method.invoke(Native Method)
10-09 12:15:21.087: W/Conscrypt(12585): at com.google.android.gms.org.conscrypt.Platform.setSocketWriteTimeout(:com.google.android.gms@13280015@13.2.80 (040300-211705629):13)
10-09 12:15:21.087: W/Conscrypt(12585): Caused by: android.system.ErrnoException: setsockopt failed: EBADF (Bad file descriptor)
10-09 12:15:21.088: W/Conscrypt(12585): at libcore.io.Posix.setsockoptTimeval(Native Method)
10-09 12:15:21.088: W/Conscrypt(12585): at libcore.io.ForwardingOs.setsockoptTimeval(ForwardingOs.java:156)
10-09 12:15:21.534: I/SFPerfTracer(294): triggers: (rate: 5:293) (compose: 0:3) (post: 0:0) (render: 0:4) (0:836 frames) (1:1279)
10-09 12:15:21.534: D/SFPerfTracer(294): layers: (3:9) (FocusedStackFrame (0xb716a740): 0:10)* (DimLayer (0xb7104748): 0:25)* (StatusBar (0xb7195eb8): 0:258) (NavigationBar (0xb71923d0): 0:34) (com.android.systemui.ImageWallpaper (0xb719db60): 0:37)* (com.google.android.apps.mtaas.backdrop/com.google.android.apps.mtaas.backdrop.BackdropActivity (0xb7198d28): 0:51)
10-09 12:15:21.578: E/Ads(12568): [JAMS] Failed to negotiate
10-09 12:15:21.590: W/aqvd(12585): Empty context buffer. Thus might mean that the context is not synced down.
10-09 12:15:21.590: W/aqrh(12585): Empty context model while retrieving upload opt-in status!
10-09 12:15:21.615: I/SFPerfTracer(294): triggers: (rate: 0:2) (0 sw vsyncs) (0 skipped) (0:1252 vsyncs) (1:1687)
10-09 12:15:21.618: E/NetworkScheduler(12585): Invalid component specified.
10-09 12:15:21.666: D/Babel(12354): RefCountedService(com.google.android.apps.hangouts.requestwriter.RequestWriter) onDestroy (count=0, startId=1 stopped=true)
10-09 12:15:21.803: I/CheckinResponseProcess(12568): From server: 1545 gservices [full]
10-09 12:15:21.999: I/GservicesProvider(11121): main update completed
10-09 12:15:22.027: I/ActivityManager(1643): Start proc 13487:com.google.android.configupdater/u0a17 for broadcast com.google.android.configupdater/.CertPin.CertPinUpdateRequestReceiver
10-09 12:15:22.082: I/CheckinRequestProcessor(12568): CheckinNowTaskTag : Checkin Succeeded: https://android.clients.google.com/checkin (fragment #1):
10-09 12:15:22.098: I/Telecom(1643): PhoneAccountRegistrar: SimCallManager queried, returning: null
10-09 12:15:22.101: I/Babel_telephony(12354): TeleModule.updateConnectionManagerRegistration, registration preference changed from false to false
10-09 12:15:22.101: W/Babel(12354): BAM#gBA: invalid account id: -1
10-09 12:15:22.101: W/Babel(12354): BAM#gBA: invalid account id: -1
10-09 12:15:22.102: I/Babel_telephony(12354): TeleModule.updateIncomingCallRegistration, preferred account for incoming calls changed from: null to null
10-09 12:15:22.112: W/System(13487): ClassLoader referenced unknown path: /system/priv-app/ConfigUpdater/lib/arm
10-09 12:15:22.123: I/art(1643): Background partial concurrent mark sweep GC freed 26304(2MB) AllocSpace objects, 4(80KB) LOS objects, 33% free, 19MB/29MB, paused 2.704ms total 111.439ms
10-09 12:15:22.156: E/ConfigUpdater(13487): Received malformed URL while handling Gservices.CHANGED_ACTION intent_firewall: null null
10-09 12:15:22.163: W/art(13487): No such thread id for suspend: 9
10-09 12:15:22.168: E/ConfigUpdater(13487): Received malformed URL while handling Gservices.CHANGED_ACTION apn_db: null null
10-09 12:15:22.175: E/ConfigUpdater(13487): Received malformed URL while handling Gservices.CHANGED_ACTION tzdata: null null
10-09 12:15:22.181: E/ConfigUpdater(13487): Received malformed URL while handling Gservices.CHANGED_ACTION selinux: null null
10-09 12:15:22.185: E/ConfigUpdater(13487): Received malformed URL while handling Gservices.CHANGED_ACTION carrier_provisioning_urls: null null
10-09 12:15:22.186: I/ActivityManager(1643): Killing 12961:com.google.android.apps.docs/u0a79 (adj 15): empty #7
10-09 12:15:22.230: D/ActivityManager(1643): cleanUpApplicationRecord -- 12961
10-09 12:15:22.244: I/ActivityManager(1643): Killing 13094:com.google.android.apps.photos/u0a103 (adj 15): empty #7
10-09 12:15:22.267: D/ActivityManager(1643): cleanUpApplicationRecord -- 13094
10-09 12:15:22.306: I/ActivityManager(1643): Start proc 13524:com.google.android.apps.photos/u0a103 for broadcast com.google.android.apps.photos/com.google.android.apps.moviemaker.app.ApplicationEnabler$Receiver
10-09 12:15:22.319: I/GservicesUpdateTask(11092): Updating Gservices keys
10-09 12:15:22.336: I/GeofencerStateMachine(12585): sendQueryLocationOptIn
10-09 12:15:22.346: I/GeofencerStateMachine(12585): sendQueryLocationOptIn
10-09 12:15:22.359: I/GeofencerStateMachine(12585): sendQueryLocationOptIn
10-09 12:15:22.372: I/GeofencerStateMachine(12585): sendQueryLocationOptIn
10-09 12:15:22.379: W/System(13524): ClassLoader referenced unknown path: /system/app/Photos/lib/arm
10-09 12:15:22.390: I/GeofencerStateMachine(12585): sendQueryLocationOptIn
10-09 12:15:22.406: I/GeofencerStateMachine(12585): sendQueryLocationOptIn
10-09 12:15:22.427: I/GeofencerStateMachine(12585): sendQueryLocationOptIn
10-09 12:15:22.447: I/ActivityManager(1643): Killing 13174:com.google.android.youtube/u0a110 (adj 15): empty #7
10-09 12:15:22.502: D/ConnectivityService(1643): ConnectivityService NetworkRequestInfo binderDied(NetworkRequest [ id=19, legacyType=-1, [ Capabilities: INTERNET&NOT_RESTRICTED&TRUSTED] ], android.os.BinderProxy@dfb757e)
10-09 12:15:22.502: D/ConnectivityService(1643): releasing NetworkRequest NetworkRequest [ id=19, legacyType=-1, [ Capabilities: INTERNET&NOT_RESTRICTED&TRUSTED] ]
10-09 12:15:22.503: E/ConnectivityService(1643): RemoteException caught trying to send a callback msg for NetworkRequest [ id=19, legacyType=-1, [ Capabilities: INTERNET&NOT_RESTRICTED&TRUSTED] ]
10-09 12:15:22.510: D/ActivityManager(1643): cleanUpApplicationRecord -- 13174
10-09 12:15:22.587: I/DiscoveryManager(12568): Filter criteria(null) scannerFlags(0)
10-09 12:15:22.847: I/ActivityManager(1643): Killing 13016:com.android.vending/u0a48 (adj 15): empty #7
10-09 12:15:22.857: I/GlobalDismissManager(12148): no sender configured
10-09 12:15:22.893: D/ActivityManager(1643): cleanUpApplicationRecord -- 13016
10-09 12:15:22.928: I/Backup(12568): [GmsBackupStatusChangeReceiver] Going to enable gms backup transport.
10-09 12:15:22.969: I/NetRec(12585): [992] afog.b: onConfigChanged()
10-09 12:15:22.975: I/Backup(12585): [BackupTransportMigratorChimeraService] Starting migration...
10-09 12:15:22.989: I/aiqy(12585): Scheduling adaptive one off task with window [14400, 604800] in seconds [CONTEXT service_id=51 ]
10-09 12:15:23.008: I/GCoreUlr(12585): Starting service, intent=Intent { act=com.google.android.location.reporting.ACTION_UPDATE_WORLD cmp=com.google.android.gms/com.google.android.location.reporting.service.DispatchingService (has extras) }, extras=Bundle[{receiverAction=com.google.gservices.intent.action.GSERVICES_CHANGED}]
10-09 12:15:23.015: I/NetRec(12585): [992] afog.b: Cancelling all NetRec GCM tasks
10-09 12:15:23.056: I/art(355): Starting a blocking GC HeapTrim
10-09 12:15:23.065: I/ActivityManager(1643): Start proc 13552:com.google.android.inputmethod.latin/u0a92 for broadcast com.google.android.inputmethod.latin/com.google.android.apps.inputmethod.libs.experiments.PhenotypeExperimentUpdateAvailableBroadcastReceiver
10-09 12:15:23.120: V/ConnectivityManager(12585): isActiveNetworkMetered() returns:false
10-09 12:15:23.138: W/ActivityManager(1643): Unable to start service Intent { cmp=com.google.android.gms/.analytics.service.RefreshEnabledStateService } U=0: not found
10-09 12:15:23.147: I/NetRec(12585): [992] ClearDatabaseService.onHandleIntent: Clearing score cache
10-09 12:15:23.186: D/CAR.SETUP(12568): Received GService flag change intent.
10-09 12:15:23.195: W/ChimeraUtils(12568): Non Chimera context
10-09 12:15:23.220: W/art(12585): Suspending all threads took: 6.221ms
10-09 12:15:23.227: W/System(13552): ClassLoader referenced unknown path: /system/app/LatinImeGoogle/lib/arm
