10-09 12:16:17.518: W/Conscrypt(12568): at com.google.android.gms.org.conscrypt.Platform.setSocketWriteTimeout(:com.google.android.gms@13280015@13.2.80 (040300-211705629):13)
10-09 12:16:17.518: W/Conscrypt(12568): Caused by: android.system.ErrnoException: setsockopt failed: EBADF (Bad file descriptor)
10-09 12:16:17.518: W/Conscrypt(12568): at libcore.io.Posix.setsockoptTimeval(Native Method)
10-09 12:16:17.518: W/Conscrypt(12568): at libcore.io.ForwardingOs.setsockoptTimeval(ForwardingOs.java:156)
10-09 12:16:17.619: W/Conscrypt(12585): Could not set socket write timeout: java.lang.reflect.InvocationTargetException
10-09 12:16:17.619: W/Conscrypt(12585): at java.lang.reflect.Method.invoke(Native Method)
10-09 12:16:17.619: W/Conscrypt(12585): at com.google.android.gms.org.conscrypt.Platform.setSocketWriteTimeout(:com.google.android.gms@13280015@13.2.80 (040300-211705629):13)
10-09 12:16:17.619: W/Conscrypt(12585): Caused by: android.system.ErrnoException: setsockopt failed: EBADF (Bad file descriptor)
10-09 12:16:17.647: W/Conscrypt(12585): at libcore.io.Posix.setsockoptTimeval(Native Method)
10-09 12:16:17.647: W/Conscrypt(12585): at libcore.io.ForwardingOs.setsockoptTimeval(ForwardingOs.java:156)
10-09 12:16:17.672: I/UnityAds(14386): com.unity3d.ads.api.Sdk.logInfo() (line:70) :: AdPlan received with 1 campaigns and refreshDelay 0
10-09 12:16:17.803: W/art(12585): Suspending all threads took: 6.715ms
10-09 12:16:17.818: W/Conscrypt(12568): Could not set socket write timeout: java.lang.reflect.InvocationTargetException
10-09 12:16:17.818: W/Conscrypt(12568): at java.lang.reflect.Method.invoke(Native Method)
10-09 12:16:17.818: W/Conscrypt(12568): at com.google.android.gms.org.conscrypt.Platform.setSocketWriteTimeout(:com.google.android.gms@13280015@13.2.80 (040300-211705629):13)
10-09 12:16:17.818: W/Conscrypt(12568): Caused by: android.system.ErrnoException: setsockopt failed: EBADF (Bad file descriptor)
10-09 12:16:17.819: W/Conscrypt(12568): at libcore.io.Posix.setsockoptTimeval(Native Method)
10-09 12:16:17.819: W/Conscrypt(12568): at libcore.io.ForwardingOs.setsockoptTimeval(ForwardingOs.java:156)
10-09 12:16:17.849: I/FileSource(335): StagefrightMetadataRetriever::setDataSource(FD URL suppressed)
10-09 12:16:17.870: W/aqvd(12585): Empty context buffer. Thus might mean that the context is not synced down.
10-09 12:16:17.877: I/art(12585): Background partial concurrent mark sweep GC freed 114967(7MB) AllocSpace objects, 3(60KB) LOS objects, 40% free, 17MB/29MB, paused 10.826ms total 217.359ms
10-09 12:16:17.877: W/aqrh(12585): Empty context model while retrieving upload opt-in status!
10-09 12:16:17.927: D/ExtendedUtils(335): extended extractor not needed, return default
10-09 12:16:18.006: V/ConnectivityManager(12585): isActiveNetworkMetered() returns:false
10-09 12:16:18.021: V/ConnectivityManager(12585): isActiveNetworkMetered() returns:false
10-09 12:16:18.027: V/ConnectivityManager(12585): isActiveNetworkMetered() returns:false
10-09 12:16:18.033: D/InteractionController(14386): clickNoSync (1111, 48)
10-09 12:16:18.068: V/ConnectivityManager(12585): isActiveNetworkMetered() returns:false
10-09 12:16:18.080: W/InputEventReceiver(15122): Attempted to finish an input event but the input event receiver has already been disposed.
10-09 12:16:18.081: I/SignInActivity(15122): Transition from 0 to 1
10-09 12:16:18.095: I/SignInActivity(15122): Transition from 1 to 3
10-09 12:16:18.127: W/GamesServiceBroker(12568): Client connected with SDK 13004000, Services 13280015, and Games 59040030
10-09 12:16:18.138: W/GamesServiceBroker(12568): Client connected with SDK 13004000, Services 13280015, and Games 59040030
10-09 12:16:18.155: I/SFPerfTracer(294): trigger: frame rate (-70.088%) (17.947 fps) (55.719 ms) (22 drops) (13 frames)
10-09 12:16:18.155: I/SFPerfTracer(294): trigger: post (36.232 ms) (19.565 ms off for 14 triggers) (14 triggers) (14 posts)
10-09 12:16:18.155: I/SFPerfTracer(294): trigger: render (52.934 ms) (27.934 ms off for 14 triggers) (14 triggers) (14 renders)
10-09 12:16:18.155: I/SFPerfTracer(294): triggers: (rate: 9:418) (compose: 0:10) (post: 8:281) (render: 8:239) (13:999 frames) (14:2023)
10-09 12:16:18.155: D/SFPerfTracer(294): layers: (9:16) (FocusedStackFrame (0xb716a740): 0:19)* (DimLayer (0xb7104748): 0:25)* (StatusBar (0xb7195eb8): 4:563) (NavigationBar (0xb71923d0): 0:56) (com.android.systemui.ImageWallpaper (0xb719db60): 0:39)* (DimLayer (0xb7182e80): 5:6) (DimLayer (0xb7156128): 0:2)* ( (0xb7178f78): 1:27) (site.studiofun.TapTapTap/com.unity3d.player.UnityPlayerActivity (0xb7175860): 7:35) (SurfaceView (0xb7134bc0): 0:156) ( (0xb7198d28): 0:3)- ( (0xb71a30c0): 0:2)- (com.google.android.play.games/com.google.android.gms.games.ui.signin.SignInActivity (0xb71a30c0): 4:19) ( (0xb7198d28): 1:11) ( (0xb71a87c0): 14:22)
10-09 12:16:18.180: W/InputManager(1643): Input event injection from pid 14357 failed.
10-09 12:16:18.182: I/Robo(14332): Action has been performed.
10-09 12:16:18.182: I/Robo(14386): Looking for activity
10-09 12:16:18.182: I/Robo(14386): Executing command: dumpsys window windows
10-09 12:16:18.185: I/SignInActivity(15122): Transition from 3 to 4
10-09 12:16:18.211: W/DataBroker(12568): No player ID found when refreshing
10-09 12:16:18.224: W/GamesServiceBroker(12568): Client connected with SDK 13004000, Services 13280015, and Games 59040030
10-09 12:16:18.322: I/Robo(14386): Cmd dumpsys window windows finished.
10-09 12:16:18.343: I/Robo(14386): Found activity: com.google.android.gms.games.ui.signin.SignInActivity
10-09 12:16:18.437: D/audio_hw_primary(335): out_standby: enter: stream (0xb7e6ac40) usecase(1: low-latency-playback)
10-09 12:16:18.469: V/ConnectivityManager(12585): isActiveNetworkMetered() returns:false
10-09 12:16:18.489: V/ConnectivityManager(12585): isActiveNetworkMetered() returns:false
10-09 12:16:18.540: I/Auth(12585): [ReflectiveChannelBinder] Successfully bound channel!
10-09 12:16:18.580: W/Conscrypt(12585): Could not set socket write timeout: java.lang.reflect.InvocationTargetException
10-09 12:16:18.581: W/Conscrypt(12585): at java.lang.reflect.Method.invoke(Native Method)
10-09 12:16:18.581: W/Conscrypt(12585): at com.google.android.gms.org.conscrypt.Platform.setSocketWriteTimeout(:com.google.android.gms@13280015@13.2.80 (040300-211705629):13)
10-09 12:16:18.581: W/Conscrypt(12585): Caused by: android.system.ErrnoException: setsockopt failed: EBADF (Bad file descriptor)
10-09 12:16:18.581: W/Conscrypt(12585): at libcore.io.Posix.setsockoptTimeval(Native Method)
10-09 12:16:18.581: W/Conscrypt(12585): at libcore.io.ForwardingOs.setsockoptTimeval(ForwardingOs.java:156)
10-09 12:16:18.597: D/hardware_info(335): hw_info_append_hw_type : device_name = headphones
10-09 12:16:18.597: W/Conscrypt(12585): Could not set socket write timeout: java.lang.reflect.InvocationTargetException
10-09 12:16:18.598: W/Conscrypt(12585): at java.lang.reflect.Method.invoke(Native Method)
10-09 12:16:18.598: W/Conscrypt(12585): at com.google.android.gms.org.conscrypt.Platform.setSocketWriteTimeout(:com.google.android.gms@13280015@13.2.80 (040300-211705629):13)
10-09 12:16:18.598: W/Conscrypt(12585): Caused by: android.system.ErrnoException: setsockopt failed: EBADF (Bad file descriptor)
10-09 12:16:18.599: W/Conscrypt(12585): at libcore.io.Posix.setsockoptTimeval(Native Method)
10-09 12:16:18.599: W/Conscrypt(12585): at libcore.io.ForwardingOs.setsockoptTimeval(ForwardingOs.java:156)
10-09 12:16:18.621: I/Robo(14386): Espresso screen state extraction failed. Outside of app.
10-09 12:16:18.726: V/ConnectivityManager(12585): isActiveNetworkMetered() returns:false
10-09 12:16:18.739: V/ConnectivityManager(12585): isActiveNetworkMetered() returns:false
10-09 12:16:18.792: V/ConnectivityManager(12585): isActiveNetworkMetered() returns:false
10-09 12:16:18.796: V/ConnectivityManager(12585): isActiveNetworkMetered() returns:false
10-09 12:16:18.799: V/ConnectivityManager(12585): isActiveNetworkMetered() returns:false
10-09 12:16:18.805: V/ConnectivityManager(12585): isActiveNetworkMetered() returns:false
10-09 12:16:18.814: I/AppCompatDelegate(15122): Failed to instantiate custom view inflater android.support.v7.app.AppCompatViewInflater. Falling back to default.
10-09 12:16:18.814: I/AppCompatDelegate(15122): java.lang.ClassNotFoundException: android.support.v7.app.AppCompatViewInflater
10-09 12:16:18.814: I/AppCompatDelegate(15122): at java.lang.Class.classForName(Native Method)
10-09 12:16:18.814: I/AppCompatDelegate(15122): at java.lang.Class.forName(Class.java:324)
10-09 12:16:18.814: I/AppCompatDelegate(15122): at java.lang.Class.forName(Class.java:285)
10-09 12:16:18.814: I/AppCompatDelegate(15122): at android.support.v7.app.AppCompatDelegateImpl.a(:com.google.android.play.games@59040030@5.9.04 (197933061.197933061-000300):57)
10-09 12:16:18.814: I/AppCompatDelegate(15122): at android.support.v7.app.AppCompatDelegateImpl.onCreateView(:com.google.android.play.games@59040030@5.9.04 (197933061.197933061-000300):1)
10-09 12:16:18.814: I/AppCompatDelegate(15122): at android.view.LayoutInflater.createViewFromTag(LayoutInflater.java:746)
10-09 12:16:18.814: I/AppCompatDelegate(15122): at android.view.LayoutInflater.createViewFromTag(LayoutInflater.java:704)
10-09 12:16:18.814: I/AppCompatDelegate(15122): at android.view.LayoutInflater.inflate(LayoutInflater.java:492)
10-09 12:16:18.814: I/AppCompatDelegate(15122): at android.view.LayoutInflater.inflate(LayoutInflater.java:423)
10-09 12:16:18.814: I/AppCompatDelegate(15122): at android.view.LayoutInflater.inflate(LayoutInflater.java:374)
10-09 12:16:18.814: I/AppCompatDelegate(15122): at android.support.v7.app.AppCompatDelegateImpl.o(:com.google.android.play.games@59040030@5.9.04 (197933061.197933061-000300):83)
10-09 12:16:18.814: I/AppCompatDelegate(15122): at android.support.v7.app.AppCompatDelegateImpl.c(:com.google.android.play.games@59040030@5.9.04 (197933061.197933061-000300):2)
10-09 12:16:18.814: I/AppCompatDelegate(15122): at zo.setContentView(:com.google.android.play.games@59040030@5.9.04 (197933061.197933061-000300):1)
10-09 12:16:18.814: I/AppCompatDelegate(15122): at yv.onCreate(:com.google.android.play.games@59040030@5.9.04 (197933061.197933061-000300):3)
10-09 12:16:18.814: I/AppCompatDelegate(15122): at android.app.Dialog.dispatchOnCreate(Dialog.java:394)
10-09 12:16:18.814: I/AppCompatDelegate(15122): at android.app.Dialog.show(Dialog.java:295)
10-09 12:16:18.814: I/AppCompatDelegate(15122): at mk.h(:com.google.android.play.games@59040030@5.9.04 (197933061.197933061-000300):2)
10-09 12:16:18.814: I/AppCompatDelegate(15122): at iqw.h(:com.google.android.play.games@59040030@5.9.04 (197933061.197933061-000300):1)
10-09 12:16:18.814: I/AppCompatDelegate(15122): at nb.a(:com.google.android.play.games@59040030@5.9.04 (197933061.197933061-000300):599)
10-09 12:16:18.814: I/AppCompatDelegate(15122): at nb.e(:com.google.android.play.games@59040030@5.9.04 (197933061.197933061-000300):8)
10-09 12:16:18.814: I/AppCompatDelegate(15122): at nb.a(:com.google.android.play.games@59040030@5.9.04 (197933061.197933061-000300):365)
10-09 12:16:18.814: I/AppCompatDelegate(15122): at mf.e(:com.google.android.play.games@59040030@5.9.04 (197933061.197933061-000300):16)
10-09 12:16:18.814: I/AppCompatDelegate(15122): at nb.a(:com.google.android.play.games@59040030@5.9.04 (197933061.197933061-000300):236)
10-09 12:16:18.814: I/AppCompatDelegate(15122): at nb.c(:com.google.android.play.games@59040030@5.9.04 (197933061.197933061-000300):8)
10-09 12:16:18.814: I/AppCompatDelegate(15122): at nb.p(:com.google.android.play.games@59040030@5.9.04 (197933061.197933061-000300):10)
10-09 12:16:18.814: I/AppCompatDelegate(15122): at nc.run(:com.google.android.play.games@59040030@5.9.04 (197933061.197933061-000300))
10-09 12:16:18.814: I/AppCompatDelegate(15122): at android.os.Handler.handleCallback(Handler.java:746)
10-09 12:16:18.814: I/AppCompatDelegate(15122): at android.os.Handler.dispatchMessage(Handler.java:95)
10-09 12:16:18.814: I/AppCompatDelegate(15122): at android.os.Looper.loop(Looper.java:148)
10-09 12:16:18.814: I/AppCompatDelegate(15122): at android.app.ActivityThread.main(ActivityThread.java:5459)
10-09 12:16:18.814: I/AppCompatDelegate(15122): at java.lang.reflect.Method.invoke(Native Method)
10-09 12:16:18.814: I/AppCompatDelegate(15122): at com.android.internal.os.ZygoteInit$MethodAndArgsCaller.run(ZygoteInit.java:728)
10-09 12:16:18.814: I/AppCompatDelegate(15122): at com.android.internal.os.ZygoteInit.main(ZygoteInit.java:618)
10-09 12:16:18.814: I/AppCompatDelegate(15122): Caused by: java.lang.ClassNotFoundException: Didn't find class "android.support.v7.app.AppCompatViewInflater" on path: DexPathList[[zip file "/data/app/com.google.android.play.games-1/base.apk"],nativeLibraryDirectories=[/data/app/com.google.android.play.games-1/lib/arm, /data/app/com.google.android.play.games-1/base.apk!/lib/armeabi-v7a, /vendor/lib, /system/lib]]
10-09 12:16:18.814: I/AppCompatDelegate(15122): at dalvik.system.BaseDexClassLoader.findClass(BaseDexClassLoader.java:56)
10-09 12:16:18.814: I/AppCompatDelegate(15122): at java.lang.ClassLoader.loadClass(ClassLoader.java:511)
10-09 12:16:18.814: I/AppCompatDelegate(15122): at java.lang.ClassLoader.loadClass(ClassLoader.java:469)
10-09 12:16:18.814: I/AppCompatDelegate(15122): ... 33 more
10-09 12:16:18.814: I/AppCompatDelegate(15122): Suppressed: java.lang.ClassNotFoundException: android.support.v7.app.AppCompatViewInflater
10-09 12:16:18.814: I/AppCompatDelegate(15122): at java.lang.Class.classForName(Native Method)
10-09 12:16:18.814: I/AppCompatDelegate(15122): at java.lang.BootClassLoader.findClass(ClassLoader.java:781)
10-09 12:16:18.814: I/AppCompatDelegate(15122): at java.lang.BootClassLoader.loadClass(ClassLoader.java:841)
10-09 12:16:18.814: I/AppCompatDelegate(15122): at java.lang.ClassLoader.loadClass(ClassLoader.java:504)
10-09 12:16:18.814: I/AppCompatDelegate(15122): ... 34 more
10-09 12:16:18.814: I/AppCompatDelegate(15122): Caused by: java.lang.NoClassDefFoundError: Class not found using the boot class loader; no stack trace available
10-09 12:16:18.834: I/SFPerfTracer(294): trigger: post (29.847 ms) (13.180 ms off for 7 triggers) (7 triggers) (8 posts)
10-09 12:16:18.834: I/SFPerfTracer(294): trigger: render (40.037 ms) (15.037 ms off for 7 triggers) (7 triggers) (8 renders)
10-09 12:16:18.862: V/ConnectivityManager(12585): isActiveNetworkMetered() returns:false
10-09 12:16:18.871: V/ConnectivityManager(12585): isActiveNetworkMetered() returns:false
10-09 12:16:18.875: V/ConnectivityManager(12585): isActiveNetworkMetered() returns:false
10-09 12:16:18.878: V/ConnectivityManager(12585): isActiveNetworkMetered() returns:false
10-09 12:16:18.898: V/ConnectivityManager(12585): isActiveNetworkMetered() returns:false
10-09 12:16:18.900: V/ConnectivityManager(12585): isActiveNetworkMetered() returns:false
10-09 12:16:18.902: V/ConnectivityManager(12585): isActiveNetworkMetered() returns:false
10-09 12:16:18.906: V/ConnectivityManager(12585): isActiveNetworkMetered() returns:false
10-09 12:16:18.938: V/ConnectivityManager(12585): isActiveNetworkMetered() returns:false
10-09 12:16:18.947: V/ConnectivityManager(12585): isActiveNetworkMetered() returns:false
10-09 12:16:18.982: V/ConnectivityManager(12585): isActiveNetworkMetered() returns:false
10-09 12:16:19.001: D/WifiStateMachine(1643): starting scan for "wl-ftl-mt73-1-24"WPA_PSK with 2412
10-09 12:16:19.048: V/ConnectivityManager(12585): isActiveNetworkMetered() returns:false
10-09 12:16:19.072: V/ConnectivityManager(12585): isActiveNetworkMetered() returns:false
10-09 12:16:19.084: V/ConnectivityManager(12585): isActiveNetworkMetered() returns:false
10-09 12:16:19.111: W/GamesServiceBroker(12568): Client connected with SDK 13004000, Services 13280015, and Games 59040030
10-09 12:16:19.115: V/ConnectivityManager(12585): isActiveNetworkMetered() returns:false
10-09 12:16:19.137: V/ConnectivityManager(12585): isActiveNetworkMetered() returns:false
10-09 12:16:19.156: V/ConnectivityManager(12585): isActiveNetworkMetered() returns:false
10-09 12:16:19.191: V/ConnectivityManager(12585): isActiveNetworkMetered() returns:false
10-09 12:16:19.240: V/ConnectivityManager(12585): isActiveNetworkMetered() returns:false
10-09 12:16:19.313: W/aqvd(12585): Empty context buffer. Thus might mean that the context is not synced down.
10-09 12:16:19.314: W/aqrh(12585): Empty context model while retrieving upload opt-in status!
10-09 12:16:19.370: V/ConnectivityManager(12585): isActiveNetworkMetered() returns:false
10-09 12:16:19.415: V/ConnectivityManager(12585): isActiveNetworkMetered() returns:false
10-09 12:16:19.439: V/ConnectivityManager(12585): isActiveNetworkMetered() returns:false
10-09 12:16:19.499: I/SFPerfTracer(294): triggers: (rate: 0:2) (0 sw vsyncs) (0 skipped) (1:1447 vsyncs) (3:2607)
10-09 12:16:19.523: V/ConnectivityManager(12585): isActiveNetworkMetered() returns:false
10-09 12:16:19.615: W/Conscrypt(12585): Could not set socket write timeout: java.lang.reflect.InvocationTargetException
10-09 12:16:19.615: W/Conscrypt(12585): at java.lang.reflect.Method.invoke(Native Method)
10-09 12:16:19.615: W/Conscrypt(12585): at com.google.android.gms.org.conscrypt.Platform.setSocketWriteTimeout(:com.google.android.gms@13280015@13.2.80 (040300-211705629):13)
10-09 12:16:19.615: W/Conscrypt(12585): Caused by: android.system.ErrnoException: setsockopt failed: EBADF (Bad file descriptor)
10-09 12:16:19.616: W/Conscrypt(12585): at libcore.io.Posix.setsockoptTimeval(Native Method)
10-09 12:16:19.616: W/Conscrypt(12585): at libcore.io.ForwardingOs.setsockoptTimeval(ForwardingOs.java:156)
10-09 12:16:19.626: W/Conscrypt(12585): Could not set socket write timeout: java.lang.reflect.InvocationTargetException
10-09 12:16:19.632: W/Conscrypt(12585): at java.lang.reflect.Method.invoke(Native Method)
10-09 12:16:19.632: W/Conscrypt(12585): at com.google.android.gms.org.conscrypt.Platform.setSocketWriteTimeout(:com.google.android.gms@13280015@13.2.80 (040300-211705629):13)
10-09 12:16:19.632: W/Conscrypt(12585): Caused by: android.system.ErrnoException: setsockopt failed: EBADF (Bad file descriptor)
10-09 12:16:19.633: W/Conscrypt(12585): at libcore.io.Posix.setsockoptTimeval(Native Method)
10-09 12:16:19.633: W/Conscrypt(12585): at libcore.io.ForwardingOs.setsockoptTimeval(ForwardingOs.java:156)
10-09 12:16:19.688: I/Robo(14386): UiAutomator mode: not in fullscreen
10-09 12:16:19.689: I/Robo(14386): Looking for activity
10-09 12:16:19.689: I/Robo(14386): Executing command: dumpsys window windows
10-09 12:16:19.718: V/ConnectivityManager(12585): isActiveNetworkMetered() returns:false
10-09 12:16:19.720: V/ConnectivityManager(12585): isActiveNetworkMetered() returns:false
10-09 12:16:19.725: V/ConnectivityManager(12585): isActiveNetworkMetered() returns:false
10-09 12:16:19.729: I/Robo(14386): Cmd dumpsys window windows finished.
10-09 12:16:19.729: V/ConnectivityManager(12585): isActiveNetworkMetered() returns:false
10-09 12:16:19.742: I/Robo(14386): Found activity: com.google.android.gms.games.ui.signin.SignInActivity
10-09 12:16:19.892: V/AlarmManager(1643): sending alarm {5638ee8 type 3 *alarm*:com.google.android.gms.common.operation.LOG_CORE_ANALYTICS}
10-09 12:16:19.893: V/AlarmManager(1643): sending alarm {5eb901 type 1 *alarm*:com.google.android.gms/acth}
10-09 12:16:19.894: V/AlarmManager(1643): done {5638ee8, *alarm*:com.google.android.gms.common.operation.LOG_CORE_ANALYTICS} [1ms]
10-09 12:16:19.894: V/AlarmManager(1643): done {5eb901, *alarm*:com.google.android.gms/acth} [2ms]
10-09 12:16:19.927: W/aqvd(12585): Empty context buffer. Thus might mean that the context is not synced down.
10-09 12:16:20.008: I/Robo(14386): UiAutomator: Milliseconds to extract current screen state: 1386
10-09 12:16:20.008: I/Robo(14386): Falling back to UiAutomator screen state.
10-09 12:16:20.008: I/Robo(14386): ExecutionResult: SUCCESS
10-09 12:16:20.018: I/Robo(14386): copied 594 bytes
10-09 12:16:20.287: I/Robo(14386): copied 22014 bytes
10-09 12:16:20.287: I/Robo(14332): Results ready.
10-09 12:16:20.288: I/Robo(14332): read 594 bytes
10-09 12:16:20.289: I/Robo(14332): read 22014 bytes
10-09 12:16:20.291: I/Robo(14386): copied 882 bytes
10-09 12:16:20.334: I/Robo(14332): read 882 bytes
10-09 12:16:20.335: I/Robo(14332): newScreenState.hasOpaqueElements() = false
10-09 12:16:20.335: W/Robo(14332): Current package [com.google.android.play.games] is out of whitelisted packages
10-09 12:16:20.335: I/Robo(14332): New Screen: Optional.of(ScreenNode {Id=6, PackageName=com.google.android.play.games, ActivityName=Optional.of(com.google.android.gms.games.ui.signin.SignInActivity)})
10-09 12:16:20.335: W/Robo(14332): Current package [com.google.android.play.games] is out of whitelisted packages
10-09 12:16:20.338: I/Robo(14332): Finished writing artifact file /storage/emulated/0/app_firebase_test_lab/6.meta
10-09 12:16:20.586: I/Robo(14332): Finished writing artifact file /storage/emulated/0/app_firebase_test_lab/6.png
10-09 12:16:20.586: I/Robo(14332): Set the latest activity to Optional.of(com.google.android.gms.games.ui.signin.SignInActivity)
10-09 12:16:20.587: I/Robo(14332): Wrote crawleraction28.meta
10-09 12:16:20.589: I/Robo(14332): Performing SystemAction {GO_BACK}.
10-09 12:16:20.590: I/Robo(14386): Executing command: dumpsys window InputMethod
10-09 12:16:20.623: I/Robo(14386): Cmd dumpsys window InputMethod finished.
10-09 12:16:20.623: I/Robo(14386): UiAutomator: press Back
10-09 12:16:20.675: W/InputEventReceiver(15122): Attempted to finish an input event but the input event receiver has already been disposed.
10-09 12:16:20.678: I/SignInActivity(15122): Transition from 4 to 11
10-09 12:16:20.678: W/SignInActivity(15122): onSignInFailed()...
10-09 12:16:20.678: W/SignInActivity(15122): Sign in failed during 4
10-09 12:16:20.678: W/SignInActivity(15122): ==> Returning non-OK result: 10002
10-09 12:16:20.688: D/ProcSpeedReader(3357): Failed to read freq stats from null
10-09 12:16:20.696: V/GamesNativeSDK(14386): Received Activity Resume Event.
10-09 12:16:20.697: D/LifecycleMonitor(14386): Lifecycle status change: com.unity3d.player.UnityPlayerActivity@9ae9ef3 in: RESUMED
10-09 12:16:20.701: D/ProcSpeedReader(3357): Failed to read freq stats from null
10-09 12:16:20.708: W/GamesServiceBroker(12568): Client connected with SDK 13004000, Services 13280015, and Games 59040030
10-09 12:16:20.709: W/GamesServiceBroker(12568): Client connected with SDK 13004000, Services 13280015, and Games 59040030
10-09 12:16:20.774: E/Sensors(1643): AccSensor::setDelay handle:1 delay:10
10-09 12:16:20.774: E/Sensors(1643): AccSensor::setDelay finished!!!
10-09 12:16:20.774: E/Sensors(1643): AccSensor::setEnable handle:1 enable:1
10-09 12:16:20.774: E/Sensors(1643): AccSensor::setEnable handle:1 oldStatus=0 newStatus=1
10-09 12:16:20.780: E/Sensors(1643): AccSensor::setEnable finished!!!
10-09 12:16:20.780: E/Sensors(1643): AccSensor::setDelay handle:1 delay:20
10-09 12:16:20.780: E/Sensors(1643): AccSensor::setDelay finished!!!
10-09 12:16:20.796: I/Unity(14386): [Play Games Plugin DLL] 10/09/18 12:16:20 -07:00 DEBUG: Application is pausing, which disconnects the RTMP client. Leaving room.
10-09 12:16:20.796: I/Unity(14386):
10-09 12:16:20.796: I/Unity(14386): (Filename: ./artifacts/generated/common/runtime/DebugBindings.gen.cpp Line: 51)
10-09 12:16:20.807: D/audio_hw_primary(335): out_set_parameters: enter: usecase(1: low-latency-playback) kvpairs: routing=8
10-09 12:16:20.807: D/audio_hw_extn(335): audio_extn_set_anc_parameters: anc_enabled:0
10-09 12:16:20.807: E/soundtrigger(335): audio_extn_sound_trigger_set_parameters: str_params NULL
10-09 12:16:20.810: I/Unity(14386): [Info] 10/09/2018 12:16:20 : GooglePlaySignIn::MoveNext - Alpha : 0.5
10-09 12:16:20.810: I/Unity(14386):
10-09 12:16:20.810: I/Unity(14386): (Filename: ./artifacts/generated/common/runtime/DebugBindings.gen.cpp Line: 51)
10-09 12:16:20.834: D/audio_hw_primary(335): start_output_stream: enter: stream(0xb7e6ac40)usecase(1: low-latency-playback) devices(0x8)
10-09 12:16:20.834: V/msm8916_platform(335): platform_get_output_snd_device: enter: output devices(0x8)
10-09 12:16:20.834: V/msm8916_platform(335): platform_get_output_snd_device: exit: snd_device(headphones)
10-09 12:16:20.834: D/audio_hw_primary(335): select_devices: out_snd_device(4: headphones) in_snd_device(0: )
10-09 12:16:20.834: D/hardware_info(335): hw_info_append_hw_type : device_name = headphones
10-09 12:16:20.837: W/audio_hw_utils(335): audio_extn_utils_update_stream_app_type_cfg: App type could not be selected. Falling back to default
10-09 12:16:20.837: I/audio_hw_primary(335): select_devices Selected apptype: 69936
10-09 12:16:20.838: V/msm8916_platform(335): platform_get_output_snd_device: enter: output devices(0x8)
10-09 12:16:20.838: V/msm8916_platform(335): platform_get_output_snd_device: exit: snd_device(headphones)
10-09 12:16:20.838: V/msm8916_platform(335): platform_send_audio_calibration: sending audio calibration for snd_device(4) acdb_id(9)
10-09 12:16:20.838: D/ACDB-LOADER(335): ACDB -> send_audio_cal, acdb_id = 9, path = 0
10-09 12:16:20.838: D/ACDB-LOADER(335): ACDB -> send_asm_topology
10-09 12:16:20.838: D/ACDB-LOADER(335): ACDB -> ACDB_CMD_GET_AUDPROC_STREAM_TOPOLOGY_ID
10-09 12:16:20.838: D/ACDB-LOADER(335): ACDB -> send_adm_topology
10-09 12:16:20.838: D/ACDB-LOADER(335): ACDB -> ACDB_CMD_GET_AUDPROC_COMMON_TOPOLOGY_ID
10-09 12:16:20.838: D/ACDB-LOADER(335): ACDB -> send_audtable
10-09 12:16:20.838: D/ACDB-LOADER(335): ACDB -> ACDB_CMD_GET_AUDPROC_COMMON_TABLE
10-09 12:16:20.838: D/ACDB-LOADER(335): ACDB -> AUDIO_SET_AUDPROC_CAL
10-09 12:16:20.838: D/ACDB-LOADER(335): ACDB -> send_audvoltable
10-09 12:16:20.838: D/ACDB-LOADER(335): ACDB -> ACDB_CMD_GET_AUDPROC_GAIN_DEP_STEP_TABLE
10-09 12:16:20.838: D/ACDB-LOADER(335): ACDB -> AUDIO_SET_AUDPROC_VOL_CAL
10-09 12:16:20.838: D/ACDB-LOADER(335): ACDB -> send_afe_cal
10-09 12:16:20.838: D/ACDB-LOADER(335): ACDB -> ACDB_CMD_GET_AFE_COMMON_TABLE
10-09 12:16:20.838: D/ACDB-LOADER(335): [
10-09 12:16:20.838 335: 701 D/ ]
10-09 12:16:20.838: D/ACDB-LOADER(335): Failed to fetch the lookup information of the device 00000009
10-09 12:16:20.838: D/ACDB-LOADER(335): ACDB -> AUDIO_SET_AFE_CAL
10-09 12:16:20.838: D/ACDB-LOADER(335): ACDB -> send_hw_delay : acdb_id = 9 path = 0
10-09 12:16:20.838: D/ACDB-LOADER(335): ACDB -> ACDB_AVSYNC_INFO: ACDB_CMD_GET_DEVICE_PROPERTY
10-09 12:16:20.838: I/audio_hw_utils(335): audio_extn_utils_send_app_type_cfg app_type 69936, acdb_dev_id 9, sample_rate 48000
10-09 12:16:20.839: D/audio_hw_primary(335): select_devices: done
10-09 12:16:20.872: W/GamesServiceBroker(12568): Client connected with SDK 11020000, Services 13280015, and Games 59040030
10-09 12:16:20.890: W/GamesServiceBroker(12568): Client connected with SDK 13004000, Services 13280015, and Games 59040030
10-09 12:16:20.900: W/GamesServiceBroker(12568): Client connected with SDK 13004000, Services 13280015, and Games 59040030
10-09 12:16:20.911: I/Unity(14386): [Info] 10/09/2018 12:16:20 : GooglePlaySignIn::MoveNext - Alpha : 0.6
10-09 12:16:20.911: I/Unity(14386):
10-09 12:16:20.911: I/Unity(14386): (Filename: ./artifacts/generated/common/runtime/DebugBindings.gen.cpp Line: 51)
10-09 12:16:20.921: W/GamesServiceBroker(12568): Client connected with SDK 13004000, Services 13280015, and Games 59040030
10-09 12:16:20.950: W/GamesServiceBroker(12568): Client connected with SDK 13004000, Services 13280015, and Games 59040030
10-09 12:16:20.953: W/GamesServiceBroker(12568): Client connected with SDK 13004000, Services 13280015, and Games 59040030
10-09 12:16:21.038: I/Unity(14386): [Info] 10/09/2018 12:16:21 : GooglePlaySignIn::MoveNext - Alpha : 0.7
10-09 12:16:21.038: I/Unity(14386):
10-09 12:16:21.038: I/Unity(14386): (Filename: ./artifacts/generated/common/runtime/DebugBindings.gen.cpp Line: 51)
10-09 12:16:21.136: I/Unity(14386): [Info] 10/09/2018 12:16:21 : GooglePlaySignIn::MoveNext - Alpha : 0.8
10-09 12:16:21.136: I/Unity(14386):
10-09 12:16:21.136: I/Unity(14386): (Filename: ./artifacts/generated/common/runtime/DebugBindings.gen.cpp Line: 51)
10-09 12:16:21.185: V/ConnectivityManager(12585): isActiveNetworkMetered() returns:false
10-09 12:16:21.221: W/GamesServiceBroker(12568): Client connected with SDK 13004000, Services 13280015, and Games 59040030
10-09 12:16:21.234: V/GamesNativeSDK(14386): Play Games callback indicates connection failure.
10-09 12:16:21.234: I/GamesNativeSDK(14386): UI interaction required to connect to Google Play.
10-09 12:16:21.240: W/GamesServiceBroker(12568): Client connected with SDK 13004000, Services 13280015, and Games 59040030
10-09 12:16:21.243: I/Unity(14386): [Info] 10/09/2018 12:16:21 : GooglePlaySignIn::MoveNext - Alpha : 0.9
10-09 12:16:21.243: I/Unity(14386):
10-09 12:16:21.243: I/Unity(14386): (Filename: ./artifacts/generated/common/runtime/DebugBindings.gen.cpp Line: 51)
10-09 12:16:21.304: I/CryptauthV2(12568): [ReEnrollmentChimeraService] Performing re-enrollment with tag=OneTimeTag_KSJ7Z4E2SEOGZ4S3ZF4FK2PPN4-00@cloudtestlabaccounts.com
10-09 12:16:21.354: I/Unity(14386): [Info] 10/09/2018 12:16:21 : GooglePlaySignIn::MoveNext - Alpha : 1
10-09 12:16:21.354: I/Unity(14386):
10-09 12:16:21.354: I/Unity(14386): (Filename: ./artifacts/generated/common/runtime/DebugBindings.gen.cpp Line: 51)
10-09 12:16:21.446: I/Unity(14386): [Info] 10/09/2018 12:16:21 : GooglePlaySignIn::MoveNext - End
10-09 12:16:21.446: I/Unity(14386):
10-09 12:16:21.446: I/Unity(14386): (Filename: ./artifacts/generated/common/runtime/DebugBindings.gen.cpp Line: 51)
10-09 12:16:21.509: I/art(12568): Background partial concurrent mark sweep GC freed 39901(2MB) AllocSpace objects, 3(60KB) LOS objects, 40% free, 18MB/30MB, paused 2.890ms total 106.678ms
10-09 12:16:21.522: E/DataBuffer(12568): Internal data leak within a DataBuffer object detected! Be sure to explicitly call release() on all DataBuffer extending objects when you are done with them. (internal object: com.google.android.gms.common.data.DataHolder@937229e)
10-09 12:16:21.524: I/SFPerfTracer(294): trigger: post (21.398 ms) (4.731 ms off for 7 triggers) (7 triggers) (8 posts)
10-09 12:16:21.528: E/DataBuffer(12568): Internal data leak within a DataBuffer object detected! Be sure to explicitly call release() on all DataBuffer extending objects when you are done with them. (internal object: com.google.android.gms.common.data.DataHolder@d3a117f)
10-09 12:16:21.661: I/SFPerfTracer(294): trigger: render (28.164 ms) (3.164 ms off for 12 triggers) (12 triggers) (13 renders)
10-09 12:16:21.671: W/Conscrypt(12585): Could not set socket write timeout: java.lang.reflect.InvocationTargetException
10-09 12:16:21.672: W/Conscrypt(12585): at java.lang.reflect.Method.invoke(Native Method)
10-09 12:16:21.672: W/Conscrypt(12585): at com.google.android.gms.org.conscrypt.Platform.setSocketWriteTimeout(:com.google.android.gms@13280015@13.2.80 (040300-211705629):13)
10-09 12:16:21.672: W/Conscrypt(12585): Caused by: android.system.ErrnoException: setsockopt failed: EBADF (Bad file descriptor)
10-09 12:16:21.672: W/Conscrypt(12585): at libcore.io.Posix.setsockoptTimeval(Native Method)
10-09 12:16:21.672: W/Conscrypt(12585): at libcore.io.ForwardingOs.setsockoptTimeval(ForwardingOs.java:156)
10-09 12:16:21.673: W/InteractionController(14386): runAndwaitForEvents timed out waiting for events
10-09 12:16:21.674: I/Robo(14332): Action has been performed.
10-09 12:16:21.747: I/SFPerfTracer(294): trigger: frame rate (-43.567%) (33.860 fps) (29.534 ms) (3 drops) (12 frames)
10-09 12:16:21.747: I/SFPerfTracer(294): triggers: (rate: 10:476) (compose: 0:14) (post: 10:338) (render: 10:297) (12:1042 frames) (13:2090)
10-09 12:16:21.753: D/SFPerfTracer(294): layers: (2:15) (FocusedStackFrame (0xb716a740): 0:22)* (DimLayer (0xb7104748): 0:25)* (StatusBar (0xb7195eb8): 2:590)* (NavigationBar (0xb71923d0): 0:64)* (com.android.systemui.ImageWallpaper (0xb719db60): 0:40)* (DimLayer (0xb7182e80): 0:21)* (DimLayer (0xb7156128): 0:2)* ( (0xb7178f78): 13:44) (site.studiofun.TapTapTap/com.unity3d.player.UnityPlayerActivity (0xb7175860): 0:37)* (SurfaceView (0xb7134bc0): 9:177) (com.google.android.play.games/com.google.android.gms.games.ui.signin.SignInActivity (0xb71a30c0): 0:39)- ( (0xb7198d28): 0:11)- ( (0xb71a87c0): 0:29)- (com.google.android.play.games/com.google.android.gms.games.ui.signin.SignInActivity (0xb7198d28): 0:18)-
10-09 12:16:21.835: W/Conscrypt(12585): Could not set socket write timeout: java.lang.reflect.InvocationTargetException
10-09 12:16:21.835: W/Conscrypt(12585): at java.lang.reflect.Method.invoke(Native Method)
10-09 12:16:21.836: W/Conscrypt(12585): at com.google.android.gms.org.conscrypt.Platform.setSocketWriteTimeout(:com.google.android.gms@13280015@13.2.80 (040300-211705629):13)
10-09 12:16:21.836: W/Conscrypt(12585): Caused by: android.system.ErrnoException: setsockopt failed: EBADF (Bad file descriptor)
10-09 12:16:21.836: W/Conscrypt(12585): at libcore.io.Posix.setsockoptTimeval(Native Method)
10-09 12:16:21.836: W/Conscrypt(12585): at libcore.io.ForwardingOs.setsockoptTimeval(ForwardingOs.java:156)
10-09 12:16:21.863: I/Robo(14386): Espresso: Milliseconds to extract current screen state: 189
10-09 12:16:21.864: I/Robo(14386): width = 1280, height = 720
10-09 12:16:21.864: I/Robo(14386): ExecutionResult: SUCCESS
10-09 12:16:21.874: I/Robo(14386): copied 560 bytes
10-09 12:16:21.938: E/CryptauthV2(12568): [ReEnrollmentChimeraService] Error while creating client metadata.
10-09 12:16:22.119: I/Robo(14332): Results ready.
10-09 12:16:22.119: I/Robo(14332): read 560 bytes
10-09 12:16:22.121: I/Robo(14386): copied 4337 bytes
10-09 12:16:22.121: I/Robo(14332): read 4337 bytes
10-09 12:16:22.124: I/Robo(14386): copied 995 bytes
10-09 12:16:22.169: I/Robo(14332): read 995 bytes
10-09 12:16:22.170: I/Robo(14332): newScreenState.hasOpaqueElements() = true
10-09 12:16:22.170: I/Robo(14332): New Screen: Optional.of(ScreenNode {Id=7, PackageName=site.studiofun.TapTapTap, ActivityName=Optional.of(com.unity3d.player.UnityPlayerActivity)})
10-09 12:16:22.174: I/Robo(14332): Finished writing artifact file /storage/emulated/0/app_firebase_test_lab/7.meta
10-09 12:16:22.242: W/GamesServiceBroker(12568): Client connected with SDK 11020000, Services 13280015, and Games 59040030
10-09 12:16:22.264: W/GamesServiceBroker(12568): Client connected with SDK 13004000, Services 13280015, and Games 59040030
10-09 12:16:22.285: W/GamesServiceBroker(12568): Client connected with SDK 13004000, Services 13280015, and Games 59040030
10-09 12:16:22.301: W/GamesServiceBroker(12568): Client connected with SDK 13004000, Services 13280015, and Games 59040030
10-09 12:16:22.313: W/GamesServiceBroker(12568): Client connected with SDK 13004000, Services 13280015, and Games 59040030
10-09 12:16:22.322: W/GamesServiceBroker(12568): Client connected with SDK 13004000, Services 13280015, and Games 59040030
10-09 12:16:22.447: I/Robo(14332): Finished writing artifact file /storage/emulated/0/app_firebase_test_lab/7.png
10-09 12:16:22.448: I/Robo(14332): Set the latest activity to Optional.of(com.unity3d.player.UnityPlayerActivity)
10-09 12:16:22.449: I/Robo(14332): Wrote crawleraction29.meta
10-09 12:16:22.450: I/Robo(14332): Performing PointTapAction(257, 233, 1).
10-09 12:16:22.452: I/Robo(14386): PointTapAction: x = 257, y = 233
10-09 12:16:22.456: D/InteractionController(14386): clickNoSync (257, 233)
10-09 12:16:22.518: W/GamesServiceBroker(12568): Client connected with SDK 13004000, Services 13280015, and Games 59040030
10-09 12:16:22.526: V/GamesNativeSDK(14386): Play Games callback indicates connection failure.
10-09 12:16:22.527: I/GamesNativeSDK(14386): UI interaction required to connect to Google Play.
10-09 12:16:22.527: W/GamesServiceBroker(12568): Client connected with SDK 13004000, Services 13280015, and Games 59040030
10-09 12:16:22.562: I/Robo(14332): Action has been performed.
10-09 12:16:22.565: I/Robo(14386): Getting lightweight screen without elements
10-09 12:16:22.566: I/Robo(14386): UiAutomator: Milliseconds to extract current screen state: 4
10-09 12:16:22.566: I/Robo(14386): ExecutionResult: SUCCESS
10-09 12:16:22.574: I/Robo(14386): copied 4 bytes
10-09 12:16:22.577: I/Robo(14386): copied 4 bytes
10-09 12:16:22.577: I/Robo(14386): copied 4 bytes
10-09 12:16:22.581: I/Robo(14332): Results ready.
10-09 12:16:22.581: I/Robo(14332): read 4 bytes
10-09 12:16:22.582: I/Robo(14332): read 4 bytes
10-09 12:16:22.582: D/skia(14332): --- SkImageDecoder::Factory returned null
10-09 12:16:22.582: I/Robo(14332): read 4 bytes
10-09 12:16:22.583: I/Robo(14332): Set the latest activity to Optional.of(com.unity3d.player.UnityPlayerActivity)
10-09 12:16:22.584: I/Robo(14332): Wrote crawleraction30.meta
10-09 12:16:22.585: I/Robo(14332): Performing PointTapAction(329, 207, 2).
10-09 12:16:22.586: I/Robo(14386): PointTapAction: x = 329, y = 207
10-09 12:16:22.589: D/InteractionController(14386): clickNoSync (329, 207)
10-09 12:16:22.591: I/Unity(14386): [Info] 10/09/2018 12:16:22 : Main::Start - Start
10-09 12:16:22.591: I/Unity(14386):
10-09 12:16:22.591: I/Unity(14386): (Filename: ./artifacts/generated/common/runtime/DebugBindings.gen.cpp Line: 51)
10-09 12:16:22.595: I/CastDatabase(12568): Saving the database
10-09 12:16:22.598: I/Unity(14386): [Info] 10/09/2018 12:16:22 : LifeViewer::Init - Start
10-09 12:16:22.598: I/Unity(14386):
10-09 12:16:22.598: I/Unity(14386): (Filename: ./artifacts/generated/common/runtime/DebugBindings.gen.cpp Line: 51)
10-09 12:16:22.603: E/SQLiteCastStore(12568): Skip saving CastDeviceInfo: "付近の端末" (__cast_nearby___V_4e5cebcc-46d7-4bd1-9299-b513650347a1)
10-09 12:16:22.603: I/SQLiteCastStore(12568): [CastNetworkInfo] saved: 0, skipped: 0, [CastDeviceInfo]: saved 0, skipped 1, Paired Guest Mode DeviceInfo] saved: 0, skipped: 0. [ProbedNetworks]: save 0, skipped: 0
10-09 12:16:22.607: I/Unity(14386): [Info] 10/09/2018 12:16:22 : LifeManager::Init - Start
10-09 12:16:22.607: I/Unity(14386):
10-09 12:16:22.607: I/Unity(14386): (Filename: ./artifacts/generated/common/runtime/DebugBindings.gen.cpp Line: 51)
10-09 12:16:22.623: I/Unity(14386): [Info] 10/09/2018 12:16:22 : LifeManager::Init - CurrentLife = 5, LastRecoveryTime01/01/0001 00:00:00
10-09 12:16:22.623: I/Unity(14386):
10-09 12:16:22.623: I/Unity(14386): (Filename: ./artifacts/generated/common/runtime/DebugBindings.gen.cpp Line: 51)
10-09 12:16:22.623: I/Unity(14386): [Info] 10/09/2018 12:16:22 : LifeManager::Init - End
10-09 12:16:22.623: I/Unity(14386):
10-09 12:16:22.623: I/Unity(14386): (Filename: ./artifacts/generated/common/runtime/DebugBindings.gen.cpp Line: 51)
10-09 12:16:22.624: I/Unity(14386): [Info] 10/09/2018 12:16:22 : LifeViewer::Init - Start
10-09 12:16:22.624: I/Unity(14386):
10-09 12:16:22.624: I/Unity(14386): (Filename: ./artifacts/generated/common/runtime/DebugBindings.gen.cpp Line: 51)
10-09 12:16:22.627: I/Unity(14386): [Info] 10/09/2018 12:16:22 : HeighestLevel::ShowHighestLevel - Start
10-09 12:16:22.627: I/Unity(14386):
10-09 12:16:22.627: I/Unity(14386): (Filename: ./artifacts/generated/common/runtime/DebugBindings.gen.cpp Line: 51)
10-09 12:16:22.629: I/Unity(14386): [Info] 10/09/2018 12:16:22 : HeighestLevel::ShowHighestLevel - Start
10-09 12:16:22.629: I/Unity(14386):
10-09 12:16:22.629: I/Unity(14386): (Filename: ./artifacts/generated/common/runtime/DebugBindings.gen.cpp Line: 51)
10-09 12:16:22.630: I/Unity(14386): [Info] 10/09/2018 12:16:22 : Main::Start - Start
10-09 12:16:22.630: I/Unity(14386):
10-09 12:16:22.630: I/Unity(14386): (Filename: ./artifacts/generated/common/runtime/DebugBindings.gen.cpp Line: 51)
10-09 12:16:22.696: I/Robo(14332): Action has been performed.
10-09 12:16:22.698: I/Robo(14386): Getting lightweight screen without elements
10-09 12:16:22.698: I/Robo(14386): UiAutomator: Milliseconds to extract current screen state: 2
10-09 12:16:22.699: I/Robo(14386): ExecutionResult: SUCCESS
10-09 12:16:22.707: I/Robo(14386): copied 4 bytes
10-09 12:16:22.707: I/Robo(14332): Results ready.
10-09 12:16:22.709: I/Robo(14386): copied 4 bytes
10-09 12:16:22.710: I/Robo(14332): read 4 bytes
10-09 12:16:22.710: I/Robo(14332): read 4 bytes
10-09 12:16:22.710: D/skia(14332): --- SkImageDecoder::Factory returned null
10-09 12:16:22.716: I/Robo(14386): copied 4 bytes
10-09 12:16:22.716: I/Robo(14332): read 4 bytes
10-09 12:16:22.717: I/Robo(14332): Set the latest activity to Optional.of(com.unity3d.player.UnityPlayerActivity)
10-09 12:16:22.718: I/Robo(14332): Wrote crawleraction31.meta
10-09 12:16:22.719: I/Robo(14332): Performing PointTapAction(1094, 331, 3).
10-09 12:16:22.721: I/Robo(14386): PointTapAction: x = 1094, y = 331
10-09 12:16:22.727: D/InteractionController(14386): clickNoSync (1094, 331)
10-09 12:16:22.832: I/Robo(14332): Action has been performed.
10-09 12:16:22.835: I/Robo(14386): Getting lightweight screen without elements
10-09 12:16:22.836: I/Robo(14386): UiAutomator: Milliseconds to extract current screen state: 2
10-09 12:16:22.836: I/Robo(14386): ExecutionResult: SUCCESS
10-09 12:16:22.837: I/Robo(14386): copied 4 bytes
10-09 12:16:22.845: I/Robo(14386): copied 4 bytes
10-09 12:16:22.845: I/Robo(14386): copied 4 bytes
10-09 12:16:22.856: I/Robo(14332): Results ready.
10-09 12:16:22.857: I/Robo(14332): read 4 bytes
10-09 12:16:22.857: I/Robo(14332): read 4 bytes
10-09 12:16:22.857: D/skia(14332): --- SkImageDecoder::Factory returned null
10-09 12:16:22.857: I/Robo(14332): read 4 bytes
10-09 12:16:22.858: I/Robo(14332): Set the latest activity to Optional.of(com.unity3d.player.UnityPlayerActivity)
10-09 12:16:22.858: I/Robo(14332): Wrote crawleraction32.meta
10-09 12:16:22.860: I/Robo(14332): Performing PointTapAction(1111, 66, 4).
10-09 12:16:22.861: I/Robo(14386): PointTapAction: x = 1111, y = 66
10-09 12:16:22.863: D/InteractionController(14386): clickNoSync (1111, 66)
10-09 12:16:22.969: I/Robo(14332): Action has been performed.
10-09 12:16:22.971: I/Robo(14386): Getting lightweight screen without elements
10-09 12:16:22.972: I/Robo(14386): UiAutomator: Milliseconds to extract current screen state: 2
10-09 12:16:22.972: I/Robo(14386): ExecutionResult: SUCCESS
10-09 12:16:22.975: I/Robo(14386): copied 4 bytes
10-09 12:16:22.983: I/Robo(14386): copied 4 bytes
10-09 12:16:22.990: I/Robo(14386): copied 4 bytes
10-09 12:16:23.000: I/Robo(14332): Results ready.
10-09 12:16:23.000: I/Robo(14332): read 4 bytes
10-09 12:16:23.001: I/Robo(14332): read 4 bytes
10-09 12:16:23.001: D/skia(14332): --- SkImageDecoder::Factory returned null
10-09 12:16:23.001: I/Robo(14332): read 4 bytes
10-09 12:16:23.002: I/Robo(14332): Set the latest activity to Optional.of(com.unity3d.player.UnityPlayerActivity)
10-09 12:16:23.002: I/Robo(14332): Wrote crawleraction33.meta
10-09 12:16:23.003: I/Robo(14332): Performing PointTapAction(1125, 677, 5).
10-09 12:16:23.004: I/Robo(14386): PointTapAction: x = 1125, y = 677
10-09 12:16:23.007: D/InteractionController(14386): clickNoSync (1125, 677)
10-09 12:16:23.113: I/Robo(14332): Action has been performed.
10-09 12:16:23.133: I/Robo(14386): Getting lightweight screen without elements
10-09 12:16:23.133: I/Robo(14386): UiAutomator: Milliseconds to extract current screen state: 19
10-09 12:16:23.133: I/Robo(14386): ExecutionResult: SUCCESS
10-09 12:16:23.136: I/Robo(14332): Results ready.
10-09 12:16:23.139: I/Robo(14386): copied 4 bytes
10-09 12:16:23.141: I/Robo(14386): copied 4 bytes
10-09 12:16:23.142: I/Robo(14386): copied 4 bytes
10-09 12:16:23.142: I/Robo(14332): read 4 bytes
10-09 12:16:23.142: I/Robo(14332): read 4 bytes
10-09 12:16:23.142: D/skia(14332): --- SkImageDecoder::Factory returned null
10-09 12:16:23.143: I/Robo(14332): read 4 bytes
10-09 12:16:23.144: I/Robo(14332): Set the latest activity to Optional.of(com.unity3d.player.UnityPlayerActivity)
10-09 12:16:23.145: I/Robo(14332): Wrote crawleraction34.meta
10-09 12:16:23.146: I/Robo(14332): Performing PointTapAction(261, 564, 6).
10-09 12:16:23.147: I/Robo(14386): PointTapAction: x = 261, y = 564
10-09 12:16:23.151: D/InteractionController(14386): clickNoSync (261, 564)
10-09 12:16:23.258: I/Robo(14332): Action has been performed.
10-09 12:16:23.260: I/Robo(14386): Getting lightweight screen without elements
10-09 12:16:23.260: I/Robo(14386): UiAutomator: Milliseconds to extract current screen state: 2
10-09 12:16:23.260: I/Robo(14386): ExecutionResult: SUCCESS
10-09 12:16:23.264: I/Robo(14386): copied 4 bytes
10-09 12:16:23.266: I/Robo(14386): copied 4 bytes
10-09 12:16:23.267: I/Robo(14386): copied 4 bytes
10-09 12:16:23.275: I/Robo(14332): Results ready.
10-09 12:16:23.276: I/Robo(14332): read 4 bytes
10-09 12:16:23.276: I/Robo(14332): read 4 bytes
10-09 12:16:23.276: D/skia(14332): --- SkImageDecoder::Factory returned null
10-09 12:16:23.277: I/Robo(14332): read 4 bytes
10-09 12:16:23.277: I/Robo(14332): Set the latest activity to Optional.of(com.unity3d.player.UnityPlayerActivity)
10-09 12:16:23.278: I/Robo(14332): Wrote crawleraction35.meta
10-09 12:16:23.279: I/Robo(14332): Performing PointTapAction(1207, 446, 7).
10-09 12:16:23.281: I/Robo(14386): PointTapAction: x = 1207, y = 446
10-09 12:16:23.290: I/Robo(14386): Getting lightweight screen without elements
10-09 12:16:23.290: I/Robo(14386): UiAutomator: Milliseconds to extract current screen state: 5
10-09 12:16:23.290: I/Robo(14386): ExecutionResult: SUCCESS
10-09 12:16:23.294: I/Robo(14386): copied 4 bytes
10-09 12:16:23.296: I/Robo(14386): copied 4 bytes
10-09 12:16:23.298: I/Robo(14386): copied 4 bytes
10-09 12:16:23.333: I/Robo(14332): Action has been performed.
10-09 12:16:23.333: I/Robo(14332): Results ready.
10-09 12:16:23.334: I/Robo(14332): read 4 bytes
10-09 12:16:23.334: I/Robo(14332): read 4 bytes
10-09 12:16:23.334: D/skia(14332): --- SkImageDecoder::Factory returned null
10-09 12:16:23.334: I/Robo(14332): read 4 bytes
10-09 12:16:23.335: I/Robo(14332): Set the latest activity to Optional.of(com.unity3d.player.UnityPlayerActivity)
10-09 12:16:23.336: I/Robo(14332): Wrote crawleraction36.meta
10-09 12:16:23.338: I/Robo(14332): Performing PointTapAction(645, 299, 8).
10-09 12:16:23.339: I/Robo(14386): PointTapAction: x = 645, y = 299
10-09 12:16:23.341: D/InteractionController(14386): clickNoSync (645, 299)
10-09 12:16:23.365: I/SFPerfTracer(294): triggers: (rate: 0:2) (0 sw vsyncs) (0 skipped) (0:1485 vsyncs) (2:2708)
10-09 12:16:23.448: I/Robo(14332): Action has been performed.
10-09 12:16:23.459: I/Robo(14386): Getting lightweight screen without elements
10-09 12:16:23.459: I/Robo(14386): UiAutomator: Milliseconds to extract current screen state: 11
10-09 12:16:23.459: I/Robo(14386): ExecutionResult: SUCCESS
10-09 12:16:23.461: I/Robo(14332): Results ready.
10-09 12:16:23.462: I/Robo(14386): copied 4 bytes
10-09 12:16:23.463: I/Robo(14386): copied 4 bytes
10-09 12:16:23.464: I/Robo(14332): read 4 bytes
10-09 12:16:23.464: I/Robo(14332): read 4 bytes
10-09 12:16:23.464: D/skia(14332): --- SkImageDecoder::Factory returned null
10-09 12:16:23.465: I/Robo(14332): read 4 bytes
10-09 12:16:23.466: I/Robo(14332): Set the latest activity to Optional.of(com.unity3d.player.UnityPlayerActivity)
10-09 12:16:23.467: I/Robo(14332): Wrote crawleraction37.meta
10-09 12:16:23.468: I/Robo(14332): Performing PointTapAction(895, 629, 9).
10-09 12:16:23.470: I/Robo(14386): PointTapAction: x = 895, y = 629
10-09 12:16:23.470: I/Robo(14386): copied 4 bytes
10-09 12:16:23.473: D/InteractionController(14386): clickNoSync (895, 629)
10-09 12:16:23.537: I/Unity(14386): [Info] 10/09/2018 12:16:23 : ShowLeaderBoard::OnClick - Start
10-09 12:16:23.537: I/Unity(14386):
10-09 12:16:23.537: I/Unity(14386): (Filename: ./artifacts/generated/common/runtime/DebugBindings.gen.cpp Line: 51)
10-09 12:16:23.539: W/GamesServiceBroker(12568): Client connected with SDK 11020000, Services 13280015, and Games 59040030
10-09 12:16:23.539: I/Unity(14386): [Info] 10/09/2018 12:16:23 : ShowLeaderBoard::OnClick - End
10-09 12:16:23.539: I/Unity(14386):
10-09 12:16:23.539: I/Unity(14386): (Filename: ./artifacts/generated/common/runtime/DebugBindings.gen.cpp Line: 51)
10-09 12:16:23.559: I/Unity(14386): [Info] 10/09/2018 12:16:23 : GameStart::OnClick - Start
10-09 12:16:23.559: I/Unity(14386):
10-09 12:16:23.559: I/Unity(14386): (Filename: ./artifacts/generated/common/runtime/DebugBindings.gen.cpp Line: 51)
10-09 12:16:23.563: I/Unity(14386): [Info] 10/09/2018 12:16:23 : LifeManager::UseLife - End
10-09 12:16:23.563: I/Unity(14386):
10-09 12:16:23.563: I/Unity(14386): (Filename: ./artifacts/generated/common/runtime/DebugBindings.gen.cpp Line: 51)
10-09 12:16:23.564: I/Unity(14386): [Info] 10/09/2018 12:16:23 : GooglePlayUtility::PlayAnyTimes - Start
10-09 12:16:23.564: I/Unity(14386):
10-09 12:16:23.564: I/Unity(14386): (Filename: ./artifacts/generated/common/runtime/DebugBindings.gen.cpp Line: 51)
10-09 12:16:23.566: I/Unity(14386): [Info] 10/09/2018 12:16:23 : GooglePlayUtility::GooglePlayIncrementAchievement - Start
10-09 12:16:23.566: I/Unity(14386):
10-09 12:16:23.566: I/Unity(14386): (Filename: ./artifacts/generated/common/runtime/DebugBindings.gen.cpp Line: 51)
10-09 12:16:23.571: W/GamesServiceBroker(12568): Client connected with SDK 13004000, Services 13280015, and Games 59040030
10-09 12:16:23.572: I/Unity(14386): [Info] 10/09/2018 12:16:23 : GooglePlayUtility::<>m__0 - Failre
10-09 12:16:23.572: I/Unity(14386):
10-09 12:16:23.572: I/Unity(14386): (Filename: ./artifacts/generated/common/runtime/DebugBindings.gen.cpp Line: 51)
10-09 12:16:23.572: I/Unity(14386): [Info] 10/09/2018 12:16:23 : GooglePlayUtility::GooglePlayIncrementAchievement - Start
10-09 12:16:23.572: I/Unity(14386):
10-09 12:16:23.572: I/Unity(14386): (Filename: ./artifacts/generated/common/runtime/DebugBindings.gen.cpp Line: 51)
10-09 12:16:23.572: I/Unity(14386): [Info] 10/09/2018 12:16:23 : GooglePlayUtility::<>m__0 - Failre
10-09 12:16:23.572: I/Unity(14386):
