10-09 12:14:57.822: W/art(11889): b6f8f000-b6f90000 rw-p 00000000 00:00 0 [anon:linker_alloc_vector]
10-09 12:14:57.822: W/art(11889): b6f90000-b6f91000 rw-p 00000000 00:00 0 [anon:linker_alloc_64]
10-09 12:14:57.822: W/art(11889): b6f91000-b6f92000 r--p 00000000 00:00 0 [anon:linker_alloc]
10-09 12:14:57.822: W/art(11889): b6f92000-b6f93000 rw-p 00000000 00:00 0 [anon:linker_alloc]
10-09 12:14:57.822: W/art(11889): b6f93000-b6f94000 rw-p 00000000 00:00 0 [anon:linker_alloc_vector]
10-09 12:14:57.822: W/art(11889): b6f94000-b6f95000 rw-p 00000000 00:00 0 [anon:linker_alloc_32]
10-09 12:14:57.822: W/art(11889): b6f95000-b6f96000 r--p 00000000 00:00 0 [anon:linker_alloc]
10-09 12:14:57.822: W/art(11889): b6f96000-b6fb6000 r--s 00000000 00:0c 7705 /dev/__properties__
10-09 12:14:57.822: W/art(11889): b6fb6000-b6fb7000 r--p 00000000 00:00 0
10-09 12:14:57.822: W/art(11889): b6fb7000-b6fb8000 ---p 00000000 00:00 0
10-09 12:14:57.822: W/art(11889): b6fb8000-b6fba000 rw-p 00000000 00:00 0 [anon:thread signal stack]
10-09 12:14:57.822: W/art(11889): b6fba000-b6fd6000 r-xp 00000000 103:07 516 /system/bin/linker
10-09 12:14:57.822: W/art(11889): b6fd6000-b6fd7000 r-xp 00000000 00:00 0 [sigpage]
10-09 12:14:57.822: W/art(11889): b6fd7000-b6fd8000 r--p 0001c000 103:07 516 /system/bin/linker
10-09 12:14:57.822: W/art(11889): b6fd8000-b6fda000 rw-p 0001d000 103:07 516 /system/bin/linker
10-09 12:14:57.822: W/art(11889): b6fda000-b6fdc000 rw-p 00000000 00:00 0
10-09 12:14:57.822: W/art(11889): b6fdc000-b6fe1000 r-xp 00000000 103:07 373 /system/bin/app_process32
10-09 12:14:57.823: W/art(11889): b6fe1000-b6fe2000 r--p 00004000 103:07 373 /system/bin/app_process32
10-09 12:14:57.823: W/art(11889): b6fe2000-b6fe3000 rw-p 00000000 00:00 0
10-09 12:14:57.823: W/art(11889): b7877000-b78a9000 rw-p 00000000 00:00 0 [heap]
10-09 12:14:57.823: W/art(11889): be167000-be966000 rw-p 00000000 00:00 0 [stack]
10-09 12:14:57.823: W/art(11889): ffff0000-ffff1000 r-xp 00000000 00:00 0 [vectors]
10-09 12:14:57.837: E/Backup(8428): [BackupTransportMigratorChimeraService] Could not migrate transport!
10-09 12:14:57.842: I/Backup(8428): [BackupTransportMigratorChimeraService] Starting migration...
10-09 12:14:57.868: D/ICU(11889): No timezone override file found: /data/misc/zoneinfo/current/icu/icu_tzdata.dat
10-09 12:14:57.916: I/Radio-JNI(11889): register_android_hardware_Radio DONE
10-09 12:14:57.950: D/AndroidRuntime(11889): Calling main entry com.android.commands.pm.Pm
10-09 12:14:57.955: I/art(11889): System.exit called, status: 0
10-09 12:14:57.955: I/AndroidRuntime(11889): VM exiting with result code 0.
10-09 12:14:58.881: D/AndroidRuntime(12000): >>>>>> START com.android.internal.os.RuntimeInit uid 2000 <<<<<<
10-09 12:14:58.886: D/AndroidRuntime(12000): CheckJNI is OFF
10-09 12:14:58.892: W/art(12000): 7007b000-70aa6000 rw-p 00000000 103:09 12202 /data/dalvik-cache/arm/system@framework@boot.art
10-09 12:14:58.892: W/art(12000): b100f000-b3045000 r--p 00000000 103:07 1336 /system/framework/arm/boot.oat
10-09 12:14:58.892: W/art(12000): b3045000-b4899000 r-xp 02036000 103:07 1336 /system/framework/arm/boot.oat
10-09 12:14:58.892: W/art(12000): b4899000-b489a000 rw-p 0388a000 103:07 1336 /system/framework/arm/boot.oat
10-09 12:14:58.892: W/art(12000): b489a000-b48b8000 r--p 00a2b000 103:09 12202 /data/dalvik-cache/arm/system@framework@boot.art
10-09 12:14:58.892: W/art(12000): b48b8000-b48b9000 rw-p 00000000 00:00 0 [anon:linker_alloc_vector]
10-09 12:14:58.892: W/art(12000): b48ba000-b48bd000 r-xp 00000000 103:07 1716 /system/lib/libsigchain.so
10-09 12:14:58.892: W/art(12000): b48bd000-b48be000 r--p 00002000 103:07 1716 /system/lib/libsigchain.so
10-09 12:14:58.892: W/art(12000): b48be000-b48bf000 rw-p 00003000 103:07 1716 /system/lib/libsigchain.so
10-09 12:14:58.892: W/art(12000): b48bf000-b4cf5000 r-xp 00000000 103:07 1521 /system/lib/libart.so
10-09 12:14:58.892: W/art(12000): b4cf5000-b4cff000 r--p 00435000 103:07 1521 /system/lib/libart.so
10-09 12:14:58.892: W/art(12000): b4cff000-b4d00000 rw-p 0043f000 103:07 1521 /system/lib/libart.so
10-09 12:14:58.892: W/art(12000): b4d00000-b4d02000 rw-p 00000000 00:00 0
10-09 12:14:58.892: W/art(12000): b4d02000-b4d03000 r--p 00000000 00:00 0
10-09 12:14:58.892: W/art(12000): b4d03000-b4d04000 r--p 00000000 00:00 0
10-09 12:14:58.892: W/art(12000): b4d04000-b4d24000 r--s 00000000 00:0c 7705 /dev/__properties__
10-09 12:14:58.892: W/art(12000): b4d24000-b4d25000 rw-p 00000000 00:00 0 [anon:linker_alloc_vector]
10-09 12:14:58.892: W/art(12000): b4d25000-b5737000 r-xp 00000000 103:07 1495 /system/lib/libLLVM.so
10-09 12:14:58.892: W/art(12000): b5737000-b5738000 ---p 00000000 00:00 0
10-09 12:14:58.892: W/art(12000): b5738000-b5781000 r--p 00a12000 103:07 1495 /system/lib/libLLVM.so
10-09 12:14:58.892: W/art(12000): b5781000-b5782000 rw-p 00a5b000 103:07 1495 /system/lib/libLLVM.so
10-09 12:14:58.892: W/art(12000): b5782000-b578a000 rw-p 00000000 00:00 0
10-09 12:14:58.892: W/art(12000): b578a000-b57bf000 r-xp 00000000 103:07 1537 /system/lib/libbcinfo.so
10-09 12:14:58.892: W/art(12000): b57bf000-b57c0000 ---p 00000000 00:00 0
10-09 12:14:58.892: W/art(12000): b57c0000-b57c1000 r--p 00035000 103:07 1537 /system/lib/libbcinfo.so
10-09 12:14:58.892: W/art(12000): b57c1000-b57c2000 rw-p 00036000 103:07 1537 /system/lib/libbcinfo.so
10-09 12:14:58.892: W/art(12000): b57c2000-b57c3000 r--p 00000000 00:00 0 [anon:linker_alloc]
10-09 12:14:58.892: W/art(12000): b57c3000-b581b000 r-xp 00000000 103:07 1536 /system/lib/libbcc.so
10-09 12:14:58.892: W/art(12000): b581b000-b581c000 ---p 00000000 00:00 0
10-09 12:14:58.892: W/art(12000): b581c000-b581d000 r--p 00058000 103:07 1536 /system/lib/libbcc.so
10-09 12:14:58.892: W/art(12000): b581d000-b581e000 rw-p 00059000 103:07 1536 /system/lib/libbcc.so
10-09 12:14:58.892: W/art(12000): b581e000-b5828000 r-xp 00000000 103:07 1557 /system/lib/libcommon_time_client.so
10-09 12:14:58.892: W/art(12000): b5828000-b582b000 r--p 00009000 103:07 1557 /system/lib/libcommon_time_client.so
10-09 12:14:58.892: W/art(12000): b582b000-b582c000 rw-p 0000c000 103:07 1557 /system/lib/libcommon_time_client.so
10-09 12:14:58.892: W/art(12000): b582c000-b5844000 r-xp 00000000 103:07 1694 /system/lib/libprotobuf-cpp-lite.so
10-09 12:14:58.893: W/art(12000): b5844000-b5845000 r--p 00017000 103:07 1694 /system/lib/libprotobuf-cpp-lite.so
10-09 12:14:58.893: W/art(12000): b5845000-b5846000 rw-p 00018000 103:07 1694 /system/lib/libprotobuf-cpp-lite.so
10-09 12:14:58.893: W/art(12000): b5846000-b5847000 r--p 00000000 00:00 0
10-09 12:14:58.893: W/art(12000): b5847000-b584e000 r-xp 00000000 103:07 1733 /system/lib/libstagefright_avc_common.so
10-09 12:14:58.893: W/art(12000): b584e000-b584f000 r--p 00006000 103:07 1733 /system/lib/libstagefright_avc_common.so
10-09 12:14:58.893: W/art(12000): b584f000-b5850000 rw-p 00007000 103:07 1733 /system/lib/libstagefright_avc_common.so
10-09 12:14:58.893: W/art(12000): b5850000-b5853000 r-xp 00000000 103:07 1734 /system/lib/libstagefright_enc_common.so
10-09 12:14:58.893: W/art(12000): b5853000-b5854000 r--p 00002000 103:07 1734 /system/lib/libstagefright_enc_common.so
10-09 12:14:58.893: W/art(12000): b5854000-b5855000 rw-p 00003000 103:07 1734 /system/lib/libstagefright_enc_common.so
10-09 12:14:58.893: W/art(12000): b5855000-b5859000 r-xp 00000000 103:07 1691 /system/lib/libpowermanager.so
10-09 12:14:58.893: W/art(12000): b5859000-b585a000 ---p 00000000 00:00 0
10-09 12:14:58.893: W/art(12000): b585a000-b585b000 r--p 00004000 103:07 1691 /system/lib/libpowermanager.so
10-09 12:14:58.893: W/art(12000): b585b000-b585c000 rw-p 00005000 103:07 1691 /system/lib/libpowermanager.so
10-09 12:14:58.893: W/art(12000): b585c000-b5878000 r-xp 00000000 103:07 1778 /system/lib/libvorbisidec.so
10-09 12:14:58.893: W/art(12000): b5878000-b5879000 r--p 0001b000 103:07 1778 /system/lib/libvorbisidec.so
10-09 12:14:58.893: W/art(12000): b5879000-b587a000 rw-p 0001c000 103:07 1778 /system/lib/libvorbisidec.so
10-09 12:14:58.893: W/art(12000): b587a000-b587f000 r-xp 00000000 103:07 1760 /system/lib/libstagefright_yuv.so
10-09 12:14:58.893: W/art(12000): b587f000-b5880000 r--p 00004000 103:07 1760 /system/lib/libstagefright_yuv.so
10-09 12:14:58.893: W/art(12000): b5880000-b5881000 rw-p 00005000 103:07 1760 /system/lib/libstagefright_yuv.so
10-09 12:14:58.893: W/art(12000): b5881000-b58af000 r-xp 00000000 103:07 1738 /system/lib/libstagefright_omx.so
10-09 12:14:58.893: W/art(12000): b58af000-b58b0000 ---p 00000000 00:00 0
10-09 12:14:58.893: W/art(12000): b58b0000-b58b3000 r--p 0002e000 103:07 1738 /system/lib/libstagefright_omx.so
10-09 12:14:58.893: W/art(12000): b58b3000-b58b4000 rw-p 00031000 103:07 1738 /system/lib/libstagefright_omx.so
10-09 12:14:58.893: W/art(12000): b58b4000-b58b5000 r--p 00000000 00:00 0 [anon:linker_alloc]
10-09 12:14:58.893: W/art(12000): b58b5000-b58ee000 r-xp 00000000 103:07 1681 /system/lib/libopus.so
10-09 12:14:58.893: W/art(12000): b58ee000-b58ef000 ---p 00000000 00:00 0
10-09 12:14:58.893: W/art(12000): b58ef000-b58f0000 r--p 00039000 103:07 1681 /system/lib/libopus.so
10-09 12:14:58.893: W/art(12000): b58f0000-b58f1000 rw-p 0003a000 103:07 1681 /system/lib/libopus.so
10-09 12:14:58.893: W/art(12000): b58f1000-b58f8000 r-xp 00000000 103:07 1653 /system/lib/libmediautils.so
10-09 12:14:58.893: W/art(12000): b58f8000-b58f9000 ---p 00000000 00:00 0
10-09 12:14:58.893: W/art(12000): b58f9000-b58fa000 r--p 00007000 103:07 1653 /system/lib/libmediautils.so
10-09 12:14:58.893: W/art(12000): b58fa000-b58fb000 rw-p 00008000 103:07 1653 /system/lib/libmediautils.so
10-09 12:14:58.893: W/art(12000): b58fb000-b5910000 r-xp 00000000 103:07 1569 /system/lib/libdrmframework.so
10-09 12:14:58.893: W/art(12000): b5910000-b5911000 ---p 00000000 00:00 0
10-09 12:14:58.893: W/art(12000): b5911000-b5914000 r--p 00015000 103:07 1569 /system/lib/libdrmframework.so
10-09 12:14:58.893: W/art(12000): b5914000-b5915000 rw-p 00018000 103:07 1569 /system/lib/libdrmframework.so
10-09 12:14:58.893: W/art(12000): b5915000-b5933000 r-xp 00000000 103:07 1510 /system/lib/libRScpp.so
10-09 12:14:58.893: W/art(12000): b5933000-b5934000 ---p 00000000 00:00 0
10-09 12:14:58.893: W/art(12000): b5934000-b5935000 r--p 0001e000 103:07 1510 /system/lib/libRScpp.so
10-09 12:14:58.893: W/art(12000): b5935000-b5936000 rw-p 0001f000 103:07 1510 /system/lib/libRScpp.so
10-09 12:14:58.893: W/art(12000): b5936000-b5974000 r-xp 00000000 103:07 1507 /system/lib/libRS.so
10-09 12:14:58.893: W/art(12000): b5974000-b5975000 ---p 00000000 00:00 0
10-09 12:14:58.893: W/art(12000): b5975000-b5977000 r--p 0003e000 103:07 1507 /system/lib/libRS.so
10-09 12:14:58.893: W/art(12000): b5977000-b5978000 rw-p 00040000 103:07 1507 /system/lib/libRS.so
10-09 12:14:58.893: W/art(12000): b5978000-b597f000 r-xp 00000000 103:07 1727 /system/lib/libspeexresampler.so
10-09 12:14:58.893: W/art(12000): b597f000-b5980000 r--p 00006000 103:07 1727 /system/lib/libspeexresampler.so
10-09 12:14:58.893: W/art(12000): b5980000-b5981000 rw-p 00007000 103:07 1727 /system/lib/libspeexresampler.so
10-09 12:14:58.893: W/art(12000): b5981000-b598a000 r-xp 00000000 103:07 1673 /system/lib/libnbaio.so
10-09 12:14:58.893: W/art(12000): b598a000-b598b000 r--p 00008000 103:07 1673 /system/lib/libnbaio.so
10-09 12:14:58.894: W/art(12000): b598b000-b598c000 rw-p 00009000 103:07 1673 /system/lib/libnbaio.so
10-09 12:14:58.894: W/art(12000): b598c000-b599e000 r-xp 00000000 103:07 1685 /system/lib/libpcre.so
10-09 12:14:58.894: W/art(12000): b599e000-b599f000 r--p 00011000 103:07 1685 /system/lib/libpcre.so
10-09 12:14:58.894: W/art(12000): b599f000-b59a0000 rw-p 00012000 103:07 1685 /system/lib/libpcre.so
10-09 12:14:58.894: W/art(12000): b59a0000-b59a5000 r-xp 00000000 103:07 1785 /system/lib/libwpa_client.so
10-09 12:14:58.894: W/art(12000): b59a5000-b59a6000 r--p 00004000 103:07 1785 /system/lib/libwpa_client.so
10-09 12:14:58.894: W/art(12000): b59a6000-b59a7000 rw-p 00005000 103:07 1785 /system/lib/libwpa_client.so
10-09 12:14:58.894: W/art(12000): b59a7000-b59a9000 r--p 00000000 00:00 0 [anon:linker_alloc]
10-09 12:14:58.894: W/art(12000): b59a9000-b5a17000 r-xp 00000000 103:07 1491 /system/lib/libGLES_trace.so
10-09 12:14:58.894: W/art(12000): b5a17000-b5a19000 r--p 0006d000 103:07 1491 /system/lib/libGLES_trace.so
10-09 12:14:58.894: W/art(12000): b5a19000-b5a1a000 rw-p 0006f000 103:07 1491 /system/lib/libGLES_trace.so
10-09 12:14:58.894: W/art(12000): b5a1a000-b5a50000 r-xp 00000000 103:07 2947 /system/vendor/lib/libqc-opt.so
10-09 12:14:58.894: W/art(12000): b5a50000-b5a51000 r--p 00035000 103:07 2947 /system/vendor/lib/libqc-opt.so
10-09 12:14:58.894: W/art(12000): b5a51000-b5a52000 rw-p 00036000 103:07 2947 /system/vendor/lib/libqc-opt.so
10-09 12:14:58.894: W/art(12000): b5a52000-b5ab6000 r-xp 00000000 103:07 1610 /system/lib/libft2.so
10-09 12:14:58.894: W/art(12000): b5ab6000-b5ab8000 r--p 00063000 103:07 1610 /system/lib/libft2.so
10-09 12:14:58.894: W/art(12000): b5ab8000-b5ab9000 rw-p 00065000 103:07 1610 /system/lib/libft2.so
10-09 12:14:58.894: W/art(12000): b5ab9000-b5ade000 r-xp 00000000 103:07 1689 /system/lib/libpng.so
10-09 12:14:58.894: W/art(12000): b5ade000-b5adf000 r--p 00024000 103:07 1689 /system/lib/libpng.so
10-09 12:14:58.894: W/art(12000): b5adf000-b5ae0000 rw-p 00025000 103:07 1689 /system/lib/libpng.so
10-09 12:14:58.894: W/art(12000): b5ae0000-b5ae3000 r-xp 00000000 103:07 1766 /system/lib/libsync.so
10-09 12:14:58.894: W/art(12000): b5ae3000-b5ae4000 r--p 00002000 103:07 1766 /system/lib/libsync.so
10-09 12:14:58.894: W/art(12000): b5ae4000-b5ae5000 rw-p 00003000 103:07 1766 /system/lib/libsync.so
10-09 12:14:58.894: W/art(12000): b5ae5000-b5aea000 r-xp 00000000 103:07 1762 /system/lib/libstdc++.so
10-09 12:14:58.894: W/art(12000): b5aea000-b5aeb000 r--p 00004000 103:07 1762 /system/lib/libstdc++.so
10-09 12:14:58.894: W/art(12000): b5aeb000-b5aec000 rw-p 00005000 103:07 1762 /system/lib/libstdc++.so
10-09 12:14:58.894: W/art(12000): b5aec000-b5afc000 r-xp 00000000 103:07 1774 /system/lib/libunwind.so
10-09 12:14:58.894: W/art(12000): b5afc000-b5afd000 r--p 0000f000 103:07 1774 /system/lib/libunwind.so
10-09 12:14:58.894: W/art(12000): b5afd000-b5afe000 rw-p 00010000 103:07 1774 /system/lib/libunwind.so
10-09 12:14:58.894: W/art(12000): b5afe000-b5b44000 rw-p 00000000 00:00 0
10-09 12:14:58.894: W/art(12000): b5b44000-b5b4d000 r-xp 00000000 103:07 1535 /system/lib/libbase.so
10-09 12:14:58.894: W/art(12000): b5b4d000-b5b4e000 r--p 00008000 103:07 1535 /system/lib/libbase.so
10-09 12:14:58.894: W/art(12000): b5b4e000-b5b4f000 rw-p 00009000 103:07 1535 /system/lib/libbase.so
10-09 12:14:58.894: W/art(12000): b5b4f000-b5b54000 r-xp 00000000 103:07 1595 /system/lib/libeffects.so
10-09 12:14:58.894: W/art(12000): b5b54000-b5b55000 r--p 00004000 103:07 1595 /system/lib/libeffects.so
10-09 12:14:58.894: W/art(12000): b5b55000-b5b56000 rw-p 00005000 103:07 1595 /system/lib/libeffects.so
10-09 12:14:58.894: W/art(12000): b5b56000-b5b57000 r--p 00000000 00:00 0 [anon:linker_alloc]
10-09 12:14:58.894: W/art(12000): b5b57000-b5b5a000 r-xp 00000000 103:07 1736 /system/lib/libstagefright_http_support.so
10-09 12:14:58.894: W/art(12000): b5b5a000-b5b5b000 ---p 00000000 00:00 0
10-09 12:14:58.894: W/art(12000): b5b5b000-b5b5c000 r--p 00003000 103:07 1736 /system/lib/libstagefright_http_support.so
10-09 12:14:58.894: W/art(12000): b5b5c000-b5b5d000 rw-p 00004000 103:07 1736 /system/lib/libstagefright_http_support.so
10-09 12:14:58.894: W/art(12000): b5b5d000-b5b75000 r-xp 00000000 103:07 1735 /system/lib/libstagefright_foundation.so
10-09 12:14:58.894: W/art(12000): b5b75000-b5b76000 ---p 00000000 00:00 0
10-09 12:14:58.894: W/art(12000): b5b76000-b5b77000 r--p 00018000 103:07 1735 /system/lib/libstagefright_foundation.so
10-09 12:14:58.894: W/art(12000): b5b77000-b5b78000 rw-p 00019000 103:07 1735 /system/lib/libstagefright_foundation.so
10-09 12:14:58.894: W/art(12000): b5b78000-b5cd7000 r-xp 00000000 103:07 1731 /system/lib/libstagefright.so
10-09 12:14:58.894: W/art(12000): b5cd7000-b5cd8000 ---p 00000000 00:00 0
10-09 12:14:58.894: W/art(12000): b5cd8000-b5ce4000 r--p 0015f000 103:07 1731 /system/lib/libstagefright.so
10-09 12:14:58.894: W/art(12000): b5ce4000-b5ce5000 rw-p 0016b000 103:07 1731 /system/lib/libstagefright.so
10-09 12:14:58.894: W/art(12000): b5ce5000-b5d4c000 r-xp 00000000 103:07 1620 /system/lib/libhwui.so
10-09 12:14:58.894: W/art(12000): b5d4c000-b5d4d000 ---p 00000000 00:00 0
10-09 12:14:58.894: W/art(12000): b5d4d000-b5d50000 r--p 00067000 103:07 1620 /system/lib/libhwui.so
10-09 12:14:58.895: W/art(12000): b5d50000-b5d51000 rw-p 0006a000 103:07 1620 /system/lib/libhwui.so
10-09 12:14:58.895: W/art(12000): b5d51000-b5d54000 r-xp 00000000 103:07 1704 /system/lib/libradio_metadata.so
10-09 12:14:58.895: W/art(12000): b5d54000-b5d55000 r--p 00002000 103:07 1704 /system/lib/libradio_metadata.so
10-09 12:14:58.895: W/art(12000): b5d55000-b5d56000 rw-p 00003000 103:07 1704 /system/lib/libradio_metadata.so
10-09 12:14:58.895: W/art(12000): b5d56000-b5d5a000 r-xp 00000000 103:07 1671 /system/lib/libnativebridge.so
10-09 12:14:58.895: W/art(12000): b5d5a000-b5d5b000 r--p 00003000 103:07 1671 /system/lib/libnativebridge.so
10-09 12:14:58.895: W/art(12000): b5d5b000-b5d5c000 rw-p 00004000 103:07 1671 /system/lib/libnativebridge.so
10-09 12:14:58.895: W/art(12000): b5d5c000-b5d60000 r-xp 00000000 103:07 1693 /system/lib/libprocessgroup.so
10-09 12:14:58.895: W/art(12000): b5d60000-b5d61000 r--p 00003000 103:07 1693 /system/lib/libprocessgroup.so
10-09 12:14:58.895: W/art(12000): b5d61000-b5d62000 rw-p 00004000 103:07 1693 /system/lib/libprocessgroup.so
10-09 12:14:58.895: W/art(12000): b5d62000-b5d70000 r-xp 00000000 103:07 1656 /system/lib/libminikin.so
10-09 12:14:58.895: W/art(12000): b5d70000-b5d71000 ---p 00000000 00:00 0
10-09 12:14:58.895: W/art(12000): b5d71000-b5d72000 r--p 0000e000 103:07 1656 /system/lib/libminikin.so
10-09 12:14:58.895: W/art(12000): b5d72000-b5d73000 rw-p 0000f000 103:07 1656 /system/lib/libminikin.so
10-09 12:14:58.895: W/art(12000): b5d73000-b5d7d000 r-xp 00000000 103:07 1724 /system/lib/libsoundtrigger.so
10-09 12:14:58.895: W/art(12000): b5d7d000-b5d80000 r--p 00009000 103:07 1724 /system/lib/libsoundtrigger.so
10-09 12:14:58.895: W/art(12000): b5d80000-b5d81000 rw-p 0000c000 103:07 1724 /system/lib/libsoundtrigger.so
10-09 12:14:58.895: W/art(12000): b5d81000-b5d82000 r--p 00000000 00:00 0 [anon:linker_alloc]
10-09 12:14:58.895: W/art(12000): b5d82000-b5d8c000 r-xp 00000000 103:07 1703 /system/lib/libradio.so
10-09 12:14:58.895: W/art(12000): b5d8c000-b5d8f000 r--p 00009000 103:07 1703 /system/lib/libradio.so
10-09 12:14:58.895: W/art(12000): b5d8f000-b5d90000 rw-p 0000c000 103:07 1703 /system/lib/libradio.so
10-09 12:14:58.895: W/art(12000): b5d90000-b5d94000 r-xp 00000000 103:07 1674 /system/lib/libnetd_client.so
10-09 12:14:58.895: W/art(12000): b5d94000-b5d95000 r--p 00003000 103:07 1674 /system/lib/libnetd_client.so
10-09 12:14:58.895: W/art(12000): b5d95000-b5d96000 rw-p 00004000 103:07 1674 /system/lib/libnetd_client.so
10-09 12:14:58.895: W/art(12000): b5d96000-b5da3000 r-xp 00000000 103:07 1623 /system/lib/libimg_utils.so
10-09 12:14:58.895: W/art(12000): b5da3000-b5da5000 r--p 0000c000 103:07 1623 /system/lib/libimg_utils.so
10-09 12:14:58.895: W/art(12000): b5da5000-b5da6000 rw-p 0000e000 103:07 1623 /system/lib/libimg_utils.so
10-09 12:14:58.895: W/art(12000): b5da6000-b61a4000 r-xp 00000000 103:07 1686 /system/lib/libpdfium.so
10-09 12:14:58.895: W/art(12000): b61a4000-b61a5000 ---p 00000000 00:00 0
10-09 12:14:58.895: W/art(12000): b61a5000-b61ae000 r--p 003fe000 103:07 1686 /system/lib/libpdfium.so
10-09 12:14:58.895: W/art(12000): b61ae000-b61b2000 rw-p 00407000 103:07 1686 /system/lib/libpdfium.so
10-09 12:14:58.895: W/art(12000): b61b2000-b61b3000 rw-p 00000000 00:00 0
10-09 12:14:58.895: W/art(12000): b61b3000-b61ba000 r-xp 00000000 103:07 1532 /system/lib/libaud
10-09 12:14:58.895: W/art(12000): ioutils.so
10-09 12:14:58.895: W/art(12000): b61ba000-b61bb000 r--p 00006000 103:07 1532 /system/lib/libaudioutils.so
10-09 12:14:58.895: W/art(12000): b61bb000-b61bc000 rw-p 00007000 103:07 1532 /system/lib/libaudioutils.so
10-09 12:14:58.895: W/art(12000): b61bc000-b61d6000 r-xp 00000000 103:07 1787 /system/lib/libz.so
10-09 12:14:58.895: W/art(12000): b61d6000-b61d7000 r--p 00019000
10-09 12:14:58.895: W/art(12000): 103:07 1787 /system/lib/libz.so
10-09 12:14:58.895: W/art(12000): b61d7000-b61d8000 rw-p 0001a000 103:07 1787 /system/lib/libz.so
10-09 12:14:58.895: W/art(12000): b61d8000-b6221000 r-xp 00000000 103:07 1617 /system/lib/libharfbuzz_ng.so
10-09 12:14:58.895: W/art(12000): b6221000-b6222000 ---p 00000000 00:00 0
10-09 12:14:58.895: W/art(12000): b6222000-b6223000 r--p 00049000 103:07 1617 /system/lib/libhar
10-09 12:14:58.895: W/art(12000): fbuzz_ng.so
10-09 12:14:58.895: W/art(12000): b6223000-b6224000 rw-p 0004a000 103:07 1617 /system/lib/libharfbuzz_ng.so
10-09 12:14:58.895: W/art(12000): b6224000-b6225000 rw-p 00000000 00:00 0 [anon:linker_alloc]
10-09 12:14:58.895: W/art(12000): b6225000-b622a000 r-xp 00000000 103:07 1775 /system/lib/libusbhost.so
10-09 12:14:58.895: W/art(12000): b622a000-b622b000 r--p 00004000 1
10-09 12:14:58.895: W/art(12000): 03:07 1775 /system/lib/libusbhost.so
10-09 12:14:58.895: W/art(12000): b622b000-b622c000 rw-p 00005000 103:07 1775 /system/lib/libusbhost.so
10-09 12:14:58.895: W/art(12000): b622c000-b6262000 r-xp 00000000 103:07 1632 /system/lib/libjpeg.so
10-09 12:14:58.895: W/art(12000): b6262000-b6263000 r--p 00035000 103:07 1632 /system/lib/libjpeg.so
10-09 12:14:58.895: W/art(12000): b6263000-b6264000 rw-p 00036000 103:07 1632 /system/lib/libjpeg.so
10-09 12:14:58.895: W/art(12000): b6264000-b6265000 r--p 00000000 00:00 0 [anon:linker_alloc]
10-09 12:14:58.895: W/art(12000): b6265000-b62f6000 r-xp 00000000 103:07 1648 /system/lib/libmedia.so
10-09 12:14:58.895: W/art(12000): b62f6000-b62f7000 ---p 00000000 00:00 0
10-09 12:14:58.895: W/art(12000): b62f7000-b6313000 r--p 00091000 103:07 1648 /system/lib/libmedia.so
10-09 12:14:58.896: W/art(12000): b6313000-b6314000 rw-p 000ad000 103:07 1648 /system/lib/libmedia.so
10-09 12:14:58.896: W/art(12000): b6314000-b6479000 r-xp 00000000 103:07 1621 /system/lib/libicui18n.so
10-09 12:14:58.896: W/art(12000): b6479000-b647a000 ---p 00000000 00:00 0
10-09 12:14:58.896: W/art(12000): b647a000-b6485000 r--p 00165000 103:07 1621 /system/lib/libicui18n.so
10-09 12:14:58.896: W/art(12000): b6485000-b6486000 rw-p 00170000 103:07 1621 /system/lib/libicui18n.so
10-09 12:14:58.896: W/art(12000): b6486000-b6595000 r-xp 00000000 103:07 1622 /system/lib/libicuuc.so
10-09 12:14:58.896: W/art(12000): b6595000-b65a0000 r--p 0010e000 103:07 1622 /system/lib/libicuuc.so
10-09 12:14:58.896: W/art(12000): b65a0000-b65a1000 rw-p 00119000 103:07 1622 /system/lib/libicuuc.so
10-09 12:14:58.896: W/art(12000): b65a1000-b65a5000 rw-p 00000000 00:00 0
10-09 12:14:58.896: W/art(12000): b65a5000-b65c8000 r-xp 00000000 103:07 1730 /system/lib/libssl.so
10-09 12:14:58.896: W/art(12000): b65c8000-b65ca000 r--p 00022000 103:07 1730 /system/lib/libssl.so
10-09 12:14:58.896: W/art(12000): b65ca000-b65cb000 rw-p 00024000 103:07 1730 /system/lib/libssl.so
10-09 12:14:58.896: W/art(12000): b65cb000-b665b000 r-xp 00000000 103:07 1560
10-09 12:14:58.896: W/art(12000): /system/lib/libcrypto.so
10-09 12:14:58.896: W/art(12000): b665b000-b665c000 ---p 00000000 00:00 0
10-09 12:14:58.896: W/art(12000): b665c000-b6667000 r--p 00090000 103:07 1560 /system/lib/libcrypto.so
10-09 12:14:58.896: W/art(12000): b6667000-b6668000 rw-p 0009b000 103:07 1560 /system/lib/libcrypto.so
10-09 12:14:58.896: W/art(12000): b6668000-b66ba000 r-xp 00000000 103:07 1722 /system/lib/libson
10-09 12:14:58.896: W/art(12000): ivox.so
10-09 12:14:58.896: W/art(12000): b66ba000-b66bb000 ---p 00000000 00:00 0
10-09 12:14:58.896: W/art(12000): b66bb000-b66bc000 r--p 00052000 103:07 1722 /system/lib/libsonivox.so
10-09 12:14:58.896: W/art(12000): b66bc000-b66bd000 rw-p 00053000 103:07 1722 /system/lib/libsonivox.so
10-09 12:14:58.896: W/art(12000): b66bd000-b66c2000 rw-p 00000000 00:00 0
10-09 12:14:58.896: W/art(12000): b66c2000-b66d1000 r-xp 0
10-09 12:14:58.896: W/art(12000): 0000000 103:07 1713 /system/lib/libselinux.so
10-09 12:14:58.896: W/art(12000): b66d1000-b66d2000 r--p 0000e000 103:07 1713 /system/lib/libselinux.so
10-09 12:14:58.896: W/art(12000): b66d2000-b66d3000 rw-p 0000f000 103:07 1713 /system/lib/libselinux.so
10-09 12:14:58.896: W/art(12000): b66d3000-b66da000 r-xp 00000000 103:07 1616 /system/lib/libhardware_legacy.so
10-09 12:14:58.896: W/art(12000): b66da000-b66db000 ---p 00000000 00:00 0
10-09 12:14:58.896: W/art(12000): b66db000-b66dc000 r--p 00007000 103:07 1616 /system/lib/libhardware_legacy.so
10-09 12:14:58.896: W/art(12000): b66dc000-b66dd000 rw-p 00008000 103:07 1616 /system/lib/libhardware_legacy.so
10-09 12:14:58.896: W/art(12000): b66dd000-b66de000 rw-p 00000000 00:00 0
10-09 12:14:58.896: W/art(12000): b66de000-b66e1000 r-xp 00000000 103:07 1615
10-09 12:14:58.896: W/art(12000): /system/lib/libhardware.so
10-09 12:14:58.896: W/art(12000): b66e1000-b66e2000 r--p 00002000 103:07 1615 /system/lib/libhardware.so
10-09 12:14:58.896: W/art(12000): b66e2000-b66e3000 rw-p 00003000 103:07 1615 /system/lib/libhardware.so
10-09 12:14:58.896: W/art(12000): b66e3000-b66e7000 r-xp 00000000 103:07 1489 /system/lib/libETC1.so
10-09 12:14:58.896: W/art(12000): b66e7000-b66e8000 r--p 00003000
10-09 12:14:58.896: W/art(12000): 103:07 1489 /system/lib/libETC1.so
10-09 12:14:58.896: W/art(12000): b66e8000-b66e9000 rw-p 00004000 103:07 1489 /system/lib/libETC1.so
10-09 12:14:58.896: W/art(12000): b66e9000-b66f6000 r-xp 00000000 103:07 1493 /system/lib/libGLESv2.so
10-09 12:14:58.896: W/art(12000): b66f6000-b66f7000 r--p 0000c000 103:07 1493 /system/lib/libGLESv2.so
10-09 12:14:58.896: W/art(12000): b66f7000-b66f8000 rw-p 0000d000 103:07 1493 /system/lib/libGLESv2.so
10-09 12:14:58.896: W/art(12000): b66f8000-b6700000 r-xp 00000000 103:07 1492 /system/lib/libGLESv1_CM.so
10-09 12:14:58.896: W/art(12000): b6700000-b6701000 r--p 00007000 103:07 1492 /system/lib/libGLESv1_CM.so
10-09 12:14:58.896: W/art(12000): b6701000-b6702000 rw-p 00008000 103:07 1492 /system/lib/libGLESv1_CM.so
10-09 12:14:58.896: W/art(12000): b6702000-b675e000 r-xp 00000000 103:07 1488 /system/lib/libEGL.so
10-09 12:14:58.896: W/art(12000): b675e000-b675f000 ---p 00000000 00:00 0
10-09 12:14:58.896: W/art(12000): b675f000-b6761000 r--p 0005c000 103:07 1488 /system/lib/libEGL.so
10-09 12:14:58.896: W/art(12000): b6761000-b676a000 rw-p 0005e000 103:07 1488 /system/lib/libEGL.so
10-09 12:14:58.896: W/art(12000): b676a000-b676d000 rw-p 00000000 00:00 0
10-09 12:14:58.896: W/art(12000): b676d000-b683c000 r-xp 00000000 103:07 1728 /system/lib/libsqlite.so
10-09 12:14:58.896: W/art(12000): b683c000-b683e000 r--p 000ce000 103:07 1728 /system/lib/libsqlite.so
10-09 12:14:58.896: W/art(12000): b683e000-b683f000 rw-p 000d0000 103:07 1728 /system/lib/libsqlite.so
10-09 12:14:58.896: W/art(12000): b683f000-b6a99000 r-xp 00000000 103:07 1717 /system/lib/libskia.so
10-09 12:14:58.896: W/art(12000): b6a99000-b6a9a000 ---p 00000000 00:00 0
10-09 12:14:58.896: W/art(12000): b6a9a000-b6ab4000 r--p 0025a000 103:07 1717 /system/lib/libskia.so
10-09 12:14:58.896: W/art(12000): b6ab4000-b6ab6000 rw-p 00274000 103:07 1717 /system/lib/libskia.so
10-09 12:14:58.897: W/art(12000): b6ab6000-b6abb000 rw-p 00000000 00:00 0
10-09 12:14:58.897: W/art(12000): b6abb000-b6ac3000 r-xp 00000000 103:07 1547 /system/lib/libcamera_
10-09 12:14:58.897: W/art(12000): metadata.so
10-09 12:14:58.897: W/art(12000): b6ac3000-b6ac4000 ---p 00000000 00:00 0
10-09 12:14:58.897: W/art(12000): b6ac4000-b6ac5000 r--p 00008000 103:07 1547 /system/lib/libcamera_metadata.so
10-09 12:14:58.897: W/art(12000): b6ac5000-b6ac6000 rw-p 00009000 103:07 1547 /system/lib/libcamera_metadata.so
10-09 12:14:58.897: W/art(12000): b6ac6000-b6aea000 r-xp 00000000 103:07 1546
10-09 12:14:58.897: W/art(12000): /system/lib/libcamera_client.so
10-09 12:14:58.897: W/art(12000): b6aea000-b6aeb000 ---p 00000000 00:00 0
10-09 12:14:58.897: W/art(12000): b6aeb000-b6af2000 r--p 00024000 103:07 1546 /system/lib/libcamera_client.so
10-09 12:14:58.897: W/art(12000): b6af2000-b6af3000 rw-p 0002b000 103:07 1546 /system/lib/libcamera_client.so
10-09 12:14:58.897: W/art(12000): b6af3000-b6b2f000 r-xp 00000000 103:07 1625 /sys
10-09 12:14:58.897: W/art(12000): tem/lib/libinputflinger.so
10-09 12:14:58.897: W/art(12000): b6b2f000-b6b32000 r--p 0003b000 103:07 1625 /system/lib/libinputflinger.so
10-09 12:14:58.897: W/art(12000): b6b32000-b6b33000 rw-p 0003e000 103:07 1625 /system/lib/libinputflinger.so
10-09 12:14:58.897: W/art(12000): b6b33000-b6b4d000 r-xp 00000000 103:07 1624 /system/lib/libinput.so
10-09 12:14:58.897: W/art(12000): b6b4d000-b6b51000 r--p 00019000 103:07 1624 /system/lib/libinput.so
10-09 12:14:58.897: W/art(12000): b6b51000-b6b52000 rw-p 0001d000 103:07 1624 /system/lib/libinput.so
10-09 12:14:58.897: W/art(12000): b6b52000-b6b9f000 r-xp 00000000 103:07 1614 /system/lib/libgui.so
10-09 12:14:58.897: W/art(12000): b6b9f000-b6bab000 r--p 0004c000 103:07 1614 /system/lib/libgui.so
10-09 12:14:58.897: W/art(12000): b6bab000-b6bac000 rw-p 00058000 103:07 1614 /system/lib/libgui.so
10-09 12:14:58.897: W/art(12000): b6bac000-b6bb9000 r-xp 00000000 103:07 1773 /system/lib/libui.so
10-09 12:14:58.897: W/art(12000): b6bb9000-b6bba000 ---p 00000000 00:00 0
10-09 12:14:58.897: W/art(12000): b6bba000-b6bbb000 r--p 0000d000 103:07 1773 /system/lib/libui.so
10-09 12:14:58.897: W/art(12000): b6bbb000-b6bbc000 rw-p 0000e000 103:07 1773 /system/lib/libui.so
10-09 12:14:58.897: W/art(12000): b6bbc000-b6bc3000 r-xp 00000000 103:07 1676 /system/lib/libnetutils.so
10-09 12:14:58.897: W/art(12000): b6bc3000-b6bc4000 r--p 00006000 103:07 1676 /system/lib/libnetutils.so
10-09 12:14:58.897: W/art(12000): b6bc4000-b6bc5000 rw-p 00007000 103:07 1676 /system/lib/libnetutils.so
10-09 12:14:58.897: W/art(12000): b6bc5000-b6bcc000 r-xp 00000000 103:07 1672 /system/lib/libnativehelper.so
10-09 12:14:58.897: W/art(12000): b6bcc000-b6bcd000 r--p 00006000 103:07 1672 /system/lib/libnativehelper.so
10-09 12:14:58.897: W/art(12000): b6bcd000-b6bce000 rw-p 00007000 103:07 1672 /system/lib/libnativehelper.so
10-09 12:14:58.897: W/art(12000): b6bce000-b6be2000 r-xp 00000000 103:07 1597 /system/lib/libexpat.so
10-09 12:14:58.897: W/art(12000): b6be2000-b6be4000 r--p 00013000 103:07 1597 /system/lib/libexpat.so
10-09 12:14:58.897: W/art(12000): b6be4000-b6be5000 rw-p 00015000 103:07 1597 /system/lib/libexpat.so
10-09 12:14:58.897: W/art(12000): b6be5000-b6c0c000 r-xp 00000000 103:07 1517 /system/lib/libandroidfw.so
10-09 12:14:58.897: W/art(12000): b6c0c000-b6c0d000 ---p 00000000 00:00 0
10-09 12:14:58.897: W/art(12000): b6c0d000-b6c0e000 r--p 00027000 103:07 1517 /system/lib/libandroidfw.so
10-09 12:14:58.897: W/art(12000): b6c0e000-b6c0f000 rw-p 00028000 103:07 1517 /system/lib/libandroidfw.so
10-09 12:14:58.897: W/art(12000): b6c0f000-b6c12000 r-xp 00000000 103:07 1655 /system/lib/libmemtrack.so
10-09 12:14:58.897: W/art(12000): b6c12000-b6c13000 r--p 00002000 103:07 1655 /system/lib/libmemtrack.so
10-09 12:14:58.897: W/art(12000): b6c13000-b6c14000 rw-p 00003000 103:07 1655 /system/lib/libmemtrack.so
10-09 12:14:58.897: W/art(12000): b6c14000-b6c1d000 r-xp 00000000 103:07 1534 /system/lib/libbacktrace.so
10-09 12:14:58.897: W/art(12000): b6c1d000-b6c1e000 r--p 00008000 103:07 1534 /system/lib/libbacktrace.so
10-09 12:14:58.897: W/art(12000): b6c1e000-b6c1f000 rw-p 00009000 103:07 1534 /system/lib/libbacktrace.so
10-09 12:14:58.897: W/art(12000): b6c1f000-b6c3e000 r-xp 00000000 103:07 1645 /system/lib/libm.so
10-09 12:14:58.897: W/art(12000): b6c3e000-b6c3f000 ---p 00000000 00:00 0
10-09 12:14:58.897: W/art(12000): b6c3f000-b6c40000 r--p 0001f000 103:07 1645 /system/lib/libm.so
10-09 12:14:58.897: W/art(12000): b6c40000-b6c41000 rw-p 00020000 103:07 1645 /system/lib/libm.so
10-09 12:14:58.897: W/art(12000): b6c41000-b6c9d000 r-xp 00000000 103:07 1544 /system/lib/libc.so
10-09 12:14:58.897: W/art(12000): b6c9d000-b6c9e000 ---p 00000000 00:00 0
10-09 12:14:58.897: W/art(12000): b6c9e000-b6ca1000 r--p 0005c000 103:07 1544 /system/lib/libc.so
10-09 12:14:58.897: W/art(12000): b6ca1000-b6ca4000 rw-p 0005f000 103:07 1544 /system/lib/libc.so
10-09 12:14:58.897: W/art(12000): b6ca4000-b6cad000 rw-p 00000000 00:00 0
10-09 12:14:58.897: W/art(12000): b6cad000-b6d36000 r-xp 00000000 103:07 1543 /system/lib/libc++.so
10-09 12:14:58.897: W/art(12000): b6d36000-b6d3a000 r--p 00088000 103:07 1543 /system/lib/libc++.so
10-09 12:14:58.897: W/art(12000): b6d3a000-b6d3b000 rw-p 0008c000 103:07 1543 /system/lib/libc++.so
10-09 12:14:58.898: W/art(12000): b6d3b000-b6d3c000 rw-p 00000000 00:00 0
10-09 12:14:58.898: W/art(12000): b6d3c000-b6d64000 r-xp 00000000 103:07 1784 /system/lib/libwilhelm.so
10-09 12:14:58.898: W/art(12000): b6d64000-b6d65000 ---p 00000000 00:00 0
10-09 12:14:58.898: W/art(12000): b6d65000-b6d68000 r--p 00028000 103:07 1784 /system/lib/libwilhelm.so
10-09 12:14:58.898: W/art(12000): b6d68000-b6d69000 rw-p 0002b000 103:07 1784 /system/lib/libwilhelm.so
10-09 12:14:58.898: W/art(12000): b6d69000-b6e3a000 r-xp 00000000 103:07 1515 /system/lib/libandroid_runtime.so
10-09 12:14:58.898: W/art(12000): b6e3a000-b6e3b000 ---p 00000000 00:00 0
10-09 12:14:58.898: W/art(12000): b6e3b000-b6e42000 r--p 000d1000 103:07 1515 /system/lib/libandroid_runtime.so
10-09 12:14:58.898: W/art(12000): b6e42000-b6e4a000 rw-p 000d8000 103:07 1515 /system/lib/libandroid_runtime.so
10-09 12:14:58.898: W/art(12000): b6e4a000-b6e4b000 rw-p 00000000 00:00 0 [anon:linker_alloc_vector]
10-09 12:14:58.898: W/art(12000): b6e4b000-b6e4f000 r--p 00000000 00:00 0 [anon:linker_alloc]
10-09 12:14:58.898: W/art(12000): b6e4f000-b6e75000 r-xp 00000000 103:07 1538 /system/lib/libbinder.so
10-09 12:14:58.898: W/art(12000): b6e75000-b6e7c000 r--p 00025000 103:07 1538 /system/lib/libbinder.so
10-09 12:14:58.898: W/art(12000): b6e7c000-b6e7d000 rw-p 0002c000 103:07 1538 /system/lib/libbinder.so
10-09 12:14:58.898: W/art(12000): b6e7d000-b6e85000 r-xp 00000000 103:07 1643 /system/lib/liblog.so
10-09 12:14:58.898: W/art(12000): b6e85000-b6e86000 r--p 00007000 103:07 1643 /system/lib/liblog.so
10-09 12:14:58.898: W/art(12000): b6e86000-b6e87000 rw-p 00008000 103:07 1643 /system/lib/liblog.so
10-09 12:14:58.898: W/art(12000): b6e87000-b6e9f000 r-xp 00000000 103:07 1776 /system/lib/libutils.so
10-09 12:14:58.898: W/art(12000): b6e9f000-b6ea0000 ---p 00000000 00:00 0
10-09 12:14:58.898: W/art(12000): b6ea0000-b6ea1000 r--p 00018000 103:07 1776 /system/lib/libutils.so
10-09 12:14:58.898: W/art(12000): b6ea1000-b6ea2000 rw-p 00019000 103:07 1776 /system/lib/libutils.so
10-09 12:14:58.898: W/art(12000): b6ea2000-b6eb1000 r-xp 00000000 103:07 1561 /system/lib/libcutils.so
10-09 12:14:58.898: W/art(12000): b6eb1000-b6eb2000 ---p 00000000 00:00 0
10-09 12:14:58.898: W/art(12000): b6eb2000-b6eb3000 r--p 0000f000 103:07 1561 /system/lib/libcutils.so
10-09 12:14:58.898: W/art(12000): b6eb3000-b6eb4000 rw-p 00010000 103:07 1561 /system/lib/libcutils.so
10-09 12:14:58.898: W/art(12000): b6eb4000-b6eb5000 rw-p 00000000 00:00 0 [anon:linker_alloc_vector]
10-09 12:14:58.898: W/art(12000): b6eb5000-b6eb6000 rw-p 00000000 00:00 0 [anon:linker_alloc_64]
10-09 12:14:58.898: W/art(12000): b6eb6000-b6eb7000 r--p 00000000 00:00 0 [anon:linker_alloc]
10-09 12:14:58.898: W/art(12000): b6eb7000-b6eb8000 rw-p 00000000 00:00 0 [anon:linker_alloc]
10-09 12:14:58.898: W/art(12000): b6eb8000-b6eb9000 rw-p 00000000 00:00 0 [anon:linker_alloc_vector]
10-09 12:14:58.898: W/art(12000): b6eb9000-b6eba000 rw-p 00000000 00:00 0 [anon:linker_alloc_32]
10-09 12:14:58.898: W/art(12000): b6eba000-b6ebb000 r--p 00000000 00:00 0 [anon:linker_alloc]
10-09 12:14:58.898: W/art(12000): b6ebb000-b6edb000 r--s 00000000 00:0c 7705 /dev/__properties__
10-09 12:14:58.898: W/art(12000): b6edb000-b6edc000 r--p 00000000 00:00 0
10-09 12:14:58.898: W/art(12000): b6edc000-b6edd000 ---p 00000000 00:00 0
10-09 12:14:58.898: W/art(12000): b6edd000-b6edf000 rw-p 00000000 00:00 0 [anon:thread signal stack]
10-09 12:14:58.898: W/art(12000): b6edf000-b6efb000 r-xp 00000000 103:07 516 /system/bin/linker
10-09 12:14:58.898: W/art(12000): b6efb000-b6efc000 r-xp 00000000 00:00 0 [sigpage]
10-09 12:14:58.898: W/art(12000): b6efc000-b6efd000 r--p 0001c000 103:07 516 /system/bin/linker
10-09 12:14:58.898: W/art(12000): b6efd000-b6eff000 rw-p 0001d000 103:07 516 /system/bin/linker
10-09 12:14:58.898: W/art(12000): b6eff000-b6f01000 rw-p 00000000 00:00 0
10-09 12:14:58.898: W/art(12000): b6f01000-b6f06000 r-xp 00000000 103:07 373 /system/bin/app_process32
10-09 12:14:58.898: W/art(12000): b6f06000-b6f07000 r--p 00004000 103:07 373 /system/bin/app_process32
10-09 12:14:58.898: W/art(12000): b6f07000-b6f08000 rw-p 00000000 00:00 0
10-09 12:14:58.898: W/art(12000): b8461000-b8493000 rw-p 00000000 00:00 0 [heap]
10-09 12:14:58.898: W/art(12000): be4b8000-becb7000 rw-p 00000000 00:00 0 [stack]
10-09 12:14:58.898: W/art(12000): ffff0000-ffff1000 r-xp 00000000 00:00 0 [vectors]
10-09 12:14:58.942: D/ICU(12000): No timezone override file found: /data/misc/zoneinfo/current/icu/icu_tzdata.dat
10-09 12:14:58.991: D/WifiStateMachine(1643): starting scan for "wl-ftl-mt73-1-24"WPA_PSK with 2412
10-09 12:14:58.992: I/Radio-JNI(12000): register_android_hardware_Radio DONE
10-09 12:14:59.003: W/PackageManager(1643): Empty queue
10-09 12:14:59.025: D/AndroidRuntime(12000): Calling main entry com.android.commands.am.Am
10-09 12:14:59.033: I/ActivityManager(1643): Force stopping com.google.android.apps.mtaas.tools appid=10114 user=0: start instr
10-09 12:14:59.035: W/MC_StorageStatsAction(5340): can't get SD manufacturer info:java.io.FileNotFoundException: /sys/block/mmcblk1/device/manfid: open failed: ENOENT (No such file or directory)
10-09 12:14:59.035: D/CryptdConnector(1643): SND -> {2 cryptfs cryptocomplete}
10-09 12:14:59.036: E/Cryptfs(234): not running with encryption, aborting
10-09 12:14:59.036: D/CryptdConnector(1643): RCV <- {200 2 1}
10-09 12:14:59.044: I/ActivityManager(1643): Start proc 12100:com.google.android.apps.mtaas.tools/u0a114 for added application com.google.android.apps.mtaas.tools
10-09 12:14:59.070: D/Checkin(5340): publish the event [tag = DEVICE_AUTH_STATS_L2 event name = DeviceLockStats]
10-09 12:14:59.079: W/System(12100): ClassLoader referenced unknown path: /data/app/com.google.android.apps.mtaas.tools-1/lib/arm
10-09 12:14:59.079: W/System(12100): ClassLoader referenced unknown path: /data/app/com.google.android.apps.mtaas.tools-1/lib/arm
10-09 12:14:59.098: I/ActivityManager(1643): Config changes=2004 {1.0 ?mcc?mnc ja_JP ldltr sw360dp w360dp h568dp 320dpi nrml port finger -keyb/v/h -nav/h s.6?spn}
10-09 12:14:59.118: D/PermissionCache(294): checking android.permission.READ_FRAME_BUFFER for uid=1000 => granted (150 us)
10-09 12:14:59.128: D/MC_DailyReportAction(5340): Starting class com.motorola.motocare.action.report.CpuFreqReport
10-09 12:14:59.130: D/ProcSpeedReader(3357): Failed to read freq stats from null
10-09 12:14:59.133: D/ChangeLocale(12100): Instrumentation completed successfully
10-09 12:14:59.134: W/SearchServiceClient(3732): Attempt to handover from detached client
10-09 12:14:59.136: D/ImsConfigImpl(3719): onConfigurationChange
10-09 12:14:59.136: I/CCE(5056): MyLocaleChangedReceiver(): locale changed, logging in to tell server: ja_JP
10-09 12:14:59.138: D/Checkin(5056): publish the event [tag = MOT_CCE event name = LOG]
10-09 12:14:59.140: I/CCE(5056): MyLocaleChangedReceiver(): locale changed, logging in to tell server: ja_JP
10-09 12:14:59.141: D/Checkin(5056): publish the event [tag = MOT_CCE event name = LOG]
10-09 12:14:59.141: D/Checkin(5340): publish the event [tag = MOT_DEVICE_STATS event name = CpuFreq]
10-09 12:14:59.142: I/CCE(5056): MyLocaleChangedReceiver(): locale changed, logging in to tell server: ja_JP
10-09 12:14:59.144: D/Checkin(5056): publish the event [tag = MOT_CCE event name = LOG]
10-09 12:14:59.145: D/Checkin(5340): publish the event [tag = MOT_DEVICE_STATS event name = CpuFreq]
10-09 12:14:59.146: D/MC_DailyReportAction(5340): Starting class com.motorola.motocare.action.report.BatteryHealthReport
10-09 12:14:59.153: D/Checkin(5340): publish the event [tag = MOT_DEVICE_STATS_BAT event name = Battery]
10-09 12:14:59.154: D/MC_DailyReportAction(5340): Starting class com.motorola.motocare.action.report.ScreenReport
10-09 12:14:59.159: I/ActivityManager(1643): Start proc 12115:com.motorola.genie/u0a33 for broadcast com.motorola.genie/.model.GenieReceiver
10-09 12:14:59.162: I/ActivityManager(1643): Force stopping com.google.android.apps.mtaas.tools appid=10114 user=0: finished inst
10-09 12:14:59.162: I/ActivityManager(1643): Killing 12100:com.google.android.apps.mtaas.tools/u0a114 (adj 0): stop com.google.android.apps.mtaas.tools
10-09 12:14:59.163: D/AndroidRuntime(12000): Shutting down VM
10-09 12:14:59.199: D/Checkin(5340): publish the event [tag = MOT_DEVICE_STATS_L1 event name = screxsumm]
10-09 12:14:59.201: D/Checkin(5340): publish the event [tag = MOT_DEVICE_STATS_L1 event name = screxsumm]
10-09 12:14:59.203: D/Checkin(5340): publish the event [tag = MOT_DEVICE_STATS_L1 event name = EventLogs]
10-09 12:14:59.204: D/MC_DailyReportAction(5340): Starting class com.motorola.motocare.action.report.DockReport
10-09 12:14:59.204: D/ActivityManager(1643): cleanUpApplicationRecord -- 12100
10-09 12:14:59.206: D/MC_DailyReportAction(5340): Starting class com.motorola.motocare.action.report.FsFullReport
10-09 12:14:59.208: D/MC_DailyReportAction(5340): Starting class com.motorola.motocare.action.report.AccessoryReport
10-09 12:14:59.208: W/ActivityManager(1643): Spurious death for ProcessRecord{b3f17ad 0:com.google.android.apps.mtaas.tools/u0a114}, curProc for 12100: null
10-09 12:14:59.210: D/MC_DailyReportAction(5340): Starting class com.motorola.motocare.action.report.BatteryStatsReport
10-09 12:14:59.214: I/ContactLocale(11323): AddressBook Labels [ja-JP]: [, あ, か, さ, た, な, は, ま, や, ら, わ, 他, , A, B, C, D, E, F, G, H, I, J, K, L, M, N, O, P, Q, R, S, T, U, V, W, X, Y, Z, Α, Β, Γ, Δ, Ε, Ζ, Η, Θ, Ι, Κ, Λ, Μ, Ν, Ξ, Ο, Π, Ρ, Σ, Τ, Υ, Φ, Χ, Ψ, Ω, , А, Б, В, Г, Д, Ђ, Е, Є, Ж, З, И, І, Й, Ј, К, Л, Љ, М, Н, Њ, О, П, Р, С, Т, Ћ, У, Ф, Х, Ц, Ч, Џ, Ш, Щ, Ю, Я, , א, ב, ג, ד, ה, ו, ז, ח, ט, י, כ, ל, מ, נ, ס, ע, פ, צ, ק, ר, ש, ת, , ا, ب, ت, ث, ج, ح, خ, د, ذ, ر, ز, س, ش, ص, ض, ط, ظ, ع, غ, ف, ق, ك, ل, م, ن, ه, و, ي, , ก, ข, ฃ, ค, ฅ, ฆ, ง, จ, ฉ, ช, ซ, ฌ, ญ, ฎ, ฏ, ฐ, ฑ, ฒ, ณ, ด, ต, ถ, ท, ธ, น, บ, ป, ผ, ฝ, พ, ฟ, ภ, ม, ย, ร, ฤ, ล, ฦ, ว, ศ, ษ, ส, ห, ฬ, อ, ฮ, , ㄱ, ㄴ, ㄷ, ㄹ, ㅁ, ㅂ, ㅅ, ㅇ, ㅈ, ㅊ, ㅋ, ㅌ, ㅍ, ㅎ, #, ]
10-09 12:14:59.238: I/ContactsProvider(11323): Locale has changed from en-US;fr-CA to ja-JP
10-09 12:14:59.240: I/ContactsDatabaseHelper(11323): Switching to locale ja-JP (ICU v55.1)
10-09 12:14:59.255: W/System(12115): ClassLoader referenced unknown path: /system/priv-app/GuideMe/lib/arm
10-09 12:14:59.317: W/BroadcastQueue(1643): Permission Denial: broadcasting Intent { act=com.motorola.cce.Actions.CCE_SEND_SETTINGS flg=0x10 (has extras) } from com.motorola.genie (pid=12115, uid=10033) is not exported from uid 10009 due to receiver com.motorola.ccc.checkin/com.motorola.blur.service.blur.SharedSettingsReceiver
10-09 12:14:59.319: I/CCE(5056): App motocare requested CCE to send settings
10-09 12:14:59.320: W/BroadcastQueue(1643): Permission Denial: broadcasting Intent { act=com.motorola.cce.Actions.CCE_SEND_SETTINGS flg=0x10 (has extras) } from com.motorola.genie (pid=12115, uid=10033) is not exported from uid 10009 due to receiver com.motorola.ccc.notification/com.motorola.blur.service.blur.SharedSettingsReceiver
10-09 12:14:59.342: V/AlarmManager(1643): sending alarm {f3db89d type 2 *walarm*:com.google.android.gms.gcm.ACTION_CHECK_QUEUE}
10-09 12:14:59.351: V/ConnectivityManager(8428): isActiveNetworkMetered() returns:false
10-09 12:14:59.377: W/KeyphraseEnrollmentInfo(3592): Enrollment application doesn't support keyphrases
10-09 12:14:59.404: V/PhoneStatusBarPolicy(3065): updateIMS: registered: false, icon enabled: false, override: false, DDS subID: -1
10-09 12:14:59.407: D/CCE(5056): Settings pattern not found
10-09 12:14:59.407: I/CCE(5056): sending CCE_SEND_SETTINGS_RESPONSE for app = motocare
10-09 12:14:59.563: I/UpdateIcingCorporaServi(11092): Updating corpora: APPS=FORCE_ALL, CONTACTS=FORCE_ALL
10-09 12:14:59.572: D/Checkin(5340): publish the event [tag = MOT_DEVICE_STATS_CHG event name = ChargerTrigger]
10-09 12:14:59.584: I/ActivityManager(1643): Start proc 12148:com.google.android.calendar/u0a69 for broadcast com.google.android.calendar/com.android.calendar.alerts.AlertReceiver
10-09 12:14:59.591: I/InputMethodManagerService(1643): Selected default: com.google.android.inputmethod.japanese/.MozcService
10-09 12:14:59.599: I/art(1643): Background partial concurrent mark sweep GC freed 108947(5MB) AllocSpace objects, 2(40KB) LOS objects, 33% free, 20MB/30MB, paused 15.475ms total 274.168ms
10-09 12:14:59.616: I/ContactsDatabaseHelper(11323): Locale change completed in 375ms
10-09 12:14:59.616: I/ContactsDatabaseHelper(11323): Switching to locale ja-JP (ICU v55.1)
10-09 12:14:59.642: V/AlarmManager(1643): done {f3db89d, *walarm*:com.google.android.gms.gcm.ACTION_CHECK_QUEUE} [300ms]
10-09 12:14:59.649: W/InputMethodManagerService(1643): Illegal subtype state: old subtype = null, new subtype = android.view.inputmethod.InputMethodSubtype@68f7d272
10-09 12:14:59.649: W/ContextImpl(3357): Calling a method in the system process without a qualified user: android.app.ContextImpl.sendBroadcast:763 android.content.ContextWrapper.sendBroadcast:396 com.motorola.motocare.internal.settings.SettingsTrigger$1.onChange:440 android.database.ContentObserver.onChange:130 android.database.ContentObserver.onChange:145
10-09 12:14:59.649: W/System(12148): ClassLoader referenced unknown path: /system/app/CalendarGoogle/lib/arm
10-09 12:14:59.752: I/ActivityManager(1643): Start proc 12169:com.android.providers.calendar/u0a13 for content provider com.android.providers.calendar/.CalendarProvider2
10-09 12:14:59.756: D/Checkin(5340): publish the event [tag = MOT_DEVICE_STATS_CHG event name = ChargerTrigger]
10-09 12:14:59.762: I/GEL(3732): handleIntent(Intent { act=android.intent.action.MAIN cat=[android.intent.category.HOME] flg=0x10000000 cmp=com.google.android.googlequicksearchbox/com.google.android.launcher.GEL })
10-09 12:14:59.773: D/Checkin(5340): publish the event [tag = MOT_DEVICE_STATS event name = DataSizes]
10-09 12:14:59.775: D/Checkin(5340): publish the event [tag = MOT_DEVICE_STATS event name = RadioTypes]
10-09 12:14:59.777: D/Checkin(5340): publish the event [tag = MOT_DEVICE_STATS event name = SignalStrengths]
10-09 12:14:59.780: D/Checkin(5340): publish the event [tag = MOT_DEVICE_STATS event name = PhoneTimeStats]
10-09 12:14:59.814: I/ContactsDatabaseHelper(11323): Locale change completed in 198ms
10-09 12:14:59.838: W/System(12169): ClassLoader referenced unknown path: /system/priv-app/CalendarProvider/lib/arm
10-09 12:14:59.845: W/ActivityManager(1643): Unable to start service Intent { act=com.google.android.gms.playlog.service.START pkg=com.google.android.gms } U=0: not found
10-09 12:14:59.846: W/ActivityManager(1643): Unbind failed: could not find connection for android.os.BinderProxy@5a445
10-09 12:14:59.846: E/GmsClient(12148): unable to connect to service: com.google.android.gms.playlog.service.START
10-09 12:14:59.853: I/Choreographer(3732): Skipped 36 frames! The application may be doing too much work on its main thread.
10-09 12:14:59.853: E/TimelyPrefService(12148): Primary account is null
10-09 12:14:59.868: D/Checkin(5340): publish the event [tag = MOT_DEVICE_STATS event name = PMaps]
10-09 12:14:59.879: D/Checkin(5340): publish the event [tag = MOT_DEVICE_STATS event name = PMaps]
10-09 12:14:59.883: I/CalendarProvider2(12169): Created com.android.providers.calendar.CalendarAlarmManager@72b0ffa(com.android.providers.calendar.CalendarProvider2@19029ab)
10-09 12:14:59.889: I/PlatformStatsCollectorService(11225): Scheduled UnifiedDumpsysTask task with period 86400 sec.
10-09 12:14:59.890: D/Checkin(5340): publish the event [tag = MOT_DEVICE_STATS event name = PMaps]
10-09 12:14:59.899: I/PlatformStatsCollectorService(11225): Scheduled Settingsstats task with period 86400 sec.
10-09 12:14:59.900: D/Checkin(5340): publish the event [tag = MOT_DEVICE_STATS event name = PMaps]
10-09 12:14:59.911: D/Checkin(5340): publish the event [tag = MOT_DEVICE_STATS event name = PMaps]
10-09 12:14:59.914: W/AnalyticsLogBase(12148): PlayLogger.onLoggerFailedConnection
10-09 12:14:59.923: D/Checkin(5340): publish the event [tag = MOT_DEVICE_STATS event name = PMaps]
10-09 12:14:59.925: D/Checkin(5340): publish the event [tag = MOT_DEVICE_STATS event name = PerUidStats]
10-09 12:14:59.927: I/ContactsFTS(11323): Rebuild contact search index in 68ms, 0 contacts
10-09 12:14:59.927: D/Checkin(5340): publish the event [tag = MOT_DEVICE_STATS event name = DataSizesSOn]
10-09 12:14:59.929: D/Checkin(5340): publish the event [tag = MOT_DEVICE_STATS event name = RadioTypesSOn]
10-09 12:14:59.932: D/Checkin(5340): publish the event [tag = MOT_DEVICE_STATS event name = SignalStrengthsSOn]
10-09 12:14:59.934: D/Checkin(5340): publish the event [tag = MOT_DEVICE_STATS event name = PhoneTimeStatsSOn]
10-09 12:14:59.943: I/ActivityManager(1643): Start proc 12197:com.google.android.deskclock/u0a77 for broadcast com.google.android.deskclock/com.android.deskclock.AlarmInitReceiver
10-09 12:14:59.995: W/System(12197): ClassLoader referenced unknown path: /system/app/DeskClockGoogle/lib/arm
