10-09 12:15:40.222: W/art(13829): b6295000-b6326000 r-xp 00000000 103:07 1648 /system/lib/libmedia.so
10-09 12:15:40.222: W/art(13829): b6326000-b6327000 ---p 00000000 00:00 0
10-09 12:15:40.222: W/art(13829): b6327000-b6343000 r--p 00091000 103:07 1648 /system/lib/libmedia.so
10-09 12:15:40.222: W/art(13829): b6343000-b6344000 rw-p 000ad000 103:07 1648 /system/lib/libmedia.so
10-09 12:15:40.222: W/art(13829): b6344000-b64a9000 r-xp 00000000 103:07 1621 /system/lib/libicui18n.so
10-09 12:15:40.222: W/art(13829): b64a9000-b64aa000 ---p 00000000 00:00 0
10-09 12:15:40.222: W/art(13829): b64aa000-b64b5000 r--p 00165000 103:07 1621 /system/lib/libicui18n.so
10-09 12:15:40.222: W/art(13829): b64b5000-b64b6000 rw-p 00170000 103:07 1621 /system/lib/libicui18n.so
10-09 12:15:40.222: W/art(13829): b64b6000-b65c5000 r-xp 00000000 103:07 1622 /system/lib/libicuuc.so
10-09 12:15:40.222: W/art(13829): b65c5000-b65d0000 r--p 0010e000 103:07 1622 /system/lib/libicuuc.so
10-09 12:15:40.222: W/art(13829): b65d0000-b65d1000 rw-p 00119000 103:07 1622 /system/lib/libicuuc.so
10-09 12:15:40.222: W/art(13829): b65d1000-b65d5000 rw-p 00000000 00:00 0
10-09 12:15:40.222: W/art(13829): b65d5000-b65f8000 r-xp 00000000 103:07 1730 /system/lib/libssl.so
10-09 12:15:40.222: W/art(13829): b65f8000-b65fa000 r--p 00022000 103:07 1730 /system/lib/libssl.so
10-09 12:15:40.222: W/art(13829): b65fa000-b65fb000 rw-p 00024000 103:07 1730 /system/lib/libssl.so
10-09 12:15:40.222: W/art(13829): b65fb000-b668b000 r-xp 00000000 103:07 1560
10-09 12:15:40.222: W/art(13829): /system/lib/libcrypto.so
10-09 12:15:40.222: W/art(13829): b668b000-b668c000 ---p 00000000 00:00 0
10-09 12:15:40.222: W/art(13829): b668c000-b6697000 r--p 00090000 103:07 1560 /system/lib/libcrypto.so
10-09 12:15:40.222: W/art(13829): b6697000-b6698000 rw-p 0009b000 103:07 1560 /system/lib/libcrypto.so
10-09 12:15:40.222: W/art(13829): b6698000-b66ea000 r-xp 00000000 103:07 1722 /system/lib/libson
10-09 12:15:40.222: W/art(13829): ivox.so
10-09 12:15:40.222: W/art(13829): b66ea000-b66eb000 ---p 00000000 00:00 0
10-09 12:15:40.222: W/art(13829): b66eb000-b66ec000 r--p 00052000 103:07 1722 /system/lib/libsonivox.so
10-09 12:15:40.222: W/art(13829): b66ec000-b66ed000 rw-p 00053000 103:07 1722 /system/lib/libsonivox.so
10-09 12:15:40.222: W/art(13829): b66ed000-b66f2000 rw-p 00000000 00:00 0
10-09 12:15:40.223: W/art(13829): b66f2000-b6701000 r-xp 0
10-09 12:15:40.223: W/art(13829): 0000000 103:07 1713 /system/lib/libselinux.so
10-09 12:15:40.223: W/art(13829): b6701000-b6702000 r--p 0000e000 103:07 1713 /system/lib/libselinux.so
10-09 12:15:40.223: W/art(13829): b6702000-b6703000 rw-p 0000f000 103:07 1713 /system/lib/libselinux.so
10-09 12:15:40.223: W/art(13829): b6703000-b670a000 r-xp 00000000 103:07 1616 /system/lib/libhardware_legacy.so
10-09 12:15:40.223: W/art(13829): b670a000-b670b000 ---p 00000000 00:00 0
10-09 12:15:40.223: W/art(13829): b670b000-b670c000 r--p 00007000 103:07 1616 /system/lib/libhardware_legacy.so
10-09 12:15:40.223: W/art(13829): b670c000-b670d000 rw-p 00008000 103:07 1616 /system/lib/libhardware_legacy.so
10-09 12:15:40.223: W/art(13829): b670d000-b670e000 rw-p 00000000 00:00 0
10-09 12:15:40.223: W/art(13829): b670e000-b6711000 r-xp 00000000 103:07 1615
10-09 12:15:40.223: W/art(13829): /system/lib/libhardware.so
10-09 12:15:40.223: W/art(13829): b6711000-b6712000 r--p 00002000 103:07 1615 /system/lib/libhardware.so
10-09 12:15:40.223: W/art(13829): b6712000-b6713000 rw-p 00003000 103:07 1615 /system/lib/libhardware.so
10-09 12:15:40.223: W/art(13829): b6713000-b6717000 r-xp 00000000 103:07 1489 /system/lib/libETC1.so
10-09 12:15:40.223: W/art(13829): b6717000-b6718000 r--p 00003000
10-09 12:15:40.223: W/art(13829): 103:07 1489 /system/lib/libETC1.so
10-09 12:15:40.223: W/art(13829): b6718000-b6719000 rw-p 00004000 103:07 1489 /system/lib/libETC1.so
10-09 12:15:40.223: W/art(13829): b6719000-b6726000 r-xp 00000000 103:07 1493 /system/lib/libGLESv2.so
10-09 12:15:40.223: W/art(13829): b6726000-b6727000 r--p 0000c000 103:07 1493 /system/lib/libGLESv2.so
10-09 12:15:40.223: W/art(13829): b6727000-b6728000 rw-p 0000d000 103:07 1493 /system/lib/libGLESv2.so
10-09 12:15:40.223: W/art(13829): b6728000-b6730000 r-xp 00000000 103:07 1492 /system/lib/libGLESv1_CM.so
10-09 12:15:40.223: W/art(13829): b6730000-b6731000 r--p 00007000 103:07 1492 /system/lib/libGLESv1_CM.so
10-09 12:15:40.223: W/art(13829): b6731000-b6732000 rw-p 00008000 103:07 1492 /system/lib/libGLESv1_CM.so
10-09 12:15:40.223: W/art(13829): b6732000-b678e000 r-xp 00000000 103:07 1488 /system/lib/libEGL.so
10-09 12:15:40.223: W/art(13829): b678e000-b678f000 ---p 00000000 00:00 0
10-09 12:15:40.223: W/art(13829): b678f000-b6791000 r--p 0005c000 103:07 1488 /system/lib/libEGL.so
10-09 12:15:40.223: W/art(13829): b6791000-b679a000 rw-p 0005e000 103:07 1488 /system/lib/libEGL.so
10-09 12:15:40.223: W/art(13829): b679a000-b679d000 rw-p 00000000 00:00 0
10-09 12:15:40.223: W/art(13829): b679d000-b686c000 r-xp 00000000 103:07 1728 /system/lib/libsqlite.so
10-09 12:15:40.223: W/art(13829): b686c000-b686e000 r--p 000ce000 103:07 1728 /system/lib/libsqlite.so
10-09 12:15:40.223: W/art(13829): b686e000-b686f000 rw-p 000d0000 103:07 1728 /system/lib/libsqlite.so
10-09 12:15:40.223: W/art(13829): b686f000-b6ac9000 r-xp 00000000 103:07 1717 /system/lib/libskia.so
10-09 12:15:40.223: W/art(13829): b6ac9000-b6aca000 ---p 00000000 00:00 0
10-09 12:15:40.223: W/art(13829): b6aca000-b6ae4000 r--p 0025a000 103:07 1717 /system/lib/libskia.so
10-09 12:15:40.223: W/art(13829): b6ae4000-b6ae6000 rw-p 00274000 103:07 1717 /system/lib/libskia.so
10-09 12:15:40.223: W/art(13829): b6ae6000-b6aeb000 rw-p 00000000 00:00 0
10-09 12:15:40.223: W/art(13829): b6aeb000-b6af3000 r-xp 00000000 103:07 1547 /system/lib/libcamera_
10-09 12:15:40.223: W/art(13829): metadata.so
10-09 12:15:40.223: W/art(13829): b6af3000-b6af4000 ---p 00000000 00:00 0
10-09 12:15:40.223: W/art(13829): b6af4000-b6af5000 r--p 00008000 103:07 1547 /system/lib/libcamera_metadata.so
10-09 12:15:40.223: W/art(13829): b6af5000-b6af6000 rw-p 00009000 103:07 1547 /system/lib/libcamera_metadata.so
10-09 12:15:40.223: W/art(13829): b6af6000-b6b1a000 r-xp 00000000 103:07 1546
10-09 12:15:40.223: W/art(13829): /system/lib/libcamera_client.so
10-09 12:15:40.223: W/art(13829): b6b1a000-b6b1b000 ---p 00000000 00:00 0
10-09 12:15:40.223: W/art(13829): b6b1b000-b6b22000 r--p 00024000 103:07 1546 /system/lib/libcamera_client.so
10-09 12:15:40.223: W/art(13829): b6b22000-b6b23000 rw-p 0002b000 103:07 1546 /system/lib/libcamera_client.so
10-09 12:15:40.223: W/art(13829): b6b23000-b6b5f000 r-xp 00000000 103:07 1625 /sys
10-09 12:15:40.223: W/art(13829): tem/lib/libinputflinger.so
10-09 12:15:40.223: W/art(13829): b6b5f000-b6b62000 r--p 0003b000 103:07 1625 /system/lib/libinputflinger.so
10-09 12:15:40.223: W/art(13829): b6b62000-b6b63000 rw-p 0003e000 103:07 1625 /system/lib/libinputflinger.so
10-09 12:15:40.223: W/art(13829): b6b63000-b6b7d000 r-xp 00000000 103:07 1624 /system/lib/libinput.so
10-09 12:15:40.223: W/art(13829): b6b7d000-b6b81000 r--p 00019000 103:07 1624 /system/lib/libinput.so
10-09 12:15:40.223: W/art(13829): b6b81000-b6b82000 rw-p 0001d000 103:07 1624 /system/lib/libinput.so
10-09 12:15:40.223: W/art(13829): b6b82000-b6bcf000 r-xp 00000000 103:07 1614 /system/lib/libgui.so
10-09 12:15:40.223: W/art(13829): b6bcf000-b6bdb000 r--p 0004c000 103:07 1614 /system/lib/libgui.so
10-09 12:15:40.224: W/art(13829): b6bdb000-b6bdc000 rw-p 00058000 103:07 1614 /system/lib/libgui.so
10-09 12:15:40.224: W/art(13829): b6bdc000-b6be9000 r-xp 00000000 103:07 1773 /system/lib/libui.so
10-09 12:15:40.224: W/art(13829): b6be9000-b6bea000 ---p 00000000 00:00 0
10-09 12:15:40.224: W/art(13829): b6bea000-b6beb000 r--p 0000d000 103:07 1773 /system/lib/libui.so
10-09 12:15:40.224: W/art(13829): b6beb000-b6bec000 rw-p 0000e000 103:07 1773 /system/lib/libui.so
10-09 12:15:40.224: W/art(13829): b6bec000-b6bf3000 r-xp 00000000 103:07 1676 /system/lib/libnetutils.so
10-09 12:15:40.224: W/art(13829): b6bf3000-b6bf4000 r--p 00006000 103:07 1676 /system/lib/libnetutils.so
10-09 12:15:40.224: W/art(13829): b6bf4000-b6bf5000 rw-p 00007000 103:07 1676 /system/lib/libnetutils.so
10-09 12:15:40.224: W/art(13829): b6bf5000-b6bfc000 r-xp 00000000 103:07 1672 /system/lib/libnativehelper.so
10-09 12:15:40.224: W/art(13829): b6bfc000-b6bfd000 r--p 00006000 103:07 1672 /system/lib/libnativehelper.so
10-09 12:15:40.224: W/art(13829): b6bfd000-b6bfe000 rw-p 00007000 103:07 1672 /system/lib/libnativehelper.so
10-09 12:15:40.224: W/art(13829): b6bfe000-b6c12000 r-xp 00000000 103:07 1597 /system/lib/libexpat.so
10-09 12:15:40.224: W/art(13829): b6c12000-b6c14000 r--p 00013000 103:07 1597 /system/lib/libexpat.so
10-09 12:15:40.224: W/art(13829): b6c14000-b6c15000 rw-p 00015000 103:07 1597 /system/lib/libexpat.so
10-09 12:15:40.224: W/art(13829): b6c15000-b6c3c000 r-xp 00000000 103:07 1517 /system/lib/libandroidfw.so
10-09 12:15:40.224: W/art(13829): b6c3c000-b6c3d000 ---p 00000000 00:00 0
10-09 12:15:40.224: W/art(13829): b6c3d000-b6c3e000 r--p 00027000 103:07 1517 /system/lib/libandroidfw.so
10-09 12:15:40.224: W/art(13829): b6c3e000-b6c3f000 rw-p 00028000 103:07 1517 /system/lib/libandroidfw.so
10-09 12:15:40.224: W/art(13829): b6c3f000-b6c42000 r-xp 00000000 103:07 1655 /system/lib/libmemtrack.so
10-09 12:15:40.224: W/art(13829): b6c42000-b6c43000 r--p 00002000 103:07 1655 /system/lib/libmemtrack.so
10-09 12:15:40.224: W/art(13829): b6c43000-b6c44000 rw-p 00003000 103:07 1655 /system/lib/libmemtrack.so
10-09 12:15:40.224: W/art(13829): b6c44000-b6c4d000 r-xp 00000000 103:07 1534 /system/lib/libbacktrace.so
10-09 12:15:40.224: W/art(13829): b6c4d000-b6c4e000 r--p 00008000 103:07 1534 /system/lib/libbacktrace.so
10-09 12:15:40.224: W/art(13829): b6c4e000-b6c4f000 rw-p 00009000 103:07 1534 /system/lib/libbacktrace.so
10-09 12:15:40.224: W/art(13829): b6c4f000-b6c6e000 r-xp 00000000 103:07 1645 /system/lib/libm.so
10-09 12:15:40.224: W/art(13829): b6c6e000-b6c6f000 ---p 00000000 00:00 0
10-09 12:15:40.224: W/art(13829): b6c6f000-b6c70000 r--p 0001f000 103:07 1645 /system/lib/libm.so
10-09 12:15:40.224: W/art(13829): b6c70000-b6c71000 rw-p 00020000 103:07 1645 /system/lib/libm.so
10-09 12:15:40.224: W/art(13829): b6c71000-b6ccd000 r-xp 00000000 103:07 1544 /system/lib/libc.so
10-09 12:15:40.224: W/art(13829): b6ccd000-b6cce000 ---p 00000000 00:00 0
10-09 12:15:40.224: W/art(13829): b6cce000-b6cd1000 r--p 0005c000 103:07 1544 /system/lib/libc.so
10-09 12:15:40.224: W/art(13829): b6cd1000-b6cd4000 rw-p 0005f000 103:07 1544 /system/lib/libc.so
10-09 12:15:40.224: W/art(13829): b6cd4000-b6cdd000 rw-p 00000000 00:00 0
10-09 12:15:40.224: W/art(13829): b6cdd000-b6d66000 r-xp 00000000 103:07 1543 /system/lib/libc++.so
10-09 12:15:40.224: W/art(13829): b6d66000-b6d6a000 r--p 00088000 103:07 1543 /system/lib/libc++.so
10-09 12:15:40.224: W/art(13829): b6d6a000-b6d6b000 rw-p 0008c000 103:07 1543 /system/lib/libc++.so
10-09 12:15:40.224: W/art(13829): b6d6b000-b6d6c000 rw-p 00000000 00:00 0
10-09 12:15:40.224: W/art(13829): b6d6c000-b6d94000 r-xp 00000000 103:07 1784 /system/lib/libwilhelm.so
10-09 12:15:40.224: W/art(13829): b6d94000-b6d95000 ---p 00000000 00:00 0
10-09 12:15:40.224: W/art(13829): b6d95000-b6d98000 r--p 00028000 103:07 1784 /system/lib/libwilhelm.so
10-09 12:15:40.224: W/art(13829): b6d98000-b6d99000 rw-p 0002b000 103:07 1784 /system/lib/libwilhelm.so
10-09 12:15:40.224: W/art(13829): b6d99000-b6e6a000 r-xp 00000000 103:07 1515 /system/lib/libandroid_runtime.so
10-09 12:15:40.224: W/art(13829): b6e6a000-b6e6b000 ---p 00000000 00:00 0
10-09 12:15:40.224: W/art(13829): b6e6b000-b6e72000 r--p 000d1000 103:07 1515 /system/lib/libandroid_runtime.so
10-09 12:15:40.224: W/art(13829): b6e72000-b6e7a000 rw-p 000d8000 103:07 1515 /system/lib/libandroid_runtime.so
10-09 12:15:40.224: W/art(13829): b6e7a000-b6e7b000 rw-p 00000000 00:00 0 [anon:linker_alloc_vector]
10-09 12:15:40.224: W/art(13829): b6e7b000-b6e7f000 r--p 00000000 00:00 0 [anon:linker_alloc]
10-09 12:15:40.224: W/art(13829): b6e7f000-b6ea5000 r-xp 00000000 103:07 1538 /system/lib/libbinder.so
10-09 12:15:40.224: W/art(13829): b6ea5000-b6eac000 r--p 00025000 103:07 1538 /system/lib/libbinder.so
10-09 12:15:40.224: W/art(13829): b6eac000-b6ead000 rw-p 0002c000 103:07 1538 /system/lib/libbinder.so
10-09 12:15:40.226: I/ActivityManager(1643): Killing 12846:com.google.android.gms.unstable/u0a28 (adj 15): empty #7
10-09 12:15:40.279: D/ICU(13829): No timezone override file found: /data/misc/zoneinfo/current/icu/icu_tzdata.dat
10-09 12:15:40.314: D/ActivityManager(1643): cleanUpApplicationRecord -- 12846
10-09 12:15:40.346: I/FA-SVC(12568): App measurement is starting up, version: 13280
10-09 12:15:40.364: I/Icing(12568): Usage reports ok 0, Failed Usage reports 0, indexed 0, rejected 0, imm upload false
10-09 12:15:40.368: I/Radio-JNI(13829): register_android_hardware_Radio DONE
10-09 12:15:40.388: I/Icing(12568): Usage reports ok 0, Failed Usage reports 0, indexed 0, rejected 0, imm upload false
10-09 12:15:40.393: V/ConnectivityManager(12585): isActiveNetworkMetered() returns:false
10-09 12:15:40.406: D/AndroidRuntime(13829): Calling main entry com.android.commands.pm.Pm
10-09 12:15:40.422: D/DefContainer(13745): Copying /data/local/tmp/com.google.android.apps.mtaas.crawler.apk to base.apk
10-09 12:15:40.451: V/ConnectivityManager(12585): isActiveNetworkMetered() returns:false
10-09 12:15:40.606: I/Icing(12568): Indexing com.google.android.googlequicksearchbox-applications_uri from com.google.android.googlequicksearchbox
10-09 12:15:40.687: I/Icing(12568): Indexing done com.google.android.googlequicksearchbox-applications_uri
10-09 12:15:40.714: I/PackageManager.DexOptimizer(1643): Running dexopt (dex2oat) on: /data/app/vmdl1799962849.tmp/base.apk pkg=com.google.android.apps.mtaas.crawler isa=arm vmSafeMode=false debuggable=false oatDir = /data/app/vmdl1799962849.tmp/oat bootComplete=true
10-09 12:15:40.759: I/dex2oat(13898): Starting dex2oat.
10-09 12:15:41.401: I/Icing(12568): Indexing com.google.android.gms-apps from com.google.android.gms
10-09 12:15:41.469: I/SFPerfTracer(294): triggers: (rate: 5:306) (compose: 0:4) (post: 0:0) (render: 0:5) (0:840 frames) (1:1479)
10-09 12:15:41.469: D/SFPerfTracer(294): layers: (3:9) (FocusedStackFrame (0xb716a740): 0:10)* (DimLayer (0xb7104748): 0:25)* (StatusBar (0xb7195eb8): 1:359) (NavigationBar (0xb71923d0): 0:34) (com.android.systemui.ImageWallpaper (0xb719db60): 0:37)* (com.google.android.apps.mtaas.backdrop/com.google.android.apps.mtaas.backdrop.BackdropActivity (0xb7198d28): 0:51)
10-09 12:15:41.471: I/Icing(12568): Indexing done com.google.android.gms-apps
10-09 12:15:41.473: I/Icing(12568): Indexing com.google.android.gms-internal.3p:MobileApplication from com.google.android.gms
10-09 12:15:41.490: I/Icing(12568): Indexing done com.google.android.gms-internal.3p:MobileApplication
10-09 12:15:41.782: I/SFPerfTracer(294): triggers: (rate: 0:2) (0 sw vsyncs) (0 skipped) (0:1252 vsyncs) (1:1889)
10-09 12:15:42.026: W/dex2oat(13898): No verified method for method calling String.: java.lang.String java.io.ByteArrayOutputStream.toString(java.lang.String)
10-09 12:15:42.420: W/dex2oat(13898): No verified method for method calling String.: java.lang.String java.io.ByteArrayOutputStream.toString(java.lang.String)
10-09 12:15:42.747: W/Conscrypt(12585): Could not set socket write timeout: java.lang.reflect.InvocationTargetException
10-09 12:15:42.747: W/Conscrypt(12585): at java.lang.reflect.Method.invoke(Native Method)
10-09 12:15:42.747: W/Conscrypt(12585): at com.google.android.gms.org.conscrypt.Platform.setSocketWriteTimeout(:com.google.android.gms@13280015@13.2.80 (040300-211705629):13)
10-09 12:15:42.747: W/Conscrypt(12585): Caused by: android.system.ErrnoException: setsockopt failed: EBADF (Bad file descriptor)
10-09 12:15:42.748: W/Conscrypt(12585): at libcore.io.Posix.setsockoptTimeval(Native Method)
10-09 12:15:42.748: W/Conscrypt(12585): at libcore.io.ForwardingOs.setsockoptTimeval(ForwardingOs.java:156)
10-09 12:15:42.758: W/Conscrypt(12585): Could not set socket write timeout: java.lang.reflect.InvocationTargetException
10-09 12:15:42.759: W/Conscrypt(12585): at java.lang.reflect.Method.invoke(Native Method)
10-09 12:15:42.759: W/Conscrypt(12585): at com.google.android.gms.org.conscrypt.Platform.setSocketWriteTimeout(:com.google.android.gms@13280015@13.2.80 (040300-211705629):13)
10-09 12:15:42.759: W/Conscrypt(12585): Caused by: android.system.ErrnoException: setsockopt failed: EBADF (Bad file descriptor)
10-09 12:15:42.759: W/Conscrypt(12585): at libcore.io.Posix.setsockoptTimeval(Native Method)
10-09 12:15:42.759: W/Conscrypt(12585): at libcore.io.ForwardingOs.setsockoptTimeval(ForwardingOs.java:156)
10-09 12:15:43.800: I/dex2oat(13898): dex2oat took 3.029s (threads: 4) arena alloc=3MB java alloc=2036KB native alloc=13MB free=1330KB
10-09 12:15:43.974: W/PackageManager(1643): Not granting permission android.permission.READ_FRAME_BUFFER to package com.google.android.apps.mtaas.crawler (protectionLevel=18 flags=0x3808be44)
10-09 12:15:43.974: W/PackageManager(1643): Not granting permission android.permission.DUMP to package com.google.android.apps.mtaas.crawler (protectionLevel=50 flags=0x3808be44)
10-09 12:15:43.974: W/PackageManager(1643): Unknown permission android.permission.FOREGROUND_SERVICE in package com.google.android.apps.mtaas.crawler
10-09 12:15:44.157: W/Settings(1643): Setting install_non_market_apps has moved from android.provider.Settings.Global to android.provider.Settings.Secure, returning read-only value.
10-09 12:15:44.157: I/art(1643): Starting a blocking GC Explicit
10-09 12:15:44.267: I/art(1643): Explicit concurrent mark sweep GC freed 129132(8MB) AllocSpace objects, 25(852KB) LOS objects, 33% free, 20MB/30MB, paused 1.890ms total 109.640ms
10-09 12:15:44.269: I/art(1643): WaitForGcToComplete blocked for 55.197ms for cause HeapTrim
10-09 12:15:44.270: I/art(13829): System.exit called, status: 0
10-09 12:15:44.270: I/AndroidRuntime(13829): VM exiting with result code 0.
10-09 12:15:44.289: I/InputReader(1643): Reconfiguring input devices. changes=0x00000010
10-09 12:15:44.326: D/CarrierServiceBindHelper(3719): Receive action: android.intent.action.PACKAGE_ADDED
10-09 12:15:44.327: D/CarrierServiceBindHelper(3719): mHandler: 3
10-09 12:15:44.327: D/CarrierConfigLoader(3719): mHandler: 9 phoneId: 0
10-09 12:15:44.357: I/UpdateIcingCorporaServi(11092): Updating corpora: APPS=com.google.android.apps.mtaas.crawler, CONTACTS=MAYBE
10-09 12:15:44.418: I/UpdateIcingCorporaServi(11092): UpdateCorporaTask done [took 61 ms] updated apps [took 61 ms]
10-09 12:15:44.430: I/Finsky(13645): [1] com.google.android.finsky.p2p.c.a(10): Frosting ID looked up on UI thread. Caller should move to a background thread.
10-09 12:15:44.443: I/Finsky(13645): [1] com.google.android.finsky.wear.WearSupportService.onStartCommand(26): Starting WearSupportService for auto_install
10-09 12:15:44.446: I/Finsky(13645): [1] com.google.android.finsky.wear.w.a(18): Connecting to wearable
10-09 12:15:44.451: I/Finsky(13645): [1] com.google.android.finsky.wear.WearSupportService.onStartCommand(26): Starting WearSupportService for send_installed_apps
10-09 12:15:44.453: I/Finsky(13645): [1] com.google.android.finsky.p2p.d.a(2): Wrote row to frosting DB: 38
10-09 12:15:44.453: I/Finsky(13645): [1] com.google.android.finsky.externalreferrer.b.a(10): Package state data is missing for com.google.android.apps.mtaas.crawler
10-09 12:15:44.470: I/Auth(12568): [SupervisedAccountIntentOperation] onHandleIntent(): android.intent.action.PACKAGE_ADDED
10-09 12:15:44.470: I/Auth(12568): [SupervisedAccountIntentOperation] This operation is disabled
10-09 12:15:44.472: I/ChromeSync(12568): [Sync,SyncIntentOperation] Handling the intent: Intent { act=android.intent.action.PACKAGE_ADDED dat=package:com.google.android.apps.mtaas.crawler flg=0x4000010 cmp=com.google.android.gms/.chimera.GmsIntentOperationService (has extras) }.
10-09 12:15:44.474: I/FontsPackageChangeOp(12568): Package com.google.android.apps.mtaas.crawler has no metadata
10-09 12:15:44.481: I/ChromeSync(12568): [Persistence,AffiliationManager] No affiliation data for android://N50vJU0zrJ8WOzDt6r3GDtfqrkROFOSiqHcmppwn3vxaRC4hFpNn4UsL7XlvjtlfcWuDAQhmck0qjQPwsrpMNg==@com.google.android.apps.mtaas.crawler/. Marking affiliation data as stale...
10-09 12:15:44.491: I/ChromeSync(12568): [Persistence,AffiliationManager] Fetching affiliations from the server.
10-09 12:15:44.492: I/Wear_Controller(12585): Wear requires a companion app to be installed.
10-09 12:15:44.492: I/WearableService(12585): onCreate: Wearable Services not starting. Wear is not available on this device.
10-09 12:15:44.540: W/WearableService(12585): onGetService: Wear is not available on this device.
10-09 12:15:44.551: I/Icing(12568): IndexChimeraService.getServiceInterface callingPackage=com.google.android.gms componentName=AppsCorpus serviceId=32
10-09 12:15:44.557: I/Icing(12568): IndexChimeraService.getServiceInterface callingPackage=com.google.android.gms componentName=AppsCorpus serviceId=36
10-09 12:15:44.579: E/Finsky(13645): [1] com.google.android.finsky.wear.x.a(3): onConnectionFailed: ConnectionResult{statusCode=API_UNAVAILABLE, resolution=null, message=null}
10-09 12:15:44.579: W/Finsky(13645): [1] com.google.android.finsky.wear.w.b(31): GoogleApiClient instance is not connected when requested
10-09 12:15:44.580: W/Finsky(13645): [1] com.google.android.finsky.wear.dk.run(16): Dropping command=auto_install due to Gms not connected
10-09 12:15:44.581: I/Finsky(13645): [1] com.google.android.finsky.wear.WearSupportService.b(66): Stopping WearSupportService
10-09 12:15:44.582: W/Finsky(13645): [1] com.google.android.finsky.wear.w.b(31): GoogleApiClient instance is not connected when requested
10-09 12:15:44.582: W/Finsky(13645): [1] com.google.android.finsky.wear.dk.run(16): Dropping command=send_installed_apps due to Gms not connected
10-09 12:15:44.583: I/Finsky(13645): [1] com.google.android.finsky.wear.WearSupportService.b(66): Stopping WearSupportService
10-09 12:15:44.595: I/Icing(12568): Usage reports ok 0, Failed Usage reports 0, indexed 0, rejected 0, imm upload false
10-09 12:15:44.633: I/Icing(12568): Usage reports ok 0, Failed Usage reports 0, indexed 0, rejected 0, imm upload false
10-09 12:15:45.155: D/AndroidRuntime(13911): >>>>>> START com.android.internal.os.RuntimeInit uid 2000 <<<<<<
10-09 12:15:45.161: D/AndroidRuntime(13911): CheckJNI is OFF
10-09 12:15:45.166: W/art(13911): 7007b000-70aa6000 rw-p 00000000 103:09 12202 /data/dalvik-cache/arm/system@framework@boot.art
10-09 12:15:45.166: W/art(13911): b1085000-b30bb000 r--p 00000000 103:07 1336 /system/framework/arm/boot.oat
10-09 12:15:45.166: W/art(13911): b30bb000-b490f000 r-xp 02036000 103:07 1336 /system/framework/arm/boot.oat
10-09 12:15:45.166: W/art(13911): b490f000-b4910000 rw-p 0388a000 103:07 1336 /system/framework/arm/boot.oat
10-09 12:15:45.166: W/art(13911): b4910000-b492e000 r--p 00a2b000 103:09 12202 /data/dalvik-cache/arm/system@framework@boot.art
10-09 12:15:45.166: W/art(13911): b492e000-b492f000 rw-p 00000000 00:00 0 [anon:linker_alloc_vector]
10-09 12:15:45.167: W/art(13911): b4930000-b4933000 r-xp 00000000 103:07 1716 /system/lib/libsigchain.so
10-09 12:15:45.167: W/art(13911): b4933000-b4934000 r--p 00002000 103:07 1716 /system/lib/libsigchain.so
10-09 12:15:45.167: W/art(13911): b4934000-b4935000 rw-p 00003000 103:07 1716 /system/lib/libsigchain.so
10-09 12:15:45.167: W/art(13911): b4935000-b4d6b000 r-xp 00000000 103:07 1521 /system/lib/libart.so
10-09 12:15:45.167: W/art(13911): b4d6b000-b4d75000 r--p 00435000 103:07 1521 /system/lib/libart.so
10-09 12:15:45.167: W/art(13911): b4d75000-b4d76000 rw-p 0043f000 103:07 1521 /system/lib/libart.so
10-09 12:15:45.167: W/art(13911): b4d76000-b4d78000 rw-p 00000000 00:00 0
10-09 12:15:45.167: W/art(13911): b4d78000-b4d79000 r--p 00000000 00:00 0
10-09 12:15:45.167: W/art(13911): b4d79000-b4d7a000 r--p 00000000 00:00 0
10-09 12:15:45.167: W/art(13911): b4d7a000-b4d9a000 r--s 00000000 00:0c 7705 /dev/__properties__
10-09 12:15:45.167: W/art(13911): b4d9a000-b4d9b000 rw-p 00000000 00:00 0 [anon:linker_alloc_vector]
10-09 12:15:45.167: W/art(13911): b4d9b000-b57ad000 r-xp 00000000 103:07 1495 /system/lib/libLLVM.so
10-09 12:15:45.167: W/art(13911): b57ad000-b57ae000 ---p 00000000 00:00 0
10-09 12:15:45.167: W/art(13911): b57ae000-b57f7000 r--p 00a12000 103:07 1495 /system/lib/libLLVM.so
10-09 12:15:45.167: W/art(13911): b57f7000-b57f8000 rw-p 00a5b000 103:07 1495 /system/lib/libLLVM.so
10-09 12:15:45.167: W/art(13911): b57f8000-b5800000 rw-p 00000000 00:00 0
10-09 12:15:45.167: W/art(13911): b5800000-b5835000 r-xp 00000000 103:07 1537 /system/lib/libbcinfo.so
10-09 12:15:45.167: W/art(13911): b5835000-b5836000 ---p 00000000 00:00 0
10-09 12:15:45.167: W/art(13911): b5836000-b5837000 r--p 00035000 103:07 1537 /system/lib/libbcinfo.so
10-09 12:15:45.167: W/art(13911): b5837000-b5838000 rw-p 00036000 103:07 1537 /system/lib/libbcinfo.so
10-09 12:15:45.167: W/art(13911): b5838000-b5839000 r--p 00000000 00:00 0 [anon:linker_alloc]
10-09 12:15:45.167: W/art(13911): b5839000-b5891000 r-xp 00000000 103:07 1536 /system/lib/libbcc.so
10-09 12:15:45.167: W/art(13911): b5891000-b5892000 ---p 00000000 00:00 0
10-09 12:15:45.167: W/art(13911): b5892000-b5893000 r--p 00058000 103:07 1536 /system/lib/libbcc.so
10-09 12:15:45.167: W/art(13911): b5893000-b5894000 rw-p 00059000 103:07 1536 /system/lib/libbcc.so
10-09 12:15:45.167: W/art(13911): b5894000-b589e000 r-xp 00000000 103:07 1557 /system/lib/libcommon_time_client.so
10-09 12:15:45.167: W/art(13911): b589e000-b58a1000 r--p 00009000 103:07 1557 /system/lib/libcommon_time_client.so
10-09 12:15:45.167: W/art(13911): b58a1000-b58a2000 rw-p 0000c000 103:07 1557 /system/lib/libcommon_time_client.so
10-09 12:15:45.167: W/art(13911): b58a2000-b58ba000 r-xp 00000000 103:07 1694 /system/lib/libprotobuf-cpp-lite.so
10-09 12:15:45.167: W/art(13911): b58ba000-b58bb000 r--p 00017000 103:07 1694 /system/lib/libprotobuf-cpp-lite.so
10-09 12:15:45.167: W/art(13911): b58bb000-b58bc000 rw-p 00018000 103:07 1694 /system/lib/libprotobuf-cpp-lite.so
10-09 12:15:45.167: W/art(13911): b58bc000-b58bd000 r--p 00000000 00:00 0
10-09 12:15:45.167: W/art(13911): b58bd000-b58c4000 r-xp 00000000 103:07 1733 /system/lib/libstagefright_avc_common.so
10-09 12:15:45.167: W/art(13911): b58c4000-b58c5000 r--p 00006000 103:07 1733 /system/lib/libstagefright_avc_common.so
10-09 12:15:45.167: W/art(13911): b58c5000-b58c6000 rw-p 00007000 103:07 1733 /system/lib/libstagefright_avc_common.so
10-09 12:15:45.167: W/art(13911): b58c6000-b58c9000 r-xp 00000000 103:07 1734 /system/lib/libstagefright_enc_common.so
10-09 12:15:45.167: W/art(13911): b58c9000-b58ca000 r--p 00002000 103:07 1734 /system/lib/libstagefright_enc_common.so
10-09 12:15:45.167: W/art(13911): b58ca000-b58cb000 rw-p 00003000 103:07 1734 /system/lib/libstagefright_enc_common.so
10-09 12:15:45.167: W/art(13911): b58cb000-b58cf000 r-xp 00000000 103:07 1691 /system/lib/libpowermanager.so
10-09 12:15:45.167: W/art(13911): b58cf000-b58d0000 ---p 00000000 00:00 0
10-09 12:15:45.167: W/art(13911): b58d0000-b58d1000 r--p 00004000 103:07 1691 /system/lib/libpowermanager.so
10-09 12:15:45.167: W/art(13911): b58d1000-b58d2000 rw-p 00005000 103:07 1691 /system/lib/libpowermanager.so
10-09 12:15:45.167: W/art(13911): b58d2000-b58ee000 r-xp 00000000 103:07 1778 /system/lib/libvorbisidec.so
10-09 12:15:45.167: W/art(13911): b58ee000-b58ef000 r--p 0001b000 103:07 1778 /system/lib/libvorbisidec.so
10-09 12:15:45.167: W/art(13911): b58ef000-b58f0000 rw-p 0001c000 103:07 1778 /system/lib/libvorbisidec.so
10-09 12:15:45.167: W/art(13911): b58f0000-b58f5000 r-xp 00000000 103:07 1760 /system/lib/libstagefright_yuv.so
10-09 12:15:45.167: W/art(13911): b58f5000-b58f6000 r--p 00004000 103:07 1760 /system/lib/libstagefright_yuv.so
10-09 12:15:45.167: W/art(13911): b58f6000-b58f7000 rw-p 00005000 103:07 1760 /system/lib/libstagefright_yuv.so
10-09 12:15:45.167: W/art(13911): b58f7000-b5925000 r-xp 00000000 103:07 1738 /system/lib/libstagefright_omx.so
10-09 12:15:45.167: W/art(13911): b5925000-b5926000 ---p 00000000 00:00 0
10-09 12:15:45.167: W/art(13911): b5926000-b5929000 r--p 0002e000 103:07 1738 /system/lib/libstagefright_omx.so
10-09 12:15:45.168: W/art(13911): b5929000-b592a000 rw-p 00031000 103:07 1738 /system/lib/libstagefright_omx.so
10-09 12:15:45.168: W/art(13911): b592a000-b592b000 r--p 00000000 00:00 0 [anon:linker_alloc]
10-09 12:15:45.168: W/art(13911): b592b000-b5964000 r-xp 00000000 103:07 1681 /system/lib/libopus.so
10-09 12:15:45.168: W/art(13911): b5964000-b5965000 ---p 00000000 00:00 0
10-09 12:15:45.168: W/art(13911): b5965000-b5966000 r--p 00039000 103:07 1681 /system/lib/libopus.so
10-09 12:15:45.168: W/art(13911): b5966000-b5967000 rw-p 0003a000 103:07 1681 /system/lib/libopus.so
10-09 12:15:45.168: W/art(13911): b5967000-b596e000 r-xp 00000000 103:07 1653 /system/lib/libmediautils.so
10-09 12:15:45.168: W/art(13911): b596e000-b596f000 ---p 00000000 00:00 0
10-09 12:15:45.168: W/art(13911): b596f000-b5970000 r--p 00007000 103:07 1653 /system/lib/libmediautils.so
10-09 12:15:45.168: W/art(13911): b5970000-b5971000 rw-p 00008000 103:07 1653 /system/lib/libmediautils.so
10-09 12:15:45.168: W/art(13911): b5971000-b5986000 r-xp 00000000 103:07 1569 /system/lib/libdrmframework.so
10-09 12:15:45.168: W/art(13911): b5986000-b5987000 ---p 00000000 00:00 0
10-09 12:15:45.168: W/art(13911): b5987000-b598a000 r--p 00015000 103:07 1569 /system/lib/libdrmframework.so
10-09 12:15:45.168: W/art(13911): b598a000-b598b000 rw-p 00018000 103:07 1569 /system/lib/libdrmframework.so
10-09 12:15:45.168: W/art(13911): b598b000-b59a9000 r-xp 00000000 103:07 1510 /system/lib/libRScpp.so
10-09 12:15:45.168: W/art(13911): b59a9000-b59aa000 ---p 00000000 00:00 0
10-09 12:15:45.168: W/art(13911): b59aa000-b59ab000 r--p 0001e000 103:07 1510 /system/lib/libRScpp.so
10-09 12:15:45.168: W/art(13911): b59ab000-b59ac000 rw-p 0001f000 103:07 1510 /system/lib/libRScpp.so
10-09 12:15:45.168: W/art(13911): b59ac000-b59ea000 r-xp 00000000 103:07 1507 /system/lib/libRS.so
10-09 12:15:45.168: W/art(13911): b59ea000-b59eb000 ---p 00000000 00:00 0
10-09 12:15:45.168: W/art(13911): b59eb000-b59ed000 r--p 0003e000 103:07 1507 /system/lib/libRS.so
10-09 12:15:45.168: W/art(13911): b59ed000-b59ee000 rw-p 00040000 103:07 1507 /system/lib/libRS.so
10-09 12:15:45.168: W/art(13911): b59ee000-b59f5000 r-xp 00000000 103:07 1727 /system/lib/libspeexresampler.so
10-09 12:15:45.168: W/art(13911): b59f5000-b59f6000 r--p 00006000 103:07 1727 /system/lib/libspeexresampler.so
10-09 12:15:45.168: W/art(13911): b59f6000-b59f7000 rw-p 00007000 103:07 1727 /system/lib/libspeexresampler.so
10-09 12:15:45.168: W/art(13911): b59f7000-b5a00000 r-xp 00000000 103:07 1673 /system/lib/libnbaio.so
10-09 12:15:45.168: W/art(13911): b5a00000-b5a01000 r--p 00008000 103:07 1673 /system/lib/libnbaio.so
10-09 12:15:45.168: W/art(13911): b5a01000-b5a02000 rw-p 00009000 103:07 1673 /system/lib/libnbaio.so
10-09 12:15:45.168: W/art(13911): b5a02000-b5a14000 r-xp 00000000 103:07 1685 /system/lib/libpcre.so
10-09 12:15:45.168: W/art(13911): b5a14000-b5a15000 r--p 00011000 103:07 1685 /system/lib/libpcre.so
10-09 12:15:45.168: W/art(13911): b5a15000-b5a16000 rw-p 00012000 103:07 1685 /system/lib/libpcre.so
10-09 12:15:45.168: W/art(13911): b5a16000-b5a1b000 r-xp 00000000 103:07 1785 /system/lib/libwpa_client.so
10-09 12:15:45.168: W/art(13911): b5a1b000-b5a1c000 r--p 00004000 103:07 1785 /system/lib/libwpa_client.so
10-09 12:15:45.168: W/art(13911): b5a1c000-b5a1d000 rw-p 00005000 103:07 1785 /system/lib/libwpa_client.so
10-09 12:15:45.168: W/art(13911): b5a1d000-b5a1f000 r--p 00000000 00:00 0 [anon:linker_alloc]
10-09 12:15:45.168: W/art(13911): b5a1f000-b5a8d000 r-xp 00000000 103:07 1491 /system/lib/libGLES_trace.so
10-09 12:15:45.168: W/art(13911): b5a8d000-b5a8f000 r--p 0006d000 103:07 1491 /system/lib/libGLES_trace.so
10-09 12:15:45.168: W/art(13911): b5a8f000-b5a90000 rw-p 0006f000 103:07 1491 /system/lib/libGLES_trace.so
10-09 12:15:45.168: W/art(13911): b5a90000-b5ac6000 r-xp 00000000 103:07 2947 /system/vendor/lib/libqc-opt.so
10-09 12:15:45.168: W/art(13911): b5ac6000-b5ac7000 r--p 00035000 103:07 2947 /system/vendor/lib/libqc-opt.so
10-09 12:15:45.168: W/art(13911): b5ac7000-b5ac8000 rw-p 00036000 103:07 2947 /system/vendor/lib/libqc-opt.so
10-09 12:15:45.168: W/art(13911): b5ac8000-b5b2c000 r-xp 00000000 103:07 1610 /system/lib/libft2.so
10-09 12:15:45.168: W/art(13911): b5b2c000-b5b2e000 r--p 00063000 103:07 1610 /system/lib/libft2.so
10-09 12:15:45.168: W/art(13911): b5b2e000-b5b2f000 rw-p 00065000 103:07 1610 /system/lib/libft2.so
10-09 12:15:45.168: W/art(13911): b5b2f000-b5b54000 r-xp 00000000 103:07 1689 /system/lib/libpng.so
10-09 12:15:45.168: W/art(13911): b5b54000-b5b55000 r--p 00024000 103:07 1689 /system/lib/libpng.so
10-09 12:15:45.168: W/art(13911): b5b55000-b5b56000 rw-p 00025000 103:07 1689 /system/lib/libpng.so
10-09 12:15:45.168: W/art(13911): b5b56000-b5b59000 r-xp 00000000 103:07 1766 /system/lib/libsync.so
10-09 12:15:45.168: W/art(13911): b5b59000-b5b5a000 r--p 00002000 103:07 1766 /system/lib/libsync.so
10-09 12:15:45.168: W/art(13911): b5b5a000-b5b5b000 rw-p 00003000 103:07 1766 /system/lib/libsync.so
10-09 12:15:45.168: W/art(13911): b5b5b000-b5b60000 r-xp 00000000 103:07 1762 /system/lib/libstdc++.so
10-09 12:15:45.168: W/art(13911): b5b60000-b5b61000 r--p 00004000 103:07 1762 /system/lib/libstdc++.so
10-09 12:15:45.168: W/art(13911): b5b61000-b5b62000 rw-p 00005000 103:07 1762 /system/lib/libstdc++.so
10-09 12:15:45.168: W/art(13911): b5b62000-b5b72000 r-xp 00000000 103:07 1774 /system/lib/libunwind.so
10-09 12:15:45.168: W/art(13911): b5b72000-b5b73000 r--p 0000f000 103:07 1774 /system/lib/libunwind.so
10-09 12:15:45.169: W/art(13911): b5b73000-b5b74000 rw-p 00010000 103:07 1774 /system/lib/libunwind.so
10-09 12:15:45.169: W/art(13911): b5b74000-b5bba000 rw-p 00000000 00:00 0
10-09 12:15:45.169: W/art(13911): b5bba000-b5bc3000 r-xp 00000000 103:07 1535 /system/lib/libbase.so
10-09 12:15:45.169: W/art(13911): b5bc3000-b5bc4000 r--p 00008000 103:07 1535 /system/lib/libbase.so
10-09 12:15:45.169: W/art(13911): b5bc4000-b5bc5000 rw-p 00009000 103:07 1535 /system/lib/libbase.so
10-09 12:15:45.169: W/art(13911): b5bc5000-b5bca000 r-xp 00000000 103:07 1595 /system/lib/libeffects.so
10-09 12:15:45.169: W/art(13911): b5bca000-b5bcb000 r--p 00004000 103:07 1595 /system/lib/libeffects.so
10-09 12:15:45.169: W/art(13911): b5bcb000-b5bcc000 rw-p 00005000 103:07 1595 /system/lib/libeffects.so
10-09 12:15:45.169: W/art(13911): b5bcc000-b5bcd000 r--p 00000000 00:00 0 [anon:linker_alloc]
10-09 12:15:45.169: W/art(13911): b5bcd000-b5bd0000 r-xp 00000000 103:07 1736 /system/lib/libstagefright_http_support.so
10-09 12:15:45.169: W/art(13911): b5bd0000-b5bd1000 ---p 00000000 00:00 0
10-09 12:15:45.169: W/art(13911): b5bd1000-b5bd2000 r--p 00003000 103:07 1736 /system/lib/libstagefright_http_support.so
10-09 12:15:45.169: W/art(13911): b5bd2000-b5bd3000 rw-p 00004000 103:07 1736 /system/lib/libstagefright_http_support.so
10-09 12:15:45.169: W/art(13911): b5bd3000-b5beb000 r-xp 00000000 103:07 1735 /system/lib/libstagefright_foundation.so
10-09 12:15:45.169: W/art(13911): b5beb000-b5bec000 ---p 00000000 00:00 0
10-09 12:15:45.169: W/art(13911): b5bec000-b5bed000 r--p 00018000 103:07 1735 /system/lib/libstagefright_foundation.so
10-09 12:15:45.169: W/art(13911): b5bed000-b5bee000 rw-p 00019000 103:07 1735 /system/lib/libstagefright_foundation.so
10-09 12:15:45.169: W/art(13911): b5bee000-b5d4d000 r-xp 00000000 103:07 1731 /system/lib/libstagefright.so
10-09 12:15:45.169: W/art(13911): b5d4d000-b5d4e000 ---p 00000000 00:00 0
10-09 12:15:45.169: W/art(13911): b5d4e000-b5d5a000 r--p 0015f000 103:07 1731 /system/lib/libstagefright.so
10-09 12:15:45.169: W/art(13911): b5d5a000-b5d5b000 rw-p 0016b000 103:07 1731 /system/lib/libstagefright.so
10-09 12:15:45.169: W/art(13911): b5d5b000-b5dc2000 r-xp 00000000 103:07 1620 /system/lib/libhwui.so
10-09 12:15:45.169: W/art(13911): b5dc2000-b5dc3000 ---p 00000000 00:00 0
10-09 12:15:45.169: W/art(13911): b5dc3000-b5dc6000 r--p 00067000 103:07 1620 /system/lib/libhwui.so
10-09 12:15:45.169: W/art(13911): b5dc6000-b5dc7000 rw-p 0006a000 103:07 1620 /system/lib/libhwui.so
10-09 12:15:45.169: W/art(13911): b5dc7000-b5dca000 r-xp 00000000 103:07 1704 /system/lib/libradio_metadata.so
10-09 12:15:45.169: W/art(13911): b5dca000-b5dcb000 r--p 00002000 103:07 1704 /system/lib/libradio_metadata.so
10-09 12:15:45.169: W/art(13911): b5dcb000-b5dcc000 rw-p 00003000 103:07 1704 /system/lib/libradio_metadata.so
10-09 12:15:45.169: W/art(13911): b5dcc000-b5dd0000 r-xp 00000000 103:07 1671 /system/lib/libnativebridge.so
10-09 12:15:45.169: W/art(13911): b5dd0000-b5dd1000 r--p 00003000 103:07 1671 /system/lib/libnativebridge.so
10-09 12:15:45.169: W/art(13911): b5dd1000-b5dd2000 rw-p 00004000 103:07 1671 /system/lib/libnativebridge.so
10-09 12:15:45.169: W/art(13911): b5dd2000-b5dd6000 r-xp 00000000 103:07 1693 /system/lib/libprocessgroup.so
10-09 12:15:45.169: W/art(13911): b5dd6000-b5dd7000 r--p 00003000 103:07 1693 /system/lib/libprocessgroup.so
10-09 12:15:45.169: W/art(13911): b5dd7000-b5dd8000 rw-p 00004000 103:07 1693 /system/lib/libprocessgroup.so
10-09 12:15:45.169: W/art(13911): b5dd8000-b5de6000 r-xp 00000000 103:07 1656 /system/lib/libminikin.so
10-09 12:15:45.169: W/art(13911): b5de6000-b5de7000 ---p 00000000 00:00 0
10-09 12:15:45.169: W/art(13911): b5de7000-b5de8000 r--p 0000e000 103:07 1656 /system/lib/libminikin.so
10-09 12:15:45.169: W/art(13911): b5de8000-b5de9000 rw-p 0000f000 103:07 1656 /system/lib/libminikin.so
10-09 12:15:45.169: W/art(13911): b5de9000-b5df3000 r-xp 00000000 103:07 1724 /system/lib/libsoundtrigger.so
10-09 12:15:45.169: W/art(13911): b5df3000-b5df6000 r--p 00009000 103:07 1724 /system/lib/libsoundtrigger.so
10-09 12:15:45.169: W/art(13911): b5df6000-b5df7000 rw-p 0000c000 103:07 1724 /system/lib/libsoundtrigger.so
10-09 12:15:45.169: W/art(13911): b5df7000-b5df8000 r--p 00000000 00:00 0 [anon:linker_alloc]
10-09 12:15:45.169: W/art(13911): b5df8000-b5e02000 r-xp 00000000 103:07 1703 /system/lib/libradio.so
10-09 12:15:45.169: W/art(13911): b5e02000-b5e05000 r--p 00009000 103:07 1703 /system/lib/libradio.so
10-09 12:15:45.169: W/art(13911): b5e05000-b5e06000 rw-p 0000c000 103:07 1703 /system/lib/libradio.so
10-09 12:15:45.169: W/art(13911): b5e06000-b5e0a000 r-xp 00000000 103:07 1674 /system/lib/libnetd_client.so
10-09 12:15:45.169: W/art(13911): b5e0a000-b5e0b000 r--p 00003000 103:07 1674 /system/lib/libnetd_client.so
10-09 12:15:45.169: W/art(13911): b5e0b000-b5e0c000 rw-p 00004000 103:07 1674 /system/lib/libnetd_client.so
10-09 12:15:45.169: W/art(13911): b5e0c000-b5e19000 r-xp 00000000 103:07 1623 /system/lib/libimg_utils.so
10-09 12:15:45.169: W/art(13911): b5e19000-b5e1b000 r--p 0000c000 103:07 1623 /system/lib/libimg_utils.so
10-09 12:15:45.169: W/art(13911): b5e1b000-b5e1c000 rw-p 0000e000 103:07 1623 /system/lib/libimg_utils.so
10-09 12:15:45.169: W/art(13911): b5e1c000-b621a000 r-xp 00000000 103:07 1686 /system/lib/libpdfium.so
10-09 12:15:45.169: W/art(13911): b621a000-b621b000 ---p 00000000 00:00 0
10-09 12:15:45.170: W/art(13911): b621b000-b6224000 r--p 003fe000 103:07 1686 /system/lib/libpdfium.so
10-09 12:15:45.170: W/art(13911): b6224000-b6228000 rw-p 00407000 103:07 1686 /system/lib/libpdfium.so
10-09 12:15:45.170: W/art(13911): b6228000-b6229000 rw-p 00000000 00:00 0
10-09 12:15:45.170: W/art(13911): b6229000-b6230000 r-xp 00000000 103:07 1532 /system/lib/libaud
10-09 12:15:45.170: W/art(13911): ioutils.so
10-09 12:15:45.170: W/art(13911): b6230000-b6231000 r--p 00006000 103:07 1532 /system/lib/libaudioutils.so
10-09 12:15:45.170: W/art(13911): b6231000-b6232000 rw-p 00007000 103:07 1532 /system/lib/libaudioutils.so
10-09 12:15:45.170: W/art(13911): b6232000-b624c000 r-xp 00000000 103:07 1787 /system/lib/libz.so
10-09 12:15:45.170: W/art(13911): b624c000-b624d000 r--p 00019000
10-09 12:15:45.170: W/art(13911): 103:07 1787 /system/lib/libz.so
10-09 12:15:45.170: W/art(13911): b624d000-b624e000 rw-p 0001a000 103:07 1787 /system/lib/libz.so
10-09 12:15:45.170: W/art(13911): b624e000-b6297000 r-xp 00000000 103:07 1617 /system/lib/libharfbuzz_ng.so
10-09 12:15:45.170: W/art(13911): b6297000-b6298000 ---p 00000000 00:00 0
10-09 12:15:45.170: W/art(13911): b6298000-b6299000 r--p 00049000 103:07 1617 /system/lib/libhar
10-09 12:15:45.170: W/art(13911): fbuzz_ng.so
10-09 12:15:45.170: W/art(13911): b6299000-b629a000 rw-p 0004a000 103:07 1617 /system/lib/libharfbuzz_ng.so
10-09 12:15:45.170: W/art(13911): b629a000-b629b000 rw-p 00000000 00:00 0 [anon:linker_alloc]
10-09 12:15:45.170: W/art(13911): b629b000-b62a0000 r-xp 00000000 103:07 1775 /system/lib/libusbhost.so
10-09 12:15:45.170: W/art(13911): b62a0000-b62a1000 r--p 00004000 1
10-09 12:15:45.170: W/art(13911): 03:07 1775 /system/lib/libusbhost.so
10-09 12:15:45.170: W/art(13911): b62a1000-b62a2000 rw-p 00005000 103:07 1775 /system/lib/libusbhost.so
10-09 12:15:45.170: W/art(13911): b62a2000-b62d8000 r-xp 00000000 103:07 1632 /system/lib/libjpeg.so
10-09 12:15:45.170: W/art(13911): b62d8000-b62d9000 r--p 00035000 103:07 1632 /system/lib/libjpeg.so
10-09 12:15:45.170: W/art(13911): b62d9000-b62da000 rw-p 00036000 103:07 1632 /system/lib/libjpeg.so
10-09 12:15:45.170: W/art(13911): b62da000-b62db000 r--p 00000000 00:00 0 [anon:linker_alloc]
10-09 12:15:45.170: W/art(13911): b62db000-b636c000 r-xp 00000000 103:07 1648 /system/lib/libmedia.so
10-09 12:15:45.170: W/art(13911): b636c000-b636d000 ---p 00000000 00:00 0
10-09 12:15:45.170: W/art(13911): b636d000-b6389000 r--p 00091000 103:07 1648 /system/lib/libmedia.so
10-09 12:15:45.170: W/art(13911): b6389000-b638a000 rw-p 000ad000 103:07 1648 /system/lib/libmedia.so
10-09 12:15:45.170: W/art(13911): b638a000-b64ef000 r-xp 00000000 103:07 1621 /system/lib/libicui18n.so
10-09 12:15:45.170: W/art(13911): b64ef000-b64f0000 ---p 00000000 00:00 0
10-09 12:15:45.170: W/art(13911): b64f0000-b64fb000 r--p 00165000 103:07 1621 /system/lib/libicui18n.so
10-09 12:15:45.170: W/art(13911): b64fb000-b64fc000 rw-p 00170000 103:07 1621 /system/lib/libicui18n.so
10-09 12:15:45.170: W/art(13911): b64fc000-b660b000 r-xp 00000000 103:07 1622 /system/lib/libicuuc.so
10-09 12:15:45.170: W/art(13911): b660b000-b6616000 r--p 0010e000 103:07 1622 /system/lib/libicuuc.so
10-09 12:15:45.170: W/art(13911): b6616000-b6617000 rw-p 00119000 103:07 1622 /system/lib/libicuuc.so
10-09 12:15:45.170: W/art(13911): b6617000-b661b000 rw-p 00000000 00:00 0
10-09 12:15:45.170: W/art(13911): b661b000-b663e000 r-xp 00000000 103:07 1730 /system/lib/libssl.so
10-09 12:15:45.170: W/art(13911): b663e000-b6640000 r--p 00022000 103:07 1730 /system/lib/libssl.so
10-09 12:15:45.170: W/art(13911): b6640000-b6641000 rw-p 00024000 103:07 1730 /system/lib/libssl.so
10-09 12:15:45.170: W/art(13911): b6641000-b66d1000 r-xp 00000000 103:07 1560
10-09 12:15:45.170: W/art(13911): /system/lib/libcrypto.so
10-09 12:15:45.170: W/art(13911): b66d1000-b66d2000 ---p 00000000 00:00 0
10-09 12:15:45.170: W/art(13911): b66d2000-b66dd000 r--p 00090000 103:07 1560 /system/lib/libcrypto.so
10-09 12:15:45.170: W/art(13911): b66dd000-b66de000 rw-p 0009b000 103:07 1560 /system/lib/libcrypto.so
10-09 12:15:45.170: W/art(13911): b66de000-b6730000 r-xp 00000000 103:07 1722 /system/lib/libson
10-09 12:15:45.170: W/art(13911): ivox.so
10-09 12:15:45.170: W/art(13911): b6730000-b6731000 ---p 00000000 00:00 0
10-09 12:15:45.170: W/art(13911): b6731000-b6732000 r--p 00052000 103:07 1722 /system/lib/libsonivox.so
10-09 12:15:45.170: W/art(13911): b6732000-b6733000 rw-p 00053000 103:07 1722 /system/lib/libsonivox.so
10-09 12:15:45.170: W/art(13911): b6733000-b6738000 rw-p 00000000 00:00 0
10-09 12:15:45.170: W/art(13911): b6738000-b6747000 r-xp 0
10-09 12:15:45.170: W/art(13911): 0000000 103:07 1713 /system/lib/libselinux.so
10-09 12:15:45.170: W/art(13911): b6747000-b6748000 r--p 0000e000 103:07 1713 /system/lib/libselinux.so
10-09 12:15:45.170: W/art(13911): b6748000-b6749000 rw-p 0000f000 103:07 1713 /system/lib/libselinux.so
10-09 12:15:45.170: W/art(13911): b6749000-b6750000 r-xp 00000000 103:07 1616 /system/lib/libhardware_legacy.so
10-09 12:15:45.170: W/art(13911): b6750000-b6751000 ---p 00000000 00:00 0
10-09 12:15:45.171: W/art(13911): b6751000-b6752000 r--p 00007000 103:07 1616 /system/lib/libhardware_legacy.so
10-09 12:15:45.171: W/art(13911): b6752000-b6753000 rw-p 00008000 103:07 1616 /system/lib/libhardware_legacy.so
10-09 12:15:45.171: W/art(13911): b6753000-b6754000 rw-p 00000000 00:00 0
10-09 12:15:45.171: W/art(13911): b6754000-b6757000 r-xp 00000000 103:07 1615
10-09 12:15:45.171: W/art(13911): /system/lib/libhardware.so
10-09 12:15:45.171: W/art(13911): b6757000-b6758000 r--p 00002000 103:07 1615 /system/lib/libhardware.so
10-09 12:15:45.171: W/art(13911): b6758000-b6759000 rw-p 00003000 103:07 1615 /system/lib/libhardware.so
10-09 12:15:45.171: W/art(13911): b6759000-b675d000 r-xp 00000000 103:07 1489 /system/lib/libETC1.so
10-09 12:15:45.171: W/art(13911): b675d000-b675e000 r--p 00003000
10-09 12:15:45.171: W/art(13911): 103:07 1489 /system/lib/libETC1.so
10-09 12:15:45.171: W/art(13911): b675e000-b675f000 rw-p 00004000 103:07 1489 /system/lib/libETC1.so
10-09 12:15:45.171: W/art(13911): b675f000-b676c000 r-xp 00000000 103:07 1493 /system/lib/libGLESv2.so
10-09 12:15:45.171: W/art(13911): b676c000-b676d000 r--p 0000c000 103:07 1493 /system/lib/libGLESv2.so
10-09 12:15:45.171: W/art(13911): b676d000-b676e000 rw-p 0000d000 103:07 1493 /system/lib/libGLESv2.so
10-09 12:15:45.171: W/art(13911): b676e000-b6776000 r-xp 00000000 103:07 1492 /system/lib/libGLESv1_CM.so
10-09 12:15:45.171: W/art(13911): b6776000-b6777000 r--p 00007000 103:07 1492 /system/lib/libGLESv1_CM.so
10-09 12:15:45.171: W/art(13911): b6777000-b6778000 rw-p 00008000 103:07 1492 /system/lib/libGLESv1_CM.so
10-09 12:15:45.171: W/art(13911): b6778000-b67d4000 r-xp 00000000 103:07 1488 /system/lib/libEGL.so
10-09 12:15:45.171: W/art(13911): b67d4000-b67d5000 ---p 00000000 00:00 0
10-09 12:15:45.171: W/art(13911): b67d5000-b67d7000 r--p 0005c000 103:07 1488 /system/lib/libEGL.so
10-09 12:15:45.171: W/art(13911): b67d7000-b67e0000 rw-p 0005e000 103:07 1488 /system/lib/libEGL.so
10-09 12:15:45.171: W/art(13911): b67e0000-b67e3000 rw-p 00000000 00:00 0
10-09 12:15:45.171: W/art(13911): b67e3000-b68b2000 r-xp 00000000 103:07 1728 /system/lib/libsqlite.so
10-09 12:15:45.171: W/art(13911): b68b2000-b68b4000 r--p 000ce000 103:07 1728 /system/lib/libsqlite.so
10-09 12:15:45.171: W/art(13911): b68b4000-b68b5000 rw-p 000d0000 103:07 1728 /system/lib/libsqlite.so
10-09 12:15:45.171: W/art(13911): b68b5000-b6b0f000 r-xp 00000000 103:07 1717 /system/lib/libskia.so
10-09 12:15:45.171: W/art(13911): b6b0f000-b6b10000 ---p 00000000 00:00 0
10-09 12:15:45.171: W/art(13911): b6b10000-b6b2a000 r--p 0025a000 103:07 1717 /system/lib/libskia.so
10-09 12:15:45.171: W/art(13911): b6b2a000-b6b2c000 rw-p 00274000 103:07 1717 /system/lib/libskia.so
10-09 12:15:45.171: W/art(13911): b6b2c000-b6b31000 rw-p 00000000 00:00 0
10-09 12:15:45.171: W/art(13911): b6b31000-b6b39000 r-xp 00000000 103:07 1547 /system/lib/libcamera_
10-09 12:15:45.171: W/art(13911): metadata.so
10-09 12:15:45.171: W/art(13911): b6b39000-b6b3a000 ---p 00000000 00:00 0
10-09 12:15:45.171: W/art(13911): b6b3a000-b6b3b000 r--p 00008000 103:07 1547 /system/lib/libcamera_metadata.so
10-09 12:15:45.171: W/art(13911): b6b3b000-b6b3c000 rw-p 00009000 103:07 1547 /system/lib/libcamera_metadata.so
10-09 12:15:45.171: W/art(13911): b6b3c000-b6b60000 r-xp 00000000 103:07 1546
10-09 12:15:45.171: W/art(13911): /system/lib/libcamera_client.so
10-09 12:15:45.171: W/art(13911): b6b60000-b6b61000 ---p 00000000 00:00 0
10-09 12:15:45.171: W/art(13911): b6b61000-b6b68000 r--p 00024000 103:07 1546 /system/lib/libcamera_client.so
10-09 12:15:45.171: W/art(13911): b6b68000-b6b69000 rw-p 0002b000 103:07 1546 /system/lib/libcamera_client.so
10-09 12:15:45.171: W/art(13911): b6b69000-b6ba5000 r-xp 00000000 103:07 1625 /sys
10-09 12:15:45.171: W/art(13911): tem/lib/libinputflinger.so
10-09 12:15:45.171: W/art(13911): b6ba5000-b6ba8000 r--p 0003b000 103:07 1625 /system/lib/libinputflinger.so
10-09 12:15:45.171: W/art(13911): b6ba8000-b6ba9000 rw-p 0003e000 103:07 1625 /system/lib/libinputflinger.so
10-09 12:15:45.171: W/art(13911): b6ba9000-b6bc3000 r-xp 00000000 103:07 1624 /system/lib/libinput.so
10-09 12:15:45.171: W/art(13911): b6bc3000-b6bc7000 r--p 00019000 103:07 1624 /system/lib/libinput.so
10-09 12:15:45.171: W/art(13911): b6bc7000-b6bc8000 rw-p 0001d000 103:07 1624 /system/lib/libinput.so
10-09 12:15:45.171: W/art(13911): b6bc8000-b6c15000 r-xp 00000000 103:07 1614 /system/lib/libgui.so
10-09 12:15:45.171: W/art(13911): b6c15000-b6c21000 r--p 0004c000 103:07 1614 /system/lib/libgui.so
10-09 12:15:45.171: W/art(13911): b6c21000-b6c22000 rw-p 00058000 103:07 1614 /system/lib/libgui.so
10-09 12:15:45.171: W/art(13911): b6c22000-b6c2f000 r-xp 00000000 103:07 1773 /system/lib/libui.so
10-09 12:15:45.171: W/art(13911): b6c2f000-b6c30000 ---p 00000000 00:00 0
10-09 12:15:45.171: W/art(13911): b6c30000-b6c31000 r--p 0000d000 103:07 1773 /system/lib/libui.so
10-09 12:15:45.171: W/art(13911): b6c31000-b6c32000 rw-p 0000e000 103:07 1773 /system/lib/libui.so
10-09 12:15:45.171: W/art(13911): b6c32000-b6c39000 r-xp 00000000 103:07 1676 /system/lib/libnetutils.so
10-09 12:15:45.211: D/ICU(13911): No timezone override file found: /data/misc/zoneinfo/current/icu/icu_tzdata.dat
10-09 12:15:45.254: I/Radio-JNI(13911): register_android_hardware_Radio DONE
