10-09 12:15:15.166: V/ConnectivityManager(11092): isActiveNetworkMetered() returns:false
10-09 12:15:15.178: I/GmailIS(12215): Receive LOGIN_ACCOUNTS_CHANGED intent: Intent { act=android.accounts.LOGIN_ACCOUNTS_CHANGED flg=0x4000010 cmp=com.google.android.gm/.GmailIntentService }
10-09 12:15:15.185: D/ConnectivityService(1643): listenForNetwork for Listen from uid/pid:10061/11092 for NetworkRequest [ id=17, legacyType=-1, [ Capabilities: INTERNET&NOT_RESTRICTED&TRUSTED] ]
10-09 12:15:15.196: I/Gmail(12215): System accounts updated.
10-09 12:15:15.197: I/Finsky(13016): [922] com.google.android.finsky.db.a.l.b(25): Started reading experiment flags from file [SKocQA9EQQFTb-1gQsc5WsjVhGA].
10-09 12:15:15.204: I/Finsky(13016): [922] com.google.android.finsky.db.a.l.b(61): Finished reading experiment flags from file [SKocQA9EQQFTb-1gQsc5WsjVhGA].
10-09 12:15:15.214: I/Exchange(12215): Accounts changed - requesting FolderSync for unsynced accounts
10-09 12:15:15.215: I/Exchange(12215): EasService.onCreate
10-09 12:15:15.217: W/ActivityManager(1643): Unable to start service Intent { cmp=com.google.android.gm.exchange/com.android.exchange.service.EasService } U=0: not found
10-09 12:15:15.218: I/Exchange(12215): EasService.onCreate stoppedOldService=false
10-09 12:15:15.221: I/Exchange(12215): needResyncCalendar: false, hasCalendarPermission: false, needResyncContacts: false, hasContactsPermission: true
10-09 12:15:15.225: I/Exchange(12215): RestartPingTask
10-09 12:15:15.227: I/NotifActionUtils(12215): resendNotifications account: null, folder: null
10-09 12:15:15.232: I/Gmail(12215): getAccountsCursor
10-09 12:15:15.268: I/ActivityManager(1643): Start proc 13094:com.google.android.apps.photos/u0a103 for broadcast com.google.android.apps.photos/com.google.android.libraries.social.account.refresh.receiver.AccountsChangedReceiver
10-09 12:15:15.273: W/network(13078): type=1400 audit(0.0:541): avc: denied { ioctl } for uid=10061 path="socket:[69156]" dev="sockfs" ino=69156 ioctlcmd=8b1b scontext=u:r:untrusted_app:s0:c512,c768 tcontext=u:r:untrusted_app:s0:c512,c768 tclass=udp_socket permissive=0
10-09 12:15:15.300: I/art(1643): Background partial concurrent mark sweep GC freed 17865(1289KB) AllocSpace objects, 2(40KB) LOS objects, 33% free, 19MB/29MB, paused 3.153ms total 115.617ms
10-09 12:15:15.306: I/NotifUtils(12215): resendNotifications cancelExisting: false, account: null, folder: null
10-09 12:15:15.315: I/Exchange(12215): RestartPingsTask did not start any pings.
10-09 12:15:15.315: I/Exchange(12215): PSS stopIfIdle
10-09 12:15:15.315: I/Exchange(12215): PSS has no active accounts; stopping service.
10-09 12:15:15.316: I/Exchange(12215): onDestroy
10-09 12:15:15.319: E/PlayCommon(13016): [1] com.google.android.play.b.e.(18): Failed to restore PlayMetalog
10-09 12:15:15.320: E/PlayCommon(13016): [1] com.google.android.play.b.e.(21): Failed to restore LogsUploadAttempt
10-09 12:15:15.340: D/SystemUtils(12883): getSystemProperty: lpa.decode=null
10-09 12:15:15.352: W/System(13094): ClassLoader referenced unknown path: /system/app/Photos/lib/arm
10-09 12:15:15.354: D/DevicePlayback(12883): expireWoodstockTracks
10-09 12:15:15.357: D/MusicPlaybackService(12883): Playback service created
10-09 12:15:15.380: W/Search.SearchUrlHelper(11092): Auth token not ready, no auth header set.
10-09 12:15:15.383: W/ChromiumNet(13078): type=1400 audit(0.0:542): avc: denied { ioctl } for uid=10061 path="socket:[69217]" dev="sockfs" ino=69217 ioctlcmd=8b1b scontext=u:r:untrusted_app:s0:c512,c768 tcontext=u:r:untrusted_app:s0:c512,c768 tclass=udp_socket permissive=0
10-09 12:15:15.392: V/ConnectivityManager(11092): isActiveNetworkMetered() returns:false
10-09 12:15:15.396: I/MusicPlaybackService(12883): onStartCommand null / null
10-09 12:15:15.414: I/MediaRouter(12945): Found default route: MediaRouter.RouteInfo{ uniqueId=android/.support.v7.media.SystemMediaRouteProvider:DEFAULT_ROUTE, name=ヘッドホン, description=null, iconUri=null, enabled=true, connecting=false, connectionState=0, canDisconnect=false, playbackType=0, playbackStream=3, deviceType=0, volumeHandling=1, volume=10, volumeMax=15, presentationDisplayId=-1, extras=null, settingsIntent=null, providerPackageName=android }
10-09 12:15:15.427: W/InstanceID/Rpc(12945): Found 10028
10-09 12:15:15.430: W/art(12883): Suspending all threads took: 26.206ms
10-09 12:15:15.438: D/MusicLifecycle(12945): com.google.android.music.tutorial.SignupStatus$SignupCheckService generated event: Service created
10-09 12:15:15.439: D/MusicLifecycle(12945): com.google.android.music.tutorial.SignupStatus$SignupCheckService generated event: Service started with intent Intent { cmp=com.google.android.music/.tutorial.SignupStatus$SignupCheckService }
10-09 12:15:15.440: D/MusicLifecycle(12945): com.google.android.music.net.NetworkConnectivityMonitor$NetworkChangedReceiver generated event: Broadcast received with context com.google.android.music.MusicApplication@fee38f and intent Intent { act=android.net.conn.CONNECTIVITY_CHANGE flg=0x4000010 (has extras) }
10-09 12:15:15.448: V/ConnectivityManager(12945): isActiveNetworkMetered() returns:false
10-09 12:15:15.454: V/Volley(13016): Enforcing TLS 1.2
10-09 12:15:15.462: V/ConnectivityManager(11092): isActiveNetworkMetered() returns:false
10-09 12:15:15.466: D/MusicLifecycle(12883): com.google.android.music.store.MediaStoreImportService generated event: Service created
10-09 12:15:15.477: I/NetworkConnectivity(12945): Network state changed: NetworkState{networkInfo=[type: WIFI[], state: CONNECTED/CONNECTED, reason: (unspecified), extra: "wl-ftl-mt73-1-24", roaming: false, failover: false, isAvailable: true], connectedMobileDataType=0, activeNetworkMetered=false}
10-09 12:15:15.481: D/MusicLifecycle(12883): com.google.android.music.store.StoreService$StoreServiceBinder generated event: Service created
10-09 12:15:15.499: D/MusicLifecycle(12883): com.google.android.music.download.cache.TrackCacheService generated event: Service created
10-09 12:15:15.509: I/Finsky(13016): [1] com.google.android.finsky.wear.bc.a(14): Component class com.google.android.finsky.wear.WearSupportService enabled via PackageManager.
10-09 12:15:15.512: I/Finsky(13016): [1] com.google.android.finsky.wear.bc.a(14): Component class com.google.android.finsky.wear.WearChangeListenerService enabled via PackageManager.
10-09 12:15:15.524: W/Settings(13016): Setting download_manager_max_bytes_over_mobile has moved from android.provider.Settings.Secure to android.provider.Settings.Global.
10-09 12:15:15.524: W/Settings(13016): Setting download_manager_recommended_max_bytes_over_mobile has moved from android.provider.Settings.Secure to android.provider.Settings.Global.
10-09 12:15:15.573: V/Volley(13016): Enforcing TLS 1.2
10-09 12:15:15.600: I/Finsky(13016): [1] com.google.android.finsky.scheduler.bb.(18): Resetting scheduler db
10-09 12:15:15.605: I/Finsky(13016): [1] com.google.android.finsky.hygiene.b.d.a(65): No recent hygiene success, need more hygiene.
10-09 12:15:15.644: I/Finsky(13016): [941] com.google.android.finsky.cf.a.f.l(150): Loaded library for account: [3RkrNcRNq3lgciyaZdCYUp59XbI]
10-09 12:15:15.657: I/Finsky(13016): [941] com.google.android.finsky.cf.a.f.l(184): Finished loading 1 libraries.
10-09 12:15:15.665: D/DevicePlayback(12883): Current route null, CQ mode: false
10-09 12:15:15.696: V/ConnectivityManager(11092): isActiveNetworkMetered() returns:false
10-09 12:15:15.701: I/Finsky(13016): [1] com.google.android.finsky.splitinstallservice.bu.a(25): Connecting InstallListener to SplitInstallService broadcaster...
10-09 12:15:15.747: I/art(12354): Note: end time exceeds epoch:
10-09 12:15:15.755: D/ConnectivityService(1643): listenForNetwork for Listen from uid/pid:10088/12354 for NetworkRequest [ id=18, legacyType=-1, [ Capabilities: INTERNET&NOT_RESTRICTED&TRUSTED] ]
10-09 12:15:15.756: I/FetchOptInStatusTask(11092): AudioHistoryDisabled : Deleting model
10-09 12:15:15.808: I/Finsky(13016): [1] com.google.android.finsky.verifier.impl.cq.b(114): Setup app restrictions monitor
10-09 12:15:15.811: I/Finsky(13016): [1] com.google.android.finsky.verifier.impl.dv.a(20): Device wide unknown source restriction is changed.
10-09 12:15:15.832: I/Finsky(13016): [949] com.google.android.finsky.verifier.impl.as.a(7): Restoring notifications
10-09 12:15:15.834: I/Finsky(13016): [1] com.google.android.finsky.wear.WearSupportService.onStartCommand(26): Starting WearSupportService for send_installed_apps
10-09 12:15:15.836: I/Finsky(13016): [1] com.google.android.finsky.wear.w.a(18): Connecting to wearable
10-09 12:15:15.842: W/Finsky(13016): [947] com.google.android.finsky.inlinedetails.b.a(27): Enabled state of {com.android.vending/com.google.android.finsky.activities.LaunchUrlHandlerActivity} was set to 0
10-09 12:15:15.844: W/Finsky(13016): [947] com.google.android.finsky.inlinedetails.b.a(27): Enabled state of {com.android.vending/com.google.android.finsky.activities.MarketDeepLinkHandlerActivity} was set to 0
10-09 12:15:15.856: V/ConnectivityManager(11092): isActiveNetworkMetered() returns:false
10-09 12:15:15.869: V/ConnectivityManager(13016): isActiveNetworkMetered() returns:false
10-09 12:15:15.869: I/Finsky(13016): [1] com.google.android.finsky.installer.a.ai.a(238): Installer kick - no action, not running yet
10-09 12:15:15.876: I/Finsky(13016): [1] com.google.android.finsky.verifier.impl.as.c(44): Done restoring notifications
10-09 12:15:15.880: I/Finsky(13016): [917] com.google.android.finsky.deviceconfig.l.a(100): Uploading GcmRegistration Id because not registered yet
10-09 12:15:15.894: I/Wear_Controller(12585): Wear requires a companion app to be installed.
10-09 12:15:15.894: I/WearableService(12585): onCreate: Wearable Services not starting. Wear is not available on this device.
10-09 12:15:15.899: I/Finsky(13016): [1] com.google.android.finsky.installer.a.r.(15): Not checking if recovering from paused session because experiment is off
10-09 12:15:15.918: W/WearableService(12585): onGetService: Wear is not available on this device.
10-09 12:15:15.923: E/Finsky(13016): [1] com.google.android.finsky.wear.x.a(3): onConnectionFailed: ConnectionResult{statusCode=API_UNAVAILABLE, resolution=null, message=null}
10-09 12:15:15.924: W/Finsky(13016): [1] com.google.android.finsky.wear.w.b(31): GoogleApiClient instance is not connected when requested
10-09 12:15:15.925: W/Finsky(13016): [1] com.google.android.finsky.wear.dk.run(16): Dropping command=send_installed_apps due to Gms not connected
10-09 12:15:15.926: I/Finsky(13016): [1] com.google.android.finsky.wear.WearSupportService.b(66): Stopping WearSupportService
10-09 12:15:15.989: I/ActivityManager(1643): Start proc 13174:com.google.android.youtube/u0a110 for broadcast com.google.android.youtube/com.google.android.libraries.youtube.account.AccountsChangedReceiver
10-09 12:15:16.031: W/System(13174): ClassLoader referenced unknown path: /system/app/YouTube/lib/arm
10-09 12:15:16.034: I/Auth(12585): [BroadcastManager] Broadcasting account services changed.
10-09 12:15:16.224: I/art(12354): Note: end time exceeds epoch:
10-09 12:15:16.242: W/DynamiteModule(13174): Failed to load module via V2: java.lang.ClassNotFoundException: Didn't find class "com.google.android.gms.dynamite.DynamiteModule$DynamiteLoaderClassLoader" on path: DexPathList[[zip file "/system/app/YouTube/YouTube.apk"],nativeLibraryDirectories=[/system/app/YouTube/lib/arm, /system/app/YouTube/YouTube.apk!/lib/armeabi-v7a, /vendor/lib, /system/lib]]
10-09 12:15:16.260: I/DynamiteModule(13174): Considering local module com.google.android.gms.ads.dynamite:0 and remote module com.google.android.gms.ads.dynamite:310
10-09 12:15:16.260: I/DynamiteModule(13174): Selected remote version of com.google.android.gms.ads.dynamite, version >= 310
10-09 12:15:16.278: V/NativeCrypto(13174): Registering com/google/android/gms/org/conscrypt/NativeCrypto's 284 native methods...
10-09 12:15:16.307: W/System(13174): ClassLoader referenced unknown path: /data/data/com.google.android.gms/app_chimera/m/00000003/n/armeabi-v7a
10-09 12:15:16.308: W/System(13174): ClassLoader referenced unknown path: /data/data/com.google.android.gms/app_chimera/m/00000003/n/armeabi
10-09 12:15:16.310: I/art(12354): Note: end time exceeds epoch:
10-09 12:15:16.312: I/art(12354): Note: end time exceeds epoch:
10-09 12:15:16.320: D/DynamitePackage(13174): Instantiated singleton DynamitePackage.
10-09 12:15:16.321: D/DynamitePackage(13174): Instantiating com.google.android.gms.ads.adshield.ChimeraAdShieldCreatorImpl
10-09 12:15:16.322: I/art(13174): Rejecting re-init on previously-failed class java.lang.Class
10-09 12:15:16.322: I/art(13174): Rejecting re-init on previously-failed class java.lang.Class
10-09 12:15:16.324: I/art(13174): Rejecting re-init on previously-failed class java.lang.Class
10-09 12:15:16.324: I/art(13174): Rejecting re-init on previously-failed class java.lang.Class
10-09 12:15:16.341: E/Babel(12354): Invalid server experiment type 4 for BabelExperiment{id='b84806c8', experimentType=0, defaultBoolean=null, defaultLong=null, defaultFloat=null}
10-09 12:15:16.353: W/BabelExperiments(12354): Pre-computing loggable experiments for invalid account -1
10-09 12:15:16.361: I/Babel(12354): BAM created 1
10-09 12:15:16.372: I/Babel(12354): BAM#account updated: 1
10-09 12:15:16.396: I/ProviderInstaller(13174): Installed default security provider GmsCore_OpenSSL
10-09 12:15:16.399: I/Babel_StickerModule(12354): Account change update: 1
10-09 12:15:16.399: W/Babel_StickerModule(12354): Null account update.
10-09 12:15:16.401: I/Babel(12354): Account not valid for babel. Skip device registration: 1-Redacted-54-chars
10-09 12:15:16.422: D/Babel(12354): onCreate: Shutdown runnable posted in onCreate with a delay of 5000 ms.
10-09 12:15:16.469: I/Finsky(13016): [1] com.google.android.finsky.eh.d.b_(39): Server requests device config token
10-09 12:15:16.566: V/NativeCrypto(12354): Registering com/google/android/gms/org/conscrypt/NativeCrypto's 284 native methods...
10-09 12:15:16.583: I/MediaStoreImporter(12883): Update: incremental Added music: 0 Updated music: 0 Deleted music: 0 Created playlists: 0 Updated playlists: 0 Deleted playlists: 0 Inserted playlist items: 0 Deleted playlist items: 0 Removed orphaned playlist items: 0
10-09 12:15:16.606: V/AlarmManager(1643): sending alarm {9db845f type 0 *walarm*:com.android.vending/com.google.android.finsky.hygiene.DailyHygiene$DailyHygieneService}
10-09 12:15:16.606: W/ActivityManager(1643): Unable to start service Intent { flg=0x4 cmp=com.android.vending/com.google.android.finsky.hygiene.DailyHygiene$DailyHygieneService (has extras) } U=0: not found
10-09 12:15:16.607: V/AlarmManager(1643): done {9db845f, *walarm*:com.android.vending/com.google.android.finsky.hygiene.DailyHygiene$DailyHygieneService} [0ms]
10-09 12:15:16.612: I/art(12354): Rejecting re-init on previously-failed class java.lang.Class
10-09 12:15:16.612: I/art(12354): Rejecting re-init on previously-failed class java.lang.Class
10-09 12:15:16.613: I/art(12354): Rejecting re-init on previously-failed class java.lang.Class
10-09 12:15:16.613: I/art(12354): Rejecting re-init on previously-failed class java.lang.Class
10-09 12:15:16.638: I/ProviderInstaller(12354): Installed default security provider GmsCore_OpenSSL
10-09 12:15:16.663: D/Babel(12354): Idle: Shutdown runnable posted in release with a delay of 5000 ms.
10-09 12:15:16.756: W/InstanceID/Rpc(13174): Found 10028
10-09 12:15:16.894: V/ConnectivityManager(13174): isActiveNetworkMetered() returns:false
10-09 12:15:16.900: I/Finsky(13016): [1] com.google.android.finsky.application.impl.a.dD(2045): Skipping additional VPA because disabled.
10-09 12:15:16.901: I/Finsky(13016): [1] com.google.android.finsky.er.a.d(121): Refreshing user settings: account=[3RkrNcRNq3lgciyaZdCYUp59XbI]
10-09 12:15:16.903: D/Volley(13016): [927] e.a: Cache cleared.
10-09 12:15:16.908: D/Volley(13016): [934] e.a: Cache cleared.
10-09 12:15:16.919: D/ConnectivityService(1643): listenForNetwork for Listen from uid/pid:10110/13174 for NetworkRequest [ id=19, legacyType=-1, [ Capabilities: INTERNET&NOT_RESTRICTED&TRUSTED] ]
10-09 12:15:16.921: D/Volley(13016): [1] e.a: Cache cleared.
10-09 12:15:17.012: V/ConnectivityManager(13174): isActiveNetworkMetered() returns:false
10-09 12:15:17.017: W/ChimeraUtils(12585): Non Chimera context
10-09 12:15:17.048: I/Auth(12585): [BroadcastManager] Broadcasting account change.
10-09 12:15:17.054: W/WakefulBroadcastReceiv.(12585): No active wake lock id #1
10-09 12:15:17.096: V/ConnectivityManager(13174): isActiveNetworkMetered() returns:false
10-09 12:15:17.097: W/ActivityManager(1643): Permission Denial: Accessing service ComponentInfo{com.google.android.music/com.google.android.music.dial.DialMediaRouteProviderService} from pid=13174, uid=10110 that is not exported from uid 10100
10-09 12:15:17.121: W/System(13174): ClassLoader referenced unknown path: /system/framework/com.qualcomm.qti.GBAHttpAuthentication.jar
10-09 12:15:17.126: I/art(1643): Background partial concurrent mark sweep GC freed 16820(1234KB) AllocSpace objects, 0(0B) LOS objects, 33% free, 19MB/29MB, paused 2.323ms total 112.699ms
10-09 12:15:17.151: I/Auth(12585): [GoogleAccountHistoryStore] creating database.
10-09 12:15:17.195: I/ActivityManager(1643): Killing 11382:com.google.android.apps.messaging/u0a97 (adj 15): empty #7
10-09 12:15:17.236: D/ActivityManager(1643): cleanUpApplicationRecord -- 11382
10-09 12:15:17.274: I/BeaconBle(12585): 'L' hardware scan: scan stopped, no clients
10-09 12:15:17.300: E/BaseAppContext(12568): Tried to stop global GMSCore RequestQueue. This is likely unintended, so ignoring.
10-09 12:15:17.360: E/ChimeraProxyRslvr(12568): Chimera config error: com.google.android.chimera.config.InvalidConfigException: No registered Chimera impl for ComponentInfo{com.google.android.gms/com.google.android.gms.mdm.receivers.AccountsChangedReceiver}
10-09 12:15:17.401: E/ChimeraProxyRslvr(12568): Chimera config error: com.google.android.chimera.config.InvalidConfigException: No registered Chimera impl for ComponentInfo{com.google.android.gms/com.google.android.gms.mdm.receivers.AccountsChangedReceiver}
10-09 12:15:17.401: E/ChimeraRcvrProxy(12568): com.google.android.gms.mdm.receivers.AccountsChangedReceiver dropping broadcast android.accounts.LOGIN_ACCOUNTS_CHANGED
10-09 12:15:17.410: I/DiscoveryManager(12568): Filter criteria(233637DE) scannerFlags(2)
10-09 12:15:17.419: D/MusicLifecycle(12883): com.google.android.music.AccountsBroadcastReceiver generated event: Broadcast received with context android.app.ReceiverRestrictedContext@42a00da and intent Intent { act=android.accounts.LOGIN_ACCOUNTS_CHANGED flg=0x4000010 cmp=com.google.android.music/.AccountsBroadcastReceiver }
10-09 12:15:17.421: D/MusicLifecycle(12945): com.google.android.music.tutorial.SignupStatus$SignupCheckService generated event: Service started with intent Intent { cmp=com.google.android.music/.tutorial.SignupStatus$SignupCheckService }
10-09 12:15:17.443: I/aiqy(12585): Scheduling Phenotype for a PhenotypeSyncImmediately(5, null) one off with window [1, 2] in seconds [CONTEXT service_id=51 ]
10-09 12:15:17.500: I/PmtsSwAccountIntentOp(12568): Processing intent action=android.accounts.LOGIN_ACCOUNTS_CHANGED
10-09 12:15:17.500: I/PmtsSwAccountIntentOp(12568): Device isn't of sufficient API level
10-09 12:15:17.531: I/GmailIS(12215): Receive LOGIN_ACCOUNTS_CHANGED intent: Intent { act=android.accounts.LOGIN_ACCOUNTS_CHANGED flg=0x4000010 cmp=com.google.android.gm/.GmailIntentService }
10-09 12:15:17.534: I/Gmail(12215): System accounts updated.
10-09 12:15:17.534: I/Exchange(12215): Accounts changed - requesting FolderSync for unsynced accounts
10-09 12:15:17.573: I/Exchange(12215): EasService.onCreate
10-09 12:15:17.574: W/ActivityManager(1643): Unable to start service Intent { cmp=com.google.android.gm.exchange/com.android.exchange.service.EasService } U=0: not found
10-09 12:15:17.574: I/Exchange(12215): EasService.onCreate stoppedOldService=false
10-09 12:15:17.579: I/Exchange(12215): needResyncCalendar: false, hasCalendarPermission: false, needResyncContacts: false, hasContactsPermission: true
10-09 12:15:17.580: I/Exchange(12215): RestartPingTask
10-09 12:15:17.581: I/NotifActionUtils(12215): resendNotifications account: null, folder: null
10-09 12:15:17.590: E/ActivityThread(12215): Service com.android.email.service.EmailBroadcastProcessorService has leaked ServiceConnection bjt@ddcf96b that was originally bound here
10-09 12:15:17.590: E/ActivityThread(12215): android.app.ServiceConnectionLeaked: Service com.android.email.service.EmailBroadcastProcessorService has leaked ServiceConnection bjt@ddcf96b that was originally bound here
10-09 12:15:17.590: E/ActivityThread(12215): at android.app.LoadedApk$ServiceDispatcher.(LoadedApk.java:1092)
10-09 12:15:17.590: E/ActivityThread(12215): at android.app.LoadedApk.getServiceDispatcher(LoadedApk.java:986)
10-09 12:15:17.590: E/ActivityThread(12215): at android.app.ContextImpl.bindServiceCommon(ContextImpl.java:1303)
10-09 12:15:17.590: E/ActivityThread(12215): at android.app.ContextImpl.bindService(ContextImpl.java:1286)
10-09 12:15:17.590: E/ActivityThread(12215): at android.content.ContextWrapper.bindService(ContextWrapper.java:604)
10-09 12:15:17.590: E/ActivityThread(12215): at bjr.a(SourceFile:243)
10-09 12:15:17.590: E/ActivityThread(12215): at bjr.d(SourceFile:286)
10-09 12:15:17.590: E/ActivityThread(12215): at bdt.c(SourceFile:180)
10-09 12:15:17.590: E/ActivityThread(12215): at bbo.a(SourceFile:205)
10-09 12:15:17.590: E/ActivityThread(12215): at bbo.a(SourceFile:149)
10-09 12:15:17.590: E/ActivityThread(12215): at com.android.email.service.EmailBroadcastProcessorService.c(SourceFile:348)
10-09 12:15:17.590: E/ActivityThread(12215): at com.android.email.service.EmailBroadcastProcessorService.onHandleIntent(SourceFile:3457)
10-09 12:15:17.590: E/ActivityThread(12215): at android.app.IntentService$ServiceHandler.handleMessage(IntentService.java:66)
10-09 12:15:17.590: E/ActivityThread(12215): at android.os.Handler.dispatchMessage(Handler.java:102)
10-09 12:15:17.590: E/ActivityThread(12215): at android.os.Looper.loop(Looper.java:148)
10-09 12:15:17.590: E/ActivityThread(12215): at android.os.HandlerThread.run(HandlerThread.java:61)
10-09 12:15:17.604: I/NotifUtils(12215): resendNotifications cancelExisting: false, account: null, folder: null
10-09 12:15:17.607: I/Gmail(12215): getAccountsCursor
10-09 12:15:17.626: I/Exchange(12215): RestartPingsTask did not start any pings.
10-09 12:15:17.626: I/Exchange(12215): PSS stopIfIdle
10-09 12:15:17.626: I/Exchange(12215): PSS has no active accounts; stopping service.
10-09 12:15:17.628: I/Exchange(12215): onDestroy
10-09 12:15:17.637: E/biv(12215): RuntimeException when trying to unbind from service
10-09 12:15:17.637: E/biv(12215): java.lang.IllegalArgumentException: Service not registered: bjt@ddcf96b
10-09 12:15:17.637: E/biv(12215): at android.app.LoadedApk.forgetServiceDispatcher(LoadedApk.java:1044)
10-09 12:15:17.637: E/biv(12215): at android.app.ContextImpl.unbindService(ContextImpl.java:1337)
10-09 12:15:17.637: E/biv(12215): at android.content.ContextWrapper.unbindService(ContextWrapper.java:616)
10-09 12:15:17.637: E/biv(12215): at bju.a(SourceFile:186)
10-09 12:15:17.637: E/biv(12215): at bju.doInBackground(SourceFile:173)
10-09 12:15:17.637: E/biv(12215): at android.os.AsyncTask$2.call(AsyncTask.java:295)
10-09 12:15:17.637: E/biv(12215): at java.util.concurrent.FutureTask.run(FutureTask.java:237)
10-09 12:15:17.637: E/biv(12215): at android.os.Handler.handleCallback(Handler.java:746)
10-09 12:15:17.637: E/biv(12215): at android.os.Handler.dispatchMessage(Handler.java:95)
10-09 12:15:17.637: E/biv(12215): at android.os.Looper.loop(Looper.java:148)
10-09 12:15:17.637: E/biv(12215): at android.os.HandlerThread.run(HandlerThread.java:61)
10-09 12:15:17.684: W/ChimeraUtils(12585): Non Chimera context
10-09 12:15:17.705: W/WakefulBroadcastReceiv.(12585): No active wake lock id #2
10-09 12:15:17.744: E/ChimeraProxyRslvr(12568): Chimera config error: com.google.android.chimera.config.InvalidConfigException: No registered Chimera impl for ComponentInfo{com.google.android.gms/com.google.android.gms.mdm.receivers.AccountsChangedReceiver}
10-09 12:15:17.751: I/ActivityManager(1643): Killing 11011:com.android.defcontainer/u0a20 (adj 15): empty #7
10-09 12:15:17.779: D/ActivityManager(1643): cleanUpApplicationRecord -- 11011
10-09 12:15:17.799: E/ChimeraProxyRslvr(12568): Chimera config error: com.google.android.chimera.config.InvalidConfigException: No registered Chimera impl for ComponentInfo{com.google.android.gms/com.google.android.gms.mdm.receivers.AccountsChangedReceiver}
10-09 12:15:17.799: E/ChimeraRcvrProxy(12568): com.google.android.gms.mdm.receivers.AccountsChangedReceiver dropping broadcast android.accounts.LOGIN_ACCOUNTS_CHANGED
10-09 12:15:17.815: I/PmtsSwAccountIntentOp(12568): Processing intent action=android.accounts.LOGIN_ACCOUNTS_CHANGED
10-09 12:15:17.815: I/PmtsSwAccountIntentOp(12568): Device isn't of sufficient API level
10-09 12:15:17.828: I/aiqy(12585): Scheduling Phenotype for a PhenotypeSyncImmediately(5, null) one off with window [1, 2] in seconds [CONTEXT service_id=51 ]
10-09 12:15:17.829: I/Auth(12568): [SupervisedAccountIntentOperation] onHandleIntent(): com.google.android.gms.auth.ACCOUNT_SERVICES_CHANGED
10-09 12:15:17.844: V/AlarmManager(1643): done {5cfb45a, *walarm*:com.google.android.intent.action.GCM_RECONNECT} [4524ms]
10-09 12:15:17.868: I/Auth(12568): [SupervisedAccountIntentOperation] This operation is disabled
10-09 12:15:17.873: I/IcingInternalCorpora(12568): Received calendar change notification.
10-09 12:15:17.878: I/GamesDatabaseHelper(12568): Bootstrapping database version: 2200
10-09 12:15:17.888: I/ActivityManager(1643): Start proc 13344:com.google.android.talk:matchstick/u0a88 for broadcast com.google.android.talk/com.google.android.libraries.matchstick.net.MatchstickInProcessReceiver
10-09 12:15:17.908: I/Finsky(13016): [1] com.google.android.finsky.deviceconfig.g.b_(19): Received device config token CisaKQoTNDA3MjAzODM0MjQ0NDE2ODk1MBISChAxNTM5MTEyNTE3NzE3MTM1
10-09 12:15:17.959: W/System(13344): ClassLoader referenced unknown path: /system/app/Hangouts/lib/arm
10-09 12:15:18.199: I/Finsky(13016): [929] com.google.android.finsky.bf.a.c.a(254): Process stable target turned on mid-process: 12604357
10-09 12:15:18.200: I/Finsky(13016): [929] com.google.android.finsky.bf.a.c.a(254): Process stable target turned on mid-process: 12604382
10-09 12:15:18.200: I/Finsky(13016): [929] com.google.android.finsky.bf.a.c.a(254): Process stable target turned on mid-process: 12606677
10-09 12:15:18.201: I/Finsky(13016): [929] com.google.android.finsky.bf.a.c.a(254): Process stable target turned on mid-process: 12606765
10-09 12:15:18.201: I/Finsky(13016): [929] com.google.android.finsky.bf.a.c.a(254): Process stable target turned on mid-process: 12609472
10-09 12:15:18.201: I/Finsky(13016): [929] com.google.android.finsky.bf.a.c.a(254): Process stable target turned on mid-process: 12609522
10-09 12:15:18.201: I/Finsky(13016): [929] com.google.android.finsky.bf.a.c.a(254): Process stable target turned on mid-process: 12609703
10-09 12:15:18.204: I/Finsky(13016): [1] com.google.android.finsky.er.a.d(121): Refreshing user settings: account=[3RkrNcRNq3lgciyaZdCYUp59XbI]
10-09 12:15:18.204: I/Finsky(13016): [929] com.google.android.finsky.cn.a.a(48): Enabling bucket experiment: factor=1.000, zeroDelta=0ms, forceNetwork=true
10-09 12:15:18.228: D/Volley(13016): [927] e.a: Cache cleared.
10-09 12:15:18.235: D/Volley(13016): [934] e.a: Cache cleared.
10-09 12:15:18.237: D/Volley(13016): [1] e.a: Cache cleared.
10-09 12:15:18.250: I/Finsky(13016): [1] com.google.android.finsky.instantappsquickinstall.k.onPostExecute(16): Changing IA Quick Install Enabled State to true
10-09 12:15:18.263: I/MusicPreferences(12945): Setting store availability: true
10-09 12:15:18.308: I/MusicPreferences(12945): Account auto-selected
10-09 12:15:18.325: D/MusicLifecycle(12945): com.google.android.music.tutorial.SignupStatus$SignupCheckService generated event: Service destroyed
10-09 12:15:18.328: I/MusicPlaybackService(12883): onStartCommand com.google.android.music.clearqueue / null
10-09 12:15:18.328: I/DevicePlayback(12883): clearQueue
10-09 12:15:18.331: V/MusicPlaybackService(12883): notifyChange: com.android.music.queuechanged
10-09 12:15:18.332: I/ActivityManager(1643): Killing 12825:com.google.android.apps.auth.test.support/u0a116 (adj 15): empty #7
10-09 12:15:18.372: I/MusicPlaybackService(12883): Sending out broadcast: com.android.music.queuechanged Extras: Bundle[{hasValidPlaylist=false, woodstock=false, isPodcast=false, queueLoading=false, isDoubleclickAd=false, ListSize=0, isSoundAd=false, isSkipLimitReached=false}]
10-09 12:15:18.372: D/ActivityManager(1643): cleanUpApplicationRecord -- 12825
10-09 12:15:18.374: D/DevicePlayback(12883): onSongChanged: isFromUserAction=false
10-09 12:15:18.374: V/MusicPlaybackService(12883): notifyChange: com.android.music.metachanged
10-09 12:15:18.375: W/MusicPlaybackService(12883): Song is not loaded. Ignoring.
10-09 12:15:18.377: D/MusicPlaybackService(12883): cancelNotification id=1
10-09 12:15:18.377: V/MusicPlaybackService(12883): setting should show notification to true
10-09 12:15:18.377: I/DevicePlayback(12883): stop: willPlay=false, currentPos=-1
10-09 12:15:18.377: D/DevicePlayback(12883): cancelTryNext
10-09 12:15:18.384: V/MusicPlaybackService(12883): notifyChange: com.android.music.playstatechanged
10-09 12:15:18.384: W/MusicPlaybackService(12883): Song is not loaded. Ignoring.
10-09 12:15:18.386: D/MusicPlaybackService(12883): cancelNotification id=1
10-09 12:15:18.386: V/MusicPlaybackService(12883): setting should show notification to true
10-09 12:15:18.387: D/DevicePlayback(12883): Current route null, CQ mode: false
10-09 12:15:18.387: D/LocalAsyncMediaPlayer(12883): resetBuffering
10-09 12:15:18.413: W/Babel(12354): bcp TOOK TOO LONG! (15002ms > 10000ms)
10-09 12:15:18.431: W/Babel(12354): bcp TOOK TOO LONG! (15000ms > 10000ms)
10-09 12:15:18.435: E/NetworkScheduler(12585): Invalid component specified.
10-09 12:15:18.465: D/DevicePlayback(12883): Current route null, CQ mode: false
10-09 12:15:18.465: D/DevicePlayback(12883): Current route null, CQ mode: false
10-09 12:15:18.471: I/Auth(12568): [SupervisedAccountIntentOperation] onHandleIntent(): com.google.android.gms.auth.ACCOUNT_SERVICES_CHANGED
10-09 12:15:18.471: I/Auth(12568): [SupervisedAccountIntentOperation] This operation is disabled
10-09 12:15:18.486: I/Telecom(1643): PhoneAccountRegistrar: SimCallManager queried, returning: null
10-09 12:15:18.496: V/MusicPlaybackService(12883): Updating notification + media session metadata due to completed art request: ArtRequest{mState=30, mDescriptor=DocumentArtDescriptor{artType=NOTIFICATION, sizeHandling=com.google.android.music.art.ArtDescriptor$SizeHandling@fe5cbd5, width=256, height=256, identifier=[mArtUrl=null, mTitle=null, mSubTitle=null, mDescription=null, mReason1=null, mExplicitType=UNKNOWN, mDuration=0, mPlayPositionMillis=0, mPublicationTimestamp=0, mId=-1, mAlbumId=-1, mPodcastEpisodeId=null, mPodcastSeriesId=null, mPodcastSeriesTitle=null, mAlbumName=null, mArtistId=-1, mArtistName=null, mType=ALBUM, mIsNautilus=false, mTrackMetajamId=null, mAlbumMetajamId=null, mArtistMetajamId=null, mPlaylistName=null, mPlaylistType=-1, mPlaylistShareToken=null, mPlaylistOwnerName=null, mProfilePhotoUrl=null, mPlaylistSharedState=1, mPlaylistMemberId=-1, mSongStoreId=null, mGenreId=null, mParentGenreId=null, mSubgenreCount=0, mHasLocal=false, mCanAddtoLibrary=false, mQueueItemId=-1, mQueueItemState=0, mQueueItemContainerId=-1, mQueueItemContainerType=0, mQueueItemContainerName=null, mIsFromSearch=false, mSearchString=null, mPosition=-1, mAdapterPosition=-1, mRadioSourceType=0, mRadioSourceId=null, mRadioBylineText=null, mRadioTrackSeedMetajamId=null, mMainstageReason=-1, mRadioRemoteId=null, mSourceAccount=0, mVideoId=null, mVideoThumbnailUrl=null, mPlaylistEditorArtwork=null, mRadioHighlightColor=null, mSituationId=null, mIsTopLevelSituation=false, mHasSubSituations=false, mSituationWideArtUrl=null, mCategoryId=null, mDontModifyRadioDisplayTitle=false, mCanDismiss=false, mCompositeWideArtUrl=null, mCompositeSquareArtUrl=null, mNavBarSection=0, mCollectionId=null, mCollectionPos=-1, mIsFromSoundSearch=false, mAvailableForPurchase=true, mAvailableForSubscription=true, mPodcastPodlistId=null, mSituationContainsPodlists=false, mDismissalKey=null, mDismissalText=null, mDismissalToken=null, mLogToken=null], useDefaultIfMissing=true, aspectRatio=1.0, config=RGB_565}, mItems={}}
10-09 12:15:18.497: D/MusicPlaybackService(12883): cancelNotification id=1
10-09 12:15:18.497: V/MusicPlaybackService(12883): setting should show notification to true
10-09 12:15:18.497: D/MusicLifecycle(12883): com.google.android.music.wear.WearBroadcastReceiver generated event: Broadcast received with context android.app.ReceiverRestrictedContext@42a00da and intent Intent { act=com.google.android.music.IMPORT_COMPLETE flg=0x10 cmp=com.google.android.music/.wear.WearBroadcastReceiver }
10-09 12:15:18.506: I/Babel_telephony(12354): TeleModule.updateConnectionManagerRegistration, registration preference changed from false to false
10-09 12:15:18.506: W/Babel(12354): BAM#gBA: invalid account id: -1
10-09 12:15:18.507: W/Babel(12354): BAM#gBA: invalid account id: -1
10-09 12:15:18.507: I/Babel_telephony(12354): TeleModule.updateIncomingCallRegistration, preferred account for incoming calls changed from: null to null
10-09 12:15:18.518: I/Telecom(1643): PhoneAccountRegistrar: SimCallManager queried, returning: null
10-09 12:15:18.523: W/aqvd(12585): Empty context buffer. Thus might mean that the context is not synced down.
10-09 12:15:18.524: W/aqrh(12585): Empty context model while retrieving upload opt-in status!
10-09 12:15:18.534: I/GHttpClientFactory(12883): Using our fixed implementation of GMSCore's GoogleHttpClient
10-09 12:15:18.534: I/GoogleURLConnFactory(12883): Using platform SSLCertificateSocketFactory
10-09 12:15:18.541: E/NetworkScheduler(12585): Invalid component specified.
10-09 12:15:18.557: W/Babel(12354): bcp TOOK TOO LONG! (15001ms > 10000ms)
10-09 12:15:18.561: E/NetworkScheduler(12585): Invalid component specified.
10-09 12:15:18.579: W/WearableService(12585): onGetService: Wear is not available on this device.
10-09 12:15:18.584: E/NetworkScheduler(12585): Invalid component specified.
10-09 12:15:18.592: E/NetworkScheduler(12585): Invalid component specified.
10-09 12:15:18.597: I/MS_RegisterService(13344): RegisterService intent:Intent { act=register_intent_action flg=0x10 cmp=com.google.android.talk/com.google.android.libraries.matchstick.net.SilentRegisterService } isPeriodic:false
10-09 12:15:18.597: E/GmsUtils(12883): Failed to connect to Google API client: ConnectionResult{statusCode=API_UNAVAILABLE, resolution=null, message=null}
10-09 12:15:18.610: W/aqvd(12585): Empty context buffer. Thus might mean that the context is not synced down.
10-09 12:15:18.611: W/aqrh(12585): Empty context model while retrieving upload opt-in status!
10-09 12:15:18.617: I/CheckinCompat(12568): Disabling old GoogleServicesFramework version
10-09 12:15:18.628: I/Auth(12585): [ReflectiveChannelBinder] Successfully bound channel!
10-09 12:15:18.651: I/CheckinChimeraService(12568): Starting Checkin Task: CheckinNowTaskTag Reason : 4 Force : true UserId: 0
10-09 12:15:18.663: V/AlarmManager(1643): sending alarm {9db845f type 0 *walarm*:com.android.vending/com.google.android.finsky.hygiene.DailyHygiene$DailyHygieneService}
10-09 12:15:18.664: W/ActivityManager(1643): Unable to start service Intent { flg=0x4 cmp=com.android.vending/com.google.android.finsky.hygiene.DailyHygiene$DailyHygieneService (has extras) } U=0: not found
10-09 12:15:18.665: V/AlarmManager(1643): done {9db845f, *walarm*:com.android.vending/com.google.android.finsky.hygiene.DailyHygiene$DailyHygieneService} [1ms]
10-09 12:15:18.666: W/Conscrypt(12585): Could not set socket write timeout: java.lang.reflect.InvocationTargetException
10-09 12:15:18.668: W/Conscrypt(12585): at java.lang.reflect.Method.invoke(Native Method)
10-09 12:15:18.668: W/Conscrypt(12585): at com.google.android.gms.org.conscrypt.Platform.setSocketWriteTimeout(:com.google.android.gms@13280015@13.2.80 (040300-211705629):13)
10-09 12:15:18.668: W/Conscrypt(12585): Caused by: android.system.ErrnoException: setsockopt failed: EBADF (Bad file descriptor)
10-09 12:15:18.668: W/Conscrypt(12585): at libcore.io.Posix.setsockoptTimeval(Native Method)
10-09 12:15:18.668: W/Conscrypt(12585): at libcore.io.ForwardingOs.setsockoptTimeval(ForwardingOs.java:156)
10-09 12:15:18.679: W/Conscrypt(12585): Could not set socket write timeout: java.lang.reflect.InvocationTargetException
10-09 12:15:18.679: W/Conscrypt(12585): at java.lang.reflect.Method.invoke(Native Method)
10-09 12:15:18.680: W/Conscrypt(12585): at com.google.android.gms.org.conscrypt.Platform.setSocketWriteTimeout(:com.google.android.gms@13280015@13.2.80 (040300-211705629):13)
10-09 12:15:18.680: W/Conscrypt(12585): Caused by: android.system.ErrnoException: setsockopt failed: EBADF (Bad file descriptor)
10-09 12:15:18.680: W/Conscrypt(12585): at libcore.io.Posix.setsockoptTimeval(Native Method)
10-09 12:15:18.680: W/Conscrypt(12585): at libcore.io.ForwardingOs.setsockoptTimeval(ForwardingOs.java:156)
10-09 12:15:18.691: E/ChimeraProxyRslvr(12568): Chimera config error: com.google.android.chimera.config.InvalidConfigException: No registered Chimera impl for ComponentInfo{com.google.android.gms/com.google.android.gms.mdm.receivers.GoogleAccountsAddedReceiver}
10-09 12:15:18.729: E/ChimeraProxyRslvr(12568): Chimera config error: com.google.android.chimera.config.InvalidConfigException: No registered Chimera impl for ComponentInfo{com.google.android.gms/com.google.android.gms.mdm.receivers.GoogleAccountsAddedReceiver}
10-09 12:15:18.729: E/ChimeraRcvrProxy(12568): com.google.android.gms.mdm.receivers.GoogleAccountsAddedReceiver dropping broadcast com.google.android.gms.auth.GOOGLE_ACCOUNT_CHANGE
10-09 12:15:18.742: V/NativeCrypto(13344): Registering com/google/android/gms/org/conscrypt/NativeCrypto's 284 native methods...
10-09 12:15:18.764: E/NetworkScheduler(12585): Invalid component specified.
10-09 12:15:18.774: I/Authzen(12585): [AccountChangeProcessingIntentOperation] Received onHandleIntent() call: Intent { act=com.google.android.gms.auth.GOOGLE_ACCOUNT_CHANGE cat=[com.google.android.gms.auth.category.ACCOUNT_ADDED] flg=0x10 cmp=com.google.android.gms/.chimera.GmsIntentOperationService$PersistentInternalReceiver (has extras) }
10-09 12:15:18.774: I/Authzen(12585): [AccountChangeProcessingIntentOperation] Handling added account:
10-09 12:15:18.783: E/NetworkScheduler(12585): Invalid component specified.
10-09 12:15:18.785: I/GCoreUlr(12585): Starting service, intent=Intent { act=com.google.android.location.reporting.ACTION_UPDATE_WORLD cmp=com.google.android.gms/com.google.android.location.reporting.service.DispatchingService (has extras) }, extras=Bundle[{receiverAction=com.google.android.gms.auth.GOOGLE_ACCOUNT_CHANGE, accountsAdded=[Account {name=KSJ7Z4E2SEOGZ4S3ZF4FK2PPN4-00@cloudtestlabaccounts.com, type=com.google}]}]
10-09 12:15:18.795: I/art(13344): Rejecting re-init on previously-failed class java.lang.Class
10-09 12:15:18.795: I/art(13344): Rejecting re-init on previously-failed class java.lang.Class
10-09 12:15:18.797: I/art(13344): Rejecting re-init on previously-failed class java.lang.Class
10-09 12:15:18.797: I/art(13344): Rejecting re-init on previously-failed class java.lang.Class
10-09 12:15:18.807: I/Auth(12568): [FRP,FrpUpdateIntentOperation] No frp data present in app restriction, using current google accounts.
10-09 12:15:18.821: W/aqvd(12585): Empty context buffer. Thus might mean that the context is not synced down.
10-09 12:15:18.821: W/aqrh(12585): Empty context model while retrieving upload opt-in status!
10-09 12:15:18.842: I/ProviderInstaller(13344): Installed default security provider GmsCore_OpenSSL
10-09 12:15:18.843: I/MS_RegisterService(13344): Not registered and not enabled. Doing nothing.
10-09 12:15:18.844: I/MS_RegisterService(13344): RegisterService intent:Intent { act=register_intent_action flg=0x10 cmp=com.google.android.talk/com.google.android.libraries.matchstick.net.SilentRegisterService } isPeriodic:false
10-09 12:15:18.853: I/MS_RegisterService(13344): Not registered and not enabled. Doing nothing.
10-09 12:15:18.857: I/Authzen(12585): [SyncManager] Sync requested for event 100, account KSJ7Z4E2SEOGZ4S3ZF4FK2PPN4-00@cloudtestlabaccounts.com, and components 3, with reason 7
10-09 12:15:18.857: I/Authzen(12585): [SyncManager] Triggering AuthZen registration...
10-09 12:15:18.867: I/Auth(12568): [FactoryResetProtectionManager] Updating data block with 1 account ids. Lockscreen supported? true
10-09 12:15:18.870: I/ActivityManager(1643): Killing 12945:com.google.android.music:ui/u0a100 (adj 15): empty #7
10-09 12:15:18.903: I/CheckinRequestProcessor(12568): Gmscore running on device, checkin will use Gmscore context
10-09 12:15:18.904: D/ActivityManager(1643): cleanUpApplicationRecord -- 12945
10-09 12:15:18.908: D/MusicLifecycle(12883): com.google.android.music.download.cache.TrackCacheService generated event: Service destroyed
10-09 12:15:18.921: D/MusicLifecycle(12883): com.google.android.music.store.MediaStoreImportService generated event: Service destroyed
10-09 12:15:18.923: D/MusicLifecycle(12883): com.google.android.music.store.StoreService$StoreServiceBinder generated event: Service destroyed
10-09 12:15:18.930: I/CheckinRequestBuilder(12568): Checkin reason type: 4 attempt count: 1
10-09 12:15:18.944: I/Auth(12568): [FactoryResetProtectionManager] Write complete, result: 102323.
10-09 12:15:18.948: E/NetworkScheduler(12585): Invalid component specified.
10-09 12:15:18.953: I/GCoreUlr(12585): WorldUpdater received intent Intent { act=com.google.android.location.reporting.ACTION_UPDATE_WORLD cmp=com.google.android.gms/com.google.android.location.reporting.service.DispatchingService (has extras) } with receiverAction com.google.android.gms.auth.GOOGLE_ACCOUNT_CHANGE
10-09 12:15:18.956: D/MusicLifecycle(12883): com.android.music.MediaAppWidgetProvider generated event: Broadcast received with context android.app.ReceiverRestrictedContext@42a00da and intent Intent { act=com.google.android.music.playback.FORCE_WIDGET_PROVIDER_REFRESH flg=0x10 cmp=com.google.android.music/com.android.music.MediaAppWidgetProvider (has extras) }
10-09 12:15:18.965: E/NetworkScheduler(12585): Invalid component specified.
10-09 12:15:18.969: E/NetworkScheduler(12585): Invalid component specified.
10-09 12:15:18.978: I/MS_RegisterService(13344): RegisterService intent:Intent { act=register_intent_action flg=0x10 cmp=com.google.android.talk/com.google.android.libraries.matchstick.net.SilentRegisterService } isPeriodic:false
10-09 12:15:18.982: E/NetworkScheduler(12585): Invalid component specified.
10-09 12:15:18.988: E/NetworkScheduler(12585): Invalid component specified.
10-09 12:15:18.993: D/WifiStateMachine(1643): starting scan for "wl-ftl-mt73-1-24"WPA_PSK with 2412
10-09 12:15:18.996: E/NetworkScheduler(12585): Invalid component specified.
10-09 12:15:18.997: I/MS_RegisterService(13344): Not registered and not enabled. Doing nothing.
10-09 12:15:19.007: W/Conscrypt(12883): Could not set socket write timeout: java.lang.reflect.InvocationTargetException
10-09 12:15:19.008: E/NetworkScheduler(12585): Invalid component specified.
10-09 12:15:19.017: W/Conscrypt(12883): at java.lang.reflect.Method.invoke(Native Method)
10-09 12:15:19.017: W/Conscrypt(12883): at com.google.android.gms.org.conscrypt.Platform.setSocketWriteTimeout(:com.google.android.gms@13280015@13.2.80 (040300-211705629):13)
10-09 12:15:19.017: W/Conscrypt(12883): Caused by: android.system.ErrnoException: setsockopt failed: EBADF (Bad file descriptor)
10-09 12:15:19.018: W/Conscrypt(12883): at libcore.io.Posix.setsockoptTimeval(Native Method)
10-09 12:15:19.018: W/Conscrypt(12883): at libcore.io.ForwardingOs.setsockoptTimeval(ForwardingOs.java:156)
10-09 12:15:19.025: V/ConnectivityManager(12585): isActiveNetworkMetered() returns:false
10-09 12:15:19.046: I/IcingInternalCorpora(12568): EventIndexer: starting incremental update
10-09 12:15:19.048: I/IcingInternalCorpora(12568): EventIndexer: 0 added, 0 removed, 0 changed, 0 unchanged, 0 errors.
10-09 12:15:19.048: I/IcingInternalCorpora(12568): EventIndexer: finished after 2 ms.
10-09 12:15:19.054: I/CryptauthV2(12568): [EnrollKeyName] ClientName calling Cryptauth is ForceRegistration
10-09 12:15:19.070: D/MusicLifecycle(12883): com.google.android.music.autocache.AutoCacheSchedulingService$EnablingReceiver generated event: Broadcast received with context android.app.ReceiverRestrictedContext@42a00da and intent Intent { act=com.google.android.music.START_DOWNLOAD_SCHEDULING flg=0x10 cmp=com.google.android.music/.autocache.AutoCacheSchedulingService$EnablingReceiver }
10-09 12:15:19.081: I/GCoreUlr(12585): WorldUpdater:com.google.android.gms.auth.GOOGLE_ACCOUNT_CHANGE: Ensuring that reporting is stopped because of reasons: {account#13#=[InactiveReason{mIdentifier=6, mName='ReportingNotEnabled'}, InactiveReason{mIdentifier=14, mName='HistoryNotEnabled'}]}
10-09 12:15:19.103: I/GCoreUlr(12585): Unbound from all signal providers.
10-09 12:15:19.114: D/MusicLifecycle(12883): com.google.android.music.autocache.AutoCacheSchedulingService generated event: Service created
10-09 12:15:19.114: D/MusicLifecycle(12883): com.google.android.music.autocache.AutoCacheSchedulingService generated event: Service started with intent Intent { act=com.google.android.music.leanback.APP_IN_USE cmp=com.google.android.music/.autocache.AutoCacheSchedulingService (has extras) }
10-09 12:15:19.115: D/MusicLifecycle(12883): com.google.android.music.wear.WearBroadcastReceiver generated event: Broadcast received with context android.app.ReceiverRestrictedContext@42a00da and intent Intent { act=com.google.android.music.START_DOWNLOAD_SCHEDULING flg=0x10 cmp=com.google.android.music/.wear.WearBroadcastReceiver }
10-09 12:15:19.116: E/GCoreUlr(12585): Create new device tag of 727147301 without device reboot
10-09 12:15:19.138: W/WearableService(12585): onGetService: Wear is not available on this device.
10-09 12:15:19.144: E/GmsUtils(12883): Failed to connect to Google API client: ConnectionResult{statusCode=API_UNAVAILABLE, resolution=null, message=null}
10-09 12:15:19.175: I/CheckinRequestBuilder(12568): Unknown state of subscriptions on the device
10-09 12:15:19.248: I/GCoreUlr(12585): Unbound from all signal providers.
10-09 12:15:19.248: I/GCoreUlr(12585): Stopping handler for UlrDispSvcFast
10-09 12:15:19.267: I/GCoreUlr(12585): DispatchingService ignoring Intent { act=android.net.wifi.WIFI_STATE_CHANGED flg=0x4000010 (has extras) } because ULR inactive
10-09 12:15:19.287: I/MusicLeanback(12883): Conditions not met for autocaching. okToAttempt=false
10-09 12:15:19.287: I/MusicLeanback(12883): Stop autocaching.
10-09 12:15:19.291: D/MusicLifecycle(12883): com.google.android.music.autocache.AutoCacheSchedulingService generated event: Service destroyed
10-09 12:15:19.326: W/Conscrypt(12585): Could not set socket write timeout: java.lang.reflect.InvocationTargetException
10-09 12:15:19.326: W/Conscrypt(12585): at java.lang.reflect.Method.invoke(Native Method)
10-09 12:15:19.326: W/Conscrypt(12585): at com.google.android.gms.org.conscrypt.Platform.setSocketWriteTimeout(:com.google.android.gms@13280015@13.2.80 (040300-211705629):13)
10-09 12:15:19.326: W/Conscrypt(12585): Caused by: android.system.ErrnoException: setsockopt failed: EBADF (Bad file descriptor)
10-09 12:15:19.327: W/Conscrypt(12585): at libcore.io.Posix.setsockoptTimeval(Native Method)
10-09 12:15:19.327: W/Conscrypt(12585): at libcore.io.ForwardingOs.setsockoptTimeval(ForwardingOs.java:156)
10-09 12:15:19.334: W/NetworkScheduler(12585): Immediate task was not started com.google.android.gms/.tapandpay.gcmtask.TapAndPayGcmTaskService{u=0 tag="paymentsdisabledoneoff.sync" trigger=window{start=0s,end=1s,earliest=0s,latest=0s} requirements=[NET_CONNECTED] attributes=[] scheduled=0s last_run=N/A jid=N/A status=PENDING retries=0 client_lib=MANCHEGO_GCM-13280000}. Rescheduling immediate tasks can cause excessive battery drain.
10-09 12:15:19.341: W/Conscrypt(12585): Could not set socket write timeout: java.lang.reflect.InvocationTargetException
10-09 12:15:19.342: W/Conscrypt(12585): at java.lang.reflect.Method.invoke(Native Method)
10-09 12:15:19.342: W/Conscrypt(12585): at com.google.android.gms.org.conscrypt.Platform.setSocketWriteTimeout(:com.google.android.gms@13280015@13.2.80 (040300-211705629):13)
10-09 12:15:19.342: W/Conscrypt(12585): Caused by: android.system.ErrnoException: setsockopt failed: EBADF (Bad file descriptor)
10-09 12:15:19.342: W/Conscrypt(12585): at libcore.io.Posix.setsockoptTimeval(Native Method)
10-09 12:15:19.342: W/Conscrypt(12585): at libcore.io.ForwardingOs.setsockoptTimeval(ForwardingOs.java:156)
10-09 12:15:19.356: V/ConnectivityManager(12585): isActiveNetworkMetered() returns:false
10-09 12:15:19.368: E/NetworkScheduler.ATC(12585): Received callback from client for task that is already complete. ComponentInfo{com.google.android.gms/com.google.android.gms.tapandpay.gcmtask.TapAndPayGcmTaskService} paymentsdisabledoneoff.sync
10-09 12:15:19.373: W/Conscrypt(12883): Could not set socket write timeout: java.lang.reflect.InvocationTargetException
10-09 12:15:19.376: W/Conscrypt(12883): at java.lang.reflect.Method.invoke(Native Method)
