10-09 12:15:12.511: D/DrmWidevineDash(335): OEMCrypto_APIVersion: ends! returns version 10
10-09 12:15:12.511: D/DrmWidevineDash(335): _oecc22: function time: 0ms (0s 357604ns)
10-09 12:15:12.511: D/DrmWidevineDash(335): OEMCrypto_IsKeyboxValid: starts!
10-09 12:15:12.511: D/QSEECOMAPI:(335): SUCESS::ioctl call to scale bus bandwidth to level 1 success with ret = 0
10-09 12:15:12.517: I/DynamiteModule(12846): Considering local module com.google.android.gms.googlecertificates:4 and remote module com.google.android.gms.googlecertificates:4
10-09 12:15:12.517: I/DynamiteModule(12846): Selected local version of com.google.android.gms.googlecertificates
10-09 12:15:12.525: D/QSEECOMAPI:(335): SUCESS::ioctl call to scale bus bandwidth to level 0 success with ret = 0
10-09 12:15:12.525: D/DrmWidevineDash(335): OEMCrypto_IsKeyboxValid: ends! returns 0
10-09 12:15:12.525: D/DrmWidevineDash(335): _oecc05: function time: 14ms (0s 14236772ns)
10-09 12:15:12.525: D/WVCdm(335): OEMCrypto_Initialize Level 1 success. I will use level 1.
10-09 12:15:12.526: D/DrmWidevineDash(335): OEMCrypto_OpenSession: starts! SID=0xb169512c
10-09 12:15:12.526: D/DrmWidevineDash(335): OEMCrypto_OpenSession Session ID = 0
10-09 12:15:12.526: D/QSEECOMAPI:(335): SUCESS::ioctl call to scale bus bandwidth to level 1 success with ret = 0
10-09 12:15:12.526: D/QSEECOMAPI:(335): SUCESS::ioctl call to scale bus bandwidth to level 0 success with ret = 0
10-09 12:15:12.526: D/DrmWidevineDash(335): OEMCrypto_OpenSession SID = 1
10-09 12:15:12.526: D/DrmWidevineDash(335): OEMCrypto_OpenSession: ends! returns 0
10-09 12:15:12.526: D/DrmWidevineDash(335): _oecc09: function time: 0ms (0s 380312ns)
10-09 12:15:12.526: D/DrmWidevineDash(335): OEMCrypto_GetRandom: starts! randomData=0xb7f512a0, dataLength=8
10-09 12:15:12.526: D/QSEECOMAPI:(335): SUCESS::ioctl call to scale bus bandwidth to level 1 success with ret = 0
10-09 12:15:12.527: D/QSEECOMAPI:(335): SUCESS::ioctl call to scale bus bandwidth to level 0 success with ret = 0
10-09 12:15:12.527: D/DrmWidevineDash(335): OEMCrypto_GetRandom: ends! returns 0
10-09 12:15:12.527: D/DrmWidevineDash(335): _oecc06: function time: 0ms (0s 939532ns)
10-09 12:15:12.527: D/DrmWidevineDash(335): OEMCrypto_LoadDeviceRSAKey: starts! SID=1, wrapped_rsa_key=0xb7fa9e10, wrapped_rsa_key_length=1280
10-09 12:15:12.527: D/QSEECOMAPI:(335): SUCESS::ioctl call to scale bus bandwidth to level 1 success with ret = 0
10-09 12:15:12.529: D/QSEECOMAPI:(335): SUCESS::ioctl call to scale bus bandwidth to level 0 success with ret = 0
10-09 12:15:12.529: D/DrmWidevineDash(335): OEMCrypto_LoadDeviceRSAKey: ends! returns 0
10-09 12:15:12.529: D/DrmWidevineDash(335): _oecc19: function time: 2ms (0s 2025105ns)
10-09 12:15:12.529: I/WVCdm(335): CdmEngine::QueryKeyControlInfo
10-09 12:15:12.530: W/WVCdm(335): BufferReader::Read : Failure during parse: Not enough bytes (4)
10-09 12:15:12.530: W/WVCdm(335): CdmEngine::ExtractWidevinePssh: Unable to read atom size.
10-09 12:15:12.530: I/WVCdm(335): CdmEngine::GenerateKeyRequest
10-09 12:15:12.530: D/DrmWidevineDash(335): OEMCrypto_GetDeviceID: starts! deviceID=0xb7f16888, idLength=0xb1571f24
10-09 12:15:12.530: D/QSEECOMAPI:(335): SUCESS::ioctl call to scale bus bandwidth to level 1 success with ret = 0
10-09 12:15:12.541: D/QSEECOMAPI:(335): SUCESS::ioctl call to scale bus bandwidth to level 0 success with ret = 0
10-09 12:15:12.541: D/DrmWidevineDash(335): OEMCrypto_GetDeviceID: ends! returns 0
10-09 12:15:12.541: D/DrmWidevineDash(335): _oecc07: function time: 10ms (0s 10656980ns)
10-09 12:15:12.541: D/DrmWidevineDash(335): OEMCrypto_SupportsUsageTable: starts!
10-09 12:15:12.541: D/QSEECOMAPI:(335): SUCESS::ioctl call to scale bus bandwidth to level 1 success with ret = 0
10-09 12:15:12.541: D/QSEECOMAPI:(335): SUCESS::ioctl call to scale bus bandwidth to level 0 success with ret = 0
10-09 12:15:12.541: D/DrmWidevineDash(335): OEMCrypto_SupportsUsageTable: is_supported = 1
10-09 12:15:12.541: D/DrmWidevineDash(335): OEMCrypto_SupportsUsageTable: wv_app_version =0x91
10-09 12:15:12.541: D/DrmWidevineDash(335): OEMCrypto_SupportsUsageTable: ends! returns 0
10-09 12:15:12.541: D/DrmWidevineDash(335): _oecc29: function time: 0ms (0s 308178ns)
10-09 12:15:12.541: D/DrmWidevineDash(335): OEMCrypto_IsAntiRollbackHwPresent: starts!
10-09 12:15:12.541: D/QSEECOMAPI:(335): SUCESS::ioctl call to scale bus bandwidth to level 1 success with ret = 0
10-09 12:15:12.541: D/QSEECOMAPI:(335): SUCESS::ioctl call to scale bus bandwidth to level 0 success with ret = 0
10-09 12:15:12.541: D/DrmWidevineDash(335): OEMCrypto_IsAntiRollbackHwPresent ends! ret=0, is_antirb_enabled = 0
10-09 12:15:12.542: D/DrmWidevineDash(335): _oecc39: function time: 0ms (0s 275156ns)
10-09 12:15:12.542: D/DrmWidevineDash(335): OEMCrypto_APIVersion: starts!
10-09 12:15:12.542: D/QSEECOMAPI:(335): SUCESS::ioctl call to scale bus bandwidth to level 1 success with ret = 0
10-09 12:15:12.542: D/QSEECOMAPI:(335): SUCESS::ioctl call to scale bus bandwidth to level 0 success with ret = 0
10-09 12:15:12.542: D/DrmWidevineDash(335): hlos api version = 10
10-09 12:15:12.542: D/DrmWidevineDash(335): tz api version = 10
10-09 12:15:12.542: D/DrmWidevineDash(335): OEMCrypto_APIVersion: ends! returns version 10
10-09 12:15:12.542: D/DrmWidevineDash(335): _oecc22: function time: 0ms (0s 272031ns)
10-09 12:15:12.542: D/DrmWidevineDash(335): OEMCrypto_GetHDCPCapability starts!
10-09 12:15:12.542: D/QSEECOMAPI:(335): SUCESS::ioctl call to scale bus bandwidth to level 1 success with ret = 0
10-09 12:15:12.542: D/QSEECOMAPI:(335): SUCESS::ioctl call to scale bus bandwidth to level 0 success with ret = 0
10-09 12:15:12.542: D/DrmWidevineDash(335): OEMCrypto_GetHDCPCapability current=255, max=4
10-09 12:15:12.542: D/DrmWidevineDash(335): OEMCrypto_GetHDCPCapability ends! ret = 0
10-09 12:15:12.542: D/DrmWidevineDash(335): _oecc44: function time: 0ms (0s 316302ns)
10-09 12:15:12.542: D/DrmWidevineDash(335): OEMCrypto_GenerateNonce: starts! SID=1, nonce=0xb1572058
10-09 12:15:12.542: D/QSEECOMAPI:(335): SUCESS::ioctl call to scale bus bandwidth to level 1 success with ret = 0
10-09 12:15:12.542: D/QSEECOMAPI:(335): SUCESS::ioctl call to scale bus bandwidth to level 0 success with ret = 0
10-09 12:15:12.542: D/DrmWidevineDash(335): OEMCrypto_GenerateNonce: ends! returns 0
10-09 12:15:12.542: D/DrmWidevineDash(335): _oecc14: function time: 0ms (0s 296250ns)
10-09 12:15:12.542: D/WVCdm(335): PrepareKeyRequest: nonce=715089062
10-09 12:15:12.543: D/DrmWidevineDash(335): OEMCrypto_GenerateRSASignature starts! SID=1, message=0xb7f32ef8
10-09 12:15:12.543: D/DrmWidevineDash(335): message_length=1644, signature=0xb7f2fde0, signature_length=0xb1571ffc
10-09 12:15:12.543: D/QSEECOMAPI:(335): SUCESS::ioctl call to scale bus bandwidth to level 1 success with ret = 0
10-09 12:15:12.543: D/QSEECOMAPI:(335): [
10-09 12:15:12.546 12846:12856 W/ ]
10-09 12:15:12.543: D/QSEECOMAPI:(335): Unable to open '/system/framework/prcui-config.jar': No such file or directory
10-09 12:15:12.546: W/art(12846): Failed to open zip archive '/system/framework/prcui-config.jar': I/O Error
10-09 12:15:12.546: W/art(12846): [
10-09 12:15:12.637 12846:12856 W/ ]
10-09 12:15:12.546: W/art(12846): Unable to open '/system/framework/prcui-config.jar': No such file or directory
10-09 12:15:12.637: W/art(12846): Failed to open zip archive '/system/framework/prcui-config.jar': I/O Error
10-09 12:15:12.690: D/QSEECOMAPI:(335): SUCESS::ioctl call to scale bus bandwidth to level 0 success with ret = 0
10-09 12:15:12.690: D/DrmWidevineDash(335): OEMCrypto_GenerateRSASignature returns 0
10-09 12:15:12.690: D/DrmWidevineDash(335): _oecc36: function time: 147ms (0s 147751734ns)
10-09 12:15:12.691: I/WVCdm(335): CdmEngine::CloseSession
10-09 12:15:12.691: D/DrmWidevineDash(335): OEMCrypto_CloseSession: starts! SID=1
10-09 12:15:12.691: D/QSEECOMAPI:(335): SUCESS::ioctl call to scale bus bandwidth to level 1 success with ret = 0
10-09 12:15:12.692: D/QSEECOMAPI:(335): SUCESS::ioctl call to scale bus bandwidth to level 0 success with ret = 0
10-09 12:15:12.692: D/DrmWidevineDash(335): OEMCrypto_CloseSession: ends! returns 0
10-09 12:15:12.692: D/DrmWidevineDash(335): _oecc10: function time: 0ms (0s 522344ns)
10-09 12:15:12.692: D/DrmWidevineDash(335): OEMCrypto_Terminate: starts!
10-09 12:15:12.692: D/QSEECOMAPI:(335): SUCESS::ioctl call to scale bus bandwidth to level 1 success with ret = 0
10-09 12:15:12.692: D/QSEECOMAPI:(335): SUCESS::ioctl call to scale bus bandwidth to level 0 success with ret = 0
10-09 12:15:12.692: D/DrmWidevineDash(335): Service_Uninitialize: starts!
10-09 12:15:12.692: D/QSEECOMAPI:(335): QSEECom_dealloc_memory
10-09 12:15:12.692: D/QSEECOMAPI:(335): QSEECom_shutdown_app, app_id = 10
10-09 12:15:12.693: D/DrmWidevineDash(335): Service_Uninitialize: ends! returns 0x0
10-09 12:15:12.693: D/DrmWidevineDash(335): Service_Uninitialize: function time: 0ms (0s 414115ns)
10-09 12:15:12.693: D/DrmWidevineDash(335): OEMCrypto_ION_Free: function time: 0ms (0s 299480ns)
10-09 12:15:12.693: D/DrmWidevineDash(335): OEMCrypto_Terminate: ends! returns 0
10-09 12:15:12.693: D/DrmWidevineDash(335): _oecc02: function time: 1ms (0s 1274636ns)
10-09 12:15:12.780: I/Auth(12585): [ReflectiveChannelBinder] Successfully bound channel!
10-09 12:15:12.831: W/Conscrypt(12585): Could not set socket write timeout: java.lang.reflect.InvocationTargetException
10-09 12:15:12.832: W/Conscrypt(12585): at java.lang.reflect.Method.invoke(Native Method)
10-09 12:15:12.832: W/Conscrypt(12585): at com.google.android.gms.org.conscrypt.Platform.setSocketWriteTimeout(:com.google.android.gms@13280015@13.2.80 (040300-211705629):13)
10-09 12:15:12.832: W/Conscrypt(12585): Caused by: android.system.ErrnoException: setsockopt failed: EBADF (Bad file descriptor)
10-09 12:15:12.832: W/Conscrypt(12585): at libcore.io.Posix.setsockoptTimeval(Native Method)
10-09 12:15:12.832: W/Conscrypt(12585): at libcore.io.ForwardingOs.setsockoptTimeval(ForwardingOs.java:156)
10-09 12:15:12.896: W/Conscrypt(12585): Could not set socket write timeout: java.lang.reflect.InvocationTargetException
10-09 12:15:12.896: W/Conscrypt(12585): at java.lang.reflect.Method.invoke(Native Method)
10-09 12:15:12.896: W/Conscrypt(12585): at com.google.android.gms.org.conscrypt.Platform.setSocketWriteTimeout(:com.google.android.gms@13280015@13.2.80 (040300-211705629):13)
10-09 12:15:12.896: W/Conscrypt(12585): Caused by: android.system.ErrnoException: setsockopt failed: EBADF (Bad file descriptor)
10-09 12:15:12.897: W/Conscrypt(12585): at libcore.io.Posix.setsockoptTimeval(Native Method)
10-09 12:15:12.897: W/Conscrypt(12585): at libcore.io.ForwardingOs.setsockoptTimeval(ForwardingOs.java:156)
10-09 12:15:12.924: E/Finsky(12409): [873] com.google.android.finsky.ar.c.a(34): Unable to build selector: /storage/emulated/0/Download/marketenvs.csv: open failed: ENOENT (No such file or directory)
10-09 12:15:12.958: I/Finsky(12409): [910] com.google.android.finsky.db.a.a.a.b(92): Triggered update for experiment package com.google.android.finsky.regular.
10-09 12:15:13.018: V/ConnectivityManager(12585): isActiveNetworkMetered() returns:false
10-09 12:15:13.056: I/Finsky(12409): [910] com.google.android.finsky.db.a.l.b(25): Started reading experiment flags from file [v6B-2IolLQRBwrwPhscSaeg04As].
10-09 12:15:13.057: I/Finsky(12409): [910] com.google.android.finsky.db.a.l.b(61): Finished reading experiment flags from file [v6B-2IolLQRBwrwPhscSaeg04As].
10-09 12:15:13.086: I/Finsky(12409): [910] com.google.android.finsky.db.a.l.a(105): Started writing experiment flags into file [3iTZK60-XSU6ycLHV1Pe7j2ByDQ].
10-09 12:15:13.087: I/Finsky(12409): [910] com.google.android.finsky.db.a.l.a(165): Finished writing experiment flags into file [3iTZK60-XSU6ycLHV1Pe7j2ByDQ].
10-09 12:15:13.089: I/Finsky(12409): [910] com.google.android.finsky.db.a.a.a.b(46): Successfully applied new configurations for package com.google.android.finsky.regular.
10-09 12:15:13.090: I/Finsky(12409): [909] com.google.android.finsky.db.a.a.a.b(92): Triggered update for experiment package com.google.android.finsky.stable.
10-09 12:15:13.114: I/Finsky(12409): [909] com.google.android.finsky.db.a.l.a(105): Started writing experiment flags into file [44O8VQCEUzya29uefFMIdRuUEpA].
10-09 12:15:13.114: I/Finsky(12409): [909] com.google.android.finsky.db.a.l.a(165): Finished writing experiment flags into file [44O8VQCEUzya29uefFMIdRuUEpA].
10-09 12:15:13.116: I/Finsky(12409): [909] com.google.android.finsky.db.a.a.a.b(46): Successfully applied new configurations for package com.google.android.finsky.stable.
10-09 12:15:13.138: I/PlatformStatsCollectorService(12568): Scheduled Launcherstats task with period 604800 sec.
10-09 12:15:13.146: E/NetworkScheduler(12585): Invalid component specified.
10-09 12:15:13.147: I/AccountManagerService(1643): the accounts changed, sending broadcast of android.accounts.LOGIN_ACCOUNTS_CHANGED
10-09 12:15:13.151: I/Backup(12585): [GmsBackupAccountManager] Backup account not found in gmscore.
10-09 12:15:13.158: I/AccountManagerService(1643): the accounts changed, sending broadcast of android.accounts.LOGIN_ACCOUNTS_CHANGED
10-09 12:15:13.163: I/ActivityManager(1643): Start proc 12883:com.google.android.music:main/u0a100 for broadcast com.google.android.music/.AccountsBroadcastReceiver
10-09 12:15:13.170: I/ContactsProvider(11323): Accounts changed
10-09 12:15:13.174: W/ChimeraUtils(12585): Non Chimera context
10-09 12:15:13.178: I/Backup(12585): [GmsBackupAccountManager] Backup account not found in gmscore.
10-09 12:15:13.190: I/Icing(12568): updateResources: need to parse yva{com.google.android.gm}
10-09 12:15:13.214: W/ChimeraUtils(12585): Non Chimera context
10-09 12:15:13.224: I/Auth(12585): [BroadcastManager] Broadcasting account services changed.
10-09 12:15:13.243: I/AuthService(12825): [AddAccountOperation] Succeeded.
10-09 12:15:13.247: W/System(12883): ClassLoader referenced unknown path: /system/app/Music2/lib/arm
10-09 12:15:13.248: I/ContactsProvider(11323): Accounts changed
10-09 12:15:13.256: I/MultiDex(12883): VM with version 2.1.0 has multidex support
10-09 12:15:13.256: I/MultiDex(12883): install
10-09 12:15:13.256: I/MultiDex(12883): VM has multidex support, MultiDex support library is disabled.
10-09 12:15:13.298: I/Finsky(12409): [1] com.google.android.finsky.wear.WearSupportService.onStartCommand(26): Starting WearSupportService for send_installed_apps
10-09 12:15:13.302: I/Finsky(12409): [1] com.google.android.finsky.wear.w.a(18): Connecting to wearable
10-09 12:15:13.315: I/Finsky(12409): [897] com.google.android.finsky.cf.a.f.l(150): Loaded library for account: [3RkrNcRNq3lgciyaZdCYUp59XbI]
10-09 12:15:13.319: V/AlarmManager(1643): sending alarm {5cfb45a type 2 *walarm*:com.google.android.intent.action.GCM_RECONNECT}
10-09 12:15:13.332: I/BaseStore(12883): ConfigStore database version: 1
10-09 12:15:13.332: W/aqvd(12585): Empty context buffer. Thus might mean that the context is not synced down.
10-09 12:15:13.332: W/aqrh(12585): Empty context model while retrieving upload opt-in status!
10-09 12:15:13.340: I/ShortcutBadger(12409): Checking if platform supports badge counters, attempt 1/3.
10-09 12:15:13.340: I/Finsky(12409): [897] com.google.android.finsky.cf.a.f.l(184): Finished loading 1 libraries.
10-09 12:15:13.347: I/ShortcutBadger(12409): Checking if platform supports badge counters, attempt 2/3.
10-09 12:15:13.352: I/ShortcutBadger(12409): Checking if platform supports badge counters, attempt 3/3.
10-09 12:15:13.357: W/ShortcutBadger(12409): Badge counter seems not supported in this platform: unable to resolve intent: Intent { act=android.intent.action.BADGE_COUNT_UPDATE (has extras) }
10-09 12:15:13.362: I/Finsky(12409): [902] com.google.android.finsky.verifier.impl.as.a(7): Restoring notifications
10-09 12:15:13.380: V/ConnectivityManager(12883): isActiveNetworkMetered() returns:false
10-09 12:15:13.382: I/Icing(12568): doRemovePackageData com.google.android.videos
10-09 12:15:13.394: E/ctxmgr(12585): [NetworkUtil]No active synchronizable contexts.
10-09 12:15:13.429: I/Wear_Controller(12585): Wear requires a companion app to be installed.
10-09 12:15:13.429: I/WearableService(12585): onCreate: Wearable Services not starting. Wear is not available on this device.
10-09 12:15:13.435: I/Icing(12568): updateResources: need to parse yva{com.google.android.gms}
10-09 12:15:13.438: E/PlayCommon(12409): [1] com.google.android.play.b.e.(18): Failed to restore PlayMetalog
10-09 12:15:13.439: E/PlayCommon(12409): [1] com.google.android.play.b.e.(21): Failed to restore LogsUploadAttempt
10-09 12:15:13.446: W/ChimeraUtils(12585): Non Chimera context
10-09 12:15:13.480: V/ConnectivityManager(12585): isActiveNetworkMetered() returns:false
10-09 12:15:13.507: I/Finsky(12409): [1] com.google.android.finsky.foregroundcoordinator.impl.c.a(66): Releasing connection from task 9
10-09 12:15:13.507: I/Finsky(12409): [1] com.google.android.finsky.foregroundcoordinator.impl.i.a(49): Deactivating task 9. Timeout: false
10-09 12:15:13.512: D/ContactDirectoryManager(11323): Found com.google.android.gm.exchange.bundled.directory.provider
10-09 12:15:13.512: D/ContactDirectoryManager(11323): Found com.google.contacts.gal.provider
10-09 12:15:13.517: I/Finsky(12409): [1] com.google.android.finsky.volley.a.a(12): Exiting following cache clear.
10-09 12:15:13.519: I/Finsky(12409): [1] com.google.android.finsky.l.a.a.a(27): Exit with status: 0, called from : java.lang.Throwable
10-09 12:15:13.519: I/Finsky(12409): at com.google.android.finsky.l.a.a.a(SourceFile:21)
10-09 12:15:13.519: I/Finsky(12409): at com.google.android.finsky.volley.a.b(SourceFile:22)
10-09 12:15:13.519: I/Finsky(12409): at com.google.android.finsky.volley.a.a(SourceFile:19)
10-09 12:15:13.519: I/Finsky(12409): at com.google.android.finsky.userlanguages.x.a(Unknown Source)
10-09 12:15:13.519: I/Finsky(12409): at com.google.android.finsky.af.a.k.run(Unknown Source)
10-09 12:15:13.519: I/Finsky(12409): at android.os.Handler.handleCallback(Handler.java:746)
10-09 12:15:13.519: I/Finsky(12409): at android.os.Handler.dispatchMessage(Handler.java:95)
10-09 12:15:13.519: I/Finsky(12409): at android.os.Looper.loop(Looper.java:148)
10-09 12:15:13.519: I/Finsky(12409): at android.app.ActivityThread.main(ActivityThread.java:5459)
10-09 12:15:13.519: I/Finsky(12409): at java.lang.reflect.Method.invoke(Native Method)
10-09 12:15:13.519: I/Finsky(12409): at com.android.internal.os.ZygoteInit$MethodAndArgsCaller.run(ZygoteInit.java:728)
10-09 12:15:13.519: I/Finsky(12409): at com.android.internal.os.ZygoteInit.main(ZygoteInit.java:618)
10-09 12:15:13.532: I/art(12409): System.exit called, status: 0
10-09 12:15:13.532: I/AndroidRuntime(12409): VM exiting with result code 0, cleanup skipped.
10-09 12:15:13.552: I/ActivityManager(1643): Start proc 12912:com.google.process.gapps/u0a82 for content provider com.google.android.syncadapters.contacts/.GalProvider
10-09 12:15:13.567: I/WVCdm(335): CdmEngine::OpenSession
10-09 12:15:13.567: I/WVCdm(335): Level3 Library Jun 15 2015 14:09:24
10-09 12:15:13.576: W/WVCdm(335): Could not read /data/mediadrm/IDM1013/ay64.dat2: No such file or directory
10-09 12:15:13.578: D/DrmWidevineDash(335): OEMCrypto_Initialize: starts! g_qsee_apps_version = 0x21
10-09 12:15:13.578: D/DrmWidevineDash(335): Service_Initialize: starts!
10-09 12:15:13.578: D/QSEECOMAPI:(335): QSEECom_get_handle sb_length = 0x19000
10-09 12:15:13.578: D/QSEECOMAPI:(335): App is not loaded in QSEE
10-09 12:15:13.578: E/QSEECOMAPI:(335): Error::Cannot open the file /vendor/firmware/widevine.mdt
10-09 12:15:13.578: E/QSEECOMAPI:(335): Error::Loading image failed with ret = -1
10-09 12:15:13.578: D/QSEECOMAPI:(335): QSEECom_get_handle sb_length = 0x19000
10-09 12:15:13.578: D/QSEECOMAPI:(335): App is not loaded in QSEE
10-09 12:15:13.578: E/QSEECOMAPI:(335): Error::Cannot open the file /system/etc/firmware/widevine.mdt
10-09 12:15:13.578: E/QSEECOMAPI:(335): Error::Loading image failed with ret = -1
10-09 12:15:13.578: D/QSEECOMAPI:(335): QSEECom_get_handle sb_length = 0x19000
10-09 12:15:13.578: D/QSEECOMAPI:(335): App is not loaded in QSEE
10-09 12:15:13.584: D/ConnectivityService(1643): ConnectivityService NetworkRequestInfo binderDied(NetworkRequest [ id=16, legacyType=-1, [ Capabilities: INTERNET&NOT_RESTRICTED&TRUSTED] ], android.os.BinderProxy@fd1744f)
10-09 12:15:13.584: I/ActivityManager(1643): Process com.android.vending (pid 12409) has died
10-09 12:15:13.584: D/ActivityManager(1643): cleanUpApplicationRecord -- 12409
10-09 12:15:13.585: W/ActivityManager(1643): Scheduling restart of crashed service com.android.vending/com.google.android.finsky.verifier.impl.PackageVerificationService in 1000ms
10-09 12:15:13.585: W/ActivityManager(1643): Scheduling restart of crashed service com.android.vending/com.google.android.finsky.wear.WearSupportService in 10999ms
10-09 12:15:13.587: D/ConnectivityService(1643): releasing NetworkRequest NetworkRequest [ id=16, legacyType=-1, [ Capabilities: INTERNET&NOT_RESTRICTED&TRUSTED] ]
10-09 12:15:13.587: E/ConnectivityService(1643): RemoteException caught trying to send a callback msg for NetworkRequest [ id=16, legacyType=-1, [ Capabilities: INTERNET&NOT_RESTRICTED&TRUSTED] ]
10-09 12:15:13.593: V/ConnectivityManager(12585): isActiveNetworkMetered() returns:false
10-09 12:15:13.611: I/Icing(12568): doRemovePackageData com.google.android.videos
10-09 12:15:13.620: I/Icing(12568): updateResources: need to parse yva{com.google.android.gms}
10-09 12:15:13.624: W/System(12912): ClassLoader referenced unknown path: /system/app/GoogleContactsSyncAdapter/lib/arm
10-09 12:15:13.641: D/QSEECOMAPI:(335): Loaded image: APP id = 11
10-09 12:15:13.644: D/DrmWidevineDash(335): Service_Initialize: ends! returns 0
10-09 12:15:13.644: D/DrmWidevineDash(335): Service_Initialize: function time: 66ms (0s 66382663ns)
10-09 12:15:13.654: D/QSAPPSVER(335): qsapps_get_capabilities: Capability from secure side: 0x0
10-09 12:15:13.654: D/QSAPPSVER(335): qsapps_get_capabilities: returns 0
10-09 12:15:13.654: D/DrmWidevineDash(335): OEMCrypto_Initialize sion_buffer g_wv_fhandle->ion_sbuffer 0x0xb11ea000
10-09 12:15:13.654: E/DrmWidevineDash(335): sion_buffer g_wv_fhandle->ion_sbuffer 0x0xb11ea000
10-09 12:15:13.654: D/QSEECOMAPI:(335): SUCESS::ioctl call to scale bus bandwidth to level 1 success with ret = 0
10-09 12:15:13.662: I/GoogleHttpClient(12912): GMS http client unavailable, use old client
10-09 12:15:13.666: D/DrmLibTime(321): got the req here! ret=0
10-09 12:15:13.666: D/DrmLibTime(321): command id, time_cmd_id = 770
10-09 12:15:13.666: D/DrmLibTime(321): time_getutcsec starts!
10-09 12:15:13.666: D/DrmLibTime(321): QSEE Time Listener: time_getutcsec
10-09 12:15:13.666: D/DrmLibTime(321): QSEE Time Listener: get_utc_seconds
10-09 12:15:13.666: D/DrmLibTime(321): QSEE Time Listener: time_get_modem_time
10-09 12:15:13.666: D/DrmLibTime(321): QSEE Time Listener: Checking if ATS_MODEM is set or not.
10-09 12:15:13.666: D/QC-time-services(321): Lib:time_genoff_operation: pargs->base = 13
10-09 12:15:13.666: D/QC-time-services(321): Lib:time_genoff_operation: pargs->operation = 2
10-09 12:15:13.666: D/QC-time-services(321): Lib:time_genoff_operation: pargs->ts_val = 0
10-09 12:15:13.666: D/QC-time-services(321): Lib:time_genoff_operation: Send to server passed!!
10-09 12:15:13.666: D/QC-time-services(364): Daemon: Connection accepted:time_genoff
10-09 12:15:13.666: D/QC-time-services(364): Daemon:Received base = 13, unit = 1, operation = 2,value = 0
10-09 12:15:13.666: D/QC-time-services(364): Daemon:genoff_opr: Base = 13, val = 0, operation = 2
10-09 12:15:13.666: D/QC-time-services(364): offset is: 0 for base: 1
10-09 12:15:13.666: E/QC-time-services(321): Receive Passed == base = 13, unit = 1, operation = 2, result = 0
10-09 12:15:13.666: D/DrmLibTime(321): QSEE Time Listener: ATS_MODEM is set. Try to retrieve it.
10-09 12:15:13.667: E/QC-time-services(364): Daemon: Time-services: Waiting to acceptconnection
10-09 12:15:13.667: D/QC-time-services(364): Daemon: Connection accepted:time_genoff
10-09 12:15:13.667: D/QC-time-services(364): Daemon:Received base = 13, unit = 1, operation = 1,value = 0
10-09 12:15:13.668: D/QC-time-services(364): Daemon:genoff_opr: Base = 13, val = 0, operation = 1
10-09 12:15:13.668: D/QC-time-services(364): Daemon: genoff get for 13
10-09 12:15:13.668: D/QC-time-services(364): Daemon:rtc_get: Time read from RTC -- MM/DD/YY HH:MM:SS3/14/71 1:36:35
10-09 12:15:13.668: D/QC-time-services(364): Daemon:Value read from RTC seconds = 40440995000
10-09 12:15:13.668: D/QC-time-services(364): Daemon:Value read from generic offset = 1498671515822
10-09 12:15:13.668: D/QC-time-services(364): Daemon:Final Time = 1539112510822
10-09 12:15:13.668: D/DrmLibTime(321): QSEE Time Listener: Time GenOff - seconds: 1539112510
10-09 12:15:13.668: D/DrmLibTime(321): time_getutcsec returns 0, sec = 1539112510; nsec = 0
10-09 12:15:13.668: D/DrmLibTime(321): time_getutcsec finished!
10-09 12:15:13.668: D/DrmLibTime(321): iotcl_continue_command finished! and return 0
10-09 12:15:13.668: D/DrmLibTime(321): before calling ioctl to read the next time_cmd
10-09 12:15:13.668: E/QC-time-services(364): Daemon: Time-services: Waiting to acceptconnection
10-09 12:15:13.669: D/QSEECOMAPI:(335): SUCESS::ioctl call to scale bus bandwidth to level 0 success with ret = 0
10-09 12:15:13.681: D/DrmWidevineDash(335): OEMCrypto_ION_Malloc: function time: 11ms (0s 11954116ns)
10-09 12:15:13.681: D/DrmWidevineDash(335): OEMCrypto_Initialize: ends! returns 0
10-09 12:15:13.681: D/DrmWidevineDash(335): _oecc01: function time: 103ms (0s 103581573ns)
10-09 12:15:13.681: D/DrmWidevineDash(335): OEMCrypto_APIVersion: starts!
10-09 12:15:13.681: D/QSEECOMAPI:(335): SUCESS::ioctl call to scale bus bandwidth to level 1 success with ret = 0
10-09 12:15:13.682: D/QSEECOMAPI:(335): SUCESS::ioctl call to scale bus bandwidth to level 0 success with ret = 0
10-09 12:15:13.682: D/DrmWidevineDash(335): hlos api version = 10
10-09 12:15:13.682: D/DrmWidevineDash(335): tz api version = 10
10-09 12:15:13.682: D/DrmWidevineDash(335): OEMCrypto_APIVersion: ends! returns version 10
10-09 12:15:13.682: D/DrmWidevineDash(335): _oecc22: function time: 0ms (0s 761615ns)
10-09 12:15:13.682: D/DrmWidevineDash(335): OEMCrypto_IsKeyboxValid: starts!
10-09 12:15:13.682: D/QSEECOMAPI:(335): SUCESS::ioctl call to scale bus bandwidth to level 1 success with ret = 0
10-09 12:15:13.719: I/GoogleURLConnFactory(12883): Using platform SSLCertificateSocketFactory
10-09 12:15:13.719: I/GoogleHttpClient(12883): Using GMS GoogleHttpClient
10-09 12:15:13.727: I/AuthService(12825): [AccountService] Execution time for add account with authorization code, options: Bundle[{}] is 1823 ms.
10-09 12:15:13.730: D/LoginUtil(12811): Instrumentation completed successfully
10-09 12:15:13.732: I/ActivityManager(1643): Force stopping com.google.android.apps.mtaas.loginutil appid=10113 user=0: finished inst
10-09 12:15:13.732: I/ActivityManager(1643): Killing 12811:com.google.android.apps.mtaas.loginutil/u0a113 (adj 0): stop com.google.android.apps.mtaas.loginutil
10-09 12:15:13.733: D/QSEECOMAPI:(335): SUCESS::ioctl call to scale bus bandwidth to level 0 success with ret = 0
10-09 12:15:13.733: D/DrmWidevineDash(335): OEMCrypto_IsKeyboxValid: ends! returns 0
10-09 12:15:13.733: D/DrmWidevineDash(335): _oecc05: function time: 50ms (0s 50956256ns)
10-09 12:15:13.733: D/WVCdm(335): OEMCrypto_Initialize Level 1 success. I will use level 1.
10-09 12:15:13.733: D/DrmWidevineDash(335): OEMCrypto_OpenSession: starts! SID=0xb147312c
10-09 12:15:13.733: D/DrmWidevineDash(335): OEMCrypto_OpenSession Session ID = 0
10-09 12:15:13.733: D/QSEECOMAPI:(335): SUCESS::ioctl call to scale bus bandwidth to level 1 success with ret = 0
10-09 12:15:13.734: D/QSEECOMAPI:(335): SUCESS::ioctl call to scale bus bandwidth to level 0 success with ret = 0
10-09 12:15:13.734: D/DrmWidevineDash(335): OEMCrypto_OpenSession SID = 1
10-09 12:15:13.734: D/DrmWidevineDash(335): OEMCrypto_OpenSession: ends! returns 0
10-09 12:15:13.734: D/DrmWidevineDash(335): _oecc09: function time: 0ms (0s 438594ns)
10-09 12:15:13.734: D/DrmWidevineDash(335): OEMCrypto_GetRandom: starts! randomData=0xb7f8f750, dataLength=8
10-09 12:15:13.734: D/QSEECOMAPI:(335): SUCESS::ioctl call to scale bus bandwidth to level 1 success with ret = 0
10-09 12:15:13.734: D/QSEECOMAPI:(335): SUCESS::ioctl call to scale bus bandwidth to level 0 success with ret = 0
10-09 12:15:13.734: D/DrmWidevineDash(335): OEMCrypto_GetRandom: ends! returns 0
10-09 12:15:13.734: D/DrmWidevineDash(335): _oecc06: function time: 0ms (0s 560000ns)
10-09 12:15:13.735: D/DrmWidevineDash(335): OEMCrypto_LoadDeviceRSAKey: starts! SID=1, wrapped_rsa_key=0xb7fa9e10, wrapped_rsa_key_length=1280
10-09 12:15:13.735: D/QSEECOMAPI:(335): SUCESS::ioctl call to scale bus bandwidth to level 1 success with ret = 0
10-09 12:15:13.736: D/AndroidRuntime(12796): Shutting down VM
10-09 12:15:13.747: D/QSEECOMAPI:(335): SUCESS::ioctl call to scale bus bandwidth to level 0 success with ret = 0
10-09 12:15:13.747: D/DrmWidevineDash(335): OEMCrypto_LoadDeviceRSAKey: ends! returns 0
10-09 12:15:13.747: D/DrmWidevineDash(335): _oecc19: function time: 12ms (0s 12589220ns)
10-09 12:15:13.747: I/WVCdm(335): CdmEngine::QueryKeyControlInfo
10-09 12:15:13.748: W/WVCdm(335): BufferReader::Read : Failure during parse: Not enough bytes (4)
10-09 12:15:13.748: W/WVCdm(335): CdmEngine::ExtractWidevinePssh: Unable to read atom size.
10-09 12:15:13.748: I/WVCdm(335): CdmEngine::GenerateKeyRequest
10-09 12:15:13.748: D/DrmWidevineDash(335): OEMCrypto_GetDeviceID: starts! deviceID=0xb7f110e0, idLength=0xae3a8f24
10-09 12:15:13.748: D/QSEECOMAPI:(335): SUCESS::ioctl call to scale bus bandwidth to level 1 success with ret = 0
10-09 12:15:13.752: W/ActivityThread(12883): ClassLoader.loadClass: The class loader returned by Thread.getContextClassLoader() may fail for processes that host multiple applications. You should explicitly specify a context class loader. For example: Thread.setContextClassLoader(getClass().getClassLoader());
10-09 12:15:13.763: D/QSEECOMAPI:(335): SUCESS::ioctl call to scale bus bandwidth to level 0 success with ret = 0
10-09 12:15:13.763: D/DrmWidevineDash(335): OEMCrypto_GetDeviceID: ends! returns 0
10-09 12:15:13.763: D/DrmWidevineDash(335): _oecc07: function time: 14ms (0s 14928179ns)
10-09 12:15:13.763: D/DrmWidevineDash(335): OEMCrypto_SupportsUsageTable: starts!
10-09 12:15:13.763: D/QSEECOMAPI:(335): SUCESS::ioctl call to scale bus bandwidth to level 1 success with ret = 0
10-09 12:15:13.763: D/QSEECOMAPI:(335): SUCESS::ioctl call to scale bus bandwidth to level 0 success with ret = 0
10-09 12:15:13.763: D/DrmWidevineDash(335): OEMCrypto_SupportsUsageTable: is_supported = 1
10-09 12:15:13.763: D/DrmWidevineDash(335): OEMCrypto_SupportsUsageTable: wv_app_version =0x91
10-09 12:15:13.763: D/DrmWidevineDash(335): OEMCrypto_SupportsUsageTable: ends! returns 0
10-09 12:15:13.763: D/DrmWidevineDash(335): _oecc29: function time: 0ms (0s 571354ns)
10-09 12:15:13.763: D/DrmWidevineDash(335): OEMCrypto_IsAntiRollbackHwPresent: starts!
10-09 12:15:13.763: D/QSEECOMAPI:(335): SUCESS::ioctl call to scale bus bandwidth to level 1 success with ret = 0
10-09 12:15:13.764: D/QSEECOMAPI:(335): SUCESS::ioctl call to scale bus bandwidth to level 0 success with ret = 0
10-09 12:15:13.764: D/DrmWidevineDash(335): OEMCrypto_IsAntiRollbackHwPresent ends! ret=0, is_antirb_enabled = 0
10-09 12:15:13.764: D/DrmWidevineDash(335): _oecc39: function time: 0ms (0s 509688ns)
10-09 12:15:13.764: D/DrmWidevineDash(335): OEMCrypto_APIVersion: starts!
10-09 12:15:13.764: D/QSEECOMAPI:(335): SUCESS::ioctl call to scale bus bandwidth to level 1 success with ret = 0
10-09 12:15:13.764: D/QSEECOMAPI:(335): SUCESS::ioctl call to scale bus bandwidth to level 0 success with ret = 0
10-09 12:15:13.764: D/DrmWidevineDash(335): hlos api version = 10
10-09 12:15:13.764: D/DrmWidevineDash(335): tz api version = 10
10-09 12:15:13.764: D/DrmWidevineDash(335): OEMCrypto_APIVersion: ends! returns version 10
10-09 12:15:13.764: D/DrmWidevineDash(335): _oecc22: function time: 0ms (0s 379584ns)
10-09 12:15:13.764: D/DrmWidevineDash(335): OEMCrypto_GetHDCPCapability starts!
10-09 12:15:13.764: D/QSEECOMAPI:(335): SUCESS::ioctl call to scale bus bandwidth to level 1 success with ret = 0
10-09 12:15:13.765: D/QSEECOMAPI:(335): SUCESS::ioctl call to scale bus bandwidth to level 0 success with ret = 0
10-09 12:15:13.765: D/DrmWidevineDash(335): OEMCrypto_GetHDCPCapability current=255, max=4
10-09 12:15:13.765: D/DrmWidevineDash(335): OEMCrypto_GetHDCPCapability ends! ret = 0
10-09 12:15:13.765: D/DrmWidevineDash(335): _oecc44: function time: 0ms (0s 421302ns)
10-09 12:15:13.765: D/DrmWidevineDash(335): OEMCrypto_GenerateNonce: starts! SID=1, nonce=0xae3a9058
10-09 12:15:13.765: D/QSEECOMAPI:(335): SUCESS::ioctl call to scale bus bandwidth to level 1 success with ret = 0
10-09 12:15:13.765: D/QSEECOMAPI:(335): SUCESS::ioctl call to scale bus bandwidth to level 0 success with ret = 0
10-09 12:15:13.765: D/DrmWidevineDash(335): OEMCrypto_GenerateNonce: ends! returns 0
10-09 12:15:13.765: D/DrmWidevineDash(335): _oecc14: function time: 0ms (0s 406303ns)
10-09 12:15:13.765: D/WVCdm(335): PrepareKeyRequest: nonce=2533740529
10-09 12:15:13.765: D/DrmWidevineDash(335): OEMCrypto_GenerateRSASignature starts! SID=1, message=0xb7f32ef8
10-09 12:15:13.765: D/DrmWidevineDash(335): message_length=1644, signature=0xb7f10d80, signature_length=0xae3a8ffc
10-09 12:15:13.765: D/QSEECOMAPI:(335): SUCESS::ioctl call to scale bus bandwidth to level 1 success with ret = 0
10-09 12:15:13.769: D/ActivityManager(1643): cleanUpApplicationRecord -- 12811
10-09 12:15:13.772: I/Icing(12568): Not indexing corpus from package com.google.android.gm as it has never connected
10-09 12:15:13.772: E/Icing(12568): Aborting indexing of corpus messages/com.google/KSJ7Z4E2SEOGZ4S3ZF4FK2PPN4-00%40cloudtestlabaccounts.com
10-09 12:15:13.775: W/ActivityManager(1643): Spurious death for ProcessRecord{38a919f 0:com.google.android.apps.mtaas.loginutil/u0a113}, curProc for 12811: null
10-09 12:15:13.778: I/GHttpClientFactory(12883): Using our fixed implementation of GMSCore's GoogleHttpClient
10-09 12:15:13.779: I/GoogleURLConnFactory(12883): Using platform SSLCertificateSocketFactory
10-09 12:15:13.786: I/BaseStore(12883): Store database version: 136
10-09 12:15:13.797: I/ContactDirectoryManager(11323): deleted 0 stale rows which don't have any relevant directory
10-09 12:15:13.803: I/ContactDirectoryManager(11323): Discovered 1 contact directories in 445ms
10-09 12:15:13.804: I/art(1643): Background partial concurrent mark sweep GC freed 31243(2MB) AllocSpace objects, 70(1420KB) LOS objects, 33% free, 19MB/29MB, paused 2.155ms total 100.944ms
10-09 12:15:13.816: I/Auth(12585): [ReflectiveChannelBinder] Successfully bound channel!
10-09 12:15:13.825: I/NetworkPolicyMonitor(12883): Download-ability status changed to (true) unmetered wifi/eth: true mobileOrMetered: false
10-09 12:15:13.826: I/NetworkPolicyMonitor(12883): Stream-ability status changed to (true) unmetered wifi/eth: true mobileOrMetered: false
10-09 12:15:13.838: W/Conscrypt(12585): Could not set socket write timeout: java.lang.reflect.InvocationTargetException
10-09 12:15:13.839: W/Conscrypt(12585): at java.lang.reflect.Method.invoke(Native Method)
10-09 12:15:13.839: W/Conscrypt(12585): at com.google.android.gms.org.conscrypt.Platform.setSocketWriteTimeout(:com.google.android.gms@13280015@13.2.80 (040300-211705629):13)
10-09 12:15:13.839: W/Conscrypt(12585): Caused by: android.system.ErrnoException: setsockopt failed: EBADF (Bad file descriptor)
10-09 12:15:13.839: W/Conscrypt(12585): at libcore.io.Posix.setsockoptTimeval(Native Method)
10-09 12:15:13.839: W/Conscrypt(12585): at libcore.io.ForwardingOs.setsockoptTimeval(ForwardingOs.java:156)
10-09 12:15:13.850: W/Conscrypt(12585): Could not set socket write timeout: java.lang.reflect.InvocationTargetException
10-09 12:15:13.850: W/Conscrypt(12585): at java.lang.reflect.Method.invoke(Native Method)
10-09 12:15:13.850: W/Conscrypt(12585): at com.google.android.gms.org.conscrypt.Platform.setSocketWriteTimeout(:com.google.android.gms@13280015@13.2.80 (040300-211705629):13)
10-09 12:15:13.850: W/Conscrypt(12585): Caused by: android.system.ErrnoException: setsockopt failed: EBADF (Bad file descriptor)
10-09 12:15:13.851: W/Conscrypt(12585): at libcore.io.Posix.setsockoptTimeval(Native Method)
10-09 12:15:13.851: W/Conscrypt(12585): at libcore.io.ForwardingOs.setsockoptTimeval(ForwardingOs.java:156)
10-09 12:15:13.895: D/MusicLifecycle(12883): com.google.android.music.MusicApplication generated event: Application created
10-09 12:15:13.923: D/QSEECOMAPI:(335): SUCESS::ioctl call to scale bus bandwidth to level 0 success with ret = 0
10-09 12:15:13.923: D/DrmWidevineDash(335): OEMCrypto_GenerateRSASignature returns 0
10-09 12:15:13.923: D/DrmWidevineDash(335): _oecc36: function time: 157ms (0s 157353609ns)
10-09 12:15:13.923: I/WVCdm(335): CdmEngine::CloseSession
10-09 12:15:13.923: D/DrmWidevineDash(335): OEMCrypto_CloseSession: starts! SID=1
10-09 12:15:13.923: D/QSEECOMAPI:(335): SUCESS::ioctl call to scale bus bandwidth to level 1 success with ret = 0
10-09 12:15:13.924: D/QSEECOMAPI:(335): SUCESS::ioctl call to scale bus bandwidth to level 0 success with ret = 0
10-09 12:15:13.924: D/DrmWidevineDash(335): OEMCrypto_CloseSession: ends! returns 0
10-09 12:15:13.924: D/DrmWidevineDash(335): _oecc10: function time: 0ms (0s 569166ns)
10-09 12:15:13.924: D/DrmWidevineDash(335): OEMCrypto_Terminate: starts!
10-09 12:15:13.924: D/QSEECOMAPI:(335): SUCESS::ioctl call to scale bus bandwidth to level 1 success with ret = 0
10-09 12:15:13.924: D/QSEECOMAPI:(335): SUCESS::ioctl call to scale bus bandwidth to level 0 success with ret = 0
10-09 12:15:13.925: D/DrmWidevineDash(335): Service_Uninitialize: starts!
10-09 12:15:13.925: D/QSEECOMAPI:(335): QSEECom_dealloc_memory
10-09 12:15:13.925: D/QSEECOMAPI:(335): QSEECom_shutdown_app, app_id = 11
10-09 12:15:13.925: D/DrmWidevineDash(335): Service_Uninitialize: ends! returns 0x0
10-09 12:15:13.925: D/DrmWidevineDash(335): Service_Uninitialize: function time: 0ms (0s 459688ns)
10-09 12:15:13.925: D/DrmWidevineDash(335): OEMCrypto_ION_Free: function time: 0ms (0s 277500ns)
10-09 12:15:13.925: D/DrmWidevineDash(335): OEMCrypto_Terminate: ends! returns 0
10-09 12:15:13.925: D/DrmWidevineDash(335): _oecc02: function time: 1ms (0s 1329323ns)
10-09 12:15:13.998: V/NativeCrypto(12883): Registering com/google/android/gms/org/conscrypt/NativeCrypto's 284 native methods...
10-09 12:15:14.001: W/Conscrypt(12585): Could not set socket write timeout: java.lang.reflect.InvocationTargetException
10-09 12:15:14.002: W/Conscrypt(12585): at java.lang.reflect.Method.invoke(Native Method)
10-09 12:15:14.002: W/Conscrypt(12585): at com.google.android.gms.org.conscrypt.Platform.setSocketWriteTimeout(:com.google.android.gms@13280015@13.2.80 (040300-211705629):13)
10-09 12:15:14.002: W/Conscrypt(12585): Caused by: android.system.ErrnoException: setsockopt failed: EBADF (Bad file descriptor)
10-09 12:15:14.002: W/Conscrypt(12585): at libcore.io.Posix.setsockoptTimeval(Native Method)
10-09 12:15:14.002: W/Conscrypt(12585): at libcore.io.ForwardingOs.setsockoptTimeval(ForwardingOs.java:156)
10-09 12:15:14.010: W/Conscrypt(12585): Could not set socket write timeout: java.lang.reflect.InvocationTargetException
10-09 12:15:14.010: W/Conscrypt(12585): at java.lang.reflect.Method.invoke(Native Method)
10-09 12:15:14.010: W/Conscrypt(12585): at com.google.android.gms.org.conscrypt.Platform.setSocketWriteTimeout(:com.google.android.gms@13280015@13.2.80 (040300-211705629):13)
10-09 12:15:14.010: W/Conscrypt(12585): Caused by: android.system.ErrnoException: setsockopt failed: EBADF (Bad file descriptor)
10-09 12:15:14.010: W/Conscrypt(12585): at libcore.io.Posix.setsockoptTimeval(Native Method)
10-09 12:15:14.010: W/Conscrypt(12585): at libcore.io.ForwardingOs.setsockoptTimeval(ForwardingOs.java:156)
10-09 12:15:14.030: I/art(12883): Rejecting re-init on previously-failed class java.lang.Class
10-09 12:15:14.030: I/art(12883): Rejecting re-init on previously-failed class java.lang.Class
10-09 12:15:14.031: I/art(12883): Rejecting re-init on previously-failed class java.lang.Class
10-09 12:15:14.031: I/art(12883): Rejecting re-init on previously-failed class java.lang.Class
10-09 12:15:14.049: I/ProviderInstaller(12883): Installed default security provider GmsCore_OpenSSL
10-09 12:15:14.049: D/AndroidMusic(12883): GMSCore installation verified
10-09 12:15:14.076: I/MediaRouter(12883): Found default route: MediaRouter.RouteInfo{ uniqueId=android/.support.v7.media.SystemMediaRouteProvider:DEFAULT_ROUTE, name=ヘッドホン, description=null, iconUri=null, enabled=true, connecting=false, connectionState=0, canDisconnect=false, playbackType=0, playbackStream=3, deviceType=0, volumeHandling=1, volume=10, volumeMax=15, presentationDisplayId=-1, extras=null, settingsIntent=null, providerPackageName=android }
10-09 12:15:14.115: D/MusicLifecycle(12883): com.google.android.music.AccountsBroadcastReceiver generated event: Broadcast received with context android.app.ReceiverRestrictedContext@42a00da and intent Intent { act=android.accounts.LOGIN_ACCOUNTS_CHANGED flg=0x4000010 cmp=com.google.android.music/.AccountsBroadcastReceiver }
10-09 12:15:14.130: I/ActivityManager(1643): Start proc 12945:com.google.android.music:ui/u0a100 for service com.google.android.music/.tutorial.SignupStatus$SignupCheckService
10-09 12:15:14.131: D/MusicLifecycle(12883): com.google.android.music.net.NetworkConnectivityMonitor$NetworkChangedReceiver generated event: Broadcast received with context com.google.android.music.MusicApplication@fee38f and intent Intent { act=android.net.conn.CONNECTIVITY_CHANGE flg=0x4000010 (has extras) }
10-09 12:15:14.132: V/ConnectivityManager(12883): isActiveNetworkMetered() returns:false
10-09 12:15:14.134: I/NetworkConnectivity(12883): Network state changed: NetworkState{networkInfo=[type: WIFI[], state: CONNECTED/CONNECTED, reason: (unspecified), extra: "wl-ftl-mt73-1-24", roaming: false, failover: false, isAvailable: true], connectedMobileDataType=0, activeNetworkMetered=false}
10-09 12:15:14.155: D/MusicLifecycle(12883): com.google.android.music.preferences.MusicPreferenceService$MusicPreferenceServiceBinder generated event: Service created
10-09 12:15:14.162: D/MusicLifecycle(12883): com.google.android.music.download.cache.StorageMigrationService generated event: Service created
10-09 12:15:14.171: D/MusicLifecycle(12883): com.google.android.music.download.artwork.ArtDownloadService generated event: Service created
10-09 12:15:14.175: I/NowOptInSettings(11092): onAccountChanged() : [REDACTED-54]
10-09 12:15:14.180: W/System(12945): ClassLoader referenced unknown path: /system/app/Music2/lib/arm
10-09 12:15:14.180: I/ActivityManager(1643): Start proc 12961:com.google.android.apps.docs/u0a79 for broadcast com.google.android.apps.docs/.storagebackend.LoginAccountsChangedReceiver
10-09 12:15:14.190: I/CalendarProvider2(12169): Sending notification intent: Intent { act=android.intent.action.PROVIDER_CHANGED dat=content://com.android.calendar flg=0x20000000 }
10-09 12:15:14.190: W/ContentResolver(12169): Failed to get type for: content://com.android.calendar (Unknown URL content://com.android.calendar)
10-09 12:15:14.199: I/CalendarProvider2(12169): Sending notification intent: Intent { act=android.intent.action.PROVIDER_CHANGED dat=content://com.android.calendar flg=0x20000000 }
10-09 12:15:14.199: W/ContentResolver(12169): Failed to get type for: content://com.android.calendar (Unknown URL content://com.android.calendar)
10-09 12:15:14.200: I/MultiDex(12945): VM with version 2.1.0 has multidex support
10-09 12:15:14.200: I/MultiDex(12945): install
10-09 12:15:14.200: I/MultiDex(12945): VM has multidex support, MultiDex support library is disabled.
10-09 12:15:14.228: D/MusicLifecycle(12883): com.google.android.music.download.cache.StorageMigrationService generated event: Service destroyed
10-09 12:15:14.239: W/System(12961): ClassLoader referenced unknown path: /system/app/Drive/lib/arm
10-09 12:15:14.244: I/ActivityManager(1643): Killing 12262:com.google.android.youtube/u0a110 (adj 15): empty #7
10-09 12:15:14.253: D/MusicLifecycle(12945): com.google.android.music.MusicApplication generated event: Application created
10-09 12:15:14.301: D/ConnectivityService(1643): ConnectivityService NetworkRequestInfo binderDied(NetworkRequest [ id=15, legacyType=-1, [ Capabilities: INTERNET&NOT_RESTRICTED&TRUSTED] ], android.os.BinderProxy@99c04be)
10-09 12:15:14.302: D/ConnectivityService(1643): releasing NetworkRequest NetworkRequest [ id=15, legacyType=-1, [ Capabilities: INTERNET&NOT_RESTRICTED&TRUSTED] ]
10-09 12:15:14.303: E/ConnectivityService(1643): RemoteException caught trying to send a callback msg for NetworkRequest [ id=15, legacyType=-1, [ Capabilities: INTERNET&NOT_RESTRICTED&TRUSTED] ]
10-09 12:15:14.311: D/ActivityManager(1643): cleanUpApplicationRecord -- 12262
10-09 12:15:14.333: I/DiscoveryManager(12568): Filter criteria(null) scannerFlags(0)
10-09 12:15:14.345: I/Icing(12568): IndexChimeraService.getServiceInterface callingPackage=com.google.android.googlequicksearchbox componentName=null serviceId=32
10-09 12:15:14.354: I/Icing(12568): IndexChimeraService.getServiceInterface callingPackage=com.google.android.googlequicksearchbox componentName=null serviceId=33
10-09 12:15:14.380: V/ConnectivityManager(12945): isActiveNetworkMetered() returns:false
10-09 12:15:14.543: I/ActivityManager(1643): Start proc 13001:com.google.android.partnersetup/u0a32 for content provider com.google.android.partnersetup/.RlzAppProvider
10-09 12:15:14.604: I/ActivityManager(1643): Start proc 13016:com.android.vending/u0a48 for service com.android.vending/com.google.android.finsky.verifier.impl.PackageVerificationService
10-09 12:15:14.615: I/WebViewFactory(11092): Loading com.google.android.webview version 52.0.2743.98 (code 275609800)
10-09 12:15:14.617: W/System(13001): ClassLoader referenced unknown path: /system/priv-app/GooglePartnerSetup/lib/arm
10-09 12:15:14.634: I/Icing(12568): Usage reports ok 1, Failed Usage reports 0, indexed 0, rejected 0, imm upload true
10-09 12:15:14.654: I/GAv4(12961): Google Analytics 8.4.87 is starting up. To enable debug logging on a device run:
10-09 12:15:14.654: I/GAv4(12961): adb shell setprop log.tag.GAv4 DEBUG
10-09 12:15:14.654: I/GAv4(12961): adb logcat -s GAv4
10-09 12:15:14.684: W/GAv4(12961): AnalyticsReceiver is not registered or is disabled. Register the receiver for reliable dispatching on non-Google Play devices. See http://goo.gl/8Rd3yj for instructions.
10-09 12:15:14.689: I/Icing(12568): Usage reports ok 0, Failed Usage reports 0, indexed 0, rejected 0, imm upload true
10-09 12:15:14.699: W/GAv4(12961): CampaignTrackingReceiver is not registered, not exported or is disabled. Installation campaign tracking is not possible. See http://goo.gl/8Rd3yj for instructions.
10-09 12:15:14.711: E/GCoreUlr(12585): Create new device tag of -2003317091 without device reboot
10-09 12:15:14.728: W/GAv4(12961): AnalyticsService not registered in the app manifest. Hits might not be delivered reliably. See http://goo.gl/8Rd3yj for instructions.
10-09 12:15:14.755: W/aqvd(12585): Empty context buffer. Thus might mean that the context is not synced down.
10-09 12:15:14.756: W/aqrh(12585): Empty context model while retrieving upload opt-in status!
10-09 12:15:14.758: V/NativeCrypto(12945): Registering com/google/android/gms/org/conscrypt/NativeCrypto's 284 native methods...
10-09 12:15:14.801: I/art(12945): Rejecting re-init on previously-failed class java.lang.Class
10-09 12:15:14.801: I/art(12945): Rejecting re-init on previously-failed class java.lang.Class
10-09 12:15:14.802: I/art(12945): Rejecting re-init on previously-failed class java.lang.Class
10-09 12:15:14.802: I/art(12945): Rejecting re-init on previously-failed class java.lang.Class
10-09 12:15:14.847: I/ProviderInstaller(12945): Installed default security provider GmsCore_OpenSSL
10-09 12:15:14.847: D/AndroidMusic(12945): GMSCore installation verified
10-09 12:15:14.966: I/PlaybackClient(12945): init: Initializing
10-09 12:15:15.000: I/UIStateManager(12945): Clearing play cache
10-09 12:15:15.011: D/MusicLifecycle(12883): com.google.android.music.playback.MusicPlaybackService generated event: Service created
10-09 12:15:15.013: W/System(11092): ClassLoader referenced unknown path: /system/app/WebViewGoogle/lib/arm
10-09 12:15:15.016: D/Volley(12945): [1] DiskBasedCache.clear: Cache cleared.
10-09 12:15:15.041: D/Volley(12945): [1] DiskBasedCache.clear: Cache cleared.
10-09 12:15:15.067: I/MusicPreferences(12945): Setting play cache cleaned
10-09 12:15:15.093: I/art(11092): Rejecting re-init on previously-failed class java.lang.Class
10-09 12:15:15.093: I/art(11092): Rejecting re-init on previously-failed class java.lang.Class
10-09 12:15:15.095: I/art(11092): Rejecting re-init on previously-failed class java.lang.Class
10-09 12:15:15.096: I/art(11092): Rejecting re-init on previously-failed class java.lang.Class
10-09 12:15:15.117: I/DevicePlayback(12883): Streaming client created.
10-09 12:15:15.142: I/cr_CronetLibraryLoader(11092): Cronet version: 53.0.2782.2, arch: armv7l
10-09 12:15:15.146: I/UrlRequestFactory(11092): Using network stack: Cronet/53.0.2782.2@47df60f7
10-09 12:15:15.147: D/DevicePlayback(12883): clearOrphanedFiles
10-09 12:15:15.159: I/cr_LibraryLoader(11092): Time to load native libraries: 53 ms (timestamps 8685-8738)
10-09 12:15:15.159: I/cr_LibraryLoader(11092): Expected native library version number "52.0.2743.98", actual native library version number "52.0.2743.98"
