10-09 12:14:42.518: W/art(11106): b5951000-b5954000 r--p 00015000 103:07 1569 /system/lib/libdrmframework.so
10-09 12:14:42.518: W/art(11106): b5954000-b5955000 rw-p 00018000 103:07 1569 /system/lib/libdrmframework.so
10-09 12:14:42.518: W/art(11106): b5955000-b5973000 r-xp 00000000 103:07 1510 /system/lib/libRScpp.so
10-09 12:14:42.518: W/art(11106): b5973000-b5974000 ---p 00000000 00:00 0
10-09 12:14:42.518: W/art(11106): b5974000-b5975000 r--p 0001e000 103:07 1510 /system/lib/libRScpp.so
10-09 12:14:42.518: W/art(11106): b5975000-b5976000 rw-p 0001f000 103:07 1510 /system/lib/libRScpp.so
10-09 12:14:42.518: W/art(11106): b5976000-b59b4000 r-xp 00000000 103:07 1507 /system/lib/libRS.so
10-09 12:14:42.518: W/art(11106): b59b4000-b59b5000 ---p 00000000 00:00 0
10-09 12:14:42.518: W/art(11106): b59b5000-b59b7000 r--p 0003e000 103:07 1507 /system/lib/libRS.so
10-09 12:14:42.518: W/art(11106): b59b7000-b59b8000 rw-p 00040000 103:07 1507 /system/lib/libRS.so
10-09 12:14:42.518: W/art(11106): b59b8000-b59bf000 r-xp 00000000 103:07 1727 /system/lib/libspeexresampler.so
10-09 12:14:42.518: W/art(11106): b59bf000-b59c0000 r--p 00006000 103:07 1727 /system/lib/libspeexresampler.so
10-09 12:14:42.518: W/art(11106): b59c0000-b59c1000 rw-p 00007000 103:07 1727 /system/lib/libspeexresampler.so
10-09 12:14:42.518: W/art(11106): b59c1000-b59ca000 r-xp 00000000 103:07 1673 /system/lib/libnbaio.so
10-09 12:14:42.518: W/art(11106): b59ca000-b59cb000 r--p 00008000 103:07 1673 /system/lib/libnbaio.so
10-09 12:14:42.518: W/art(11106): b59cb000-b59cc000 rw-p 00009000 103:07 1673 /system/lib/libnbaio.so
10-09 12:14:42.518: W/art(11106): b59cc000-b59de000 r-xp 00000000 103:07 1685 /system/lib/libpcre.so
10-09 12:14:42.518: W/art(11106): b59de000-b59df000 r--p 00011000 103:07 1685 /system/lib/libpcre.so
10-09 12:14:42.518: W/art(11106): b59df000-b59e0000 rw-p 00012000 103:07 1685 /system/lib/libpcre.so
10-09 12:14:42.518: W/art(11106): b59e0000-b59e5000 r-xp 00000000 103:07 1785 /system/lib/libwpa_client.so
10-09 12:14:42.518: W/art(11106): b59e5000-b59e6000 r--p 00004000 103:07 1785 /system/lib/libwpa_client.so
10-09 12:14:42.518: W/art(11106): b59e6000-b59e7000 rw-p 00005000 103:07 1785 /system/lib/libwpa_client.so
10-09 12:14:42.518: W/art(11106): b59e7000-b59e9000 r--p 00000000 00:00 0 [anon:linker_alloc]
10-09 12:14:42.518: W/art(11106): b59e9000-b5a57000 r-xp 00000000 103:07 1491 /system/lib/libGLES_trace.so
10-09 12:14:42.518: W/art(11106): b5a57000-b5a59000 r--p 0006d000 103:07 1491 /system/lib/libGLES_trace.so
10-09 12:14:42.518: W/art(11106): b5a59000-b5a5a000 rw-p 0006f000 103:07 1491 /system/lib/libGLES_trace.so
10-09 12:14:42.518: W/art(11106): b5a5a000-b5a90000 r-xp 00000000 103:07 2947 /system/vendor/lib/libqc-opt.so
10-09 12:14:42.518: W/art(11106): b5a90000-b5a91000 r--p 00035000 103:07 2947 /system/vendor/lib/libqc-opt.so
10-09 12:14:42.518: W/art(11106): b5a91000-b5a92000 rw-p 00036000 103:07 2947 /system/vendor/lib/libqc-opt.so
10-09 12:14:42.518: W/art(11106): b5a92000-b5af6000 r-xp 00000000 103:07 1610 /system/lib/libft2.so
10-09 12:14:42.518: W/art(11106): b5af6000-b5af8000 r--p 00063000 103:07 1610 /system/lib/libft2.so
10-09 12:14:42.518: W/art(11106): b5af8000-b5af9000 rw-p 00065000 103:07 1610 /system/lib/libft2.so
10-09 12:14:42.518: W/art(11106): b5af9000-b5b1e000 r-xp 00000000 103:07 1689 /system/lib/libpng.so
10-09 12:14:42.518: W/art(11106): b5b1e000-b5b1f000 r--p 00024000 103:07 1689 /system/lib/libpng.so
10-09 12:14:42.518: W/art(11106): b5b1f000-b5b20000 rw-p 00025000 103:07 1689 /system/lib/libpng.so
10-09 12:14:42.518: W/art(11106): b5b20000-b5b23000 r-xp 00000000 103:07 1766 /system/lib/libsync.so
10-09 12:14:42.518: W/art(11106): b5b23000-b5b24000 r--p 00002000 103:07 1766 /system/lib/libsync.so
10-09 12:14:42.518: W/art(11106): b5b24000-b5b25000 rw-p 00003000 103:07 1766 /system/lib/libsync.so
10-09 12:14:42.518: W/art(11106): b5b25000-b5b2a000 r-xp 00000000 103:07 1762 /system/lib/libstdc++.so
10-09 12:14:42.518: W/art(11106): b5b2a000-b5b2b000 r--p 00004000 103:07 1762 /system/lib/libstdc++.so
10-09 12:14:42.518: W/art(11106): b5b2b000-b5b2c000 rw-p 00005000 103:07 1762 /system/lib/libstdc++.so
10-09 12:14:42.518: W/art(11106): b5b2c000-b5b3c000 r-xp 00000000 103:07 1774 /system/lib/libunwind.so
10-09 12:14:42.518: W/art(11106): b5b3c000-b5b3d000 r--p 0000f000 103:07 1774 /system/lib/libunwind.so
10-09 12:14:42.518: W/art(11106): b5b3d000-b5b3e000 rw-p 00010000 103:07 1774 /system/lib/libunwind.so
10-09 12:14:42.518: W/art(11106): b5b3e000-b5b84000 rw-p 00000000 00:00 0
10-09 12:14:42.518: W/art(11106): b5b84000-b5b8d000 r-xp 00000000 103:07 1535 /system/lib/libbase.so
10-09 12:14:42.518: W/art(11106): b5b8d000-b5b8e000 r--p 00008000 103:07 1535 /system/lib/libbase.so
10-09 12:14:42.518: W/art(11106): b5b8e000-b5b8f000 rw-p 00009000 103:07 1535 /system/lib/libbase.so
10-09 12:14:42.518: W/art(11106): b5b8f000-b5b94000 r-xp 00000000 103:07 1595 /system/lib/libeffects.so
10-09 12:14:42.518: W/art(11106): b5b94000-b5b95000 r--p 00004000 103:07 1595 /system/lib/libeffects.so
10-09 12:14:42.518: W/art(11106): b5b95000-b5b96000 rw-p 00005000 103:07 1595 /system/lib/libeffects.so
10-09 12:14:42.519: W/art(11106): b5b96000-b5b97000 r--p 00000000 00:00 0 [anon:linker_alloc]
10-09 12:14:42.519: W/art(11106): b5b97000-b5b9a000 r-xp 00000000 103:07 1736 /system/lib/libstagefright_http_support.so
10-09 12:14:42.519: W/art(11106): b5b9a000-b5b9b000 ---p 00000000 00:00 0
10-09 12:14:42.519: W/art(11106): b5b9b000-b5b9c000 r--p 00003000 103:07 1736 /system/lib/libstagefright_http_support.so
10-09 12:14:42.519: W/art(11106): b5b9c000-b5b9d000 rw-p 00004000 103:07 1736 /system/lib/libstagefright_http_support.so
10-09 12:14:42.519: W/art(11106): b5b9d000-b5bb5000 r-xp 00000000 103:07 1735 /system/lib/libstagefright_foundation.so
10-09 12:14:42.519: W/art(11106): b5bb5000-b5bb6000 ---p 00000000 00:00 0
10-09 12:14:42.519: W/art(11106): b5bb6000-b5bb7000 r--p 00018000 103:07 1735 /system/lib/libstagefright_foundation.so
10-09 12:14:42.519: W/art(11106): b5bb7000-b5bb8000 rw-p 00019000 103:07 1735 /system/lib/libstagefright_foundation.so
10-09 12:14:42.519: W/art(11106): b5bb8000-b5d17000 r-xp 00000000 103:07 1731 /system/lib/libstagefright.so
10-09 12:14:42.519: W/art(11106): b5d17000-b5d18000 ---p 00000000 00:00 0
10-09 12:14:42.519: W/art(11106): b5d18000-b5d24000 r--p 0015f000 103:07 1731 /system/lib/libstagefright.so
10-09 12:14:42.519: W/art(11106): b5d24000-b5d25000 rw-p 0016b000 103:07 1731 /system/lib/libstagefright.so
10-09 12:14:42.519: W/art(11106): b5d25000-b5d8c000 r-xp 00000000 103:07 1620 /system/lib/libhwui.so
10-09 12:14:42.519: W/art(11106): b5d8c000-b5d8d000 ---p 00000000 00:00 0
10-09 12:14:42.519: W/art(11106): b5d8d000-b5d90000 r--p 00067000 103:07 1620 /system/lib/libhwui.so
10-09 12:14:42.519: W/art(11106): b5d90000-b5d91000 rw-p 0006a000 103:07 1620 /system/lib/libhwui.so
10-09 12:14:42.519: W/art(11106): b5d91000-b5d94000 r-xp 00000000 103:07 1704 /system/lib/libradio_metadata.so
10-09 12:14:42.519: W/art(11106): b5d94000-b5d95000 r--p 00002000 103:07 1704 /system/lib/libradio_metadata.so
10-09 12:14:42.519: W/art(11106): b5d95000-b5d96000 rw-p 00003000 103:07 1704 /system/lib/libradio_metadata.so
10-09 12:14:42.519: W/art(11106): b5d96000-b5d9a000 r-xp 00000000 103:07 1671 /system/lib/libnativebridge.so
10-09 12:14:42.519: W/art(11106): b5d9a000-b5d9b000 r--p 00003000 103:07 1671 /system/lib/libnativebridge.so
10-09 12:14:42.519: W/art(11106): b5d9b000-b5d9c000 rw-p 00004000 103:07 1671 /system/lib/libnativebridge.so
10-09 12:14:42.519: W/art(11106): b5d9c000-b5da0000 r-xp 00000000 103:07 1693 /system/lib/libprocessgroup.so
10-09 12:14:42.519: W/art(11106): b5da0000-b5da1000 r--p 00003000 103:07 1693 /system/lib/libprocessgroup.so
10-09 12:14:42.519: W/art(11106): b5da1000-b5da2000 rw-p 00004000 103:07 1693 /system/lib/libprocessgroup.so
10-09 12:14:42.519: W/art(11106): b5da2000-b5db0000 r-xp 00000000 103:07 1656 /system/lib/libminikin.so
10-09 12:14:42.519: W/art(11106): b5db0000-b5db1000 ---p 00000000 00:00 0
10-09 12:14:42.519: W/art(11106): b5db1000-b5db2000 r--p 0000e000 103:07 1656 /system/lib/libminikin.so
10-09 12:14:42.519: W/art(11106): b5db2000-b5db3000 rw-p 0000f000 103:07 1656 /system/lib/libminikin.so
10-09 12:14:42.519: W/art(11106): b5db3000-b5dbd000 r-xp 00000000 103:07 1724 /system/lib/libsoundtrigger.so
10-09 12:14:42.519: W/art(11106): b5dbd000-b5dc0000 r--p 00009000 103:07 1724 /system/lib/libsoundtrigger.so
10-09 12:14:42.519: W/art(11106): b5dc0000-b5dc1000 rw-p 0000c000 103:07 1724 /system/lib/libsoundtrigger.so
10-09 12:14:42.519: W/art(11106): b5dc1000-b5dc2000 r--p 00000000 00:00 0 [anon:linker_alloc]
10-09 12:14:42.519: W/art(11106): b5dc2000-b5dcc000 r-xp 00000000 103:07 1703 /system/lib/libradio.so
10-09 12:14:42.519: W/art(11106): b5dcc000-b5dcf000 r--p 00009000 103:07 1703 /system/lib/libradio.so
10-09 12:14:42.519: W/art(11106): b5dcf000-b5dd0000 rw-p 0000c000 103:07 1703 /system/lib/libradio.so
10-09 12:14:42.519: W/art(11106): b5dd0000-b5dd4000 r-xp 00000000 103:07 1674 /system/lib/libnetd_client.so
10-09 12:14:42.519: W/art(11106): b5dd4000-b5dd5000 r--p 00003000 103:07 1674 /system/lib/libnetd_client.so
10-09 12:14:42.519: W/art(11106): b5dd5000-b5dd6000 rw-p 00004000 103:07 1674 /system/lib/libnetd_client.so
10-09 12:14:42.519: W/art(11106): b5dd6000-b5de3000 r-xp 00000000 103:07 1623 /system/lib/libimg_utils.so
10-09 12:14:42.519: W/art(11106): b5de3000-b5de5000 r--p 0000c000 103:07 1623 /system/lib/libimg_utils.so
10-09 12:14:42.519: W/art(11106): b5de5000-b5de6000 rw-p 0000e000 103:07 1623 /system/lib/libimg_utils.so
10-09 12:14:42.519: W/art(11106): b5de6000-b61e4000 r-xp 00000000 103:07 1686 /system/lib/libpdfium.so
10-09 12:14:42.519: W/art(11106): b61e4000-b61e5000 ---p 00000000 00:00 0
10-09 12:14:42.519: W/art(11106): b61e5000-b61ee000 r--p 003fe000 103:07 1686 /system/lib/libpdfium.so
10-09 12:14:42.519: W/art(11106): b61ee000-b61f2000 rw-p 00407000 103:07 1686 /system/lib/libpdfium.so
10-09 12:14:42.519: W/art(11106): b61f2000-b61f3000 rw-p 00000000 00:00 0
10-09 12:14:42.519: W/art(11106): b61f3000-b61fa000 r-xp 00000000 103:07 1532 /system/lib/libaud
10-09 12:14:42.519: W/art(11106): ioutils.so
10-09 12:14:42.519: W/art(11106): b61fa000-b61fb000 r--p 00006000 103:07 1532 /system/lib/libaudioutils.so
10-09 12:14:42.520: W/art(11106): b61fb000-b61fc000 rw-p 00007000 103:07 1532 /system/lib/libaudioutils.so
10-09 12:14:42.520: W/art(11106): b61fc000-b6216000 r-xp 00000000 103:07 1787 /system/lib/libz.so
10-09 12:14:42.520: W/art(11106): b6216000-b6217000 r--p 00019000
10-09 12:14:42.520: W/art(11106): 103:07 1787 /system/lib/libz.so
10-09 12:14:42.520: W/art(11106): b6217000-b6218000 rw-p 0001a000 103:07 1787 /system/lib/libz.so
10-09 12:14:42.520: W/art(11106): b6218000-b6261000 r-xp 00000000 103:07 1617 /system/lib/libharfbuzz_ng.so
10-09 12:14:42.520: W/art(11106): b6261000-b6262000 ---p 00000000 00:00 0
10-09 12:14:42.520: W/art(11106): b6262000-b6263000 r--p 00049000 103:07 1617 /system/lib/libhar
10-09 12:14:42.520: W/art(11106): fbuzz_ng.so
10-09 12:14:42.520: W/art(11106): b6263000-b6264000 rw-p 0004a000 103:07 1617 /system/lib/libharfbuzz_ng.so
10-09 12:14:42.520: W/art(11106): b6264000-b6265000 rw-p 00000000 00:00 0 [anon:linker_alloc]
10-09 12:14:42.520: W/art(11106): b6265000-b626a000 r-xp 00000000 103:07 1775 /system/lib/libusbhost.so
10-09 12:14:42.520: W/art(11106): b626a000-b626b000 r--p 00004000 1
10-09 12:14:42.520: W/art(11106): 03:07 1775 /system/lib/libusbhost.so
10-09 12:14:42.520: W/art(11106): b626b000-b626c000 rw-p 00005000 103:07 1775 /system/lib/libusbhost.so
10-09 12:14:42.520: W/art(11106): b626c000-b62a2000 r-xp 00000000 103:07 1632 /system/lib/libjpeg.so
10-09 12:14:42.520: W/art(11106): b62a2000-b62a3000 r--p 00035000 103:07 1632 /system/lib/libjpeg.so
10-09 12:14:42.520: W/art(11106): b62a3000-b62a4000 rw-p 00036000 103:07 1632 /system/lib/libjpeg.so
10-09 12:14:42.520: W/art(11106): b62a4000-b62a5000 r--p 00000000 00:00 0 [anon:linker_alloc]
10-09 12:14:42.520: W/art(11106): b62a5000-b6336000 r-xp 00000000 103:07 1648 /system/lib/libmedia.so
10-09 12:14:42.520: W/art(11106): b6336000-b6337000 ---p 00000000 00:00 0
10-09 12:14:42.520: W/art(11106): b6337000-b6353000 r--p 00091000 103:07 1648 /system/lib/libmedia.so
10-09 12:14:42.520: W/art(11106): b6353000-b6354000 rw-p 000ad000 103:07 1648 /system/lib/libmedia.so
10-09 12:14:42.520: W/art(11106): b6354000-b64b9000 r-xp 00000000 103:07 1621 /system/lib/libicui18n.so
10-09 12:14:42.520: W/art(11106): b64b9000-b64ba000 ---p 00000000 00:00 0
10-09 12:14:42.520: W/art(11106): b64ba000-b64c5000 r--p 00165000 103:07 1621 /system/lib/libicui18n.so
10-09 12:14:42.520: W/art(11106): b64c5000-b64c6000 rw-p 00170000 103:07 1621 /system/lib/libicui18n.so
10-09 12:14:42.520: W/art(11106): b64c6000-b65d5000 r-xp 00000000 103:07 1622 /system/lib/libicuuc.so
10-09 12:14:42.520: W/art(11106): b65d5000-b65e0000 r--p 0010e000 103:07 1622 /system/lib/libicuuc.so
10-09 12:14:42.520: W/art(11106): b65e0000-b65e1000 rw-p 00119000 103:07 1622 /system/lib/libicuuc.so
10-09 12:14:42.520: W/art(11106): b65e1000-b65e5000 rw-p 00000000 00:00 0
10-09 12:14:42.520: W/art(11106): b65e5000-b6608000 r-xp 00000000 103:07 1730 /system/lib/libssl.so
10-09 12:14:42.520: W/art(11106): b6608000-b660a000 r--p 00022000 103:07 1730 /system/lib/libssl.so
10-09 12:14:42.520: W/art(11106): b660a000-b660b000 rw-p 00024000 103:07 1730 /system/lib/libssl.so
10-09 12:14:42.520: W/art(11106): b660b000-b669b000 r-xp 00000000 103:07 1560
10-09 12:14:42.520: W/art(11106): /system/lib/libcrypto.so
10-09 12:14:42.520: W/art(11106): b669b000-b669c000 ---p 00000000 00:00 0
10-09 12:14:42.520: W/art(11106): b669c000-b66a7000 r--p 00090000 103:07 1560 /system/lib/libcrypto.so
10-09 12:14:42.520: W/art(11106): b66a7000-b66a8000 rw-p 0009b000 103:07 1560 /system/lib/libcrypto.so
10-09 12:14:42.520: W/art(11106): b66a8000-b66fa000 r-xp 00000000 103:07 1722 /system/lib/libson
10-09 12:14:42.520: W/art(11106): ivox.so
10-09 12:14:42.520: W/art(11106): b66fa000-b66fb000 ---p 00000000 00:00 0
10-09 12:14:42.520: W/art(11106): b66fb000-b66fc000 r--p 00052000 103:07 1722 /system/lib/libsonivox.so
10-09 12:14:42.520: W/art(11106): b66fc000-b66fd000 rw-p 00053000 103:07 1722 /system/lib/libsonivox.so
10-09 12:14:42.520: W/art(11106): b66fd000-b6702000 rw-p 00000000 00:00 0
10-09 12:14:42.520: W/art(11106): b6702000-b6711000 r-xp 0
10-09 12:14:42.520: W/art(11106): 0000000 103:07 1713 /system/lib/libselinux.so
10-09 12:14:42.520: W/art(11106): b6711000-b6712000 r--p 0000e000 103:07 1713 /system/lib/libselinux.so
10-09 12:14:42.520: W/art(11106): b6712000-b6713000 rw-p 0000f000 103:07 1713 /system/lib/libselinux.so
10-09 12:14:42.520: W/art(11106): b6713000-b671a000 r-xp 00000000 103:07 1616 /system/lib/libhardware_legacy.so
10-09 12:14:42.521: W/art(11106): b671a000-b671b000 ---p 00000000 00:00 0
10-09 12:14:42.521: W/art(11106): b671b000-b671c000 r--p 00007000 103:07 1616 /system/lib/libhardware_legacy.so
10-09 12:14:42.521: W/art(11106): b671c000-b671d000 rw-p 00008000 103:07 1616 /system/lib/libhardware_legacy.so
10-09 12:14:42.521: W/art(11106): b671d000-b671e000 rw-p 00000000 00:00 0
10-09 12:14:42.521: W/art(11106): b671e000-b6721000 r-xp 00000000 103:07 1615
10-09 12:14:42.521: W/art(11106): /system/lib/libhardware.so
10-09 12:14:42.521: W/art(11106): b6721000-b6722000 r--p 00002000 103:07 1615 /system/lib/libhardware.so
10-09 12:14:42.521: W/art(11106): b6722000-b6723000 rw-p 00003000 103:07 1615 /system/lib/libhardware.so
10-09 12:14:42.521: W/art(11106): b6723000-b6727000 r-xp 00000000 103:07 1489 /system/lib/libETC1.so
10-09 12:14:42.521: W/art(11106): b6727000-b6728000 r--p 00003000
10-09 12:14:42.521: W/art(11106): 103:07 1489 /system/lib/libETC1.so
10-09 12:14:42.521: W/art(11106): b6728000-b6729000 rw-p 00004000 103:07 1489 /system/lib/libETC1.so
10-09 12:14:42.521: W/art(11106): b6729000-b6736000 r-xp 00000000 103:07 1493 /system/lib/libGLESv2.so
10-09 12:14:42.521: W/art(11106): b6736000-b6737000 r--p 0000c000 103:07 1493 /system/lib/libGLESv2.so
10-09 12:14:42.521: W/art(11106): b6737000-b6738000 rw-p 0000d000 103:07 1493 /system/lib/libGLESv2.so
10-09 12:14:42.521: W/art(11106): b6738000-b6740000 r-xp 00000000 103:07 1492 /system/lib/libGLESv1_CM.so
10-09 12:14:42.521: W/art(11106): b6740000-b6741000 r--p 00007000 103:07 1492 /system/lib/libGLESv1_CM.so
10-09 12:14:42.521: W/art(11106): b6741000-b6742000 rw-p 00008000 103:07 1492 /system/lib/libGLESv1_CM.so
10-09 12:14:42.521: W/art(11106): b6742000-b679e000 r-xp 00000000 103:07 1488 /system/lib/libEGL.so
10-09 12:14:42.521: W/art(11106): b679e000-b679f000 ---p 00000000 00:00 0
10-09 12:14:42.521: W/art(11106): b679f000-b67a1000 r--p 0005c000 103:07 1488 /system/lib/libEGL.so
10-09 12:14:42.521: W/art(11106): b67a1000-b67aa000 rw-p 0005e000 103:07 1488 /system/lib/libEGL.so
10-09 12:14:42.521: W/art(11106): b67aa000-b67ad000 rw-p 00000000 00:00 0
10-09 12:14:42.521: W/art(11106): b67ad000-b687c000 r-xp 00000000 103:07 1728 /system/lib/libsqlite.so
10-09 12:14:42.521: W/art(11106): b687c000-b687e000 r--p 000ce000 103:07 1728 /system/lib/libsqlite.so
10-09 12:14:42.521: W/art(11106): b687e000-b687f000 rw-p 000d0000 103:07 1728 /system/lib/libsqlite.so
10-09 12:14:42.521: W/art(11106): b687f000-b6ad9000 r-xp 00000000 103:07 1717 /system/lib/libskia.so
10-09 12:14:42.521: W/art(11106): b6ad9000-b6ada000 ---p 00000000 00:00 0
10-09 12:14:42.521: W/art(11106): b6ada000-b6af4000 r--p 0025a000 103:07 1717 /system/lib/libskia.so
10-09 12:14:42.521: W/art(11106): b6af4000-b6af6000 rw-p 00274000 103:07 1717 /system/lib/libskia.so
10-09 12:14:42.521: W/art(11106): b6af6000-b6afb000 rw-p 00000000 00:00 0
10-09 12:14:42.521: W/art(11106): b6afb000-b6b03000 r-xp 00000000 103:07 1547 /system/lib/libcamera_
10-09 12:14:42.521: W/art(11106): metadata.so
10-09 12:14:42.521: W/art(11106): b6b03000-b6b04000 ---p 00000000 00:00 0
10-09 12:14:42.521: W/art(11106): b6b04000-b6b05000 r--p 00008000 103:07 1547 /system/lib/libcamera_metadata.so
10-09 12:14:42.521: W/art(11106): b6b05000-b6b06000 rw-p 00009000 103:07 1547 /system/lib/libcamera_metadata.so
10-09 12:14:42.521: W/art(11106): b6b06000-b6b2a000 r-xp 00000000 103:07 1546
10-09 12:14:42.521: W/art(11106): /system/lib/libcamera_client.so
10-09 12:14:42.521: W/art(11106): b6b2a000-b6b2b000 ---p 00000000 00:00 0
10-09 12:14:42.521: W/art(11106): b6b2b000-b6b32000 r--p 00024000 103:07 1546 /system/lib/libcamera_client.so
10-09 12:14:42.521: W/art(11106): b6b32000-b6b33000 rw-p 0002b000 103:07 1546 /system/lib/libcamera_client.so
10-09 12:14:42.521: W/art(11106): b6b33000-b6b6f000 r-xp 00000000 103:07 1625 /sys
10-09 12:14:42.521: W/art(11106): tem/lib/libinputflinger.so
10-09 12:14:42.521: W/art(11106): b6b6f000-b6b72000 r--p 0003b000 103:07 1625 /system/lib/libinputflinger.so
10-09 12:14:42.521: W/art(11106): b6b72000-b6b73000 rw-p 0003e000 103:07 1625 /system/lib/libinputflinger.so
10-09 12:14:42.521: W/art(11106): b6b73000-b6b8d000 r-xp 00000000 103:07 1624 /system/lib/libinput.so
10-09 12:14:42.521: W/art(11106): b6b8d000-b6b91000 r--p 00019000 103:07 1624 /system/lib/libinput.so
10-09 12:14:42.521: W/art(11106): b6b91000-b6b92000 rw-p 0001d000 103:07 1624 /system/lib/libinput.so
10-09 12:14:42.521: W/art(11106): b6b92000-b6bdf000 r-xp 00000000 103:07 1614 /system/lib/libgui.so
10-09 12:14:42.521: W/art(11106): b6bdf000-b6beb000 r--p 0004c000 103:07 1614 /system/lib/libgui.so
10-09 12:14:42.521: W/art(11106): b6beb000-b6bec000 rw-p 00058000 103:07 1614 /system/lib/libgui.so
10-09 12:14:42.521: W/art(11106): b6bec000-b6bf9000 r-xp 00000000 103:07 1773 /system/lib/libui.so
10-09 12:14:42.521: W/art(11106): b6bf9000-b6bfa000 ---p 00000000 00:00 0
10-09 12:14:42.521: W/art(11106): b6bfa000-b6bfb000 r--p 0000d000 103:07 1773 /system/lib/libui.so
10-09 12:14:42.521: W/art(11106): b6bfb000-b6bfc000 rw-p 0000e000 103:07 1773 /system/lib/libui.so
10-09 12:14:42.521: W/art(11106): b6bfc000-b6c03000 r-xp 00000000 103:07 1676 /system/lib/libnetutils.so
10-09 12:14:42.521: W/art(11106): b6c03000-b6c04000 r--p 00006000 103:07 1676 /system/lib/libnetutils.so
10-09 12:14:42.522: W/art(11106): b6c04000-b6c05000 rw-p 00007000 103:07 1676 /system/lib/libnetutils.so
10-09 12:14:42.522: W/art(11106): b6c05000-b6c0c000 r-xp 00000000 103:07 1672 /system/lib/libnativehelper.so
10-09 12:14:42.522: W/art(11106): b6c0c000-b6c0d000 r--p 00006000 103:07 1672 /system/lib/libnativehelper.so
10-09 12:14:42.522: W/art(11106): b6c0d000-b6c0e000 rw-p 00007000 103:07 1672 /system/lib/libnativehelper.so
10-09 12:14:42.522: W/art(11106): b6c0e000-b6c22000 r-xp 00000000 103:07 1597 /system/lib/libexpat.so
10-09 12:14:42.522: W/art(11106): b6c22000-b6c24000 r--p 00013000 103:07 1597 /system/lib/libexpat.so
10-09 12:14:42.522: W/art(11106): b6c24000-b6c25000 rw-p 00015000 103:07 1597 /system/lib/libexpat.so
10-09 12:14:42.522: W/art(11106): b6c25000-b6c4c000 r-xp 00000000 103:07 1517 /system/lib/libandroidfw.so
10-09 12:14:42.522: W/art(11106): b6c4c000-b6c4d000 ---p 00000000 00:00 0
10-09 12:14:42.522: W/art(11106): b6c4d000-b6c4e000 r--p 00027000 103:07 1517 /system/lib/libandroidfw.so
10-09 12:14:42.522: W/art(11106): b6c4e000-b6c4f000 rw-p 00028000 103:07 1517 /system/lib/libandroidfw.so
10-09 12:14:42.522: W/art(11106): b6c4f000-b6c52000 r-xp 00000000 103:07 1655 /system/lib/libmemtrack.so
10-09 12:14:42.522: W/art(11106): b6c52000-b6c53000 r--p 00002000 103:07 1655 /system/lib/libmemtrack.so
10-09 12:14:42.522: W/art(11106): b6c53000-b6c54000 rw-p 00003000 103:07 1655 /system/lib/libmemtrack.so
10-09 12:14:42.522: W/art(11106): b6c54000-b6c5d000 r-xp 00000000 103:07 1534 /system/lib/libbacktrace.so
10-09 12:14:42.522: W/art(11106): b6c5d000-b6c5e000 r--p 00008000 103:07 1534 /system/lib/libbacktrace.so
10-09 12:14:42.522: W/art(11106): b6c5e000-b6c5f000 rw-p 00009000 103:07 1534 /system/lib/libbacktrace.so
10-09 12:14:42.522: W/art(11106): b6c5f000-b6c7e000 r-xp 00000000 103:07 1645 /system/lib/libm.so
10-09 12:14:42.522: W/art(11106): b6c7e000-b6c7f000 ---p 00000000 00:00 0
10-09 12:14:42.522: W/art(11106): b6c7f000-b6c80000 r--p 0001f000 103:07 1645 /system/lib/libm.so
10-09 12:14:42.522: W/art(11106): b6c80000-b6c81000 rw-p 00020000 103:07 1645 /system/lib/libm.so
10-09 12:14:42.522: W/art(11106): b6c81000-b6cdd000 r-xp 00000000 103:07 1544 /system/lib/libc.so
10-09 12:14:42.522: W/art(11106): b6cdd000-b6cde000 ---p 00000000 00:00 0
10-09 12:14:42.522: W/art(11106): b6cde000-b6ce1000 r--p 0005c000 103:07 1544 /system/lib/libc.so
10-09 12:14:42.522: W/art(11106): b6ce1000-b6ce4000 rw-p 0005f000 103:07 1544 /system/lib/libc.so
10-09 12:14:42.522: W/art(11106): b6ce4000-b6ced000 rw-p 00000000 00:00 0
10-09 12:14:42.522: W/art(11106): b6ced000-b6d76000 r-xp 00000000 103:07 1543 /system/lib/libc++.so
10-09 12:14:42.522: W/art(11106): b6d76000-b6d7a000 r--p 00088000 103:07 1543 /system/lib/libc++.so
10-09 12:14:42.522: W/art(11106): b6d7a000-b6d7b000 rw-p 0008c000 103:07 1543 /system/lib/libc++.so
10-09 12:14:42.522: W/art(11106): b6d7b000-b6d7c000 rw-p 00000000 00:00 0
10-09 12:14:42.522: W/art(11106): b6d7c000-b6da4000 r-xp 00000000 103:07 1784 /system/lib/libwilhelm.so
10-09 12:14:42.522: W/art(11106): b6da4000-b6da5000 ---p 00000000 00:00 0
10-09 12:14:42.522: W/art(11106): b6da5000-b6da8000 r--p 00028000 103:07 1784 /system/lib/libwilhelm.so
10-09 12:14:42.522: W/art(11106): b6da8000-b6da9000 rw-p 0002b000 103:07 1784 /system/lib/libwilhelm.so
10-09 12:14:42.522: W/art(11106): b6da9000-b6e7a000 r-xp 00000000 103:07 1515 /system/lib/libandroid_runtime.so
10-09 12:14:42.522: W/art(11106): b6e7a000-b6e7b000 ---p 00000000 00:00 0
10-09 12:14:42.522: W/art(11106): b6e7b000-b6e82000 r--p 000d1000 103:07 1515 /system/lib/libandroid_runtime.so
10-09 12:14:42.522: W/art(11106): b6e82000-b6e8a000 rw-p 000d8000 103:07 1515 /system/lib/libandroid_runtime.so
10-09 12:14:42.522: W/art(11106): b6e8a000-b6e8b000 rw-p 00000000 00:00 0 [anon:linker_alloc_vector]
10-09 12:14:42.522: W/art(11106): b6e8b000-b6e8f000 r--p 00000000 00:00 0 [anon:linker_alloc]
10-09 12:14:42.522: W/art(11106): b6e8f000-b6eb5000 r-xp 00000000 103:07 1538 /system/lib/libbinder.so
10-09 12:14:42.522: W/art(11106): b6eb5000-b6ebc000 r--p 00025000 103:07 1538 /system/lib/libbinder.so
10-09 12:14:42.522: W/art(11106): b6ebc000-b6ebd000 rw-p 0002c000 103:07 1538 /system/lib/libbinder.so
10-09 12:14:42.522: W/art(11106): b6ebd000-b6ec5000 r-xp 00000000 103:07 1643 /system/lib/liblog.so
10-09 12:14:42.522: W/art(11106): b6ec5000-b6ec6000 r--p 00007000 103:07 1643 /system/lib/liblog.so
10-09 12:14:42.522: W/art(11106): b6ec6000-b6ec7000 rw-p 00008000 103:07 1643 /system/lib/liblog.so
10-09 12:14:42.522: W/art(11106): b6ec7000-b6edf000 r-xp 00000000 103:07 1776 /system/lib/libutils.so
10-09 12:14:42.522: W/art(11106): b6edf000-b6ee0000 ---p 00000000 00:00 0
10-09 12:14:42.522: W/art(11106): b6ee0000-b6ee1000 r--p 00018000 103:07 1776 /system/lib/libutils.so
10-09 12:14:42.522: W/art(11106): b6ee1000-b6ee2000 rw-p 00019000 103:07 1776 /system/lib/libutils.so
10-09 12:14:42.522: W/art(11106): b6ee2000-b6ef1000 r-xp 00000000 103:07 1561 /system/lib/libcutils.so
10-09 12:14:42.522: W/art(11106): b6ef1000-b6ef2000 ---p 00000000 00:00 0
10-09 12:14:42.522: W/art(11106): b6ef2000-b6ef3000 r--p 0000f000 103:07 1561 /system/lib/libcutils.so
10-09 12:14:42.523: W/art(11106): b6ef3000-b6ef4000 rw-p 00010000 103:07 1561 /system/lib/libcutils.so
10-09 12:14:42.523: W/art(11106): b6ef4000-b6ef5000 rw-p 00000000 00:00 0 [anon:linker_alloc_vector]
10-09 12:14:42.523: W/art(11106): b6ef5000-b6ef6000 rw-p 00000000 00:00 0 [anon:linker_alloc_64]
10-09 12:14:42.523: W/art(11106): b6ef6000-b6ef7000 r--p 00000000 00:00 0 [anon:linker_alloc]
10-09 12:14:42.523: W/art(11106): b6ef7000-b6ef8000 rw-p 00000000 00:00 0 [anon:linker_alloc]
10-09 12:14:42.523: W/art(11106): b6ef8000-b6ef9000 rw-p 00000000 00:00 0 [anon:linker_alloc_vector]
10-09 12:14:42.523: W/art(11106): b6ef9000-b6efa000 rw-p 00000000 00:00 0 [anon:linker_alloc_32]
10-09 12:14:42.523: W/art(11106): b6efa000-b6efb000 r--p 00000000 00:00 0 [anon:linker_alloc]
10-09 12:14:42.523: W/art(11106): b6efb000-b6f1b000 r--s 00000000 00:0c 7705 /dev/__properties__
10-09 12:14:42.523: W/art(11106): b6f1b000-b6f1c000 r--p 00000000 00:00 0
10-09 12:14:42.523: W/art(11106): b6f1c000-b6f1d000 ---p 00000000 00:00 0
10-09 12:14:42.523: W/art(11106): b6f1d000-b6f1f000 rw-p 00000000 00:00 0 [anon:thread signal stack]
10-09 12:14:42.523: W/art(11106): b6f1f000-b6f3b000 r-xp 00000000 103:07 516 /system/bin/linker
10-09 12:14:42.523: W/art(11106): b6f3b000-b6f3c000 r-xp 00000000 00:00 0 [sigpage]
10-09 12:14:42.523: W/art(11106): b6f3c000-b6f3d000 r--p 0001c000 103:07 516 /system/bin/linker
10-09 12:14:42.523: W/art(11106): b6f3d000-b6f3f000 rw-p 0001d000 103:07 516 /system/bin/linker
10-09 12:14:42.523: W/art(11106): b6f3f000-b6f41000 rw-p 00000000 00:00 0
10-09 12:14:42.523: W/art(11106): b6f41000-b6f46000 r-xp 00000000 103:07 373 /system/bin/app_process32
10-09 12:14:42.523: W/art(11106): b6f46000-b6f47000 r--p 00004000 103:07 373 /system/bin/app_process32
10-09 12:14:42.523: W/art(11106): b6f47000-b6f48000 rw-p 00000000 00:00 0
10-09 12:14:42.523: W/art(11106): b7ae1000-b7b13000 rw-p 00000000 00:00 0 [heap]
10-09 12:14:42.523: W/art(11106): be119000-be918000 rw-p 00000000 00:00 0 [stack]
10-09 12:14:42.523: W/art(11106): ffff0000-ffff1000 r-xp 00000000 00:00 0 [vectors]
10-09 12:14:42.566: D/ICU(11106): No timezone override file found: /data/misc/zoneinfo/current/icu/icu_tzdata.dat
10-09 12:14:42.593: I/Finsky(11151): [790] com.google.android.finsky.db.a.l.b(25): Started reading experiment flags from file [SKocQA9EQQFTb-1gQsc5WsjVhGA].
10-09 12:14:42.594: I/Finsky(11151): [791] com.google.android.finsky.db.a.l.b(25): Started reading experiment flags from file [v6B-2IolLQRBwrwPhscSaeg04As].
10-09 12:14:42.596: I/Finsky(11151): [790] com.google.android.finsky.db.a.l.b(61): Finished reading experiment flags from file [SKocQA9EQQFTb-1gQsc5WsjVhGA].
10-09 12:14:42.597: I/Finsky(11151): [791] com.google.android.finsky.db.a.l.b(61): Finished reading experiment flags from file [v6B-2IolLQRBwrwPhscSaeg04As].
10-09 12:14:42.615: I/Radio-JNI(11106): register_android_hardware_Radio DONE
10-09 12:14:42.649: D/AndroidRuntime(11106): Calling main entry com.android.commands.pm.Pm
10-09 12:14:42.660: D/DefContainer(11011): Copying /data/local/tmp/com.google.android.gmscore.testing.testsupport.apk to base.apk
10-09 12:14:42.679: I/Finsky(11151): [1] com.google.android.finsky.wear.bc.a(14): Component class com.google.android.finsky.wear.WearSupportService enabled via PackageManager.
10-09 12:14:42.681: I/Finsky(11151): [1] com.google.android.finsky.wear.bc.a(14): Component class com.google.android.finsky.wear.WearChangeListenerService enabled via PackageManager.
10-09 12:14:42.683: I/Finsky(11151): [1] com.google.android.finsky.application.impl.a.dl(2498): Not a unicorn device
10-09 12:14:42.694: W/Settings(11151): Setting download_manager_max_bytes_over_mobile has moved from android.provider.Settings.Secure to android.provider.Settings.Global.
10-09 12:14:42.694: D/ConnectivityService(1643): listenForNetwork for Listen from uid/pid:10048/11151 for NetworkRequest [ id=14, legacyType=-1, [ Capabilities: INTERNET&NOT_RESTRICTED&TRUSTED] ]
10-09 12:14:42.695: W/Settings(11151): Setting download_manager_recommended_max_bytes_over_mobile has moved from android.provider.Settings.Secure to android.provider.Settings.Global.
10-09 12:14:42.709: I/cr_CronetLibraryLoader(11151): Cronet version: 68.0.3426.0, arch: armv7l
10-09 12:14:42.754: I/Finsky(11151): [1] com.google.android.finsky.scheduler.bb.(18): Resetting scheduler db
10-09 12:14:42.758: W/Finsky(11151): [1] com.google.android.finsky.hygiene.b.d.c(267): Routine hygiene hasn't run recently, reverting to daily hygiene.
10-09 12:14:42.816: I/PackageManager.DexOptimizer(1643): Running dexopt (dex2oat) on: /data/app/vmdl1965665466.tmp/base.apk pkg=com.google.android.gmscore.testing.testsupport isa=arm vmSafeMode=false debuggable=false oatDir = /data/app/vmdl1965665466.tmp/oat bootComplete=true
10-09 12:14:42.829: I/Finsky(11151): [1] com.google.android.finsky.splitinstallservice.bu.a(25): Connecting InstallListener to SplitInstallService broadcaster...
10-09 12:14:42.856: I/Finsky(11151): [1] com.google.android.finsky.cn.a.a(48): Enabling bucket experiment: factor=1.000, zeroDelta=0ms, forceNetwork=true
10-09 12:14:42.859: W/Finsky(11151): [1] com.google.android.finsky.application.impl.a.b(578): For unauth, use getDfeApiNonAuthenticated() instead!
10-09 12:14:42.862: I/Finsky(11151): [1] com.google.android.finsky.verifier.impl.cq.b(114): Setup app restrictions monitor
10-09 12:14:42.864: I/Finsky(11151): [1] com.google.android.finsky.verifier.impl.dv.a(20): Device wide unknown source restriction is changed.
10-09 12:14:42.865: I/dex2oat(11217): Starting dex2oat.
10-09 12:14:42.899: I/Finsky(11151): [1] com.google.android.finsky.p2p.c.a(10): Frosting ID looked up on UI thread. Caller should move to a background thread.
10-09 12:14:42.923: I/ActivityManager(1643): Start proc 11225:com.google.android.gms/u0a28 for broadcast com.google.android.gms/.games.chimera.GamesSystemBroadcastReceiverProxy
10-09 12:14:42.925: I/ActivityManager(1643): Killing 11030:android.process.acore/u0a14 (adj 15): empty #7
10-09 12:14:42.973: D/ActivityManager(1643): cleanUpApplicationRecord -- 11030
10-09 12:14:42.977: I/Finsky(11151): [1] com.google.android.finsky.scheduler.aw.a(13): Resetting scheduler db stage 2
10-09 12:14:42.981: V/ConnectivityManager(11151): isActiveNetworkMetered() returns:false
10-09 12:14:42.984: I/Finsky(11151): [1] com.google.android.finsky.installer.a.ai.a(238): Installer kick - no action, not running yet
10-09 12:14:42.997: I/ActivityManager(1643): Start proc 11237:android.process.media/u0a23 for content provider com.android.providers.downloads/.DownloadProvider
10-09 12:14:43.002: I/Finsky(11151): [1] com.google.android.finsky.wear.WearSupportService.onStartCommand(26): Starting WearSupportService for auto_install
10-09 12:14:43.004: I/Finsky(11151): [1] com.google.android.finsky.wear.w.a(18): Connecting to wearable
10-09 12:14:43.021: I/Finsky(11151): [1] com.google.android.finsky.p2p.d.a(2): Wrote row to frosting DB: 33
10-09 12:14:43.022: I/Finsky(11151): [1] com.google.android.finsky.wear.WearSupportService.onStartCommand(26): Starting WearSupportService for send_installed_apps
10-09 12:14:43.023: I/Finsky(11151): [1] com.google.android.finsky.externalreferrer.b.a(10): Package state data is missing for com.google.android.gms.policy_test_support
10-09 12:14:43.033: W/System(11237): ClassLoader referenced unknown path: /system/priv-app/DownloadProvider/lib/arm
10-09 12:14:43.040: W/System(11237): ClassLoader referenced unknown path: /system/priv-app/MediaProvider/lib/arm
10-09 12:14:43.051: I/Wear_Controller(8428): Wear requires a companion app to be installed.
10-09 12:14:43.051: I/WearableService(8428): onCreate: Wearable Services not starting. Wear is not available on this device.
10-09 12:14:43.064: W/WearableService(8428): onGetService: Wear is not available on this device.
10-09 12:14:43.068: E/Finsky(11151): [1] com.google.android.finsky.wear.x.a(3): onConnectionFailed: ConnectionResult{statusCode=API_UNAVAILABLE, resolution=null, message=null}
10-09 12:14:43.070: W/Finsky(11151): [1] com.google.android.finsky.wear.w.b(31): GoogleApiClient instance is not connected when requested
10-09 12:14:43.071: W/Finsky(11151): [1] com.google.android.finsky.wear.dk.run(16): Dropping command=auto_install due to Gms not connected
10-09 12:14:43.072: I/Finsky(11151): [1] com.google.android.finsky.wear.WearSupportService.b(66): Stopping WearSupportService
10-09 12:14:43.080: W/Finsky(11151): [1] com.google.android.finsky.wear.w.b(31): GoogleApiClient instance is not connected when requested
10-09 12:14:43.081: W/Finsky(11151): [1] com.google.android.finsky.wear.dk.run(16): Dropping command=send_installed_apps due to Gms not connected
10-09 12:14:43.081: I/Finsky(11151): [1] com.google.android.finsky.wear.WearSupportService.b(66): Stopping WearSupportService
10-09 12:14:43.126: I/ActivityManager(1643): Killing 11050:com.google.android.partnersetup/u0a32 (adj 15): empty #7
10-09 12:14:43.127: I/Finsky(11151): [1] com.google.android.finsky.installer.a.r.(15): Not checking if recovering from paused session because experiment is off
10-09 12:14:43.163: D/ActivityManager(1643): cleanUpApplicationRecord -- 11050
10-09 12:14:43.275: V/NativeCrypto(11225): Registering com/google/android/gms/org/conscrypt/NativeCrypto's 284 native methods...
10-09 12:14:43.310: I/art(11225): Rejecting re-init on previously-failed class java.lang.Class
10-09 12:14:43.311: I/art(11225): Rejecting re-init on previously-failed class java.lang.Class
10-09 12:14:43.311: I/art(11225): Rejecting re-init on previously-failed class java.lang.Class
10-09 12:14:43.311: I/art(11225): Rejecting re-init on previously-failed class java.lang.Class
10-09 12:14:43.330: I/ProviderInstaller(11225): Installed default security provider GmsCore_OpenSSL
10-09 12:14:43.363: W/Thread-795(11263): type=1400 audit(0.0:536): avc: denied { write } for uid=10028 name=".lib.lock" dev="mmcblk0p41" ino=10255 scontext=u:r:untrusted_app:s0:c512,c768 tcontext=u:object_r:system_data_file:s0 tclass=file permissive=0
10-09 12:14:43.365: W/NativeLibraryUtils(11225): Failed to open lock file
10-09 12:14:43.365: W/NativeLibraryUtils(11225): java.io.FileNotFoundException: /data/user/0/com.google.android.gms/cache/.lib.lock: open failed: EACCES (Permission denied)
10-09 12:14:43.365: W/NativeLibraryUtils(11225): at libcore.io.IoBridge.open(IoBridge.java:452)
10-09 12:14:43.365: W/NativeLibraryUtils(11225): at java.io.RandomAccessFile.(RandomAccessFile.java:117)
10-09 12:14:43.365: W/NativeLibraryUtils(11225): at qgx.b(:com.google.android.gms@13280015@13.2.80 (040300-211705629):6)
10-09 12:14:43.365: W/NativeLibraryUtils(11225): at pdm.run(:com.google.android.gms@13280015@13.2.80 (040300-211705629))
10-09 12:14:43.365: W/NativeLibraryUtils(11225): Caused by: android.system.ErrnoException: open failed: EACCES (Permission denied)
10-09 12:14:43.365: W/NativeLibraryUtils(11225): at libcore.io.Posix.open(Native Method)
10-09 12:14:43.365: W/NativeLibraryUtils(11225): at libcore.io.BlockGuardOs.open(BlockGuardOs.java:186)
10-09 12:14:43.365: W/NativeLibraryUtils(11225): at libcore.io.IoBridge.open(IoBridge.java:438)
10-09 12:14:43.365: W/NativeLibraryUtils(11225): ... 3 more
10-09 12:14:43.406: W/Primes(11225): Primes not initialized, returning default (no-op) Primes instance which will ignore all calls. Please call Primes.initialize(...) before using any Primes API.
10-09 12:14:43.622: W/GoogleCertificatesImpl(8428): Package com.google.android.gms.policy_test_support has a cert in the whitelist but wrong package name. go/package-enforcement-help
10-09 12:14:43.644: E/BaseAppContext(11225): Tried to stop global GMSCore RequestQueue. This is likely unintended, so ignoring.
10-09 12:14:43.765: I/art(1643): Background partial concurrent mark sweep GC freed 42345(2MB) AllocSpace objects, 2(40KB) LOS objects, 33% free, 19MB/29MB, paused 2.128ms total 107.780ms
10-09 12:14:43.816: I/DynamiteModule(11225): Considering local module com.google.android.gms.googlecertificates:4 and remote module com.google.android.gms.googlecertificates:4
10-09 12:14:43.817: I/DynamiteModule(11225): Selected local version of com.google.android.gms.googlecertificates
10-09 12:14:43.825: W/GoogleCertificatesImpl(11225): Package com.google.android.gms.policy_test_support has a cert in the whitelist but wrong package name. go/package-enforcement-help
10-09 12:14:44.366: E/DowngradeHelper(11225): isModuleDowngradeRequired false
10-09 12:14:44.367: E/ConfigFileUtils(11225): Failed to read config file: /data/data/com.google.android.gms/app_chimera/current_modules_init.pb: open failed: ENOENT (No such file or directory)
10-09 12:14:44.484: I/Auth(11225): [SupervisedAccountIntentOperation] onHandleIntent(): android.intent.action.PACKAGE_ADDED
10-09 12:14:44.496: W/System(11225): ClassLoader referenced unknown path: /data/app/com.google.android.gms.policy_test_support-1/lib/arm
10-09 12:14:44.507: I/Auth(11225): [SupervisedAccountIntentOperation] This operation is disabled
10-09 12:14:44.511: I/ChromeSync(11225): [Sync,SyncIntentOperation] Handling the intent: Intent { act=android.intent.action.PACKAGE_ADDED dat=package:com.google.android.gms.policy_test_support flg=0x4000010 cmp=com.google.android.gms/.chimera.GmsIntentOperationService (has extras) }.
10-09 12:14:44.540: I/ChromeSync(11225): [Persistence,AffiliationManager] No affiliation data for android://JQGPsg9dd2HvcQ3NOvpIBkUqO05p1z872yyCqMPGKyYTrXaagXb_cTSR6Tw7zvKHuN1SL7HTpLIIpZ7kfHKqVA==@com.google.android.gms.policy_test_support/. Marking affiliation data as stale...
10-09 12:14:44.553: I/ChromeSync(11225): [Persistence,AffiliationManager] Fetching affiliations from the server.
10-09 12:14:44.682: I/TestSupport(11225): Activate: 1538982000000@1539112484670
10-09 12:14:44.682: I/TestSupport(11225): Boot time: 1539110276420
10-09 12:14:44.737: I/Icing(11225): Using regular flags by method 2
10-09 12:14:44.738: I/TestSupport(11225): Updated: /data/data/com.google.android.gms/app_testsupport/.startup
10-09 12:14:44.794: V/AlarmManager(1643): sending alarm {d4ff339 type 3 *alarm*:com.google.android.gms.common.receiver.LOG_CORE_ANALYTICS}
10-09 12:14:44.796: V/AlarmManager(1643): sending alarm {e3c1d7e type 0 *walarm*:com.google.android.gms/.checkin.EventLogServiceReceiver}
10-09 12:14:44.796: V/AlarmManager(1643): sending alarm {e0922df type 3 *alarm*:com.google.android.gms/.common.download.DownloadAlarmReceiver}
10-09 12:14:44.797: V/AlarmManager(1643): sending alarm {9fdfb2c type 0 *walarm*:com.android.vending/com.google.android.finsky.hygiene.DailyHygiene$DailyHygieneService}
10-09 12:14:44.797: W/ActivityManager(1643): Unable to start service Intent { flg=0x4 cmp=com.android.vending/com.google.android.finsky.hygiene.DailyHygiene$DailyHygieneService (has extras) } U=0: not found
10-09 12:14:44.797: V/AlarmManager(1643): sending alarm {3b389f5 type 1 *alarm*:com.google.android.googlequicksearchbox/com.google.android.apps.gsa.speech.grammar.GrammarCompilationService}
10-09 12:14:44.803: V/AlarmManager(1643): sending alarm {9dea924 type 3 *alarm*:com.android.server.action.NETWORK_STATS_POLL}
10-09 12:14:44.804: V/AlarmManager(1643): sending alarm {870dfb type 1 *alarm*:com.motorola.motocare.trigger.AlarmTrigger.MonthlyAlarmTrigger}
10-09 12:14:44.804: V/AlarmManager(1643): sending alarm {ae59e18 type 1 *alarm*:com.motorola.motocare.trigger.AlarmTrigger.MidnightAlarmTrigger}
10-09 12:14:44.805: V/AlarmManager(1643): sending alarm {87fd071 type 1 *alarm*:com.motorola.motocare.trigger.AlarmTrigger.WeeklyAlarmTrigger}
10-09 12:14:44.806: V/AlarmManager(1643): done {9fdfb2c, *walarm*:com.android.vending/com.google.android.finsky.hygiene.DailyHygiene$DailyHygieneService} [13ms]
10-09 12:14:44.806: V/AlarmManager(1643): done {3b389f5, *alarm*:com.google.android.googlequicksearchbox/com.google.android.apps.gsa.speech.grammar.GrammarCompilationService} [13ms]
10-09 12:14:44.903: V/AlarmManager(1643): done {d4ff339, *alarm*:com.google.android.gms.common.receiver.LOG_CORE_ANALYTICS} [110ms]
10-09 12:14:44.903: V/AlarmManager(1643): done {e3c1d7e, *walarm*:com.google.android.gms/.checkin.EventLogServiceReceiver} [110ms]
10-09 12:14:44.903: V/AlarmManager(1643): done {e0922df, *alarm*:com.google.android.gms/.common.download.DownloadAlarmReceiver} [110ms]
10-09 12:14:44.930: V/AlarmManager(1643): done {9dea924, *alarm*:com.android.server.action.NETWORK_STATS_POLL} [137ms]
10-09 12:14:44.931: V/AlarmManager(1643): done {870dfb, *alarm*:com.motorola.motocare.trigger.AlarmTrigger.MonthlyAlarmTrigger} [138ms]
10-09 12:14:44.933: V/AlarmManager(1643): done {ae59e18, *alarm*:com.motorola.motocare.trigger.AlarmTrigger.MidnightAlarmTrigger} [140ms]
10-09 12:14:44.936: V/AlarmManager(1643): done {87fd071, *alarm*:com.motorola.motocare.trigger.AlarmTrigger.WeeklyAlarmTrigger} [143ms]
10-09 12:14:45.005: D/Checkin(5340): publish the event [tag = MOT_DEVICE_STATS_L3 event name = HwProps]
10-09 12:14:45.009: D/Checkin(5340): publish the event [tag = MOT_RO_PROPS event name = AndroidSys]
10-09 12:14:45.048: E/MC_BatteryHealthAction(5340): Invalid ocv_capacity null
10-09 12:14:45.049: E/MC_BatteryHealthAction(5340): Sys File: File not found /sys/module/cpcap_battery/parameters/timestamp or /sys/module/pm8921_bms/parameters/timestamp
10-09 12:14:45.087: E/MC_MmcStatsAction(5340): Unable to find mmc block stat files.
10-09 12:14:45.088: W/System.err(5340): java.io.FileNotFoundException: /sys/block/mmcblk1/stat: open failed: ENOENT (No such file or directory)
10-09 12:14:45.097: W/System.err(5340): at libcore.io.IoBridge.open(IoBridge.java:452)
10-09 12:14:45.097: W/System.err(5340): at java.io.FileInputStream.(FileInputStream.java:76)
10-09 12:14:45.097: W/System.err(5340): at java.io.FileInputStream.(FileInputStream.java:103)
10-09 12:14:45.097: W/System.err(5340): at java.io.FileReader.(FileReader.java:66)
10-09 12:14:45.097: W/System.err(5340): at com.motorola.motocare.action.MmcStatsAction.readMmcSectorWrites(MmcStatsAction.java:88)
10-09 12:14:45.097: W/System.err(5340): at com.motorola.motocare.action.MmcStatsAction.appendMmcStatsReport(MmcStatsAction.java:72)
10-09 12:14:45.097: W/System.err(5340): at com.motorola.motocare.action.MmcStatsAction.onReceiveImpl(MmcStatsAction.java:50)
10-09 12:14:45.097: W/System.err(5340): at com.motorola.motocare.util.BackgroundReceiver$1.run(BackgroundReceiver.java:14)
10-09 12:14:45.097: W/System.err(5340): at android.os.Handler.handleCallback(Handler.java:746)
10-09 12:14:45.097: W/System.err(5340): at android.os.Handler.dispatchMessage(Handler.java:95)
10-09 12:14:45.097: W/System.err(5340): at android.os.Looper.loop(Looper.java:148)
10-09 12:14:45.097: W/System.err(5340): at android.os.HandlerThread.run(HandlerThread.java:61)
10-09 12:14:45.097: W/System.err(5340): Caused by: android.system.ErrnoException: open failed: ENOENT (No such file or directory)
10-09 12:14:45.097: W/System.err(5340): at libcore.io.Posix.open(Native Method)
10-09 12:14:45.097: W/System.err(5340): at libcore.io.BlockGuardOs.open(BlockGuardOs.java:186)
10-09 12:14:45.097: W/System.err(5340): at libcore.io.IoBridge.open(IoBridge.java:438)
10-09 12:14:45.097: W/System.err(5340): ... 11 more
10-09 12:14:45.216: I/ContextCompilationHandl(11092): Compiling grammar for: en-US, type=CONTACT_DIALING
10-09 12:14:45.244: I/Using %s flags by metho(11225): regular
10-09 12:14:45.369: I/FA-SVC(11225): App measurement is starting up, version: 13280
10-09 12:14:45.397: I/ActivityManager(1643): Start proc 11323:android.process.acore/u0a14 for content provider com.android.providers.contacts/.ContactsProvider2
10-09 12:14:45.423: I/PeopleContactsSync(11225): triggerPendingContactsCleanup: no accounts
10-09 12:14:45.475: W/System(11323): ClassLoader referenced unknown path: /system/priv-app/ContactsProvider/lib/arm
10-09 12:14:45.512: I/PeopleDatabaseHelper(11225): cleanUpNonGplusAccounts done.
10-09 12:14:45.523: W/System(11323): ClassLoader referenced unknown path: /system/app/UserDictionaryProvider/lib/arm
10-09 12:14:45.551: I/Icing(11225): IndexChimeraService.getServiceInterface callingPackage=com.google.android.gms componentName=AppsCorpus serviceId=32
10-09 12:14:45.555: I/Icing(11225): IndexChimeraService.getServiceInterface callingPackage=com.google.android.gms componentName=AppsCorpus serviceId=36
10-09 12:14:45.556: D/libc(330): retrying_select2 timeout
10-09 12:14:45.556: D/libc(330): dns server used:10.10.100.105
10-09 12:14:45.577: W/GoogleCertificatesImpl(11225): Package com.google.android.gms.policy_test_support has a cert in the whitelist but wrong package name. go/package-enforcement-help
10-09 12:14:45.636: W/GoogleCertificatesImpl(11225): Package com.google.android.gms.policy_test_support has a cert in the whitelist but wrong package name. go/package-enforcement-help
10-09 12:14:45.653: I/ContactLocale(11323): AddressBook Labels [en-US;fr-CA]: [, A, B, C, D, E, F, G, H, I, J, K, L, M, N, O, P, Q, R, S, T, U, V, W, X, Y, Z, Α, Β, Γ, Δ, Ε, Ζ, Η, Θ, Ι, Κ, Λ, Μ, Ν, Ξ, Ο, Π, Ρ, Σ, Τ, Υ, Φ, Χ, Ψ, Ω, , А, Б, В, Г, Д, Ђ, Е, Є, Ж, З, И, І, Й, Ј, К, Л, Љ, М, Н, Њ, О, П, Р, С, Т, Ћ, У, Ф, Х, Ц, Ч, Џ, Ш, Щ, Ю, Я, , א, ב, ג, ד, ה, ו, ז, ח, ט, י, כ, ל, מ, נ, ס, ע, פ, צ, ק, ר, ש, ת, , ا, ب, ت, ث, ج, ح, خ, د, ذ, ر, ز, س, ش, ص, ض, ط, ظ, ع, غ, ف, ق, ك, ل, م, ن, ه, و, ي, , ก, ข, ฃ, ค, ฅ, ฆ, ง, จ, ฉ, ช, ซ, ฌ, ญ, ฎ, ฏ, ฐ, ฑ, ฒ, ณ, ด, ต, ถ, ท, ธ, น, บ, ป, ผ, ฝ, พ, ฟ, ภ, ม, ย, ร, ฤ, ล, ฦ, ว, ศ, ษ, ส, ห, ฬ, อ, ฮ, , ㄱ, ㄴ, ㄷ, ㄹ, ㅁ, ㅂ, ㅅ, ㅇ, ㅈ, ㅊ, ㅋ, ㅌ, ㅍ, ㅎ, , あ, か, さ, た, な, は, ま, や, ら, わ, #, ]
10-09 12:14:45.670: I/aiqy(8428): Scheduling Phenotype for a PhenotypeSyncImmediately(6, com.google.android.gms.testsupport) one off with window [1, 2] in seconds [CONTEXT service_id=51 ]
10-09 12:14:45.689: E/NetworkScheduler(8428): Invalid component specified.
10-09 12:14:45.698: W/native(11225): commandlineflags.cc:1509 Ignoring RegisterValidateFunction() for flag pointer 0x97674490: no flag found at that address
10-09 12:14:45.748: D/StorageMeasurement(5340): getDirectorySize(/storage/emulated/0) returned 335872
10-09 12:14:45.751: D/StorageMeasurement(5340): getDirectorySize(/storage/emulated/0/Ringtones) returned 0
10-09 12:14:45.754: D/StorageMeasurement(5340): getDirectorySize(/storage/emulated/0/Pictures) returned 0
10-09 12:14:45.755: D/StorageMeasurement(5340): getDirectorySize(/storage/emulated/0/DCIM) returned 0
10-09 12:14:45.757: D/StorageMeasurement(5340): getDirectorySize(/storage/emulated/0/Podcasts) returned 0
10-09 12:14:45.760: D/StorageMeasurement(5340): getDirectorySize(/storage/emulated/0/Notifications) returned 0
10-09 12:14:45.762: D/StorageMeasurement(5340): getDirectorySize(/storage/emulated/0/Music) returned 0
10-09 12:14:45.764: D/StorageMeasurement(5340): getDirectorySize(/storage/emulated/0/Movies) returned 0
10-09 12:14:45.766: D/StorageMeasurement(5340): getDirectorySize(/storage/emulated/0/Android) returned 135168
10-09 12:14:45.769: D/StorageMeasurement(5340): getDirectorySize(/storage/emulated/0/Download) returned 0
10-09 12:14:45.770: D/StorageMeasurement(5340): getDirectorySize(/storage/emulated/0/Alarms) returned 0
10-09 12:14:45.771: V/ConnectivityManager(8428): isActiveNetworkMetered() returns:false
10-09 12:14:45.773: D/StorageMeasurement(5340): getDirectorySize(/storage/emulated/0) returned 335872
10-09 12:14:45.775: I/Icing(11225): Storage manager: low false usage 1.77MB avail 10.07GB capacity 11.08GB
10-09 12:14:45.853: I/CheckinCompat(11225): Disabling old GoogleServicesFramework version
10-09 12:14:45.938: I/ContextCompilationHandl(11092): Recognition context unchanged for CONTACT_DIALING en-US
10-09 12:14:45.938: I/ContextCompilationHandl(11092): Compiling grammar for: en-US, type=HANDS_FREE_COMMANDS
10-09 12:14:45.977: I/ContextCompilationHandl(11092): Recognition context unchanged for HANDS_FREE_COMMANDS en-US
10-09 12:14:45.977: I/ContextCompilationHandl(11092): Compiling grammar for: en-US, type=CONTACT_NAMES
10-09 12:14:46.001: W/GoogleCertificatesImpl(11225): Package com.google.android.gms.policy_test_support has a cert in the whitelist but wrong package name. go/package-enforcement-help
10-09 12:14:46.011: V/ConnectivityManager(8428): isActiveNetworkMetered() returns:false
10-09 12:14:46.080: I/ContextCompilationHandl(11092): Recognition context unchanged for CONTACT_NAMES en-US
10-09 12:14:46.081: I/ContextCompilationHandl(11092): Compiling grammar for: en-US, type=APP_NAMES
10-09 12:14:46.127: W/Icing(11225): transportation_script_path is empty
