10-09 12:15:10.154: W/art(12768): b6b53000-b6b54000 rw-p 0003e000 103:07 1625 /system/lib/libinputflinger.so
10-09 12:15:10.154: W/art(12768): b6b54000-b6b6e000 r-xp 00000000 103:07 1624 /system/lib/libinput.so
10-09 12:15:10.155: W/art(12768): b6b6e000-b6b72000 r--p 00019000 103:07 1624 /system/lib/libinput.so
10-09 12:15:10.155: W/art(12768): b6b72000-b6b73000 rw-p 0001d000 103:07 1624 /system/lib/libinput.so
10-09 12:15:10.155: W/art(12768): b6b73000-b6bc0000 r-xp 00000000 103:07 1614 /system/lib/libgui.so
10-09 12:15:10.155: W/art(12768): b6bc0000-b6bcc000 r--p 0004c000 103:07 1614 /system/lib/libgui.so
10-09 12:15:10.155: W/art(12768): b6bcc000-b6bcd000 rw-p 00058000 103:07 1614 /system/lib/libgui.so
10-09 12:15:10.155: W/art(12768): b6bcd000-b6bda000 r-xp 00000000 103:07 1773 /system/lib/libui.so
10-09 12:15:10.155: W/art(12768): b6bda000-b6bdb000 ---p 00000000 00:00 0
10-09 12:15:10.155: W/art(12768): b6bdb000-b6bdc000 r--p 0000d000 103:07 1773 /system/lib/libui.so
10-09 12:15:10.155: W/art(12768): b6bdc000-b6bdd000 rw-p 0000e000 103:07 1773 /system/lib/libui.so
10-09 12:15:10.155: W/art(12768): b6bdd000-b6be4000 r-xp 00000000 103:07 1676 /system/lib/libnetutils.so
10-09 12:15:10.155: W/art(12768): b6be4000-b6be5000 r--p 00006000 103:07 1676 /system/lib/libnetutils.so
10-09 12:15:10.155: W/art(12768): b6be5000-b6be6000 rw-p 00007000 103:07 1676 /system/lib/libnetutils.so
10-09 12:15:10.155: W/art(12768): b6be6000-b6bed000 r-xp 00000000 103:07 1672 /system/lib/libnativehelper.so
10-09 12:15:10.155: W/art(12768): b6bed000-b6bee000 r--p 00006000 103:07 1672 /system/lib/libnativehelper.so
10-09 12:15:10.155: W/art(12768): b6bee000-b6bef000 rw-p 00007000 103:07 1672 /system/lib/libnativehelper.so
10-09 12:15:10.155: W/art(12768): b6bef000-b6c03000 r-xp 00000000 103:07 1597 /system/lib/libexpat.so
10-09 12:15:10.155: W/art(12768): b6c03000-b6c05000 r--p 00013000 103:07 1597 /system/lib/libexpat.so
10-09 12:15:10.155: W/art(12768): b6c05000-b6c06000 rw-p 00015000 103:07 1597 /system/lib/libexpat.so
10-09 12:15:10.196: D/ICU(12768): No timezone override file found: /data/misc/zoneinfo/current/icu/icu_tzdata.dat
10-09 12:15:10.238: I/Radio-JNI(12768): register_android_hardware_Radio DONE
10-09 12:15:10.269: D/AndroidRuntime(12768): Calling main entry com.android.commands.input.Input
10-09 12:15:10.277: I/Input(12768): injectMotionEvent: MotionEvent { action=ACTION_DOWN, actionButton=0, id[0]=0, x[0]=0.0, y[0]=0.0, toolType[0]=TOOL_TYPE_UNKNOWN, buttonState=0, metaState=0, flags=0x0, edgeFlags=0x0, pointerCount=1, historySize=0, eventTime=2233851, downTime=2233851, deviceId=0, source=0x1002 }
10-09 12:15:10.286: D/PhoneStatusBar(3065): disable: < expand ICONS* alerts SYSTEM_INFO* back home recent clock search quick_settings
> 10-09 12:15:10.287: I/Input(12768): injectMotionEvent: MotionEvent { action=ACTION_UP, actionButton=0, id[0]=0, x[0]=0.0, y[0]=0.0, toolType[0]=TOOL_TYPE_UNKNOWN, buttonState=0, metaState=0, flags=0x0, edgeFlags=0x0, pointerCount=1, historySize=0, eventTime=2233851, downTime=2233851, deviceId=0, source=0x1002 }
10-09 12:15:10.290: D/AndroidRuntime(12768): Shutting down VM
10-09 12:15:10.310: W/PathParser(3065): Points are too far apart 4.030360828967057
10-09 12:15:10.311: W/PathParser(3065): Points are too far apart 4.030360538880159
10-09 12:15:10.312: W/PathParser(3065): Points are too far apart 4.030360828967057
10-09 12:15:10.312: W/PathParser(3065): Points are too far apart 4.030360538880159
10-09 12:15:10.874: D/FingerprintController(3065): onAllPanelsCollapsed: interactive = true, mode = 0
10-09 12:15:10.877: W/InputMethodManagerService(1643): Window already focused, ignoring focus gain of: com.android.internal.view.IInputMethodClient$Stub$Proxy@1043966 attribute=null, token = android.os.BinderProxy@59e6778
10-09 12:15:10.887: D/PhoneStatusBar(3065): disable: < expand icons* alerts system_info* back home recent clock search quick_settings
> 10-09 12:15:11.415: I/SFPerfTracer(294): triggers: (rate: 0:2) (0 sw vsyncs) (0 skipped) (40:1252 vsyncs) (42:1586)
10-09 12:15:11.420: I/SFPerfTracer(294): triggers: (rate: 5:281) (compose: 0:1) (post: 0:0) (render: 0:2) (25:832 frames) (26:1179)
10-09 12:15:11.420: D/SFPerfTracer(294): layers: (3:16) (FocusedStackFrame (0xb716a740): 0:10)* (DimLayer (0xb7104748): 0:25)* (StatusBar (0xb7195eb8): 23:207) (NavigationBar (0xb71923d0): 0:34) (com.android.systemui.ImageWallpaper (0xb719db60): 0:37)* (com.google.android.googlequicksearchbox/com.google.android.launcher.GEL (0xb7198d28): 0:77)- (Starting com.google.android.apps.mtaas.backdrop (0xb71331d8): 0:12)- (ScreenshotSurface (0xb7175860): 0:26)- (com.google.android.apps.mtaas.backdrop/com.google.android.apps.mtaas.backdrop.BackdropActivity (0xb7198d28): 17:51) (BlackSurface (0xb7178f78): 0:26)- (BlackSurface (0xb71a46f0): 0:26)- (BlackSurface (0xb71a59b8): 0:26)- (BlackSurface (0xb71a6c80): 0:26)-
10-09 12:15:11.526: I/art(1643): Starting a blocking GC Explicit
10-09 12:15:11.529: D/AndroidRuntime(12796): >>>>>> START com.android.internal.os.RuntimeInit uid 2000 <<<<<<
10-09 12:15:11.535: D/AndroidRuntime(12796): CheckJNI is OFF
10-09 12:15:11.541: W/art(12796): 7007b000-70aa6000 rw-p 00000000 103:09 12202 /data/dalvik-cache/arm/system@framework@boot.art
10-09 12:15:11.541: W/art(12796): b10a3000-b30d9000 r--p 00000000 103:07 1336 /system/framework/arm/boot.oat
10-09 12:15:11.541: W/art(12796): b30d9000-b492d000 r-xp 02036000 103:07 1336 /system/framework/arm/boot.oat
10-09 12:15:11.541: W/art(12796): b492d000-b492e000 rw-p 0388a000 103:07 1336 /system/framework/arm/boot.oat
10-09 12:15:11.541: W/art(12796): b492e000-b494c000 r--p 00a2b000 103:09 12202 /data/dalvik-cache/arm/system@framework@boot.art
10-09 12:15:11.541: W/art(12796): b494c000-b494d000 rw-p 00000000 00:00 0 [anon:linker_alloc_vector]
10-09 12:15:11.541: W/art(12796): b494e000-b4951000 r-xp 00000000 103:07 1716 /system/lib/libsigchain.so
10-09 12:15:11.541: W/art(12796): b4951000-b4952000 r--p 00002000 103:07 1716 /system/lib/libsigchain.so
10-09 12:15:11.541: W/art(12796): b4952000-b4953000 rw-p 00003000 103:07 1716 /system/lib/libsigchain.so
10-09 12:15:11.541: W/art(12796): b4953000-b4d89000 r-xp 00000000 103:07 1521 /system/lib/libart.so
10-09 12:15:11.541: W/art(12796): b4d89000-b4d93000 r--p 00435000 103:07 1521 /system/lib/libart.so
10-09 12:15:11.541: W/art(12796): b4d93000-b4d94000 rw-p 0043f000 103:07 1521 /system/lib/libart.so
10-09 12:15:11.541: W/art(12796): b4d94000-b4d96000 rw-p 00000000 00:00 0
10-09 12:15:11.541: W/art(12796): b4d96000-b4d97000 r--p 00000000 00:00 0
10-09 12:15:11.541: W/art(12796): b4d97000-b4d98000 r--p 00000000 00:00 0
10-09 12:15:11.541: W/art(12796): b4d98000-b4db8000 r--s 00000000 00:0c 7705 /dev/__properties__
10-09 12:15:11.541: W/art(12796): b4db8000-b4db9000 rw-p 00000000 00:00 0 [anon:linker_alloc_vector]
10-09 12:15:11.541: W/art(12796): b4db9000-b57cb000 r-xp 00000000 103:07 1495 /system/lib/libLLVM.so
10-09 12:15:11.541: W/art(12796): b57cb000-b57cc000 ---p 00000000 00:00 0
10-09 12:15:11.541: W/art(12796): b57cc000-b5815000 r--p 00a12000 103:07 1495 /system/lib/libLLVM.so
10-09 12:15:11.541: W/art(12796): b5815000-b5816000 rw-p 00a5b000 103:07 1495 /system/lib/libLLVM.so
10-09 12:15:11.541: W/art(12796): b5816000-b581e000 rw-p 00000000 00:00 0
10-09 12:15:11.541: W/art(12796): b581e000-b5853000 r-xp 00000000 103:07 1537 /system/lib/libbcinfo.so
10-09 12:15:11.541: W/art(12796): b5853000-b5854000 ---p 00000000 00:00 0
10-09 12:15:11.541: W/art(12796): b5854000-b5855000 r--p 00035000 103:07 1537 /system/lib/libbcinfo.so
10-09 12:15:11.541: W/art(12796): b5855000-b5856000 rw-p 00036000 103:07 1537 /system/lib/libbcinfo.so
10-09 12:15:11.541: W/art(12796): b5856000-b5857000 r--p 00000000 00:00 0 [anon:linker_alloc]
10-09 12:15:11.541: W/art(12796): b5857000-b58af000 r-xp 00000000 103:07 1536 /system/lib/libbcc.so
10-09 12:15:11.541: W/art(12796): b58af000-b58b0000 ---p 00000000 00:00 0
10-09 12:15:11.541: W/art(12796): b58b0000-b58b1000 r--p 00058000 103:07 1536 /system/lib/libbcc.so
10-09 12:15:11.541: W/art(12796): b58b1000-b58b2000 rw-p 00059000 103:07 1536 /system/lib/libbcc.so
10-09 12:15:11.541: W/art(12796): b58b2000-b58bc000 r-xp 00000000 103:07 1557 /system/lib/libcommon_time_client.so
10-09 12:15:11.542: W/art(12796): b58bc000-b58bf000 r--p 00009000 103:07 1557 /system/lib/libcommon_time_client.so
10-09 12:15:11.542: W/art(12796): b58bf000-b58c0000 rw-p 0000c000 103:07 1557 /system/lib/libcommon_time_client.so
10-09 12:15:11.542: W/art(12796): b58c0000-b58d8000 r-xp 00000000 103:07 1694 /system/lib/libprotobuf-cpp-lite.so
10-09 12:15:11.542: W/art(12796): b58d8000-b58d9000 r--p 00017000 103:07 1694 /system/lib/libprotobuf-cpp-lite.so
10-09 12:15:11.542: W/art(12796): b58d9000-b58da000 rw-p 00018000 103:07 1694 /system/lib/libprotobuf-cpp-lite.so
10-09 12:15:11.542: W/art(12796): b58da000-b58db000 r--p 00000000 00:00 0
10-09 12:15:11.542: W/art(12796): b58db000-b58e2000 r-xp 00000000 103:07 1733 /system/lib/libstagefright_avc_common.so
10-09 12:15:11.542: W/art(12796): b58e2000-b58e3000 r--p 00006000 103:07 1733 /system/lib/libstagefright_avc_common.so
10-09 12:15:11.542: W/art(12796): b58e3000-b58e4000 rw-p 00007000 103:07 1733 /system/lib/libstagefright_avc_common.so
10-09 12:15:11.542: W/art(12796): b58e4000-b58e7000 r-xp 00000000 103:07 1734 /system/lib/libstagefright_enc_common.so
10-09 12:15:11.542: W/art(12796): b58e7000-b58e8000 r--p 00002000 103:07 1734 /system/lib/libstagefright_enc_common.so
10-09 12:15:11.542: W/art(12796): b58e8000-b58e9000 rw-p 00003000 103:07 1734 /system/lib/libstagefright_enc_common.so
10-09 12:15:11.542: W/art(12796): b58e9000-b58ed000 r-xp 00000000 103:07 1691 /system/lib/libpowermanager.so
10-09 12:15:11.542: W/art(12796): b58ed000-b58ee000 ---p 00000000 00:00 0
10-09 12:15:11.542: W/art(12796): b58ee000-b58ef000 r--p 00004000 103:07 1691 /system/lib/libpowermanager.so
10-09 12:15:11.542: W/art(12796): b58ef000-b58f0000 rw-p 00005000 103:07 1691 /system/lib/libpowermanager.so
10-09 12:15:11.542: W/art(12796): b58f0000-b590c000 r-xp 00000000 103:07 1778 /system/lib/libvorbisidec.so
10-09 12:15:11.542: W/art(12796): b590c000-b590d000 r--p 0001b000 103:07 1778 /system/lib/libvorbisidec.so
10-09 12:15:11.542: W/art(12796): b590d000-b590e000 rw-p 0001c000 103:07 1778 /system/lib/libvorbisidec.so
10-09 12:15:11.542: W/art(12796): b590e000-b5913000 r-xp 00000000 103:07 1760 /system/lib/libstagefright_yuv.so
10-09 12:15:11.542: W/art(12796): b5913000-b5914000 r--p 00004000 103:07 1760 /system/lib/libstagefright_yuv.so
10-09 12:15:11.542: W/art(12796): b5914000-b5915000 rw-p 00005000 103:07 1760 /system/lib/libstagefright_yuv.so
10-09 12:15:11.542: W/art(12796): b5915000-b5943000 r-xp 00000000 103:07 1738 /system/lib/libstagefright_omx.so
10-09 12:15:11.542: W/art(12796): b5943000-b5944000 ---p 00000000 00:00 0
10-09 12:15:11.542: W/art(12796): b5944000-b5947000 r--p 0002e000 103:07 1738 /system/lib/libstagefright_omx.so
10-09 12:15:11.542: W/art(12796): b5947000-b5948000 rw-p 00031000 103:07 1738 /system/lib/libstagefright_omx.so
10-09 12:15:11.542: W/art(12796): b5948000-b5949000 r--p 00000000 00:00 0 [anon:linker_alloc]
10-09 12:15:11.542: W/art(12796): b5949000-b5982000 r-xp 00000000 103:07 1681 /system/lib/libopus.so
10-09 12:15:11.542: W/art(12796): b5982000-b5983000 ---p 00000000 00:00 0
10-09 12:15:11.542: W/art(12796): b5983000-b5984000 r--p 00039000 103:07 1681 /system/lib/libopus.so
10-09 12:15:11.542: W/art(12796): b5984000-b5985000 rw-p 0003a000 103:07 1681 /system/lib/libopus.so
10-09 12:15:11.542: W/art(12796): b5985000-b598c000 r-xp 00000000 103:07 1653 /system/lib/libmediautils.so
10-09 12:15:11.542: W/art(12796): b598c000-b598d000 ---p 00000000 00:00 0
10-09 12:15:11.542: W/art(12796): b598d000-b598e000 r--p 00007000 103:07 1653 /system/lib/libmediautils.so
10-09 12:15:11.542: W/art(12796): b598e000-b598f000 rw-p 00008000 103:07 1653 /system/lib/libmediautils.so
10-09 12:15:11.542: W/art(12796): b598f000-b59a4000 r-xp 00000000 103:07 1569 /system/lib/libdrmframework.so
10-09 12:15:11.542: W/art(12796): b59a4000-b59a5000 ---p 00000000 00:00 0
10-09 12:15:11.542: W/art(12796): b59a5000-b59a8000 r--p 00015000 103:07 1569 /system/lib/libdrmframework.so
10-09 12:15:11.542: W/art(12796): b59a8000-b59a9000 rw-p 00018000 103:07 1569 /system/lib/libdrmframework.so
10-09 12:15:11.542: W/art(12796): b59a9000-b59c7000 r-xp 00000000 103:07 1510 /system/lib/libRScpp.so
10-09 12:15:11.542: W/art(12796): b59c7000-b59c8000 ---p 00000000 00:00 0
10-09 12:15:11.542: W/art(12796): b59c8000-b59c9000 r--p 0001e000 103:07 1510 /system/lib/libRScpp.so
10-09 12:15:11.542: W/art(12796): b59c9000-b59ca000 rw-p 0001f000 103:07 1510 /system/lib/libRScpp.so
10-09 12:15:11.542: W/art(12796): b59ca000-b5a08000 r-xp 00000000 103:07 1507 /system/lib/libRS.so
10-09 12:15:11.542: W/art(12796): b5a08000-b5a09000 ---p 00000000 00:00 0
10-09 12:15:11.542: W/art(12796): b5a09000-b5a0b000 r--p 0003e000 103:07 1507 /system/lib/libRS.so
10-09 12:15:11.542: W/art(12796): b5a0b000-b5a0c000 rw-p 00040000 103:07 1507 /system/lib/libRS.so
10-09 12:15:11.542: W/art(12796): b5a0c000-b5a13000 r-xp 00000000 103:07 1727 /system/lib/libspeexresampler.so
10-09 12:15:11.542: W/art(12796): b5a13000-b5a14000 r--p 00006000 103:07 1727 /system/lib/libspeexresampler.so
10-09 12:15:11.542: W/art(12796): b5a14000-b5a15000 rw-p 00007000 103:07 1727 /system/lib/libspeexresampler.so
10-09 12:15:11.542: W/art(12796): b5a15000-b5a1e000 r-xp 00000000 103:07 1673 /system/lib/libnbaio.so
10-09 12:15:11.542: W/art(12796): b5a1e000-b5a1f000 r--p 00008000 103:07 1673 /system/lib/libnbaio.so
10-09 12:15:11.543: W/art(12796): b5a1f000-b5a20000 rw-p 00009000 103:07 1673 /system/lib/libnbaio.so
10-09 12:15:11.543: W/art(12796): b5a20000-b5a32000 r-xp 00000000 103:07 1685 /system/lib/libpcre.so
10-09 12:15:11.543: W/art(12796): b5a32000-b5a33000 r--p 00011000 103:07 1685 /system/lib/libpcre.so
10-09 12:15:11.543: W/art(12796): b5a33000-b5a34000 rw-p 00012000 103:07 1685 /system/lib/libpcre.so
10-09 12:15:11.543: W/art(12796): b5a34000-b5a39000 r-xp 00000000 103:07 1785 /system/lib/libwpa_client.so
10-09 12:15:11.543: W/art(12796): b5a39000-b5a3a000 r--p 00004000 103:07 1785 /system/lib/libwpa_client.so
10-09 12:15:11.543: W/art(12796): b5a3a000-b5a3b000 rw-p 00005000 103:07 1785 /system/lib/libwpa_client.so
10-09 12:15:11.543: W/art(12796): b5a3b000-b5a3d000 r--p 00000000 00:00 0 [anon:linker_alloc]
10-09 12:15:11.543: W/art(12796): b5a3d000-b5aab000 r-xp 00000000 103:07 1491 /system/lib/libGLES_trace.so
10-09 12:15:11.543: W/art(12796): b5aab000-b5aad000 r--p 0006d000 103:07 1491 /system/lib/libGLES_trace.so
10-09 12:15:11.543: W/art(12796): b5aad000-b5aae000 rw-p 0006f000 103:07 1491 /system/lib/libGLES_trace.so
10-09 12:15:11.543: W/art(12796): b5aae000-b5ae4000 r-xp 00000000 103:07 2947 /system/vendor/lib/libqc-opt.so
10-09 12:15:11.543: W/art(12796): b5ae4000-b5ae5000 r--p 00035000 103:07 2947 /system/vendor/lib/libqc-opt.so
10-09 12:15:11.543: W/art(12796): b5ae5000-b5ae6000 rw-p 00036000 103:07 2947 /system/vendor/lib/libqc-opt.so
10-09 12:15:11.543: W/art(12796): b5ae6000-b5b4a000 r-xp 00000000 103:07 1610 /system/lib/libft2.so
10-09 12:15:11.543: W/art(12796): b5b4a000-b5b4c000 r--p 00063000 103:07 1610 /system/lib/libft2.so
10-09 12:15:11.543: W/art(12796): b5b4c000-b5b4d000 rw-p 00065000 103:07 1610 /system/lib/libft2.so
10-09 12:15:11.544: W/art(12796): b5b4d000-b5b72000 r-xp 00000000 103:07 1689 /system/lib/libpng.so
10-09 12:15:11.544: W/art(12796): b5b72000-b5b73000 r--p 00024000 103:07 1689 /system/lib/libpng.so
10-09 12:15:11.545: W/art(12796): b5b73000-b5b74000 rw-p 00025000 103:07 1689 /system/lib/libpng.so
10-09 12:15:11.545: W/art(12796): b5b74000-b5b77000 r-xp 00000000 103:07 1766 /system/lib/libsync.so
10-09 12:15:11.545: W/art(12796): b5b77000-b5b78000 r--p 00002000 103:07 1766 /system/lib/libsync.so
10-09 12:15:11.545: W/art(12796): b5b78000-b5b79000 rw-p 00003000 103:07 1766 /system/lib/libsync.so
10-09 12:15:11.545: W/art(12796): b5b79000-b5b7e000 r-xp 00000000 103:07 1762 /system/lib/libstdc++.so
10-09 12:15:11.545: W/art(12796): b5b7e000-b5b7f000 r--p 00004000 103:07 1762 /system/lib/libstdc++.so
10-09 12:15:11.545: W/art(12796): b5b7f000-b5b80000 rw-p 00005000 103:07 1762 /system/lib/libstdc++.so
10-09 12:15:11.545: W/art(12796): b5b80000-b5b90000 r-xp 00000000 103:07 1774 /system/lib/libunwind.so
10-09 12:15:11.545: W/art(12796): b5b90000-b5b91000 r--p 0000f000 103:07 1774 /system/lib/libunwind.so
10-09 12:15:11.545: W/art(12796): b5b91000-b5b92000 rw-p 00010000 103:07 1774 /system/lib/libunwind.so
10-09 12:15:11.545: W/art(12796): b5b92000-b5bd8000 rw-p 00000000 00:00 0
10-09 12:15:11.545: W/art(12796): b5bd8000-b5be1000 r-xp 00000000 103:07 1535 /system/lib/libbase.so
10-09 12:15:11.545: W/art(12796): b5be1000-b5be2000 r--p 00008000 103:07 1535 /system/lib/libbase.so
10-09 12:15:11.545: W/art(12796): b5be2000-b5be3000 rw-p 00009000 103:07 1535 /system/lib/libbase.so
10-09 12:15:11.545: W/art(12796): b5be3000-b5be8000 r-xp 00000000 103:07 1595 /system/lib/libeffects.so
10-09 12:15:11.545: W/art(12796): b5be8000-b5be9000 r--p 00004000 103:07 1595 /system/lib/libeffects.so
10-09 12:15:11.545: W/art(12796): b5be9000-b5bea000 rw-p 00005000 103:07 1595 /system/lib/libeffects.so
10-09 12:15:11.545: W/art(12796): b5bea000-b5beb000 r--p 00000000 00:00 0 [anon:linker_alloc]
10-09 12:15:11.545: W/art(12796): b5beb000-b5bee000 r-xp 00000000 103:07 1736 /system/lib/libstagefright_http_support.so
10-09 12:15:11.545: W/art(12796): b5bee000-b5bef000 ---p 00000000 00:00 0
10-09 12:15:11.545: W/art(12796): b5bef000-b5bf0000 r--p 00003000 103:07 1736 /system/lib/libstagefright_http_support.so
10-09 12:15:11.545: W/art(12796): b5bf0000-b5bf1000 rw-p 00004000 103:07 1736 /system/lib/libstagefright_http_support.so
10-09 12:15:11.545: W/art(12796): b5bf1000-b5c09000 r-xp 00000000 103:07 1735 /system/lib/libstagefright_foundation.so
10-09 12:15:11.545: W/art(12796): b5c09000-b5c0a000 ---p 00000000 00:00 0
10-09 12:15:11.545: W/art(12796): b5c0a000-b5c0b000 r--p 00018000 103:07 1735 /system/lib/libstagefright_foundation.so
10-09 12:15:11.545: W/art(12796): b5c0b000-b5c0c000 rw-p 00019000 103:07 1735 /system/lib/libstagefright_foundation.so
10-09 12:15:11.545: W/art(12796): b5c0c000-b5d6b000 r-xp 00000000 103:07 1731 /system/lib/libstagefright.so
10-09 12:15:11.545: W/art(12796): b5d6b000-b5d6c000 ---p 00000000 00:00 0
10-09 12:15:11.545: W/art(12796): b5d6c000-b5d78000 r--p 0015f000 103:07 1731 /system/lib/libstagefright.so
10-09 12:15:11.545: W/art(12796): b5d78000-b5d79000 rw-p 0016b000 103:07 1731 /system/lib/libstagefright.so
10-09 12:15:11.545: W/art(12796): b5d79000-b5de0000 r-xp 00000000 103:07 1620 /system/lib/libhwui.so
10-09 12:15:11.545: W/art(12796): b5de0000-b5de1000 ---p 00000000 00:00 0
10-09 12:15:11.545: W/art(12796): b5de1000-b5de4000 r--p 00067000 103:07 1620 /system/lib/libhwui.so
10-09 12:15:11.545: W/art(12796): b5de4000-b5de5000 rw-p 0006a000 103:07 1620 /system/lib/libhwui.so
10-09 12:15:11.545: W/art(12796): b5de5000-b5de8000 r-xp 00000000 103:07 1704 /system/lib/libradio_metadata.so
10-09 12:15:11.545: W/art(12796): b5de8000-b5de9000 r--p 00002000 103:07 1704 /system/lib/libradio_metadata.so
10-09 12:15:11.545: W/art(12796): b5de9000-b5dea000 rw-p 00003000 103:07 1704 /system/lib/libradio_metadata.so
10-09 12:15:11.545: W/art(12796): b5dea000-b5dee000 r-xp 00000000 103:07 1671 /system/lib/libnativebridge.so
10-09 12:15:11.545: W/art(12796): b5dee000-b5def000 r--p 00003000 103:07 1671 /system/lib/libnativebridge.so
10-09 12:15:11.545: W/art(12796): b5def000-b5df0000 rw-p 00004000 103:07 1671 /system/lib/libnativebridge.so
10-09 12:15:11.545: W/art(12796): b5df0000-b5df4000 r-xp 00000000 103:07 1693 /system/lib/libprocessgroup.so
10-09 12:15:11.545: W/art(12796): b5df4000-b5df5000 r--p 00003000 103:07 1693 /system/lib/libprocessgroup.so
10-09 12:15:11.545: W/art(12796): b5df5000-b5df6000 rw-p 00004000 103:07 1693 /system/lib/libprocessgroup.so
10-09 12:15:11.545: W/art(12796): b5df6000-b5e04000 r-xp 00000000 103:07 1656 /system/lib/libminikin.so
10-09 12:15:11.545: W/art(12796): b5e04000-b5e05000 ---p 00000000 00:00 0
10-09 12:15:11.545: W/art(12796): b5e05000-b5e06000 r--p 0000e000 103:07 1656 /system/lib/libminikin.so
10-09 12:15:11.545: W/art(12796): b5e06000-b5e07000 rw-p 0000f000 103:07 1656 /system/lib/libminikin.so
10-09 12:15:11.545: W/art(12796): b5e07000-b5e11000 r-xp 00000000 103:07 1724 /system/lib/libsoundtrigger.so
10-09 12:15:11.545: W/art(12796): b5e11000-b5e14000 r--p 00009000 103:07 1724 /system/lib/libsoundtrigger.so
10-09 12:15:11.546: W/art(12796): b5e14000-b5e15000 rw-p 0000c000 103:07 1724 /system/lib/libsoundtrigger.so
10-09 12:15:11.546: W/art(12796): b5e15000-b5e16000 r--p 00000000 00:00 0 [anon:linker_alloc]
10-09 12:15:11.546: W/art(12796): b5e16000-b5e20000 r-xp 00000000 103:07 1703 /system/lib/libradio.so
10-09 12:15:11.546: W/art(12796): b5e20000-b5e23000 r--p 00009000 103:07 1703 /system/lib/libradio.so
10-09 12:15:11.546: W/art(12796): b5e23000-b5e24000 rw-p 0000c000 103:07 1703 /system/lib/libradio.so
10-09 12:15:11.546: W/art(12796): b5e24000-b5e28000 r-xp 00000000 103:07 1674 /system/lib/libnetd_client.so
10-09 12:15:11.546: W/art(12796): b5e28000-b5e29000 r--p 00003000 103:07 1674 /system/lib/libnetd_client.so
10-09 12:15:11.546: W/art(12796): b5e29000-b5e2a000 rw-p 00004000 103:07 1674 /system/lib/libnetd_client.so
10-09 12:15:11.546: W/art(12796): b5e2a000-b5e37000 r-xp 00000000 103:07 1623 /system/lib/libimg_utils.so
10-09 12:15:11.546: W/art(12796): b5e37000-b5e39000 r--p 0000c000 103:07 1623 /system/lib/libimg_utils.so
10-09 12:15:11.546: W/art(12796): b5e39000-b5e3a000 rw-p 0000e000 103:07 1623 /system/lib/libimg_utils.so
10-09 12:15:11.546: W/art(12796): b5e3a000-b6238000 r-xp 00000000 103:07 1686 /system/lib/libpdfium.so
10-09 12:15:11.546: W/art(12796): b6238000-b6239000 ---p 00000000 00:00 0
10-09 12:15:11.546: W/art(12796): b6239000-b6242000 r--p 003fe000 103:07 1686 /system/lib/libpdfium.so
10-09 12:15:11.546: W/art(12796): b6242000-b6246000 rw-p 00407000 103:07 1686 /system/lib/libpdfium.so
10-09 12:15:11.546: W/art(12796): b6246000-b6247000 rw-p 00000000 00:00 0
10-09 12:15:11.546: W/art(12796): b6247000-b624e000 r-xp 00000000 103:07 1532 /system/lib/libaud
10-09 12:15:11.546: W/art(12796): ioutils.so
10-09 12:15:11.546: W/art(12796): b624e000-b624f000 r--p 00006000 103:07 1532 /system/lib/libaudioutils.so
10-09 12:15:11.546: W/art(12796): b624f000-b6250000 rw-p 00007000 103:07 1532 /system/lib/libaudioutils.so
10-09 12:15:11.546: W/art(12796): b6250000-b626a000 r-xp 00000000 103:07 1787 /system/lib/libz.so
10-09 12:15:11.546: W/art(12796): b626a000-b626b000 r--p 00019000
10-09 12:15:11.546: W/art(12796): 103:07 1787 /system/lib/libz.so
10-09 12:15:11.546: W/art(12796): b626b000-b626c000 rw-p 0001a000 103:07 1787 /system/lib/libz.so
10-09 12:15:11.546: W/art(12796): b626c000-b62b5000 r-xp 00000000 103:07 1617 /system/lib/libharfbuzz_ng.so
10-09 12:15:11.546: W/art(12796): b62b5000-b62b6000 ---p 00000000 00:00 0
10-09 12:15:11.546: W/art(12796): b62b6000-b62b7000 r--p 00049000 103:07 1617 /system/lib/libhar
10-09 12:15:11.546: W/art(12796): fbuzz_ng.so
10-09 12:15:11.546: W/art(12796): b62b7000-b62b8000 rw-p 0004a000 103:07 1617 /system/lib/libharfbuzz_ng.so
10-09 12:15:11.546: W/art(12796): b62b8000-b62b9000 rw-p 00000000 00:00 0 [anon:linker_alloc]
10-09 12:15:11.546: W/art(12796): b62b9000-b62be000 r-xp 00000000 103:07 1775 /system/lib/libusbhost.so
10-09 12:15:11.546: W/art(12796): b62be000-b62bf000 r--p 00004000 1
10-09 12:15:11.546: W/art(12796): 03:07 1775 /system/lib/libusbhost.so
10-09 12:15:11.546: W/art(12796): b62bf000-b62c0000 rw-p 00005000 103:07 1775 /system/lib/libusbhost.so
10-09 12:15:11.546: W/art(12796): b62c0000-b62f6000 r-xp 00000000 103:07 1632 /system/lib/libjpeg.so
10-09 12:15:11.546: W/art(12796): b62f6000-b62f7000 r--p 00035000 103:07 1632 /system/lib/libjpeg.so
10-09 12:15:11.546: W/art(12796): b62f7000-b62f8000 rw-p 00036000 103:07 1632 /system/lib/libjpeg.so
10-09 12:15:11.546: W/art(12796): b62f8000-b62f9000 r--p 00000000 00:00 0 [anon:linker_alloc]
10-09 12:15:11.546: W/art(12796): b62f9000-b638a000 r-xp 00000000 103:07 1648 /system/lib/libmedia.so
10-09 12:15:11.546: W/art(12796): b638a000-b638b000 ---p 00000000 00:00 0
10-09 12:15:11.546: W/art(12796): b638b000-b63a7000 r--p 00091000 103:07 1648 /system/lib/libmedia.so
10-09 12:15:11.546: W/art(12796): b63a7000-b63a8000 rw-p 000ad000 103:07 1648 /system/lib/libmedia.so
10-09 12:15:11.546: W/art(12796): b63a8000-b650d000 r-xp 00000000 103:07 1621 /system/lib/libicui18n.so
10-09 12:15:11.546: W/art(12796): b650d000-b650e000 ---p 00000000 00:00 0
10-09 12:15:11.546: W/art(12796): b650e000-b6519000 r--p 00165000 103:07 1621 /system/lib/libicui18n.so
10-09 12:15:11.546: W/art(12796): b6519000-b651a000 rw-p 00170000 103:07 1621 /system/lib/libicui18n.so
10-09 12:15:11.547: W/art(12796): b651a000-b6629000 r-xp 00000000 103:07 1622 /system/lib/libicuuc.so
10-09 12:15:11.547: W/art(12796): b6629000-b6634000 r--p 0010e000 103:07 1622 /system/lib/libicuuc.so
10-09 12:15:11.547: W/art(12796): b6634000-b6635000 rw-p 00119000 103:07 1622 /system/lib/libicuuc.so
10-09 12:15:11.547: W/art(12796): b6635000-b6639000 rw-p 00000000 00:00 0
10-09 12:15:11.547: W/art(12796): b6639000-b665c000 r-xp 00000000 103:07 1730 /system/lib/libssl.so
10-09 12:15:11.547: W/art(12796): b665c000-b665e000 r--p 00022000 103:07 1730 /system/lib/libssl.so
10-09 12:15:11.547: W/art(12796): b665e000-b665f000 rw-p 00024000 103:07 1730 /system/lib/libssl.so
10-09 12:15:11.547: W/art(12796): b665f000-b66ef000 r-xp 00000000 103:07 1560
10-09 12:15:11.547: W/art(12796): /system/lib/libcrypto.so
10-09 12:15:11.547: W/art(12796): b66ef000-b66f0000 ---p 00000000 00:00 0
10-09 12:15:11.547: W/art(12796): b66f0000-b66fb000 r--p 00090000 103:07 1560 /system/lib/libcrypto.so
10-09 12:15:11.547: W/art(12796): b66fb000-b66fc000 rw-p 0009b000 103:07 1560 /system/lib/libcrypto.so
10-09 12:15:11.547: W/art(12796): b66fc000-b674e000 r-xp 00000000 103:07 1722 /system/lib/libson
10-09 12:15:11.547: W/art(12796): ivox.so
10-09 12:15:11.547: W/art(12796): b674e000-b674f000 ---p 00000000 00:00 0
10-09 12:15:11.547: W/art(12796): b674f000-b6750000 r--p 00052000 103:07 1722 /system/lib/libsonivox.so
10-09 12:15:11.547: W/art(12796): b6750000-b6751000 rw-p 00053000 103:07 1722 /system/lib/libsonivox.so
10-09 12:15:11.547: W/art(12796): b6751000-b6756000 rw-p 00000000 00:00 0
10-09 12:15:11.547: W/art(12796): b6756000-b6765000 r-xp 0
10-09 12:15:11.547: W/art(12796): 0000000 103:07 1713 /system/lib/libselinux.so
10-09 12:15:11.547: W/art(12796): b6765000-b6766000 r--p 0000e000 103:07 1713 /system/lib/libselinux.so
10-09 12:15:11.547: W/art(12796): b6766000-b6767000 rw-p 0000f000 103:07 1713 /system/lib/libselinux.so
10-09 12:15:11.547: W/art(12796): b6767000-b676e000 r-xp 00000000 103:07 1616 /system/lib/libhardware_legacy.so
10-09 12:15:11.547: W/art(12796): b676e000-b676f000 ---p 00000000 00:00 0
10-09 12:15:11.547: W/art(12796): b676f000-b6770000 r--p 00007000 103:07 1616 /system/lib/libhardware_legacy.so
10-09 12:15:11.547: W/art(12796): b6770000-b6771000 rw-p 00008000 103:07 1616 /system/lib/libhardware_legacy.so
10-09 12:15:11.547: W/art(12796): b6771000-b6772000 rw-p 00000000 00:00 0
10-09 12:15:11.547: W/art(12796): b6772000-b6775000 r-xp 00000000 103:07 1615
10-09 12:15:11.547: W/art(12796): /system/lib/libhardware.so
10-09 12:15:11.547: W/art(12796): b6775000-b6776000 r--p 00002000 103:07 1615 /system/lib/libhardware.so
10-09 12:15:11.547: W/art(12796): b6776000-b6777000 rw-p 00003000 103:07 1615 /system/lib/libhardware.so
10-09 12:15:11.547: W/art(12796): b6777000-b677b000 r-xp 00000000 103:07 1489 /system/lib/libETC1.so
10-09 12:15:11.547: W/art(12796): b677b000-b677c000 r--p 00003000
10-09 12:15:11.547: W/art(12796): 103:07 1489 /system/lib/libETC1.so
10-09 12:15:11.547: W/art(12796): b677c000-b677d000 rw-p 00004000 103:07 1489 /system/lib/libETC1.so
10-09 12:15:11.547: W/art(12796): b677d000-b678a000 r-xp 00000000 103:07 1493 /system/lib/libGLESv2.so
10-09 12:15:11.547: W/art(12796): b678a000-b678b000 r--p 0000c000 103:07 1493 /system/lib/libGLESv2.so
10-09 12:15:11.547: W/art(12796): b678b000-b678c000 rw-p 0000d000 103:07 1493 /system/lib/libGLESv2.so
10-09 12:15:11.547: W/art(12796): b678c000-b6794000 r-xp 00000000 103:07 1492 /system/lib/libGLESv1_CM.so
10-09 12:15:11.547: W/art(12796): b6794000-b6795000 r--p 00007000 103:07 1492 /system/lib/libGLESv1_CM.so
10-09 12:15:11.547: W/art(12796): b6795000-b6796000 rw-p 00008000 103:07 1492 /system/lib/libGLESv1_CM.so
10-09 12:15:11.547: W/art(12796): b6796000-b67f2000 r-xp 00000000 103:07 1488 /system/lib/libEGL.so
10-09 12:15:11.547: W/art(12796): b67f2000-b67f3000 ---p 00000000 00:00 0
10-09 12:15:11.547: W/art(12796): b67f3000-b67f5000 r--p 0005c000 103:07 1488 /system/lib/libEGL.so
10-09 12:15:11.547: W/art(12796): b67f5000-b67fe000 rw-p 0005e000 103:07 1488 /system/lib/libEGL.so
10-09 12:15:11.547: W/art(12796): b67fe000-b6801000 rw-p 00000000 00:00 0
10-09 12:15:11.547: W/art(12796): b6801000-b68d0000 r-xp 00000000 103:07 1728 /system/lib/libsqlite.so
10-09 12:15:11.547: W/art(12796): b68d0000-b68d2000 r--p 000ce000 103:07 1728 /system/lib/libsqlite.so
10-09 12:15:11.547: W/art(12796): b68d2000-b68d3000 rw-p 000d0000 103:07 1728 /system/lib/libsqlite.so
10-09 12:15:11.547: W/art(12796): b68d3000-b6b2d000 r-xp 00000000 103:07 1717 /system/lib/libskia.so
10-09 12:15:11.547: W/art(12796): b6b2d000-b6b2e000 ---p 00000000 00:00 0
10-09 12:15:11.547: W/art(12796): b6b2e000-b6b48000 r--p 0025a000 103:07 1717 /system/lib/libskia.so
10-09 12:15:11.547: W/art(12796): b6b48000-b6b4a000 rw-p 00274000 103:07 1717 /system/lib/libskia.so
10-09 12:15:11.547: W/art(12796): b6b4a000-b6b4f000 rw-p 00000000 00:00 0
10-09 12:15:11.547: W/art(12796): b6b4f000-b6b57000 r-xp 00000000 103:07 1547 /system/lib/libcamera_
10-09 12:15:11.547: W/art(12796): metadata.so
10-09 12:15:11.547: W/art(12796): b6b57000-b6b58000 ---p 00000000 00:00 0
10-09 12:15:11.547: W/art(12796): b6b58000-b6b59000 r--p 00008000 103:07 1547 /system/lib/libcamera_metadata.so
10-09 12:15:11.547: W/art(12796): b6b59000-b6b5a000 rw-p 00009000 103:07 1547 /system/lib/libcamera_metadata.so
10-09 12:15:11.547: W/art(12796): b6b5a000-b6b7e000 r-xp 00000000 103:07 1546
10-09 12:15:11.548: W/art(12796): /system/lib/libcamera_client.so
10-09 12:15:11.548: W/art(12796): b6b7e000-b6b7f000 ---p 00000000 00:00 0
10-09 12:15:11.548: W/art(12796): b6b7f000-b6b86000 r--p 00024000 103:07 1546 /system/lib/libcamera_client.so
10-09 12:15:11.548: W/art(12796): b6b86000-b6b87000 rw-p 0002b000 103:07 1546 /system/lib/libcamera_client.so
10-09 12:15:11.548: W/art(12796): b6b87000-b6bc3000 r-xp 00000000 103:07 1625 /sys
10-09 12:15:11.548: W/art(12796): tem/lib/libinputflinger.so
10-09 12:15:11.548: W/art(12796): b6bc3000-b6bc6000 r--p 0003b000 103:07 1625 /system/lib/libinputflinger.so
10-09 12:15:11.548: W/art(12796): b6bc6000-b6bc7000 rw-p 0003e000 103:07 1625 /system/lib/libinputflinger.so
10-09 12:15:11.548: W/art(12796): b6bc7000-b6be1000 r-xp 00000000 103:07 1624 /system/lib/libinput.so
10-09 12:15:11.548: W/art(12796): b6be1000-b6be5000 r--p 00019000 103:07 1624 /system/lib/libinput.so
10-09 12:15:11.548: W/art(12796): b6be5000-b6be6000 rw-p 0001d000 103:07 1624 /system/lib/libinput.so
10-09 12:15:11.548: W/art(12796): b6be6000-b6c33000 r-xp 00000000 103:07 1614 /system/lib/libgui.so
10-09 12:15:11.548: W/art(12796): b6c33000-b6c3f000 r--p 0004c000 103:07 1614 /system/lib/libgui.so
10-09 12:15:11.548: W/art(12796): b6c3f000-b6c40000 rw-p 00058000 103:07 1614 /system/lib/libgui.so
10-09 12:15:11.548: W/art(12796): b6c40000-b6c4d000 r-xp 00000000 103:07 1773 /system/lib/libui.so
10-09 12:15:11.548: W/art(12796): b6c4d000-b6c4e000 ---p 00000000 00:00 0
10-09 12:15:11.548: W/art(12796): b6c4e000-b6c4f000 r--p 0000d000 103:07 1773 /system/lib/libui.so
10-09 12:15:11.548: W/art(12796): b6c4f000-b6c50000 rw-p 0000e000 103:07 1773 /system/lib/libui.so
10-09 12:15:11.548: W/art(12796): b6c50000-b6c57000 r-xp 00000000 103:07 1676 /system/lib/libnetutils.so
10-09 12:15:11.548: W/art(12796): b6c57000-b6c58000 r--p 00006000 103:07 1676 /system/lib/libnetutils.so
10-09 12:15:11.548: W/art(12796): b6c58000-b6c59000 rw-p 00007000 103:07 1676 /system/lib/libnetutils.so
10-09 12:15:11.548: W/art(12796): b6c59000-b6c60000 r-xp 00000000 103:07 1672 /system/lib/libnativehelper.so
10-09 12:15:11.548: W/art(12796): b6c60000-b6c61000 r--p 00006000 103:07 1672 /system/lib/libnativehelper.so
10-09 12:15:11.548: W/art(12796): b6c61000-b6c62000 rw-p 00007000 103:07 1672 /system/lib/libnativehelper.so
10-09 12:15:11.548: W/art(12796): b6c62000-b6c76000 r-xp 00000000 103:07 1597 /system/lib/libexpat.so
10-09 12:15:11.548: W/art(12796): b6c76000-b6c78000 r--p 00013000 103:07 1597 /system/lib/libexpat.so
10-09 12:15:11.548: W/art(12796): b6c78000-b6c79000 rw-p 00015000 103:07 1597 /system/lib/libexpat.so
10-09 12:15:11.548: W/art(12796): b6c79000-b6ca0000 r-xp 00000000 103:07 1517 /system/lib/libandroidfw.so
10-09 12:15:11.548: W/art(12796): b6ca0000-b6ca1000 ---p 00000000 00:00 0
10-09 12:15:11.548: W/art(12796): b6ca1000-b6ca2000 r--p 00027000 103:07 1517 /system/lib/libandroidfw.so
10-09 12:15:11.548: W/art(12796): b6ca2000-b6ca3000 rw-p 00028000 103:07 1517 /system/lib/libandroidfw.so
10-09 12:15:11.548: W/art(12796): b6ca3000-b6ca6000 r-xp 00000000 103:07 1655 /system/lib/libmemtrack.so
10-09 12:15:11.548: W/art(12796): b6ca6000-b6ca7000 r--p 00002000 103:07 1655 /system/lib/libmemtrack.so
10-09 12:15:11.548: W/art(12796): b6ca7000-b6ca8000 rw-p 00003000 103:07 1655 /system/lib/libmemtrack.so
10-09 12:15:11.548: W/art(12796): b6ca8000-b6cb1000 r-xp 00000000 103:07 1534 /system/lib/libbacktrace.so
10-09 12:15:11.548: W/art(12796): b6cb1000-b6cb2000 r--p 00008000 103:07 1534 /system/lib/libbacktrace.so
10-09 12:15:11.548: W/art(12796): b6cb2000-b6cb3000 rw-p 00009000 103:07 1534 /system/lib/libbacktrace.so
10-09 12:15:11.548: W/art(12796): b6cb3000-b6cd2000 r-xp 00000000 103:07 1645 /system/lib/libm.so
10-09 12:15:11.548: W/art(12796): b6cd2000-b6cd3000 ---p 00000000 00:00 0
10-09 12:15:11.548: W/art(12796): b6cd3000-b6cd4000 r--p 0001f000 103:07 1645 /system/lib/libm.so
10-09 12:15:11.548: W/art(12796): b6cd4000-b6cd5000 rw-p 00020000 103:07 1645 /system/lib/libm.so
10-09 12:15:11.548: W/art(12796): b6cd5000-b6d31000 r-xp 00000000 103:07 1544 /system/lib/libc.so
10-09 12:15:11.548: W/art(12796): b6d31000-b6d32000 ---p 00000000 00:00 0
10-09 12:15:11.548: W/art(12796): b6d32000-b6d35000 r--p 0005c000 103:07 1544 /system/lib/libc.so
10-09 12:15:11.548: W/art(12796): b6d35000-b6d38000 rw-p 0005f000 103:07 1544 /system/lib/libc.so
10-09 12:15:11.548: W/art(12796): b6d38000-b6d41000 rw-p 00000000 00:00 0
10-09 12:15:11.548: W/art(12796): b6d41000-b6dca000 r-xp 00000000 103:07 1543 /system/lib/libc++.so
10-09 12:15:11.548: W/art(12796): b6dca000-b6dce000 r--p 00088000 103:07 1543 /system/lib/libc++.so
10-09 12:15:11.548: W/art(12796): b6dce000-b6dcf000 rw-p 0008c000 103:07 1543 /system/lib/libc++.so
10-09 12:15:11.548: W/art(12796): b6dcf000-b6dd0000 rw-p 00000000 00:00 0
10-09 12:15:11.548: W/art(12796): b6dd0000-b6df8000 r-xp 00000000 103:07 1784 /system/lib/libwilhelm.so
10-09 12:15:11.548: W/art(12796): b6df8000-b6df9000 ---p 00000000 00:00 0
10-09 12:15:11.548: W/art(12796): b6df9000-b6dfc000 r--p 00028000 103:07 1784 /system/lib/libwilhelm.so
10-09 12:15:11.548: W/art(12796): b6dfc000-b6dfd000 rw-p 0002b000 103:07 1784 /system/lib/libwilhelm.so
10-09 12:15:11.548: W/art(12796): b6dfd000-b6ece000 r-xp 00000000 103:07 1515 /system/lib/libandroid_runtime.so
10-09 12:15:11.548: W/art(12796): b6ece000-b6ecf000 ---p 00000000 00:00 0
10-09 12:15:11.548: W/art(12796): b6ecf000-b6ed6000 r--p 000d1000 103:07 1515 /system/lib/libandroid_runtime.so
10-09 12:15:11.549: W/art(12796): b6ed6000-b6ede000 rw-p 000d8000 103:07 1515 /system/lib/libandroid_runtime.so
10-09 12:15:11.549: W/art(12796): b6ede000-b6edf000 rw-p 00000000 00:00 0 [anon:linker_alloc_vector]
10-09 12:15:11.549: W/art(12796): b6edf000-b6ee3000 r--p 00000000 00:00 0 [anon:linker_alloc]
10-09 12:15:11.549: W/art(12796): b6ee3000-b6f09000 r-xp 00000000 103:07 1538 /system/lib/libbinder.so
10-09 12:15:11.549: W/art(12796): b6f09000-b6f10000 r--p 00025000 103:07 1538 /system/lib/libbinder.so
10-09 12:15:11.549: W/art(12796): b6f10000-b6f11000 rw-p 0002c000 103:07 1538 /system/lib/libbinder.so
10-09 12:15:11.549: W/art(12796): b6f11000-b6f19000 r-xp 00000000 103:07 1643 /system/lib/liblog.so
10-09 12:15:11.549: W/art(12796): b6f19000-b6f1a000 r--p 00007000 103:07 1643 /system/lib/liblog.so
10-09 12:15:11.549: W/art(12796): b6f1a000-b6f1b000 rw-p 00008000 103:07 1643 /system/lib/liblog.so
10-09 12:15:11.549: W/art(12796): b6f1b000-b6f33000 r-xp 00000000 103:07 1776 /system/lib/libutils.so
10-09 12:15:11.549: W/art(12796): b6f33000-b6f34000 ---p 00000000 00:00 0
10-09 12:15:11.549: W/art(12796): b6f34000-b6f35000 r--p 00018000 103:07 1776 /system/lib/libutils.so
10-09 12:15:11.549: W/art(12796): b6f35000-b6f36000 rw-p 00019000 103:07 1776 /system/lib/libutils.so
10-09 12:15:11.549: W/art(12796): b6f36000-b6f45000 r-xp 00000000 103:07 1561 /system/lib/libcutils.so
10-09 12:15:11.549: W/art(12796): b6f45000-b6f46000 ---p 00000000 00:00 0
10-09 12:15:11.549: W/art(12796): b6f46000-b6f47000 r--p 0000f000 103:07 1561 /system/lib/libcutils.so
10-09 12:15:11.549: W/art(12796): b6f47000-b6f48000 rw-p 00010000 103:07 1561 /system/lib/libcutils.so
10-09 12:15:11.549: W/art(12796): b6f48000-b6f49000 rw-p 00000000 00:00 0 [anon:linker_alloc_vector]
10-09 12:15:11.549: W/art(12796): b6f49000-b6f4a000 rw-p 00000000 00:00 0 [anon:linker_alloc_64]
10-09 12:15:11.549: W/art(12796): b6f4a000-b6f4b000 r--p 00000000 00:00 0 [anon:linker_alloc]
10-09 12:15:11.549: W/art(12796): b6f4b000-b6f4c000 rw-p 00000000 00:00 0 [anon:linker_alloc]
10-09 12:15:11.549: W/art(12796): b6f4c000-b6f4d000 rw-p 00000000 00:00 0 [anon:linker_alloc_vector]
10-09 12:15:11.549: W/art(12796): b6f4d000-b6f4e000 rw-p 00000000 00:00 0 [anon:linker_alloc_32]
10-09 12:15:11.549: W/art(12796): b6f4e000-b6f4f000 r--p 00000000 00:00 0 [anon:linker_alloc]
10-09 12:15:11.549: W/art(12796): b6f4f000-b6f6f000 r--s 00000000 00:0c 7705 /dev/__properties__
10-09 12:15:11.549: W/art(12796): b6f6f000-b6f70000 r--p 00000000 00:00 0
10-09 12:15:11.549: W/art(12796): b6f70000-b6f71000 ---p 00000000 00:00 0
10-09 12:15:11.549: W/art(12796): b6f71000-b6f73000 rw-p 00000000 00:00 0 [anon:thread signal stack]
10-09 12:15:11.549: W/art(12796): b6f73000-b6f8f000 r-xp 00000000 103:07 516 /system/bin/linker
10-09 12:15:11.549: W/art(12796): b6f8f000-b6f90000 r-xp 00000000 00:00 0 [sigpage]
10-09 12:15:11.549: W/art(12796): b6f90000-b6f91000 r--p 0001c000 103:07 516 /system/bin/linker
10-09 12:15:11.549: W/art(12796): b6f91000-b6f93000 rw-p 0001d000 103:07 516 /system/bin/linker
10-09 12:15:11.549: W/art(12796): b6f93000-b6f95000 rw-p 00000000 00:00 0
10-09 12:15:11.549: W/art(12796): b6f95000-b6f9a000 r-xp 00000000 103:07 373 /system/bin/app_process32
10-09 12:15:11.549: W/art(12796): b6f9a000-b6f9b000 r--p 00004000 103:07 373 /system/bin/app_process32
10-09 12:15:11.549: W/art(12796): b6f9b000-b6f9c000 rw-p 00000000 00:00 0
10-09 12:15:11.549: W/art(12796): b7cf5000-b7d27000 rw-p 00000000 00:00 0 [heap]
10-09 12:15:11.549: W/art(12796): be75d000-bef5c000 rw-p 00000000 00:00 0 [stack]
10-09 12:15:11.549: W/art(12796): ffff0000-ffff1000 r-xp 00000000 00:00 0 [vectors]
10-09 12:15:11.602: D/ICU(12796): No timezone override file found: /data/misc/zoneinfo/current/icu/icu_tzdata.dat
10-09 12:15:11.610: I/art(1643): Explicit concurrent mark sweep GC freed 7365(430KB) AllocSpace objects, 2(40KB) LOS objects, 33% free, 19MB/29MB, paused 2.085ms total 83.572ms
10-09 12:15:11.656: I/Radio-JNI(12796): register_android_hardware_Radio DONE
10-09 12:15:11.694: D/AndroidRuntime(12796): Calling main entry com.android.commands.am.Am
10-09 12:15:11.703: I/ActivityManager(1643): Force stopping com.google.android.apps.mtaas.loginutil appid=10113 user=0: start instr
10-09 12:15:11.717: I/ActivityManager(1643): Start proc 12811:com.google.android.apps.mtaas.loginutil/u0a113 for added application com.google.android.apps.mtaas.loginutil
10-09 12:15:11.760: W/System(12811): ClassLoader referenced unknown path: /data/app/com.google.android.apps.mtaas.loginutil-1/lib/arm
10-09 12:15:11.760: W/System(12811): ClassLoader referenced unknown path: /data/app/com.google.android.apps.mtaas.loginutil-1/lib/arm
10-09 12:15:11.805: D/LoginUtil(12811): Connected to Internet
10-09 12:15:11.817: D/LoginUtil(12811): Adding Account {name=KSJ7Z4E2SEOGZ4S3ZF4FK2PPN4-00@cloudtestlabaccounts.com, type=com.google}
10-09 12:15:11.841: I/ActivityManager(1643): Start proc 12825:com.google.android.apps.auth.test.support/u0a116 for service com.google.android.apps.auth.test.support/.services.AccountService
10-09 12:15:11.867: W/System(12825): ClassLoader referenced unknown path: /data/app/com.google.android.apps.auth.test.support-1/lib/arm
10-09 12:15:11.897: E/ActivityThread(12825): Failed to find provider info for com.google.android.apps.common.testing.services.storage.testargs
10-09 12:15:11.898: W/AuthService(12825): [TestArgsHelper] Error when calling AndroidTestUtil.getTestArgs(). Note that this behavior might be expected.
10-09 12:15:11.924: I/AuthService(12825): [AddAccountOperation] Call GmsCore API.
10-09 12:15:11.947: W/ChimeraUtils(12585): Non Chimera context
10-09 12:15:11.965: E/BaseAppContext(12585): Tried to stop global GMSCore RequestQueue. This is likely unintended, so ignoring.
10-09 12:15:11.968: E/Backup(12585): [BackupTransportMigratorChimeraService] Could not migrate transport!
10-09 12:15:12.027: I/ActivityManager(1643): Start proc 12846:com.google.android.gms.unstable/u0a28 for service com.google.android.gms/.droidguard.DroidGuardService
10-09 12:15:12.239: V/NativeCrypto(12846): Registering com/google/android/gms/org/conscrypt/NativeCrypto's 284 native methods...
10-09 12:15:12.270: I/art(12846): Rejecting re-init on previously-failed class java.lang.Class
10-09 12:15:12.271: I/art(12846): Rejecting re-init on previously-failed class java.lang.Class
10-09 12:15:12.271: I/art(12846): Rejecting re-init on previously-failed class java.lang.Class
10-09 12:15:12.271: I/art(12846): Rejecting re-init on previously-failed class java.lang.Class
10-09 12:15:12.291: I/ProviderInstaller(12846): Installed default security provider GmsCore_OpenSSL
10-09 12:15:12.323: W/Thread-899(12862): type=1400 audit(0.0:540): avc: denied { write } for uid=10028 name=".lib.lock" dev="mmcblk0p41" ino=10255 scontext=u:r:untrusted_app:s0:c512,c768 tcontext=u:object_r:system_data_file:s0 tclass=file permissive=0
10-09 12:15:12.325: W/NativeLibraryUtils(12846): Failed to open lock file
10-09 12:15:12.325: W/NativeLibraryUtils(12846): java.io.FileNotFoundException: /data/user/0/com.google.android.gms/cache/.lib.lock: open failed: EACCES (Permission denied)
10-09 12:15:12.325: W/NativeLibraryUtils(12846): at libcore.io.IoBridge.open(IoBridge.java:452)
10-09 12:15:12.325: W/NativeLibraryUtils(12846): at java.io.RandomAccessFile.(RandomAccessFile.java:117)
10-09 12:15:12.325: W/NativeLibraryUtils(12846): at qgx.b(:com.google.android.gms@13280015@13.2.80 (040300-211705629):6)
10-09 12:15:12.325: W/NativeLibraryUtils(12846): at pdm.run(:com.google.android.gms@13280015@13.2.80 (040300-211705629))
10-09 12:15:12.325: W/NativeLibraryUtils(12846): Caused by: android.system.ErrnoException: open failed: EACCES (Permission denied)
10-09 12:15:12.325: W/NativeLibraryUtils(12846): at libcore.io.Posix.open(Native Method)
10-09 12:15:12.325: W/NativeLibraryUtils(12846): at libcore.io.BlockGuardOs.open(BlockGuardOs.java:186)
10-09 12:15:12.325: W/NativeLibraryUtils(12846): at libcore.io.IoBridge.open(IoBridge.java:438)
10-09 12:15:12.325: W/NativeLibraryUtils(12846): ... 3 more
10-09 12:15:12.390: W/Primes(12846): Primes not initialized, returning default (no-op) Primes instance which will ignore all calls. Please call Primes.initialize(...) before using any Primes API.
10-09 12:15:12.465: D/WVCdm(335): Instantiating CDM.
10-09 12:15:12.466: I/WVCdm(335): CdmEngine::OpenSession
10-09 12:15:12.466: I/WVCdm(335): Level3 Library Jun 15 2015 14:09:24
10-09 12:15:12.468: W/WVCdm(335): Could not read /data/mediadrm/IDM1013/ay64.dat2: No such file or directory
10-09 12:15:12.471: D/DrmWidevineDash(335): OEMCrypto_Initialize: starts! g_qsee_apps_version = 0x21
10-09 12:15:12.471: D/DrmWidevineDash(335): Service_Initialize: starts!
10-09 12:15:12.471: D/QSEECOMAPI:(335): QSEECom_get_handle sb_length = 0x19000
10-09 12:15:12.471: D/QSEECOMAPI:(335): App is not loaded in QSEE
10-09 12:15:12.471: E/QSEECOMAPI:(335): Error::Cannot open the file /vendor/firmware/widevine.mdt
10-09 12:15:12.471: E/QSEECOMAPI:(335): Error::Loading image failed with ret = -1
10-09 12:15:12.471: D/QSEECOMAPI:(335): QSEECom_get_handle sb_length = 0x19000
10-09 12:15:12.471: D/QSEECOMAPI:(335): App is not loaded in QSEE
10-09 12:15:12.471: E/QSEECOMAPI:(335): Error::Cannot open the file /system/etc/firmware/widevine.mdt
10-09 12:15:12.471: E/QSEECOMAPI:(335): Error::Loading image failed with ret = -1
10-09 12:15:12.471: D/QSEECOMAPI:(335): QSEECom_get_handle sb_length = 0x19000
10-09 12:15:12.471: D/QSEECOMAPI:(335): App is not loaded in QSEE
10-09 12:15:12.499: D/QSEECOMAPI:(335): Loaded image: APP id = 10
10-09 12:15:12.500: D/DrmWidevineDash(335): Service_Initialize: ends! returns 0
10-09 12:15:12.500: D/DrmWidevineDash(335): Service_Initialize: function time: 29ms (0s 29501045ns)
10-09 12:15:12.503: D/QSAPPSVER(335): qsapps_get_capabilities: Capability from secure side: 0x0
10-09 12:15:12.503: D/QSAPPSVER(335): qsapps_get_capabilities: returns 0
10-09 12:15:12.503: D/DrmWidevineDash(335): OEMCrypto_Initialize sion_buffer g_wv_fhandle->ion_sbuffer 0x0xb11ea000
10-09 12:15:12.503: E/DrmWidevineDash(335): sion_buffer g_wv_fhandle->ion_sbuffer 0x0xb11ea000
10-09 12:15:12.503: D/QSEECOMAPI:(335): SUCESS::ioctl call to scale bus bandwidth to level 1 success with ret = 0
10-09 12:15:12.506: D/DrmLibTime(321): got the req here! ret=0
10-09 12:15:12.506: D/DrmLibTime(321): command id, time_cmd_id = 770
10-09 12:15:12.506: D/DrmLibTime(321): time_getutcsec starts!
10-09 12:15:12.506: D/DrmLibTime(321): QSEE Time Listener: time_getutcsec
10-09 12:15:12.506: D/DrmLibTime(321): QSEE Time Listener: get_utc_seconds
10-09 12:15:12.506: D/DrmLibTime(321): QSEE Time Listener: time_get_modem_time
10-09 12:15:12.506: D/DrmLibTime(321): QSEE Time Listener: Checking if ATS_MODEM is set or not.
10-09 12:15:12.506: D/QC-time-services(321): Lib:time_genoff_operation: pargs->base = 13
10-09 12:15:12.506: D/QC-time-services(321): Lib:time_genoff_operation: pargs->operation = 2
10-09 12:15:12.506: D/QC-time-services(321): Lib:time_genoff_operation: pargs->ts_val = 0
10-09 12:15:12.506: D/QC-time-services(321): Lib:time_genoff_operation: Send to server passed!!
10-09 12:15:12.506: D/QC-time-services(364): Daemon: Connection accepted:time_genoff
10-09 12:15:12.507: D/QC-time-services(364): Daemon:Received base = 13, unit = 1, operation = 2,value = 0
10-09 12:15:12.507: D/QC-time-services(364): Daemon:genoff_opr: Base = 13, val = 0, operation = 2
10-09 12:15:12.507: D/QC-time-services(364): offset is: 0 for base: 1
10-09 12:15:12.507: E/QC-time-services(321): Receive Passed == base = 13, unit = 1, operation = 2, result = 0
10-09 12:15:12.507: D/DrmLibTime(321): QSEE Time Listener: ATS_MODEM is set. Try to retrieve it.
10-09 12:15:12.507: E/QC-time-services(364): Daemon: Time-services: Waiting to acceptconnection
10-09 12:15:12.507: D/QC-time-services(364): Daemon: Connection accepted:time_genoff
10-09 12:15:12.508: D/QC-time-services(364): Daemon:Received base = 13, unit = 1, operation = 1,value = 0
10-09 12:15:12.508: D/QC-time-services(364): Daemon:genoff_opr: Base = 13, val = 0, operation = 1
10-09 12:15:12.508: D/QC-time-services(364): Daemon: genoff get for 13
10-09 12:15:12.508: D/QC-time-services(364): Daemon:rtc_get: Time read from RTC -- MM/DD/YY HH:MM:SS3/14/71 1:36:34
10-09 12:15:12.508: D/QC-time-services(364): Daemon:Value read from RTC seconds = 40440994000
10-09 12:15:12.508: D/QC-time-services(364): Daemon:Value read from generic offset = 1498671515822
10-09 12:15:12.508: D/QC-time-services(364): Daemon:Final Time = 1539112509822
10-09 12:15:12.508: D/DrmLibTime(321): QSEE Time Listener: Time GenOff - seconds: 1539112509
10-09 12:15:12.508: D/DrmLibTime(321): time_getutcsec returns 0, sec = 1539112509; nsec = 0
10-09 12:15:12.509: D/DrmLibTime(321): time_getutcsec finished!
10-09 12:15:12.509: D/DrmLibTime(321): iotcl_continue_command finished! and return 0
10-09 12:15:12.509: D/DrmLibTime(321): before calling ioctl to read the next time_cmd
10-09 12:15:12.509: E/QC-time-services(364): Daemon: Time-services: Waiting to acceptconnection
10-09 12:15:12.509: D/QSEECOMAPI:(335): SUCESS::ioctl call to scale bus bandwidth to level 0 success with ret = 0
10-09 12:15:12.511: D/DrmWidevineDash(335): OEMCrypto_ION_Malloc: function time: 1ms (0s 1641355ns)
10-09 12:15:12.511: D/DrmWidevineDash(335): OEMCrypto_Initialize: ends! returns 0
10-09 12:15:12.511: D/DrmWidevineDash(335): _oecc01: function time: 40ms (0s 40163025ns)
10-09 12:15:12.511: D/DrmWidevineDash(335): OEMCrypto_APIVersion: starts!
10-09 12:15:12.511: D/QSEECOMAPI:(335): SUCESS::ioctl call to scale bus bandwidth to level 1 success with ret = 0
10-09 12:15:12.511: D/QSEECOMAPI:(335): SUCESS::ioctl call to scale bus bandwidth to level 0 success with ret = 0
10-09 12:15:12.511: D/DrmWidevineDash(335): hlos api version = 10
10-09 12:15:12.511: D/DrmWidevineDash(335): tz api version = 10
