10-09 12:15:03.367: I/Finsky(12409): [1] com.google.android.finsky.userlanguages.LocaleChangedReceiver.a(30): Entering LocaleChangedReceiver.
10-09 12:15:03.368: I/Finsky(12409): [905] com.google.android.finsky.billing.a.a.a(16): Commerce cache was cleared.
10-09 12:15:03.377: I/Finsky(12409): [1] com.google.android.finsky.foregroundcoordinator.impl.c.a(19): Task 9 requested foreground
10-09 12:15:03.378: I/Finsky(12409): [1] com.google.android.finsky.foregroundcoordinator.impl.c.a(30): Entering foreground
10-09 12:15:03.382: I/Finsky(12409): [1] com.google.android.finsky.volley.a.a(7): Clearing cache.
10-09 12:15:03.384: D/Volley(12409): [891] e.a: Cache cleared.
10-09 12:15:03.388: D/Volley(12409): [883] e.a: Cache cleared.
10-09 12:15:03.396: D/Volley(12409): [1] e.a: Cache cleared.
10-09 12:15:03.423: I/Babel_telephony(12354): TeleModule.onApplicationCreate
10-09 12:15:03.428: V/ConnectivityManager(12409): isActiveNetworkMetered() returns:false
10-09 12:15:03.429: I/Finsky(12409): [1] com.google.android.finsky.installer.a.ai.a(238): Installer kick - no action, not running yet
10-09 12:15:03.430: I/Babel_SMS(12354): MmsConfig: mnc/mcc: 0/0
10-09 12:15:03.430: I/Babel_SMS(12354): MmsConfig.loadMmsSettings
10-09 12:15:03.444: I/ActivityManager(1643): Start proc 12519:android.process.media/u0a23 for content provider com.android.providers.downloads/.DownloadProvider
10-09 12:15:03.445: I/Babel_Prime(12354): wrapCrashReportingIntoUncaughtExceptionHandler
10-09 12:15:03.446: I/Babel_Prime(12354): isMemoryEnabled=false
10-09 12:15:03.446: I/Babel_Prime(12354): isTimerEnabled=false
10-09 12:15:03.447: I/Babel_Prime(12354): isCrashCounterEnabled=true
10-09 12:15:03.448: I/Babel_Prime(12354): primesPackageConfigurationsProvider=false
10-09 12:15:03.453: I/Babel_SMS(12354): MmsConfig.loadDeviceMmsSettings from API: mUserAgent=motoxt160x, mUaProfUrl=http://uaprof.motorola.com/phoneconfig/motoxt160x/Profile/motoxt160x.rdf
10-09 12:15:03.454: I/Babel_SMS(12354): MmsConfig.loadFromDatabase
10-09 12:15:03.469: I/Babel_App(12354): Startup - clean
10-09 12:15:03.481: W/System(12519): ClassLoader referenced unknown path: /system/priv-app/DownloadProvider/lib/arm
10-09 12:15:03.488: W/System(12519): ClassLoader referenced unknown path: /system/priv-app/MediaProvider/lib/arm
10-09 12:15:03.489: I/Finsky(12409): [1] com.google.android.finsky.userlanguages.u.run(3): Checking for new language splits.
10-09 12:15:03.489: I/Finsky(12409): [1] com.google.android.finsky.userlanguages.z.b(18): Updating language store, changed to [ja_JP]
10-09 12:15:03.494: I/Finsky(12409): [1] com.google.android.finsky.userlanguages.aa.a(4): Existing languages: []
10-09 12:15:03.513: W/ChimeraUtils(11225): Non Chimera context
10-09 12:15:03.519: I/Finsky(12409): [1] com.google.android.finsky.userlanguages.ad.a(6): Language change to [ja_JP], of which [ja_JP] are new, removed [].
10-09 12:15:03.526: E/Babel_SMS(12354): canonicalizeMccMnc: invalid mccmnc
10-09 12:15:03.526: I/Babel_SMS(12354): MmsConfig.loadFromResources
10-09 12:15:03.528: I/Finsky(12409): [907] com.google.android.finsky.userlanguages.g.run(2): Checking for language splits...
10-09 12:15:03.530: E/Babel_SMS(12354): canonicalizeMccMnc: invalid mccmnc nullnull
10-09 12:15:03.532: I/Babel_SMS(12354): MmsConfig.loadMmsSettings: mUserAgent=motoxt160x, mUaProfUrl=http://uaprof.motorola.com/phoneconfig/motoxt160x/Profile/motoxt160x.rdf
10-09 12:15:03.547: I/PeopleDatabaseHelper(11225): Updating DB locale: en_US -> ja_JP
10-09 12:15:03.552: I/Babel_Prime(12354): startMemoryMonitor
10-09 12:15:03.577: I/ActivityManager(1643): Killing 12115:com.motorola.genie/u0a33 (adj 15): empty #7
10-09 12:15:03.712: D/ActivityManager(1643): cleanUpApplicationRecord -- 12115
10-09 12:15:03.713: D/KeyguardUpdateMonitor(3065): received broadcast android.intent.action.TIME_TICK
10-09 12:15:03.736: W/ChimeraUtils(11225): Non Chimera context
10-09 12:15:03.749: I/ActivityManager(1643): Killing 11805:com.google.android.gms.ui/u0a28 (adj 15): empty #7
10-09 12:15:03.768: E/NetworkScheduler(8428): Invalid component specified.
10-09 12:15:03.803: D/KeyguardUpdateMonitor(3065): handleTimeUpdate
10-09 12:15:03.827: D/ActivityManager(1643): cleanUpApplicationRecord -- 11805
10-09 12:15:03.842: E/NetworkScheduler(8428): Invalid component specified.
10-09 12:15:03.905: I/PeopleSearchIndexManage(11225): Marking for index update.
10-09 12:15:03.931: I/PeopleSearchIndexManage(11225): Index version changed from 0
10-09 12:15:03.947: I/PeopleSearchIndexManage(11225): Rebuilding index...
10-09 12:15:03.960: E/NetworkScheduler(8428): Invalid component specified.
10-09 12:15:03.972: V/AlarmManager(1643): done {2835e85, *alarm*:android.intent.action.TIME_TICK} [3971ms]
10-09 12:15:04.044: I/PeopleASM(11225): Rebuilding autocomplete index...
10-09 12:15:04.055: I/PeopleSearchIndexManage(11225): Rebuilding index done.
10-09 12:15:04.068: I/LocaleChangeIO(8428): Requesting GmsCore restart due to change in locale assets
10-09 12:15:04.077: I/Process(11225): Sending signal. PID: 11225 SIG: 9
10-09 12:15:04.094: W/ChimeraUtils(8428): Non Chimera context
10-09 12:15:04.095: I/Process(8428): Sending signal. PID: 8428 SIG: 9
10-09 12:15:04.105: I/Finsky(12409): [1] com.google.android.finsky.installer.a.r.(15): Not checking if recovering from paused session because experiment is off
10-09 12:15:04.152: D/GpsStatusListenerHelper(1643): Remote Listener died: android.location.IGpsStatusListener$Stub$Proxy@6dbff89
10-09 12:15:04.153: D/GpsStatusListenerHelper(1643): Remote Listener died: android.location.IGpsStatusListener$Stub$Proxy@7dbb8e
10-09 12:15:04.154: D/WifiService(1643): Client connection lost with reason: 4
10-09 12:15:04.154: V/BackupManagerService(1643): Disconnected from transport ComponentInfo{com.google.android.gms/com.google.android.gms.backup.BackupTransportService}
10-09 12:15:04.155: V/BackupManagerService(1643): Registering transport com.google.android.gms/.backup.BackupTransportService::null = null
10-09 12:15:04.157: I/ActivityManager(1643): Process com.google.android.gms.persistent (pid 8428) has died
10-09 12:15:04.157: D/ActivityManager(1643): cleanUpApplicationRecord -- 8428
10-09 12:15:04.157: E/JavaBinder(1643): !!! FAILED BINDER TRANSACTION !!! (parcel size = 264)
10-09 12:15:04.159: E/WifiService(1643): Multicaster binderDied
10-09 12:15:04.161: D/WifiService(1643): Client connection lost with reason: 4
10-09 12:15:04.173: W/ActivityManager(1643): Exception when unbinding service com.google.android.gms/.checkin.CheckinApiService
10-09 12:15:04.173: W/ActivityManager(1643): android.os.DeadObjectException: Transaction failed on small parcel; remote process probably died
10-09 12:15:04.173: W/ActivityManager(1643): at android.os.BinderProxy.transactNative(Native Method)
10-09 12:15:04.173: W/ActivityManager(1643): at android.os.BinderProxy.transact(Binder.java:503)
10-09 12:15:04.173: W/ActivityManager(1643): at android.app.ApplicationThreadProxy.scheduleUnbindService(ApplicationThreadNative.java:966)
10-09 12:15:04.173: W/ActivityManager(1643): at com.android.server.am.ActiveServices.removeConnectionLocked(ActiveServices.java:1876)
10-09 12:15:04.173: W/ActivityManager(1643): at com.android.server.am.ActiveServices.killServicesLocked(ActiveServices.java:2239)
10-09 12:15:04.173: W/ActivityManager(1643): at com.android.server.am.ActivityManagerService.cleanUpApplicationRecordLocked(ActivityManagerService.java:15971)
10-09 12:15:04.173: W/ActivityManager(1643): at com.android.server.am.ActivityManagerService.handleAppDiedLocked(ActivityManagerService.java:4756)
10-09 12:15:04.173: W/ActivityManager(1643): at com.android.server.am.ActivityManagerService.appDiedLocked(ActivityManagerService.java:4925)
10-09 12:15:04.173: W/ActivityManager(1643): at com.android.server.am.ActivityManagerService$AppDeathRecipient.binderDied(ActivityManagerService.java:1377)
10-09 12:15:04.173: W/ActivityManager(1643): at android.os.BinderProxy.sendDeathNotice(Binder.java:558)
10-09 12:15:04.174: W/ActivityManager(1643): Scheduling restart of crashed service com.google.android.gms/.common.stats.GmsCoreStatsService in 1000ms
10-09 12:15:04.174: W/ActivityManager(1643): Scheduling restart of crashed service com.google.android.gms/.nearby.discovery.service.DiscoveryService in 11000ms
10-09 12:15:04.174: W/ActivityManager(1643): Scheduling restart of crashed service com.google.android.gms/com.google.android.location.geofencer.service.GeofenceProviderService in 21000ms
10-09 12:15:04.174: W/ActivityManager(1643): Scheduling restart of crashed service com.google.android.gms/.usagereporting.service.UsageReportingService in 31000ms
10-09 12:15:04.174: W/ActivityManager(1643): Scheduling restart of crashed service com.google.android.gms/com.google.android.location.network.NetworkLocationService in 41000ms
10-09 12:15:04.175: W/ActivityManager(1643): Scheduling restart of crashed service com.google.android.gms/.gcm.GcmService in 51000ms
10-09 12:15:04.175: W/ActivityManager(1643): Scheduling restart of crashed service com.google.android.gms/.lockbox.service.LockboxBrokerService in 61000ms
10-09 12:15:04.175: W/ActivityManager(1643): Scheduling restart of crashed service com.google.android.gms/com.google.android.location.internal.GoogleLocationManagerService in 71000ms
10-09 12:15:04.175: W/ActivityManager(1643): Scheduling restart of crashed service com.google.android.gms/com.google.android.location.geocode.GeocodeService in 80999ms
10-09 12:15:04.175: W/ActivityManager(1643): Scheduling restart of crashed service com.google.android.gms/com.google.android.location.internal.server.HardwareArProviderService in 90999ms
10-09 12:15:04.175: W/ActivityManager(1643): Scheduling restart of crashed service com.google.android.gms/com.google.android.contextmanager.service.ContextManagerService in 100999ms
10-09 12:15:04.175: W/ActivityManager(1643): Scheduling restart of crashed service com.google.android.gms/com.google.android.location.fused.FusedLocationService in 110999ms
10-09 12:15:04.175: W/ActivityManager(1643): Scheduling restart of crashed service com.google.android.gms/.chimera.PersistentApiService in 120999ms
10-09 12:15:04.175: W/ActivityManager(1643): Scheduling restart of crashed service com.google.android.gms/.chimera.PersistentIntentOperationService in 130999ms
10-09 12:15:04.175: W/ActivityManager(1643): Scheduling restart of crashed service com.google.android.gms/com.google.android.location.fused.service.FusedProviderService in 140999ms
10-09 12:15:04.175: W/ActivityManager(1643): Scheduling restart of crashed service com.google.android.gms/.deviceconnection.service.DeviceConnectionWatcherService in 150999ms
10-09 12:15:04.175: W/ActivityManager(1643): Scheduling restart of crashed service com.google.android.gms/.auth.proximity.firstparty.SystemMemoryCacheService in 160999ms
10-09 12:15:04.175: W/ActivityManager(1643): Scheduling restart of crashed service com.google.android.gms/.auth.setup.devicesignals.LockScreenService in 160999ms
10-09 12:15:04.176: W/ActivityManager(1643): Scheduling restart of crashed service com.google.android.gms/com.google.android.location.reporting.service.ReportingAndroidService in 170999ms
10-09 12:15:04.176: W/ActivityManager(1643): Scheduling restart of crashed service com.google.android.gms/.backup.BackupTransportService in 180999ms
10-09 12:15:04.176: W/ActivityManager(1643): Scheduling restart of crashed service com.google.android.gms/.backup.BackupTransportMigratorService in 190999ms
10-09 12:15:04.176: W/ActivityManager(1643): Scheduling restart of crashed service com.google.android.gms/.chimera.PersistentBoundBrokerService in 190998ms
10-09 12:15:04.176: W/ActivityManager(1643): Scheduling restart of crashed service com.google.android.gms/.chimera.PersistentDirectBootAwareApiService in 200998ms
10-09 12:15:04.176: W/ActivityManager(1643): Scheduling restart of crashed service com.google.android.gms/com.google.android.location.internal.PendingIntentCallbackService in 210998ms
10-09 12:15:04.176: W/ActivityManager(1643): Scheduling restart of crashed service com.google.android.gms/com.google.android.location.internal.server.GoogleLocationService in 210998ms
10-09 12:15:04.176: W/ActivityManager(1643): Scheduling restart of crashed service com.google.android.gms/.thunderbird.OutgoingSmsListenerService in 220998ms
10-09 12:15:04.178: I/ActivityManager(1643): Process com.google.android.gms (pid 11225) has died
10-09 12:15:04.178: D/ActivityManager(1643): cleanUpApplicationRecord -- 11225
10-09 12:15:04.179: W/ActivityManager(1643): Scheduling restart of crashed service com.google.android.gms/.cast.media.CastMediaRouteProviderService in 230995ms
10-09 12:15:04.179: W/ActivityManager(1643): Scheduling restart of crashed service com.google.android.gms/.ads.identifier.service.AdvertisingIdService in 240995ms
10-09 12:15:04.179: W/ActivityManager(1643): Scheduling restart of crashed service com.google.android.gms/.icing.service.IndexWorkerService in 250995ms
10-09 12:15:04.179: W/ActivityManager(1643): Scheduling restart of crashed service com.google.android.gms/.matchstick.net.MessagingService in 260995ms
10-09 12:15:04.179: W/ActivityManager(1643): Scheduling restart of crashed service com.google.android.gms/.chimera.GmsIntentOperationService in 260995ms
10-09 12:15:04.179: W/ActivityManager(1643): Scheduling restart of crashed service com.google.android.gms/.gass.GassService in 270995ms
10-09 12:15:04.179: W/ActivityManager(1643): Scheduling restart of crashed service com.google.android.gms/.stats.service.DropBoxEntryAddedService in 280995ms
10-09 12:15:04.180: W/ActivityManager(1643): Scheduling restart of crashed service com.google.android.gms/.icing.service.IndexService in 280995ms
10-09 12:15:04.585: D/AndroidRuntime(12538): >>>>>> START com.android.internal.os.RuntimeInit uid 2000 <<<<<<
10-09 12:15:04.591: D/AndroidRuntime(12538): CheckJNI is OFF
10-09 12:15:04.597: W/art(12538): 7007b000-70aa6000 rw-p 00000000 103:09 12202 /data/dalvik-cache/arm/system@framework@boot.art
10-09 12:15:04.597: W/art(12538): b10d0000-b3106000 r--p 00000000 103:07 1336 /system/framework/arm/boot.oat
10-09 12:15:04.597: W/art(12538): b3106000-b495a000 r-xp 02036000 103:07 1336 /system/framework/arm/boot.oat
10-09 12:15:04.597: W/art(12538): b495a000-b495b000 rw-p 0388a000 103:07 1336 /system/framework/arm/boot.oat
10-09 12:15:04.597: W/art(12538): b495b000-b4979000 r--p 00a2b000 103:09 12202 /data/dalvik-cache/arm/system@framework@boot.art
10-09 12:15:04.597: W/art(12538): b4979000-b497a000 rw-p 00000000 00:00 0 [anon:linker_alloc_vector]
10-09 12:15:04.597: W/art(12538): b497b000-b497e000 r-xp 00000000 103:07 1716 /system/lib/libsigchain.so
10-09 12:15:04.597: W/art(12538): b497e000-b497f000 r--p 00002000 103:07 1716 /system/lib/libsigchain.so
10-09 12:15:04.597: W/art(12538): b497f000-b4980000 rw-p 00003000 103:07 1716 /system/lib/libsigchain.so
10-09 12:15:04.597: W/art(12538): b4980000-b4db6000 r-xp 00000000 103:07 1521 /system/lib/libart.so
10-09 12:15:04.597: W/art(12538): b4db6000-b4dc0000 r--p 00435000 103:07 1521 /system/lib/libart.so
10-09 12:15:04.597: W/art(12538): b4dc0000-b4dc1000 rw-p 0043f000 103:07 1521 /system/lib/libart.so
10-09 12:15:04.597: W/art(12538): b4dc1000-b4dc3000 rw-p 00000000 00:00 0
10-09 12:15:04.597: W/art(12538): b4dc3000-b4dc4000 r--p 00000000 00:00 0
10-09 12:15:04.597: W/art(12538): b4dc4000-b4dc5000 r--p 00000000 00:00 0
10-09 12:15:04.597: W/art(12538): b4dc5000-b4de5000 r--s 00000000 00:0c 7705 /dev/__properties__
10-09 12:15:04.597: W/art(12538): b4de5000-b4de6000 rw-p 00000000 00:00 0 [anon:linker_alloc_vector]
10-09 12:15:04.597: W/art(12538): b4de6000-b57f8000 r-xp 00000000 103:07 1495 /system/lib/libLLVM.so
10-09 12:15:04.597: W/art(12538): b57f8000-b57f9000 ---p 00000000 00:00 0
10-09 12:15:04.597: W/art(12538): b57f9000-b5842000 r--p 00a12000 103:07 1495 /system/lib/libLLVM.so
10-09 12:15:04.597: W/art(12538): b5842000-b5843000 rw-p 00a5b000 103:07 1495 /system/lib/libLLVM.so
10-09 12:15:04.597: W/art(12538): b5843000-b584b000 rw-p 00000000 00:00 0
10-09 12:15:04.597: W/art(12538): b584b000-b5880000 r-xp 00000000 103:07 1537 /system/lib/libbcinfo.so
10-09 12:15:04.597: W/art(12538): b5880000-b5881000 ---p 00000000 00:00 0
10-09 12:15:04.597: W/art(12538): b5881000-b5882000 r--p 00035000 103:07 1537 /system/lib/libbcinfo.so
10-09 12:15:04.597: W/art(12538): b5882000-b5883000 rw-p 00036000 103:07 1537 /system/lib/libbcinfo.so
10-09 12:15:04.597: W/art(12538): b5883000-b5884000 r--p 00000000 00:00 0 [anon:linker_alloc]
10-09 12:15:04.598: W/art(12538): b5884000-b58dc000 r-xp 00000000 103:07 1536 /system/lib/libbcc.so
10-09 12:15:04.598: W/art(12538): b58dc000-b58dd000 ---p 00000000 00:00 0
10-09 12:15:04.598: W/art(12538): b58dd000-b58de000 r--p 00058000 103:07 1536 /system/lib/libbcc.so
10-09 12:15:04.598: W/art(12538): b58de000-b58df000 rw-p 00059000 103:07 1536 /system/lib/libbcc.so
10-09 12:15:04.598: W/art(12538): b58df000-b58e9000 r-xp 00000000 103:07 1557 /system/lib/libcommon_time_client.so
10-09 12:15:04.598: W/art(12538): b58e9000-b58ec000 r--p 00009000 103:07 1557 /system/lib/libcommon_time_client.so
10-09 12:15:04.598: W/art(12538): b58ec000-b58ed000 rw-p 0000c000 103:07 1557 /system/lib/libcommon_time_client.so
10-09 12:15:04.598: W/art(12538): b58ed000-b5905000 r-xp 00000000 103:07 1694 /system/lib/libprotobuf-cpp-lite.so
10-09 12:15:04.598: W/art(12538): b5905000-b5906000 r--p 00017000 103:07 1694 /system/lib/libprotobuf-cpp-lite.so
10-09 12:15:04.598: W/art(12538): b5906000-b5907000 rw-p 00018000 103:07 1694 /system/lib/libprotobuf-cpp-lite.so
10-09 12:15:04.598: W/art(12538): b5907000-b5908000 r--p 00000000 00:00 0
10-09 12:15:04.598: W/art(12538): b5908000-b590f000 r-xp 00000000 103:07 1733 /system/lib/libstagefright_avc_common.so
10-09 12:15:04.598: W/art(12538): b590f000-b5910000 r--p 00006000 103:07 1733 /system/lib/libstagefright_avc_common.so
10-09 12:15:04.598: W/art(12538): b5910000-b5911000 rw-p 00007000 103:07 1733 /system/lib/libstagefright_avc_common.so
10-09 12:15:04.598: W/art(12538): b5911000-b5914000 r-xp 00000000 103:07 1734 /system/lib/libstagefright_enc_common.so
10-09 12:15:04.598: W/art(12538): b5914000-b5915000 r--p 00002000 103:07 1734 /system/lib/libstagefright_enc_common.so
10-09 12:15:04.598: W/art(12538): b5915000-b5916000 rw-p 00003000 103:07 1734 /system/lib/libstagefright_enc_common.so
10-09 12:15:04.598: W/art(12538): b5916000-b591a000 r-xp 00000000 103:07 1691 /system/lib/libpowermanager.so
10-09 12:15:04.598: W/art(12538): b591a000-b591b000 ---p 00000000 00:00 0
10-09 12:15:04.598: W/art(12538): b591b000-b591c000 r--p 00004000 103:07 1691 /system/lib/libpowermanager.so
10-09 12:15:04.598: W/art(12538): b591c000-b591d000 rw-p 00005000 103:07 1691 /system/lib/libpowermanager.so
10-09 12:15:04.598: W/art(12538): b591d000-b5939000 r-xp 00000000 103:07 1778 /system/lib/libvorbisidec.so
10-09 12:15:04.598: W/art(12538): b5939000-b593a000 r--p 0001b000 103:07 1778 /system/lib/libvorbisidec.so
10-09 12:15:04.598: W/art(12538): b593a000-b593b000 rw-p 0001c000 103:07 1778 /system/lib/libvorbisidec.so
10-09 12:15:04.598: W/art(12538): b593b000-b5940000 r-xp 00000000 103:07 1760 /system/lib/libstagefright_yuv.so
10-09 12:15:04.598: W/art(12538): b5940000-b5941000 r--p 00004000 103:07 1760 /system/lib/libstagefright_yuv.so
10-09 12:15:04.598: W/art(12538): b5941000-b5942000 rw-p 00005000 103:07 1760 /system/lib/libstagefright_yuv.so
10-09 12:15:04.598: W/art(12538): b5942000-b5970000 r-xp 00000000 103:07 1738 /system/lib/libstagefright_omx.so
10-09 12:15:04.598: W/art(12538): b5970000-b5971000 ---p 00000000 00:00 0
10-09 12:15:04.598: W/art(12538): b5971000-b5974000 r--p 0002e000 103:07 1738 /system/lib/libstagefright_omx.so
10-09 12:15:04.598: W/art(12538): b5974000-b5975000 rw-p 00031000 103:07 1738 /system/lib/libstagefright_omx.so
10-09 12:15:04.598: W/art(12538): b5975000-b5976000 r--p 00000000 00:00 0 [anon:linker_alloc]
10-09 12:15:04.598: W/art(12538): b5976000-b59af000 r-xp 00000000 103:07 1681 /system/lib/libopus.so
10-09 12:15:04.598: W/art(12538): b59af000-b59b0000 ---p 00000000 00:00 0
10-09 12:15:04.598: W/art(12538): b59b0000-b59b1000 r--p 00039000 103:07 1681 /system/lib/libopus.so
10-09 12:15:04.598: W/art(12538): b59b1000-b59b2000 rw-p 0003a000 103:07 1681 /system/lib/libopus.so
10-09 12:15:04.598: W/art(12538): b59b2000-b59b9000 r-xp 00000000 103:07 1653 /system/lib/libmediautils.so
10-09 12:15:04.598: W/art(12538): b59b9000-b59ba000 ---p 00000000 00:00 0
10-09 12:15:04.598: W/art(12538): b59ba000-b59bb000 r--p 00007000 103:07 1653 /system/lib/libmediautils.so
10-09 12:15:04.598: W/art(12538): b59bb000-b59bc000 rw-p 00008000 103:07 1653 /system/lib/libmediautils.so
10-09 12:15:04.598: W/art(12538): b59bc000-b59d1000 r-xp 00000000 103:07 1569 /system/lib/libdrmframework.so
10-09 12:15:04.598: W/art(12538): b59d1000-b59d2000 ---p 00000000 00:00 0
10-09 12:15:04.598: W/art(12538): b59d2000-b59d5000 r--p 00015000 103:07 1569 /system/lib/libdrmframework.so
10-09 12:15:04.598: W/art(12538): b59d5000-b59d6000 rw-p 00018000 103:07 1569 /system/lib/libdrmframework.so
10-09 12:15:04.598: W/art(12538): b59d6000-b59f4000 r-xp 00000000 103:07 1510 /system/lib/libRScpp.so
10-09 12:15:04.598: W/art(12538): b59f4000-b59f5000 ---p 00000000 00:00 0
10-09 12:15:04.598: W/art(12538): b59f5000-b59f6000 r--p 0001e000 103:07 1510 /system/lib/libRScpp.so
10-09 12:15:04.598: W/art(12538): b59f6000-b59f7000 rw-p 0001f000 103:07 1510 /system/lib/libRScpp.so
10-09 12:15:04.598: W/art(12538): b59f7000-b5a35000 r-xp 00000000 103:07 1507 /system/lib/libRS.so
10-09 12:15:04.598: W/art(12538): b5a35000-b5a36000 ---p 00000000 00:00 0
10-09 12:15:04.598: W/art(12538): b5a36000-b5a38000 r--p 0003e000 103:07 1507 /system/lib/libRS.so
10-09 12:15:04.599: W/art(12538): b5a38000-b5a39000 rw-p 00040000 103:07 1507 /system/lib/libRS.so
10-09 12:15:04.599: W/art(12538): b5a39000-b5a40000 r-xp 00000000 103:07 1727 /system/lib/libspeexresampler.so
10-09 12:15:04.599: W/art(12538): b5a40000-b5a41000 r--p 00006000 103:07 1727 /system/lib/libspeexresampler.so
10-09 12:15:04.599: W/art(12538): b5a41000-b5a42000 rw-p 00007000 103:07 1727 /system/lib/libspeexresampler.so
10-09 12:15:04.599: W/art(12538): b5a42000-b5a4b000 r-xp 00000000 103:07 1673 /system/lib/libnbaio.so
10-09 12:15:04.599: W/art(12538): b5a4b000-b5a4c000 r--p 00008000 103:07 1673 /system/lib/libnbaio.so
10-09 12:15:04.599: W/art(12538): b5a4c000-b5a4d000 rw-p 00009000 103:07 1673 /system/lib/libnbaio.so
10-09 12:15:04.599: W/art(12538): b5a4d000-b5a5f000 r-xp 00000000 103:07 1685 /system/lib/libpcre.so
10-09 12:15:04.599: W/art(12538): b5a5f000-b5a60000 r--p 00011000 103:07 1685 /system/lib/libpcre.so
10-09 12:15:04.599: W/art(12538): b5a60000-b5a61000 rw-p 00012000 103:07 1685 /system/lib/libpcre.so
10-09 12:15:04.599: W/art(12538): b5a61000-b5a66000 r-xp 00000000 103:07 1785 /system/lib/libwpa_client.so
10-09 12:15:04.599: W/art(12538): b5a66000-b5a67000 r--p 00004000 103:07 1785 /system/lib/libwpa_client.so
10-09 12:15:04.599: W/art(12538): b5a67000-b5a68000 rw-p 00005000 103:07 1785 /system/lib/libwpa_client.so
10-09 12:15:04.599: W/art(12538): b5a68000-b5a6a000 r--p 00000000 00:00 0 [anon:linker_alloc]
10-09 12:15:04.599: W/art(12538): b5a6a000-b5ad8000 r-xp 00000000 103:07 1491 /system/lib/libGLES_trace.so
10-09 12:15:04.599: W/art(12538): b5ad8000-b5ada000 r--p 0006d000 103:07 1491 /system/lib/libGLES_trace.so
10-09 12:15:04.599: W/art(12538): b5ada000-b5adb000 rw-p 0006f000 103:07 1491 /system/lib/libGLES_trace.so
10-09 12:15:04.599: W/art(12538): b5adb000-b5b11000 r-xp 00000000 103:07 2947 /system/vendor/lib/libqc-opt.so
10-09 12:15:04.599: W/art(12538): b5b11000-b5b12000 r--p 00035000 103:07 2947 /system/vendor/lib/libqc-opt.so
10-09 12:15:04.599: W/art(12538): b5b12000-b5b13000 rw-p 00036000 103:07 2947 /system/vendor/lib/libqc-opt.so
10-09 12:15:04.599: W/art(12538): b5b13000-b5b77000 r-xp 00000000 103:07 1610 /system/lib/libft2.so
10-09 12:15:04.599: W/art(12538): b5b77000-b5b79000 r--p 00063000 103:07 1610 /system/lib/libft2.so
10-09 12:15:04.599: W/art(12538): b5b79000-b5b7a000 rw-p 00065000 103:07 1610 /system/lib/libft2.so
10-09 12:15:04.599: W/art(12538): b5b7a000-b5b9f000 r-xp 00000000 103:07 1689 /system/lib/libpng.so
10-09 12:15:04.599: W/art(12538): b5b9f000-b5ba0000 r--p 00024000 103:07 1689 /system/lib/libpng.so
10-09 12:15:04.599: W/art(12538): b5ba0000-b5ba1000 rw-p 00025000 103:07 1689 /system/lib/libpng.so
10-09 12:15:04.599: W/art(12538): b5ba1000-b5ba4000 r-xp 00000000 103:07 1766 /system/lib/libsync.so
10-09 12:15:04.599: W/art(12538): b5ba4000-b5ba5000 r--p 00002000 103:07 1766 /system/lib/libsync.so
10-09 12:15:04.599: W/art(12538): b5ba5000-b5ba6000 rw-p 00003000 103:07 1766 /system/lib/libsync.so
10-09 12:15:04.599: W/art(12538): b5ba6000-b5bab000 r-xp 00000000 103:07 1762 /system/lib/libstdc++.so
10-09 12:15:04.599: W/art(12538): b5bab000-b5bac000 r--p 00004000 103:07 1762 /system/lib/libstdc++.so
10-09 12:15:04.599: W/art(12538): b5bac000-b5bad000 rw-p 00005000 103:07 1762 /system/lib/libstdc++.so
10-09 12:15:04.599: W/art(12538): b5bad000-b5bbd000 r-xp 00000000 103:07 1774 /system/lib/libunwind.so
10-09 12:15:04.599: W/art(12538): b5bbd000-b5bbe000 r--p 0000f000 103:07 1774 /system/lib/libunwind.so
10-09 12:15:04.599: W/art(12538): b5bbe000-b5bbf000 rw-p 00010000 103:07 1774 /system/lib/libunwind.so
10-09 12:15:04.599: W/art(12538): b5bbf000-b5c05000 rw-p 00000000 00:00 0
10-09 12:15:04.599: W/art(12538): b5c05000-b5c0e000 r-xp 00000000 103:07 1535 /system/lib/libbase.so
10-09 12:15:04.599: W/art(12538): b5c0e000-b5c0f000 r--p 00008000 103:07 1535 /system/lib/libbase.so
10-09 12:15:04.599: W/art(12538): b5c0f000-b5c10000 rw-p 00009000 103:07 1535 /system/lib/libbase.so
10-09 12:15:04.599: W/art(12538): b5c10000-b5c15000 r-xp 00000000 103:07 1595 /system/lib/libeffects.so
10-09 12:15:04.599: W/art(12538): b5c15000-b5c16000 r--p 00004000 103:07 1595 /system/lib/libeffects.so
10-09 12:15:04.599: W/art(12538): b5c16000-b5c17000 rw-p 00005000 103:07 1595 /system/lib/libeffects.so
10-09 12:15:04.599: W/art(12538): b5c17000-b5c18000 r--p 00000000 00:00 0 [anon:linker_alloc]
10-09 12:15:04.599: W/art(12538): b5c18000-b5c1b000 r-xp 00000000 103:07 1736 /system/lib/libstagefright_http_support.so
10-09 12:15:04.599: W/art(12538): b5c1b000-b5c1c000 ---p 00000000 00:00 0
10-09 12:15:04.599: W/art(12538): b5c1c000-b5c1d000 r--p 00003000 103:07 1736 /system/lib/libstagefright_http_support.so
10-09 12:15:04.599: W/art(12538): b5c1d000-b5c1e000 rw-p 00004000 103:07 1736 /system/lib/libstagefright_http_support.so
10-09 12:15:04.599: W/art(12538): b5c1e000-b5c36000 r-xp 00000000 103:07 1735 /system/lib/libstagefright_foundation.so
10-09 12:15:04.599: W/art(12538): b5c36000-b5c37000 ---p 00000000 00:00 0
10-09 12:15:04.599: W/art(12538): b5c37000-b5c38000 r--p 00018000 103:07 1735 /system/lib/libstagefright_foundation.so
10-09 12:15:04.599: W/art(12538): b5c38000-b5c39000 rw-p 00019000 103:07 1735 /system/lib/libstagefright_foundation.so
10-09 12:15:04.600: W/art(12538): b5c39000-b5d98000 r-xp 00000000 103:07 1731 /system/lib/libstagefright.so
10-09 12:15:04.600: W/art(12538): b5d98000-b5d99000 ---p 00000000 00:00 0
10-09 12:15:04.600: W/art(12538): b5d99000-b5da5000 r--p 0015f000 103:07 1731 /system/lib/libstagefright.so
10-09 12:15:04.600: W/art(12538): b5da5000-b5da6000 rw-p 0016b000 103:07 1731 /system/lib/libstagefright.so
10-09 12:15:04.600: W/art(12538): b5da6000-b5e0d000 r-xp 00000000 103:07 1620 /system/lib/libhwui.so
10-09 12:15:04.600: W/art(12538): b5e0d000-b5e0e000 ---p 00000000 00:00 0
10-09 12:15:04.600: W/art(12538): b5e0e000-b5e11000 r--p 00067000 103:07 1620 /system/lib/libhwui.so
10-09 12:15:04.600: W/art(12538): b5e11000-b5e12000 rw-p 0006a000 103:07 1620 /system/lib/libhwui.so
10-09 12:15:04.600: W/art(12538): b5e12000-b5e15000 r-xp 00000000 103:07 1704 /system/lib/libradio_metadata.so
10-09 12:15:04.600: W/art(12538): b5e15000-b5e16000 r--p 00002000 103:07 1704 /system/lib/libradio_metadata.so
10-09 12:15:04.600: W/art(12538): b5e16000-b5e17000 rw-p 00003000 103:07 1704 /system/lib/libradio_metadata.so
10-09 12:15:04.600: W/art(12538): b5e17000-b5e1b000 r-xp 00000000 103:07 1671 /system/lib/libnativebridge.so
10-09 12:15:04.600: W/art(12538): b5e1b000-b5e1c000 r--p 00003000 103:07 1671 /system/lib/libnativebridge.so
10-09 12:15:04.600: W/art(12538): b5e1c000-b5e1d000 rw-p 00004000 103:07 1671 /system/lib/libnativebridge.so
10-09 12:15:04.600: W/art(12538): b5e1d000-b5e21000 r-xp 00000000 103:07 1693 /system/lib/libprocessgroup.so
10-09 12:15:04.600: W/art(12538): b5e21000-b5e22000 r--p 00003000 103:07 1693 /system/lib/libprocessgroup.so
10-09 12:15:04.600: W/art(12538): b5e22000-b5e23000 rw-p 00004000 103:07 1693 /system/lib/libprocessgroup.so
10-09 12:15:04.600: W/art(12538): b5e23000-b5e31000 r-xp 00000000 103:07 1656 /system/lib/libminikin.so
10-09 12:15:04.600: W/art(12538): b5e31000-b5e32000 ---p 00000000 00:00 0
10-09 12:15:04.600: W/art(12538): b5e32000-b5e33000 r--p 0000e000 103:07 1656 /system/lib/libminikin.so
10-09 12:15:04.600: W/art(12538): b5e33000-b5e34000 rw-p 0000f000 103:07 1656 /system/lib/libminikin.so
10-09 12:15:04.600: W/art(12538): b5e34000-b5e3e000 r-xp 00000000 103:07 1724 /system/lib/libsoundtrigger.so
10-09 12:15:04.600: W/art(12538): b5e3e000-b5e41000 r--p 00009000 103:07 1724 /system/lib/libsoundtrigger.so
10-09 12:15:04.600: W/art(12538): b5e41000-b5e42000 rw-p 0000c000 103:07 1724 /system/lib/libsoundtrigger.so
10-09 12:15:04.600: W/art(12538): b5e42000-b5e43000 r--p 00000000 00:00 0 [anon:linker_alloc]
10-09 12:15:04.600: W/art(12538): b5e43000-b5e4d000 r-xp 00000000 103:07 1703 /system/lib/libradio.so
10-09 12:15:04.600: W/art(12538): b5e4d000-b5e50000 r--p 00009000 103:07 1703 /system/lib/libradio.so
10-09 12:15:04.600: W/art(12538): b5e50000-b5e51000 rw-p 0000c000 103:07 1703 /system/lib/libradio.so
10-09 12:15:04.600: W/art(12538): b5e51000-b5e55000 r-xp 00000000 103:07 1674 /system/lib/libnetd_client.so
10-09 12:15:04.600: W/art(12538): b5e55000-b5e56000 r--p 00003000 103:07 1674 /system/lib/libnetd_client.so
10-09 12:15:04.600: W/art(12538): b5e56000-b5e57000 rw-p 00004000 103:07 1674 /system/lib/libnetd_client.so
10-09 12:15:04.600: W/art(12538): b5e57000-b5e64000 r-xp 00000000 103:07 1623 /system/lib/libimg_utils.so
10-09 12:15:04.600: W/art(12538): b5e64000-b5e66000 r--p 0000c000 103:07 1623 /system/lib/libimg_utils.so
10-09 12:15:04.600: W/art(12538): b5e66000-b5e67000 rw-p 0000e000 103:07 1623 /system/lib/libimg_utils.so
10-09 12:15:04.600: W/art(12538): b5e67000-b6265000 r-xp 00000000 103:07 1686 /system/lib/libpdfium.so
10-09 12:15:04.600: W/art(12538): b6265000-b6266000 ---p 00000000 00:00 0
10-09 12:15:04.600: W/art(12538): b6266000-b626f000 r--p 003fe000 103:07 1686 /system/lib/libpdfium.so
10-09 12:15:04.600: W/art(12538): b626f000-b6273000 rw-p 00407000 103:07 1686 /system/lib/libpdfium.so
10-09 12:15:04.600: W/art(12538): b6273000-b6274000 rw-p 00000000 00:00 0
10-09 12:15:04.600: W/art(12538): b6274000-b627b000 r-xp 00000000 103:07 1532 /system/lib/libaud
10-09 12:15:04.600: W/art(12538): ioutils.so
10-09 12:15:04.600: W/art(12538): b627b000-b627c000 r--p 00006000 103:07 1532 /system/lib/libaudioutils.so
10-09 12:15:04.600: W/art(12538): b627c000-b627d000 rw-p 00007000 103:07 1532 /system/lib/libaudioutils.so
10-09 12:15:04.600: W/art(12538): b627d000-b6297000 r-xp 00000000 103:07 1787 /system/lib/libz.so
10-09 12:15:04.601: W/art(12538): b6297000-b6298000 r--p 00019000
10-09 12:15:04.601: W/art(12538): 103:07 1787 /system/lib/libz.so
10-09 12:15:04.601: W/art(12538): b6298000-b6299000 rw-p 0001a000 103:07 1787 /system/lib/libz.so
10-09 12:15:04.601: W/art(12538): b6299000-b62e2000 r-xp 00000000 103:07 1617 /system/lib/libharfbuzz_ng.so
10-09 12:15:04.601: W/art(12538): b62e2000-b62e3000 ---p 00000000 00:00 0
10-09 12:15:04.601: W/art(12538): b62e3000-b62e4000 r--p 00049000 103:07 1617 /system/lib/libhar
10-09 12:15:04.601: W/art(12538): fbuzz_ng.so
10-09 12:15:04.601: W/art(12538): b62e4000-b62e5000 rw-p 0004a000 103:07 1617 /system/lib/libharfbuzz_ng.so
10-09 12:15:04.601: W/art(12538): b62e5000-b62e6000 rw-p 00000000 00:00 0 [anon:linker_alloc]
10-09 12:15:04.601: W/art(12538): b62e6000-b62eb000 r-xp 00000000 103:07 1775 /system/lib/libusbhost.so
10-09 12:15:04.601: W/art(12538): b62eb000-b62ec000 r--p 00004000 1
10-09 12:15:04.601: W/art(12538): 03:07 1775 /system/lib/libusbhost.so
10-09 12:15:04.601: W/art(12538): b62ec000-b62ed000 rw-p 00005000 103:07 1775 /system/lib/libusbhost.so
10-09 12:15:04.601: W/art(12538): b62ed000-b6323000 r-xp 00000000 103:07 1632 /system/lib/libjpeg.so
10-09 12:15:04.601: W/art(12538): b6323000-b6324000 r--p 00035000 103:07 1632 /system/lib/libjpeg.so
10-09 12:15:04.601: W/art(12538): b6324000-b6325000 rw-p 00036000 103:07 1632 /system/lib/libjpeg.so
10-09 12:15:04.601: W/art(12538): b6325000-b6326000 r--p 00000000 00:00 0 [anon:linker_alloc]
10-09 12:15:04.601: W/art(12538): b6326000-b63b7000 r-xp 00000000 103:07 1648 /system/lib/libmedia.so
10-09 12:15:04.601: W/art(12538): b63b7000-b63b8000 ---p 00000000 00:00 0
10-09 12:15:04.601: W/art(12538): b63b8000-b63d4000 r--p 00091000 103:07 1648 /system/lib/libmedia.so
10-09 12:15:04.601: W/art(12538): b63d4000-b63d5000 rw-p 000ad000 103:07 1648 /system/lib/libmedia.so
10-09 12:15:04.601: W/art(12538): b63d5000-b653a000 r-xp 00000000 103:07 1621 /system/lib/libicui18n.so
10-09 12:15:04.601: W/art(12538): b653a000-b653b000 ---p 00000000 00:00 0
10-09 12:15:04.601: W/art(12538): b653b000-b6546000 r--p 00165000 103:07 1621 /system/lib/libicui18n.so
10-09 12:15:04.601: W/art(12538): b6546000-b6547000 rw-p 00170000 103:07 1621 /system/lib/libicui18n.so
10-09 12:15:04.601: W/art(12538): b6547000-b6656000 r-xp 00000000 103:07 1622 /system/lib/libicuuc.so
10-09 12:15:04.601: W/art(12538): b6656000-b6661000 r--p 0010e000 103:07 1622 /system/lib/libicuuc.so
10-09 12:15:04.601: W/art(12538): b6661000-b6662000 rw-p 00119000 103:07 1622 /system/lib/libicuuc.so
10-09 12:15:04.601: W/art(12538): b6662000-b6666000 rw-p 00000000 00:00 0
10-09 12:15:04.601: W/art(12538): b6666000-b6689000 r-xp 00000000 103:07 1730 /system/lib/libssl.so
10-09 12:15:04.601: W/art(12538): b6689000-b668b000 r--p 00022000 103:07 1730 /system/lib/libssl.so
10-09 12:15:04.601: W/art(12538): b668b000-b668c000 rw-p 00024000 103:07 1730 /system/lib/libssl.so
10-09 12:15:04.601: W/art(12538): b668c000-b671c000 r-xp 00000000 103:07 1560
10-09 12:15:04.601: W/art(12538): /system/lib/libcrypto.so
10-09 12:15:04.601: W/art(12538): b671c000-b671d000 ---p 00000000 00:00 0
10-09 12:15:04.601: W/art(12538): b671d000-b6728000 r--p 00090000 103:07 1560 /system/lib/libcrypto.so
10-09 12:15:04.601: W/art(12538): b6728000-b6729000 rw-p 0009b000 103:07 1560 /system/lib/libcrypto.so
10-09 12:15:04.601: W/art(12538): b6729000-b677b000 r-xp 00000000 103:07 1722 /system/lib/libson
10-09 12:15:04.601: W/art(12538): ivox.so
10-09 12:15:04.601: W/art(12538): b677b000-b677c000 ---p 00000000 00:00 0
10-09 12:15:04.601: W/art(12538): b677c000-b677d000 r--p 00052000 103:07 1722 /system/lib/libsonivox.so
10-09 12:15:04.601: W/art(12538): b677d000-b677e000 rw-p 00053000 103:07 1722 /system/lib/libsonivox.so
10-09 12:15:04.601: W/art(12538): b677e000-b6783000 rw-p 00000000 00:00 0
10-09 12:15:04.601: W/art(12538): b6783000-b6792000 r-xp 0
10-09 12:15:04.601: W/art(12538): 0000000 103:07 1713 /system/lib/libselinux.so
10-09 12:15:04.601: W/art(12538): b6792000-b6793000 r--p 0000e000 103:07 1713 /system/lib/libselinux.so
10-09 12:15:04.601: W/art(12538): b6793000-b6794000 rw-p 0000f000 103:07 1713 /system/lib/libselinux.so
10-09 12:15:04.601: W/art(12538): b6794000-b679b000 r-xp 00000000 103:07 1616 /system/lib/libhardware_legacy.so
10-09 12:15:04.601: W/art(12538): b679b000-b679c000 ---p 00000000 00:00 0
10-09 12:15:04.601: W/art(12538): b679c000-b679d000 r--p 00007000 103:07 1616 /system/lib/libhardware_legacy.so
10-09 12:15:04.601: W/art(12538): b679d000-b679e000 rw-p 00008000 103:07 1616 /system/lib/libhardware_legacy.so
10-09 12:15:04.601: W/art(12538): b679e000-b679f000 rw-p 00000000 00:00 0
10-09 12:15:04.601: W/art(12538): b679f000-b67a2000 r-xp 00000000 103:07 1615
10-09 12:15:04.601: W/art(12538): /system/lib/libhardware.so
10-09 12:15:04.601: W/art(12538): b67a2000-b67a3000 r--p 00002000 103:07 1615 /system/lib/libhardware.so
10-09 12:15:04.601: W/art(12538): b67a3000-b67a4000 rw-p 00003000 103:07 1615 /system/lib/libhardware.so
10-09 12:15:04.601: W/art(12538): b67a4000-b67a8000 r-xp 00000000 103:07 1489 /system/lib/libETC1.so
10-09 12:15:04.601: W/art(12538): b67a8000-b67a9000 r--p 00003000
10-09 12:15:04.601: W/art(12538): 103:07 1489 /system/lib/libETC1.so
10-09 12:15:04.602: W/art(12538): b67a9000-b67aa000 rw-p 00004000 103:07 1489 /system/lib/libETC1.so
10-09 12:15:04.602: W/art(12538): b67aa000-b67b7000 r-xp 00000000 103:07 1493 /system/lib/libGLESv2.so
10-09 12:15:04.602: W/art(12538): b67b7000-b67b8000 r--p 0000c000 103:07 1493 /system/lib/libGLESv2.so
10-09 12:15:04.602: W/art(12538): b67b8000-b67b9000 rw-p 0000d000 103:07 1493 /system/lib/libGLESv2.so
10-09 12:15:04.602: W/art(12538): b67b9000-b67c1000 r-xp 00000000 103:07 1492 /system/lib/libGLESv1_CM.so
10-09 12:15:04.602: W/art(12538): b67c1000-b67c2000 r--p 00007000 103:07 1492 /system/lib/libGLESv1_CM.so
10-09 12:15:04.602: W/art(12538): b67c2000-b67c3000 rw-p 00008000 103:07 1492 /system/lib/libGLESv1_CM.so
10-09 12:15:04.602: W/art(12538): b67c3000-b681f000 r-xp 00000000 103:07 1488 /system/lib/libEGL.so
10-09 12:15:04.602: W/art(12538): b681f000-b6820000 ---p 00000000 00:00 0
10-09 12:15:04.602: W/art(12538): b6820000-b6822000 r--p 0005c000 103:07 1488 /system/lib/libEGL.so
10-09 12:15:04.602: W/art(12538): b6822000-b682b000 rw-p 0005e000 103:07 1488 /system/lib/libEGL.so
10-09 12:15:04.602: W/art(12538): b682b000-b682e000 rw-p 00000000 00:00 0
10-09 12:15:04.602: W/art(12538): b682e000-b68fd000 r-xp 00000000 103:07 1728 /system/lib/libsqlite.so
10-09 12:15:04.602: W/art(12538): b68fd000-b68ff000 r--p 000ce000 103:07 1728 /system/lib/libsqlite.so
10-09 12:15:04.602: W/art(12538): b68ff000-b6900000 rw-p 000d0000 103:07 1728 /system/lib/libsqlite.so
10-09 12:15:04.602: W/art(12538): b6900000-b6b5a000 r-xp 00000000 103:07 1717 /system/lib/libskia.so
10-09 12:15:04.602: W/art(12538): b6b5a000-b6b5b000 ---p 00000000 00:00 0
10-09 12:15:04.602: W/art(12538): b6b5b000-b6b75000 r--p 0025a000 103:07 1717 /system/lib/libskia.so
10-09 12:15:04.602: W/art(12538): b6b75000-b6b77000 rw-p 00274000 103:07 1717 /system/lib/libskia.so
10-09 12:15:04.602: W/art(12538): b6b77000-b6b7c000 rw-p 00000000 00:00 0
10-09 12:15:04.602: W/art(12538): b6b7c000-b6b84000 r-xp 00000000 103:07 1547 /system/lib/libcamera_
10-09 12:15:04.602: W/art(12538): metadata.so
10-09 12:15:04.602: W/art(12538): b6b84000-b6b85000 ---p 00000000 00:00 0
10-09 12:15:04.602: W/art(12538): b6b85000-b6b86000 r--p 00008000 103:07 1547 /system/lib/libcamera_metadata.so
10-09 12:15:04.602: W/art(12538): b6b86000-b6b87000 rw-p 00009000 103:07 1547 /system/lib/libcamera_metadata.so
10-09 12:15:04.602: W/art(12538): b6b87000-b6bab000 r-xp 00000000 103:07 1546
10-09 12:15:04.602: W/art(12538): /system/lib/libcamera_client.so
10-09 12:15:04.602: W/art(12538): b6bab000-b6bac000 ---p 00000000 00:00 0
10-09 12:15:04.602: W/art(12538): b6bac000-b6bb3000 r--p 00024000 103:07 1546 /system/lib/libcamera_client.so
10-09 12:15:04.602: W/art(12538): b6bb3000-b6bb4000 rw-p 0002b000 103:07 1546 /system/lib/libcamera_client.so
10-09 12:15:04.602: W/art(12538): b6bb4000-b6bf0000 r-xp 00000000 103:07 1625 /sys
10-09 12:15:04.602: W/art(12538): tem/lib/libinputflinger.so
10-09 12:15:04.602: W/art(12538): b6bf0000-b6bf3000 r--p 0003b000 103:07 1625 /system/lib/libinputflinger.so
10-09 12:15:04.602: W/art(12538): b6bf3000-b6bf4000 rw-p 0003e000 103:07 1625 /system/lib/libinputflinger.so
10-09 12:15:04.602: W/art(12538): b6bf4000-b6c0e000 r-xp 00000000 103:07 1624 /system/lib/libinput.so
10-09 12:15:04.602: W/art(12538): b6c0e000-b6c12000 r--p 00019000 103:07 1624 /system/lib/libinput.so
10-09 12:15:04.602: W/art(12538): b6c12000-b6c13000 rw-p 0001d000 103:07 1624 /system/lib/libinput.so
10-09 12:15:04.602: W/art(12538): b6c13000-b6c60000 r-xp 00000000 103:07 1614 /system/lib/libgui.so
10-09 12:15:04.602: W/art(12538): b6c60000-b6c6c000 r--p 0004c000 103:07 1614 /system/lib/libgui.so
10-09 12:15:04.602: W/art(12538): b6c6c000-b6c6d000 rw-p 00058000 103:07 1614 /system/lib/libgui.so
10-09 12:15:04.602: W/art(12538): b6c6d000-b6c7a000 r-xp 00000000 103:07 1773 /system/lib/libui.so
10-09 12:15:04.602: W/art(12538): b6c7a000-b6c7b000 ---p 00000000 00:00 0
10-09 12:15:04.602: W/art(12538): b6c7b000-b6c7c000 r--p 0000d000 103:07 1773 /system/lib/libui.so
10-09 12:15:04.602: W/art(12538): b6c7c000-b6c7d000 rw-p 0000e000 103:07 1773 /system/lib/libui.so
10-09 12:15:04.602: W/art(12538): b6c7d000-b6c84000 r-xp 00000000 103:07 1676 /system/lib/libnetutils.so
10-09 12:15:04.602: W/art(12538): b6c84000-b6c85000 r--p 00006000 103:07 1676 /system/lib/libnetutils.so
10-09 12:15:04.602: W/art(12538): b6c85000-b6c86000 rw-p 00007000 103:07 1676 /system/lib/libnetutils.so
10-09 12:15:04.602: W/art(12538): b6c86000-b6c8d000 r-xp 00000000 103:07 1672 /system/lib/libnativehelper.so
10-09 12:15:04.602: W/art(12538): b6c8d000-b6c8e000 r--p 00006000 103:07 1672 /system/lib/libnativehelper.so
10-09 12:15:04.602: W/art(12538): b6c8e000-b6c8f000 rw-p 00007000 103:07 1672 /system/lib/libnativehelper.so
10-09 12:15:04.602: W/art(12538): b6c8f000-b6ca3000 r-xp 00000000 103:07 1597 /system/lib/libexpat.so
10-09 12:15:04.602: W/art(12538): b6ca3000-b6ca5000 r--p 00013000 103:07 1597 /system/lib/libexpat.so
10-09 12:15:04.602: W/art(12538): b6ca5000-b6ca6000 rw-p 00015000 103:07 1597 /system/lib/libexpat.so
10-09 12:15:04.602: W/art(12538): b6ca6000-b6ccd000 r-xp 00000000 103:07 1517 /system/lib/libandroidfw.so
10-09 12:15:04.602: W/art(12538): b6ccd000-b6cce000 ---p 00000000 00:00 0
10-09 12:15:04.602: W/art(12538): b6cce000-b6ccf000 r--p 00027000 103:07 1517 /system/lib/libandroidfw.so
10-09 12:15:04.602: W/art(12538): b6ccf000-b6cd0000 rw-p 00028000 103:07 1517 /system/lib/libandroidfw.so
10-09 12:15:04.602: W/art(12538): b6cd0000-b6cd3000 r-xp 00000000 103:07 1655 /system/lib/libmemtrack.so
10-09 12:15:04.603: W/art(12538): b6cd3000-b6cd4000 r--p 00002000 103:07 1655 /system/lib/libmemtrack.so
10-09 12:15:04.603: W/art(12538): b6cd4000-b6cd5000 rw-p 00003000 103:07 1655 /system/lib/libmemtrack.so
10-09 12:15:04.603: W/art(12538): b6cd5000-b6cde000 r-xp 00000000 103:07 1534 /system/lib/libbacktrace.so
10-09 12:15:04.603: W/art(12538): b6cde000-b6cdf000 r--p 00008000 103:07 1534 /system/lib/libbacktrace.so
10-09 12:15:04.603: W/art(12538): b6cdf000-b6ce0000 rw-p 00009000 103:07 1534 /system/lib/libbacktrace.so
10-09 12:15:04.603: W/art(12538): b6ce0000-b6cff000 r-xp 00000000 103:07 1645 /system/lib/libm.so
10-09 12:15:04.603: W/art(12538): b6cff000-b6d00000 ---p 00000000 00:00 0
10-09 12:15:04.603: W/art(12538): b6d00000-b6d01000 r--p 0001f000 103:07 1645 /system/lib/libm.so
10-09 12:15:04.603: W/art(12538): b6d01000-b6d02000 rw-p 00020000 103:07 1645 /system/lib/libm.so
10-09 12:15:04.603: W/art(12538): b6d02000-b6d5e000 r-xp 00000000 103:07 1544 /system/lib/libc.so
10-09 12:15:04.603: W/art(12538): b6d5e000-b6d5f000 ---p 00000000 00:00 0
10-09 12:15:04.603: W/art(12538): b6d5f000-b6d62000 r--p 0005c000 103:07 1544 /system/lib/libc.so
10-09 12:15:04.603: W/art(12538): b6d62000-b6d65000 rw-p 0005f000 103:07 1544 /system/lib/libc.so
10-09 12:15:04.603: W/art(12538): b6d65000-b6d6e000 rw-p 00000000 00:00 0
10-09 12:15:04.603: W/art(12538): b6d6e000-b6df7000 r-xp 00000000 103:07 1543 /system/lib/libc++.so
10-09 12:15:04.603: W/art(12538): b6df7000-b6dfb000 r--p 00088000 103:07 1543 /system/lib/libc++.so
10-09 12:15:04.603: W/art(12538): b6dfb000-b6dfc000 rw-p 0008c000 103:07 1543 /system/lib/libc++.so
10-09 12:15:04.603: W/art(12538): b6dfc000-b6dfd000 rw-p 00000000 00:00 0
10-09 12:15:04.603: W/art(12538): b6dfd000-b6e25000 r-xp 00000000 103:07 1784 /system/lib/libwilhelm.so
10-09 12:15:04.603: W/art(12538): b6e25000-b6e26000 ---p 00000000 00:00 0
10-09 12:15:04.603: W/art(12538): b6e26000-b6e29000 r--p 00028000 103:07 1784 /system/lib/libwilhelm.so
10-09 12:15:04.603: W/art(12538): b6e29000-b6e2a000 rw-p 0002b000 103:07 1784 /system/lib/libwilhelm.so
10-09 12:15:04.603: W/art(12538): b6e2a000-b6efb000 r-xp 00000000 103:07 1515 /system/lib/libandroid_runtime.so
10-09 12:15:04.603: W/art(12538): b6efb000-b6efc000 ---p 00000000 00:00 0
10-09 12:15:04.603: W/art(12538): b6efc000-b6f03000 r--p 000d1000 103:07 1515 /system/lib/libandroid_runtime.so
10-09 12:15:04.603: W/art(12538): b6f03000-b6f0b000 rw-p 000d8000 103:07 1515 /system/lib/libandroid_runtime.so
10-09 12:15:04.603: W/art(12538): b6f0b000-b6f0c000 rw-p 00000000 00:00 0 [anon:linker_alloc_vector]
10-09 12:15:04.603: W/art(12538): b6f0c000-b6f10000 r--p 00000000 00:00 0 [anon:linker_alloc]
10-09 12:15:04.603: W/art(12538): b6f10000-b6f36000 r-xp 00000000 103:07 1538 /system/lib/libbinder.so
10-09 12:15:04.603: W/art(12538): b6f36000-b6f3d000 r--p 00025000 103:07 1538 /system/lib/libbinder.so
10-09 12:15:04.603: W/art(12538): b6f3d000-b6f3e000 rw-p 0002c000 103:07 1538 /system/lib/libbinder.so
10-09 12:15:04.603: W/art(12538): b6f3e000-b6f46000 r-xp 00000000 103:07 1643 /system/lib/liblog.so
10-09 12:15:04.603: W/art(12538): b6f46000-b6f47000 r--p 00007000 103:07 1643 /system/lib/liblog.so
10-09 12:15:04.603: W/art(12538): b6f47000-b6f48000 rw-p 00008000 103:07 1643 /system/lib/liblog.so
10-09 12:15:04.603: W/art(12538): b6f48000-b6f60000 r-xp 00000000 103:07 1776 /system/lib/libutils.so
10-09 12:15:04.603: W/art(12538): b6f60000-b6f61000 ---p 00000000 00:00 0
10-09 12:15:04.603: W/art(12538): b6f61000-b6f62000 r--p 00018000 103:07 1776 /system/lib/libutils.so
10-09 12:15:04.603: W/art(12538): b6f62000-b6f63000 rw-p 00019000 103:07 1776 /system/lib/libutils.so
10-09 12:15:04.603: W/art(12538): b6f63000-b6f72000 r-xp 00000000 103:07 1561 /system/lib/libcutils.so
10-09 12:15:04.603: W/art(12538): b6f72000-b6f73000 ---p 00000000 00:00 0
10-09 12:15:04.603: W/art(12538): b6f73000-b6f74000 r--p 0000f000 103:07 1561 /system/lib/libcutils.so
10-09 12:15:04.603: W/art(12538): b6f74000-b6f75000 rw-p 00010000 103:07 1561 /system/lib/libcutils.so
10-09 12:15:04.603: W/art(12538): b6f75000-b6f76000 rw-p 00000000 00:00 0 [anon:linker_alloc_vector]
10-09 12:15:04.603: W/art(12538): b6f76000-b6f77000 rw-p 00000000 00:00 0 [anon:linker_alloc_64]
10-09 12:15:04.603: W/art(12538): b6f77000-b6f78000 r--p 00000000 00:00 0 [anon:linker_alloc]
10-09 12:15:04.603: W/art(12538): b6f78000-b6f79000 rw-p 00000000 00:00 0 [anon:linker_alloc]
10-09 12:15:04.603: W/art(12538): b6f79000-b6f7a000 rw-p 00000000 00:00 0 [anon:linker_alloc_vector]
10-09 12:15:04.603: W/art(12538): b6f7a000-b6f7b000 rw-p 00000000 00:00 0 [anon:linker_alloc_32]
10-09 12:15:04.603: W/art(12538): b6f7b000-b6f7c000 r--p 00000000 00:00 0 [anon:linker_alloc]
10-09 12:15:04.603: W/art(12538): b6f7c000-b6f9c000 r--s 00000000 00:0c 7705 /dev/__properties__
10-09 12:15:04.604: W/art(12538): b6f9c000-b6f9d000 r--p 00000000 00:00 0
10-09 12:15:04.604: W/art(12538): b6f9d000-b6f9e000 ---p 00000000 00:00 0
10-09 12:15:04.604: W/art(12538): b6f9e000-b6fa0000 rw-p 00000000 00:00 0 [anon:thread signal stack]
10-09 12:15:04.604: W/art(12538): b6fa0000-b6fbc000 r-xp 00000000 103:07 516 /system/bin/linker
10-09 12:15:04.604: W/art(12538): b6fbc000-b6fbd000 r-xp 00000000 00:00 0 [sigpage]
10-09 12:15:04.604: W/art(12538): b6fbd000-b6fbe000 r--p 0001c000 103:07 516 /system/bin/linker
10-09 12:15:04.604: W/art(12538): b6fbe000-b6fc0000 rw-p 0001d000 103:07 516 /system/bin/linker
10-09 12:15:04.604: W/art(12538): b6fc0000-b6fc2000 rw-p 00000000 00:00 0
10-09 12:15:04.604: W/art(12538): b6fc2000-b6fc7000 r-xp 00000000 103:07 373 /system/bin/app_process32
10-09 12:15:04.604: W/art(12538): b6fc7000-b6fc8000 r--p 00004000 103:07 373 /system/bin/app_process32
10-09 12:15:04.604: W/art(12538): b6fc8000-b6fc9000 rw-p 00000000 00:00 0
10-09 12:15:04.604: W/art(12538): b77a0000-b77d2000 rw-p 00000000 00:00 0 [heap]
10-09 12:15:04.604: W/art(12538): be3de000-bebdd000 rw-p 00000000 00:00 0 [stack]
10-09 12:15:04.604: W/art(12538): ffff0000-ffff1000 r-xp 00000000 00:00 0 [vectors]
10-09 12:15:04.655: D/ICU(12538): No timezone override file found: /data/misc/zoneinfo/current/icu/icu_tzdata.dat
10-09 12:15:04.710: I/Radio-JNI(12538): register_android_hardware_Radio DONE
10-09 12:15:04.743: D/AndroidRuntime(12538): Calling main entry com.android.commands.settings.SettingsCmd
10-09 12:15:04.749: D/AndroidRuntime(12538): Shutting down VM
10-09 12:15:04.796: I/ActivityManager(1643): Start proc 12568:com.google.android.gms/u0a28 for service com.google.android.gms/.analytics.service.AnalyticsService
10-09 12:15:04.806: I/GAV2(12148): Thread[GAThread,5,main]: No campaign data found.
10-09 12:15:05.035: I/ActivityManager(1643): Start proc 12585:com.google.android.gms.persistent/u0a28 for content provider com.google.android.gms/.instantapps.routing.InstantAppsContentProvider
10-09 12:15:05.117: I/art(1643): Background partial concurrent mark sweep GC freed 103862(4MB) AllocSpace objects, 1(20KB) LOS objects, 33% free, 19MB/29MB, paused 2.102ms total 115.447ms
10-09 12:15:05.284: V/NativeCrypto(12568): Registering com/google/android/gms/org/conscrypt/NativeCrypto's 284 native methods...
10-09 12:15:05.291: V/NativeCrypto(12585): Registering com/google/android/gms/org/conscrypt/NativeCrypto's 284 native methods...
10-09 12:15:05.319: I/art(12585): Rejecting re-init on previously-failed class java.lang.Class
10-09 12:15:05.319: I/art(12585): Rejecting re-init on previously-failed class java.lang.Class
10-09 12:15:05.320: I/art(12568): Rejecting re-init on previously-failed class java.lang.Class
