10-09 12:14:56.502: W/art(11821): b5c41000-b5da0000 r-xp 00000000 103:07 1731 /system/lib/libstagefright.so
10-09 12:14:56.502: W/art(11821): b5da0000-b5da1000 ---p 00000000 00:00 0
10-09 12:14:56.502: W/art(11821): b5da1000-b5dad000 r--p 0015f000 103:07 1731 /system/lib/libstagefright.so
10-09 12:14:56.502: W/art(11821): b5dad000-b5dae000 rw-p 0016b000 103:07 1731 /system/lib/libstagefright.so
10-09 12:14:56.502: W/art(11821): b5dae000-b5e15000 r-xp 00000000 103:07 1620 /system/lib/libhwui.so
10-09 12:14:56.502: W/art(11821): b5e15000-b5e16000 ---p 00000000 00:00 0
10-09 12:14:56.502: W/art(11821): b5e16000-b5e19000 r--p 00067000 103:07 1620 /system/lib/libhwui.so
10-09 12:14:56.502: W/art(11821): b5e19000-b5e1a000 rw-p 0006a000 103:07 1620 /system/lib/libhwui.so
10-09 12:14:56.503: W/art(11821): b5e1a000-b5e1d000 r-xp 00000000 103:07 1704 /system/lib/libradio_metadata.so
10-09 12:14:56.503: W/art(11821): b5e1d000-b5e1e000 r--p 00002000 103:07 1704 /system/lib/libradio_metadata.so
10-09 12:14:56.503: W/art(11821): b5e1e000-b5e1f000 rw-p 00003000 103:07 1704 /system/lib/libradio_metadata.so
10-09 12:14:56.503: W/art(11821): b5e1f000-b5e23000 r-xp 00000000 103:07 1671 /system/lib/libnativebridge.so
10-09 12:14:56.503: W/art(11821): b5e23000-b5e24000 r--p 00003000 103:07 1671 /system/lib/libnativebridge.so
10-09 12:14:56.503: W/art(11821): b5e24000-b5e25000 rw-p 00004000 103:07 1671 /system/lib/libnativebridge.so
10-09 12:14:56.503: W/art(11821): b5e25000-b5e29000 r-xp 00000000 103:07 1693 /system/lib/libprocessgroup.so
10-09 12:14:56.503: W/art(11821): b5e29000-b5e2a000 r--p 00003000 103:07 1693 /system/lib/libprocessgroup.so
10-09 12:14:56.503: W/art(11821): b5e2a000-b5e2b000 rw-p 00004000 103:07 1693 /system/lib/libprocessgroup.so
10-09 12:14:56.503: W/art(11821): b5e2b000-b5e39000 r-xp 00000000 103:07 1656 /system/lib/libminikin.so
10-09 12:14:56.503: W/art(11821): b5e39000-b5e3a000 ---p 00000000 00:00 0
10-09 12:14:56.503: W/art(11821): b5e3a000-b5e3b000 r--p 0000e000 103:07 1656 /system/lib/libminikin.so
10-09 12:14:56.503: W/art(11821): b5e3b000-b5e3c000 rw-p 0000f000 103:07 1656 /system/lib/libminikin.so
10-09 12:14:56.503: W/art(11821): b5e3c000-b5e46000 r-xp 00000000 103:07 1724 /system/lib/libsoundtrigger.so
10-09 12:14:56.503: W/art(11821): b5e46000-b5e49000 r--p 00009000 103:07 1724 /system/lib/libsoundtrigger.so
10-09 12:14:56.503: W/art(11821): b5e49000-b5e4a000 rw-p 0000c000 103:07 1724 /system/lib/libsoundtrigger.so
10-09 12:14:56.503: W/art(11821): b5e4a000-b5e4b000 r--p 00000000 00:00 0 [anon:linker_alloc]
10-09 12:14:56.503: W/art(11821): b5e4b000-b5e55000 r-xp 00000000 103:07 1703 /system/lib/libradio.so
10-09 12:14:56.503: W/art(11821): b5e55000-b5e58000 r--p 00009000 103:07 1703 /system/lib/libradio.so
10-09 12:14:56.503: W/art(11821): b5e58000-b5e59000 rw-p 0000c000 103:07 1703 /system/lib/libradio.so
10-09 12:14:56.503: W/art(11821): b5e59000-b5e5d000 r-xp 00000000 103:07 1674 /system/lib/libnetd_client.so
10-09 12:14:56.503: W/art(11821): b5e5d000-b5e5e000 r--p 00003000 103:07 1674 /system/lib/libnetd_client.so
10-09 12:14:56.503: W/art(11821): b5e5e000-b5e5f000 rw-p 00004000 103:07 1674 /system/lib/libnetd_client.so
10-09 12:14:56.503: W/art(11821): b5e5f000-b5e6c000 r-xp 00000000 103:07 1623 /system/lib/libimg_utils.so
10-09 12:14:56.503: W/art(11821): b5e6c000-b5e6e000 r--p 0000c000 103:07 1623 /system/lib/libimg_utils.so
10-09 12:14:56.503: W/art(11821): b5e6e000-b5e6f000 rw-p 0000e000 103:07 1623 /system/lib/libimg_utils.so
10-09 12:14:56.503: W/art(11821): b5e6f000-b626d000 r-xp 00000000 103:07 1686 /system/lib/libpdfium.so
10-09 12:14:56.503: W/art(11821): b626d000-b626e000 ---p 00000000 00:00 0
10-09 12:14:56.503: W/art(11821): b626e000-b6277000 r--p 003fe000 103:07 1686 /system/lib/libpdfium.so
10-09 12:14:56.503: W/art(11821): b6277000-b627b000 rw-p 00407000 103:07 1686 /system/lib/libpdfium.so
10-09 12:14:56.503: W/art(11821): b627b000-b627c000 rw-p 00000000 00:00 0
10-09 12:14:56.503: W/art(11821): b627c000-b6283000 r-xp 00000000 103:07 1532 /system/lib/libaud
10-09 12:14:56.503: W/art(11821): ioutils.so
10-09 12:14:56.503: W/art(11821): b6283000-b6284000 r--p 00006000 103:07 1532 /system/lib/libaudioutils.so
10-09 12:14:56.503: W/art(11821): b6284000-b6285000 rw-p 00007000 103:07 1532 /system/lib/libaudioutils.so
10-09 12:14:56.503: W/art(11821): b6285000-b629f000 r-xp 00000000 103:07 1787 /system/lib/libz.so
10-09 12:14:56.503: W/art(11821): b629f000-b62a0000 r--p 00019000
10-09 12:14:56.503: W/art(11821): 103:07 1787 /system/lib/libz.so
10-09 12:14:56.503: W/art(11821): b62a0000-b62a1000 rw-p 0001a000 103:07 1787 /system/lib/libz.so
10-09 12:14:56.503: W/art(11821): b62a1000-b62ea000 r-xp 00000000 103:07 1617 /system/lib/libharfbuzz_ng.so
10-09 12:14:56.503: W/art(11821): b62ea000-b62eb000 ---p 00000000 00:00 0
10-09 12:14:56.503: W/art(11821): b62eb000-b62ec000 r--p 00049000 103:07 1617 /system/lib/libhar
10-09 12:14:56.503: W/art(11821): fbuzz_ng.so
10-09 12:14:56.503: W/art(11821): b62ec000-b62ed000 rw-p 0004a000 103:07 1617 /system/lib/libharfbuzz_ng.so
10-09 12:14:56.503: W/art(11821): b62ed000-b62ee000 rw-p 00000000 00:00 0 [anon:linker_alloc]
10-09 12:14:56.503: W/art(11821): b62ee000-b62f3000 r-xp 00000000 103:07 1775 /system/lib/libusbhost.so
10-09 12:14:56.503: W/art(11821): b62f3000-b62f4000 r--p 00004000 1
10-09 12:14:56.503: W/art(11821): 03:07 1775 /system/lib/libusbhost.so
10-09 12:14:56.503: W/art(11821): b62f4000-b62f5000 rw-p 00005000 103:07 1775 /system/lib/libusbhost.so
10-09 12:14:56.503: W/art(11821): b62f5000-b632b000 r-xp 00000000 103:07 1632 /system/lib/libjpeg.so
10-09 12:14:56.503: W/art(11821): b632b000-b632c000 r--p 00035000 103:07 1632 /system/lib/libjpeg.so
10-09 12:14:56.504: W/art(11821): b632c000-b632d000 rw-p 00036000 103:07 1632 /system/lib/libjpeg.so
10-09 12:14:56.504: W/art(11821): b632d000-b632e000 r--p 00000000 00:00 0 [anon:linker_alloc]
10-09 12:14:56.504: W/art(11821): b632e000-b63bf000 r-xp 00000000 103:07 1648 /system/lib/libmedia.so
10-09 12:14:56.504: W/art(11821): b63bf000-b63c0000 ---p 00000000 00:00 0
10-09 12:14:56.504: W/art(11821): b63c0000-b63dc000 r--p 00091000 103:07 1648 /system/lib/libmedia.so
10-09 12:14:56.504: W/art(11821): b63dc000-b63dd000 rw-p 000ad000 103:07 1648 /system/lib/libmedia.so
10-09 12:14:56.504: W/art(11821): b63dd000-b6542000 r-xp 00000000 103:07 1621 /system/lib/libicui18n.so
10-09 12:14:56.504: W/art(11821): b6542000-b6543000 ---p 00000000 00:00 0
10-09 12:14:56.504: W/art(11821): b6543000-b654e000 r--p 00165000 103:07 1621 /system/lib/libicui18n.so
10-09 12:14:56.504: W/art(11821): b654e000-b654f000 rw-p 00170000 103:07 1621 /system/lib/libicui18n.so
10-09 12:14:56.504: W/art(11821): b654f000-b665e000 r-xp 00000000 103:07 1622 /system/lib/libicuuc.so
10-09 12:14:56.504: W/art(11821): b665e000-b6669000 r--p 0010e000 103:07 1622 /system/lib/libicuuc.so
10-09 12:14:56.504: W/art(11821): b6669000-b666a000 rw-p 00119000 103:07 1622 /system/lib/libicuuc.so
10-09 12:14:56.504: W/art(11821): b666a000-b666e000 rw-p 00000000 00:00 0
10-09 12:14:56.504: W/art(11821): b666e000-b6691000 r-xp 00000000 103:07 1730 /system/lib/libssl.so
10-09 12:14:56.504: W/art(11821): b6691000-b6693000 r--p 00022000 103:07 1730 /system/lib/libssl.so
10-09 12:14:56.504: W/art(11821): b6693000-b6694000 rw-p 00024000 103:07 1730 /system/lib/libssl.so
10-09 12:14:56.504: W/art(11821): b6694000-b6724000 r-xp 00000000 103:07 1560
10-09 12:14:56.504: W/art(11821): /system/lib/libcrypto.so
10-09 12:14:56.504: W/art(11821): b6724000-b6725000 ---p 00000000 00:00 0
10-09 12:14:56.504: W/art(11821): b6725000-b6730000 r--p 00090000 103:07 1560 /system/lib/libcrypto.so
10-09 12:14:56.504: W/art(11821): b6730000-b6731000 rw-p 0009b000 103:07 1560 /system/lib/libcrypto.so
10-09 12:14:56.504: W/art(11821): b6731000-b6783000 r-xp 00000000 103:07 1722 /system/lib/libson
10-09 12:14:56.504: W/art(11821): ivox.so
10-09 12:14:56.504: W/art(11821): b6783000-b6784000 ---p 00000000 00:00 0
10-09 12:14:56.504: W/art(11821): b6784000-b6785000 r--p 00052000 103:07 1722 /system/lib/libsonivox.so
10-09 12:14:56.504: W/art(11821): b6785000-b6786000 rw-p 00053000 103:07 1722 /system/lib/libsonivox.so
10-09 12:14:56.504: W/art(11821): b6786000-b678b000 rw-p 00000000 00:00 0
10-09 12:14:56.504: W/art(11821): b678b000-b679a000 r-xp 0
10-09 12:14:56.504: W/art(11821): 0000000 103:07 1713 /system/lib/libselinux.so
10-09 12:14:56.504: W/art(11821): b679a000-b679b000 r--p 0000e000 103:07 1713 /system/lib/libselinux.so
10-09 12:14:56.504: W/art(11821): b679b000-b679c000 rw-p 0000f000 103:07 1713 /system/lib/libselinux.so
10-09 12:14:56.504: W/art(11821): b679c000-b67a3000 r-xp 00000000 103:07 1616 /system/lib/libhardware_legacy.so
10-09 12:14:56.504: W/art(11821): b67a3000-b67a4000 ---p 00000000 00:00 0
10-09 12:14:56.504: W/art(11821): b67a4000-b67a5000 r--p 00007000 103:07 1616 /system/lib/libhardware_legacy.so
10-09 12:14:56.504: W/art(11821): b67a5000-b67a6000 rw-p 00008000 103:07 1616 /system/lib/libhardware_legacy.so
10-09 12:14:56.504: W/art(11821): b67a6000-b67a7000 rw-p 00000000 00:00 0
10-09 12:14:56.504: W/art(11821): b67a7000-b67aa000 r-xp 00000000 103:07 1615
10-09 12:14:56.504: W/art(11821): /system/lib/libhardware.so
10-09 12:14:56.504: W/art(11821): b67aa000-b67ab000 r--p 00002000 103:07 1615 /system/lib/libhardware.so
10-09 12:14:56.504: W/art(11821): b67ab000-b67ac000 rw-p 00003000 103:07 1615 /system/lib/libhardware.so
10-09 12:14:56.504: I/MobileDataHub(11225): Scheduling periodic tasks
10-09 12:14:56.504: W/art(11821): b67ac000-b67b0000 r-xp 00000000 103:07 1489 /system/lib/libETC1.so
10-09 12:14:56.504: W/art(11821): b67b0000-b67b1000 r--p 00003000
10-09 12:14:56.504: W/art(11821): 103:07 1489 /system/lib/libETC1.so
10-09 12:14:56.504: W/art(11821): b67b1000-b67b2000 rw-p 00004000 103:07 1489 /system/lib/libETC1.so
10-09 12:14:56.504: W/art(11821): b67b2000-b67bf000 r-xp 00000000 103:07 1493 /system/lib/libGLESv2.so
10-09 12:14:56.504: W/art(11821): b67bf000-b67c0000 r--p 0000c000 103:07 1493 /system/lib/libGLESv2.so
10-09 12:14:56.504: W/art(11821): b67c0000-b67c1000 rw-p 0000d000 103:07 1493 /system/lib/libGLESv2.so
10-09 12:14:56.504: W/art(11821): b67c1000-b67c9000 r-xp 00000000 103:07 1492 /system/lib/libGLESv1_CM.so
10-09 12:14:56.504: W/art(11821): b67c9000-b67ca000 r--p 00007000 103:07 1492 /system/lib/libGLESv1_CM.so
10-09 12:14:56.504: W/art(11821): b67ca000-b67cb000 rw-p 00008000 103:07 1492 /system/lib/libGLESv1_CM.so
10-09 12:14:56.504: W/art(11821): b67cb000-b6827000 r-xp 00000000 103:07 1488 /system/lib/libEGL.so
10-09 12:14:56.504: W/art(11821): b6827000-b6828000 ---p 00000000 00:00 0
10-09 12:14:56.504: W/art(11821): b6828000-b682a000 r--p 0005c000 103:07 1488 /system/lib/libEGL.so
10-09 12:14:56.505: W/art(11821): b682a000-b6833000 rw-p 0005e000 103:07 1488 /system/lib/libEGL.so
10-09 12:14:56.505: W/art(11821): b6833000-b6836000 rw-p 00000000 00:00 0
10-09 12:14:56.505: W/art(11821): b6836000-b6905000 r-xp 00000000 103:07 1728 /system/lib/libsqlite.so
10-09 12:14:56.505: W/art(11821): b6905000-b6907000 r--p 000ce000 103:07 1728 /system/lib/libsqlite.so
10-09 12:14:56.505: W/art(11821): b6907000-b6908000 rw-p 000d0000 103:07 1728 /system/lib/libsqlite.so
10-09 12:14:56.505: W/art(11821): b6908000-b6b62000 r-xp 00000000 103:07 1717 /system/lib/libskia.so
10-09 12:14:56.505: W/art(11821): b6b62000-b6b63000 ---p 00000000 00:00 0
10-09 12:14:56.505: W/art(11821): b6b63000-b6b7d000 r--p 0025a000 103:07 1717 /system/lib/libskia.so
10-09 12:14:56.505: W/art(11821): b6b7d000-b6b7f000 rw-p 00274000 103:07 1717 /system/lib/libskia.so
10-09 12:14:56.505: W/art(11821): b6b7f000-b6b84000 rw-p 00000000 00:00 0
10-09 12:14:56.505: W/art(11821): b6b84000-b6b8c000 r-xp 00000000 103:07 1547 /system/lib/libcamera_
10-09 12:14:56.505: W/art(11821): metadata.so
10-09 12:14:56.505: W/art(11821): b6b8c000-b6b8d000 ---p 00000000 00:00 0
10-09 12:14:56.505: W/art(11821): b6b8d000-b6b8e000 r--p 00008000 103:07 1547 /system/lib/libcamera_metadata.so
10-09 12:14:56.505: W/art(11821): b6b8e000-b6b8f000 rw-p 00009000 103:07 1547 /system/lib/libcamera_metadata.so
10-09 12:14:56.505: W/art(11821): b6b8f000-b6bb3000 r-xp 00000000 103:07 1546
10-09 12:14:56.505: W/art(11821): /system/lib/libcamera_client.so
10-09 12:14:56.505: W/art(11821): b6bb3000-b6bb4000 ---p 00000000 00:00 0
10-09 12:14:56.505: W/art(11821): b6bb4000-b6bbb000 r--p 00024000 103:07 1546 /system/lib/libcamera_client.so
10-09 12:14:56.505: W/art(11821): b6bbb000-b6bbc000 rw-p 0002b000 103:07 1546 /system/lib/libcamera_client.so
10-09 12:14:56.505: W/art(11821): b6bbc000-b6bf8000 r-xp 00000000 103:07 1625 /sys
10-09 12:14:56.505: W/art(11821): tem/lib/libinputflinger.so
10-09 12:14:56.505: W/art(11821): b6bf8000-b6bfb000 r--p 0003b000 103:07 1625 /system/lib/libinputflinger.so
10-09 12:14:56.505: W/art(11821): b6bfb000-b6bfc000 rw-p 0003e000 103:07 1625 /system/lib/libinputflinger.so
10-09 12:14:56.505: W/art(11821): b6bfc000-b6c16000 r-xp 00000000 103:07 1624 /system/lib/libinput.so
10-09 12:14:56.505: W/art(11821): b6c16000-b6c1a000 r--p 00019000 103:07 1624 /system/lib/libinput.so
10-09 12:14:56.505: W/art(11821): b6c1a000-b6c1b000 rw-p 0001d000 103:07 1624 /system/lib/libinput.so
10-09 12:14:56.505: W/art(11821): b6c1b000-b6c68000 r-xp 00000000 103:07 1614 /system/lib/libgui.so
10-09 12:14:56.505: W/art(11821): b6c68000-b6c74000 r--p 0004c000 103:07 1614 /system/lib/libgui.so
10-09 12:14:56.505: W/art(11821): b6c74000-b6c75000 rw-p 00058000 103:07 1614 /system/lib/libgui.so
10-09 12:14:56.505: W/art(11821): b6c75000-b6c82000 r-xp 00000000 103:07 1773 /system/lib/libui.so
10-09 12:14:56.505: W/art(11821): b6c82000-b6c83000 ---p 00000000 00:00 0
10-09 12:14:56.505: W/art(11821): b6c83000-b6c84000 r--p 0000d000 103:07 1773 /system/lib/libui.so
10-09 12:14:56.505: W/art(11821): b6c84000-b6c85000 rw-p 0000e000 103:07 1773 /system/lib/libui.so
10-09 12:14:56.507: V/ConnectivityManager(8428): isActiveNetworkMetered() returns:false
10-09 12:14:56.511: I/SystemUpdate(11225): [Execution,InstallationEventIntentOperation] Handling event of type 2.
10-09 12:14:56.512: W/MobileDataHub(11225): [Service] appsupload-periodic periodic task disabled
10-09 12:14:56.521: I/SystemUpdate(11225): [Execution,InstallationIntentOperation] Received intent: Intent { act=com.google.android.gms.update.INSTALL_UPDATE cat=[targeted_intent_op_prefix:.update.execution.InstallationIntentOperation] cmp=com.google.android.gms/.chimera.GmsIntentOperationService }.
10-09 12:14:56.524: I/SystemUpdate(11225): [Execution,ExecutionManager] Action finished-execution executed for 0.00 seconds.
10-09 12:14:56.535: E/NetworkScheduler(8428): Invalid component specified.
10-09 12:14:56.549: I/Vision(11225): Details: ocr_armeabi_v7a.zip, a0fa9e293aa78a849c0951e9a9220ca9e9935bd9
10-09 12:14:56.552: I/Vision(11225): Engine already satisfied by existing download for ocr
10-09 12:14:56.554: D/ICU(11821): No timezone override file found: /data/misc/zoneinfo/current/icu/icu_tzdata.dat
10-09 12:14:56.607: I/Radio-JNI(11821): register_android_hardware_Radio DONE
10-09 12:14:56.641: D/AndroidRuntime(11821): Calling main entry com.android.commands.am.Am
10-09 12:14:56.650: D/AndroidRuntime(11821): Shutting down VM
10-09 12:14:56.651: I/TSDRIVER(11529): CommandService onHandleIntent()
10-09 12:14:56.651: I/TSDRIVER(11529): Got command: PACKAGE
10-09 12:14:56.651: I/TSDRIVER(11529): flag package: Eh9jb20uZ29vZ2xlLmFuZHJvaWQuZ21zLmF1dG9maWxsGhQKEGF1dG9maWxsX2VuYWJsZWQYAA
10-09 12:14:56.651: I/TSDRIVER(11529): flag package: com.google.android.gms.autofill
10-09 12:14:56.654: I/TestSupport(11225): SetFlagOverridesOperation: com.google.android.gms.autofill, '', [Flag(autofill_enabled, false, 2, 0)]
10-09 12:14:56.685: I/TestSupport(11225): AwaitCommitOperation: autofill_enabled
10-09 12:14:56.691: I/TestSupport(11225): AwaitCommitOperation: uncommitted: FlagOverride(com.google.android.gms.autofill, , Flag(autofill_enabled, false, 2, 0), false)
10-09 12:14:56.691: I/TestSupport(11225): AwaitCommitOperation: sleeping for 10 msec.
10-09 12:14:56.717: I/TestSupport(11225): AwaitCommitOperation: FlagOverride(com.google.android.gms.autofill, , Flag(autofill_enabled, false, 2, 0), true) committed
10-09 12:14:56.717: I/TestSupport(11225): AwaitCommitOperation: no more uncommitted overrides
10-09 12:14:56.725: I/art(11529): Waiting for a blocking GC DisableMovingGc
10-09 12:14:56.725: I/art(11529): Starting a blocking GC DisableMovingGc
10-09 12:14:56.732: I/PTCommittedOperation(8428): Receive new configuration for com.google.android.gms.autofill
10-09 12:14:56.739: W/ModuleInitIntentOp(11225): Dropping unexpected action com.google.android.gms.phenotype.COMMITTED
10-09 12:14:56.809: I/TestSupport(11225): AwaitCommitOperation: *
10-09 12:14:56.812: I/TestSupport(11225): AwaitCommitOperation: FlagOverride(com.google.android.gms.autofill, , Flag(autofill_enabled, false, 2, 0), true) committed
10-09 12:14:56.815: I/TestSupport(11225): AwaitCommitOperation: no more uncommitted overrides
10-09 12:14:56.893: I/TSDRIVER(11529): Handled command: PACKAGE
10-09 12:14:57.670: W/installd(337): Failed to open /data/data/android: No such file or directory
10-09 12:14:57.805: D/AndroidRuntime(11889): >>>>>> START com.android.internal.os.RuntimeInit uid 2000 <<<<<<
10-09 12:14:57.810: D/AndroidRuntime(11889): CheckJNI is OFF
10-09 12:14:57.816: W/art(11889): 7007b000-70aa6000 rw-p 00000000 103:09 12202 /data/dalvik-cache/arm/system@framework@boot.art
10-09 12:14:57.816: W/art(11889): b10ea000-b3120000 r--p 00000000 103:07 1336 /system/framework/arm/boot.oat
10-09 12:14:57.816: W/art(11889): b3120000-b4974000 r-xp 02036000 103:07 1336 /system/framework/arm/boot.oat
10-09 12:14:57.816: W/art(11889): b4974000-b4975000 rw-p 0388a000 103:07 1336 /system/framework/arm/boot.oat
10-09 12:14:57.816: W/art(11889): b4975000-b4993000 r--p 00a2b000 103:09 12202 /data/dalvik-cache/arm/system@framework@boot.art
10-09 12:14:57.816: W/art(11889): b4993000-b4994000 rw-p 00000000 00:00 0 [anon:linker_alloc_vector]
10-09 12:14:57.816: W/art(11889): b4995000-b4998000 r-xp 00000000 103:07 1716 /system/lib/libsigchain.so
10-09 12:14:57.816: W/art(11889): b4998000-b4999000 r--p 00002000 103:07 1716 /system/lib/libsigchain.so
10-09 12:14:57.816: W/art(11889): b4999000-b499a000 rw-p 00003000 103:07 1716 /system/lib/libsigchain.so
10-09 12:14:57.816: W/art(11889): b499a000-b4dd0000 r-xp 00000000 103:07 1521 /system/lib/libart.so
10-09 12:14:57.816: W/art(11889): b4dd0000-b4dda000 r--p 00435000 103:07 1521 /system/lib/libart.so
10-09 12:14:57.816: W/art(11889): b4dda000-b4ddb000 rw-p 0043f000 103:07 1521 /system/lib/libart.so
10-09 12:14:57.816: W/art(11889): b4ddb000-b4ddd000 rw-p 00000000 00:00 0
10-09 12:14:57.816: W/art(11889): b4ddd000-b4dde000 r--p 00000000 00:00 0
10-09 12:14:57.816: W/art(11889): b4dde000-b4ddf000 r--p 00000000 00:00 0
10-09 12:14:57.816: W/art(11889): b4ddf000-b4dff000 r--s 00000000 00:0c 7705 /dev/__properties__
10-09 12:14:57.816: W/art(11889): b4dff000-b4e00000 rw-p 00000000 00:00 0 [anon:linker_alloc_vector]
10-09 12:14:57.816: W/art(11889): b4e00000-b5812000 r-xp 00000000 103:07 1495 /system/lib/libLLVM.so
10-09 12:14:57.816: W/art(11889): b5812000-b5813000 ---p 00000000 00:00 0
10-09 12:14:57.816: W/art(11889): b5813000-b585c000 r--p 00a12000 103:07 1495 /system/lib/libLLVM.so
10-09 12:14:57.816: W/art(11889): b585c000-b585d000 rw-p 00a5b000 103:07 1495 /system/lib/libLLVM.so
10-09 12:14:57.816: W/art(11889): b585d000-b5865000 rw-p 00000000 00:00 0
10-09 12:14:57.816: W/art(11889): b5865000-b589a000 r-xp 00000000 103:07 1537 /system/lib/libbcinfo.so
10-09 12:14:57.816: W/art(11889): b589a000-b589b000 ---p 00000000 00:00 0
10-09 12:14:57.816: W/art(11889): b589b000-b589c000 r--p 00035000 103:07 1537 /system/lib/libbcinfo.so
10-09 12:14:57.816: W/art(11889): b589c000-b589d000 rw-p 00036000 103:07 1537 /system/lib/libbcinfo.so
10-09 12:14:57.816: W/art(11889): b589d000-b589e000 r--p 00000000 00:00 0 [anon:linker_alloc]
10-09 12:14:57.816: W/art(11889): b589e000-b58f6000 r-xp 00000000 103:07 1536 /system/lib/libbcc.so
10-09 12:14:57.817: W/art(11889): b58f6000-b58f7000 ---p 00000000 00:00 0
10-09 12:14:57.817: W/art(11889): b58f7000-b58f8000 r--p 00058000 103:07 1536 /system/lib/libbcc.so
10-09 12:14:57.817: W/art(11889): b58f8000-b58f9000 rw-p 00059000 103:07 1536 /system/lib/libbcc.so
10-09 12:14:57.817: W/art(11889): b58f9000-b5903000 r-xp 00000000 103:07 1557 /system/lib/libcommon_time_client.so
10-09 12:14:57.817: W/art(11889): b5903000-b5906000 r--p 00009000 103:07 1557 /system/lib/libcommon_time_client.so
10-09 12:14:57.817: W/art(11889): b5906000-b5907000 rw-p 0000c000 103:07 1557 /system/lib/libcommon_time_client.so
10-09 12:14:57.817: W/art(11889): b5907000-b591f000 r-xp 00000000 103:07 1694 /system/lib/libprotobuf-cpp-lite.so
10-09 12:14:57.817: W/art(11889): b591f000-b5920000 r--p 00017000 103:07 1694 /system/lib/libprotobuf-cpp-lite.so
10-09 12:14:57.817: W/art(11889): b5920000-b5921000 rw-p 00018000 103:07 1694 /system/lib/libprotobuf-cpp-lite.so
10-09 12:14:57.817: W/art(11889): b5921000-b5922000 r--p 00000000 00:00 0
10-09 12:14:57.817: W/art(11889): b5922000-b5929000 r-xp 00000000 103:07 1733 /system/lib/libstagefright_avc_common.so
10-09 12:14:57.817: W/art(11889): b5929000-b592a000 r--p 00006000 103:07 1733 /system/lib/libstagefright_avc_common.so
10-09 12:14:57.817: W/art(11889): b592a000-b592b000 rw-p 00007000 103:07 1733 /system/lib/libstagefright_avc_common.so
10-09 12:14:57.817: W/art(11889): b592b000-b592e000 r-xp 00000000 103:07 1734 /system/lib/libstagefright_enc_common.so
10-09 12:14:57.817: W/art(11889): b592e000-b592f000 r--p 00002000 103:07 1734 /system/lib/libstagefright_enc_common.so
10-09 12:14:57.817: W/art(11889): b592f000-b5930000 rw-p 00003000 103:07 1734 /system/lib/libstagefright_enc_common.so
10-09 12:14:57.817: W/art(11889): b5930000-b5934000 r-xp 00000000 103:07 1691 /system/lib/libpowermanager.so
10-09 12:14:57.817: W/art(11889): b5934000-b5935000 ---p 00000000 00:00 0
10-09 12:14:57.817: W/art(11889): b5935000-b5936000 r--p 00004000 103:07 1691 /system/lib/libpowermanager.so
10-09 12:14:57.817: W/art(11889): b5936000-b5937000 rw-p 00005000 103:07 1691 /system/lib/libpowermanager.so
10-09 12:14:57.817: W/art(11889): b5937000-b5953000 r-xp 00000000 103:07 1778 /system/lib/libvorbisidec.so
10-09 12:14:57.817: W/art(11889): b5953000-b5954000 r--p 0001b000 103:07 1778 /system/lib/libvorbisidec.so
10-09 12:14:57.817: W/art(11889): b5954000-b5955000 rw-p 0001c000 103:07 1778 /system/lib/libvorbisidec.so
10-09 12:14:57.817: W/art(11889): b5955000-b595a000 r-xp 00000000 103:07 1760 /system/lib/libstagefright_yuv.so
10-09 12:14:57.817: W/art(11889): b595a000-b595b000 r--p 00004000 103:07 1760 /system/lib/libstagefright_yuv.so
10-09 12:14:57.817: W/art(11889): b595b000-b595c000 rw-p 00005000 103:07 1760 /system/lib/libstagefright_yuv.so
10-09 12:14:57.817: W/art(11889): b595c000-b598a000 r-xp 00000000 103:07 1738 /system/lib/libstagefright_omx.so
10-09 12:14:57.817: W/art(11889): b598a000-b598b000 ---p 00000000 00:00 0
10-09 12:14:57.817: W/art(11889): b598b000-b598e000 r--p 0002e000 103:07 1738 /system/lib/libstagefright_omx.so
10-09 12:14:57.817: W/art(11889): b598e000-b598f000 rw-p 00031000 103:07 1738 /system/lib/libstagefright_omx.so
10-09 12:14:57.817: W/art(11889): b598f000-b5990000 r--p 00000000 00:00 0 [anon:linker_alloc]
10-09 12:14:57.817: W/art(11889): b5990000-b59c9000 r-xp 00000000 103:07 1681 /system/lib/libopus.so
10-09 12:14:57.817: W/art(11889): b59c9000-b59ca000 ---p 00000000 00:00 0
10-09 12:14:57.817: W/art(11889): b59ca000-b59cb000 r--p 00039000 103:07 1681 /system/lib/libopus.so
10-09 12:14:57.817: W/art(11889): b59cb000-b59cc000 rw-p 0003a000 103:07 1681 /system/lib/libopus.so
10-09 12:14:57.817: W/art(11889): b59cc000-b59d3000 r-xp 00000000 103:07 1653 /system/lib/libmediautils.so
10-09 12:14:57.817: W/art(11889): b59d3000-b59d4000 ---p 00000000 00:00 0
10-09 12:14:57.817: W/art(11889): b59d4000-b59d5000 r--p 00007000 103:07 1653 /system/lib/libmediautils.so
10-09 12:14:57.817: W/art(11889): b59d5000-b59d6000 rw-p 00008000 103:07 1653 /system/lib/libmediautils.so
10-09 12:14:57.817: W/art(11889): b59d6000-b59eb000 r-xp 00000000 103:07 1569 /system/lib/libdrmframework.so
10-09 12:14:57.817: W/art(11889): b59eb000-b59ec000 ---p 00000000 00:00 0
10-09 12:14:57.817: W/art(11889): b59ec000-b59ef000 r--p 00015000 103:07 1569 /system/lib/libdrmframework.so
10-09 12:14:57.817: W/art(11889): b59ef000-b59f0000 rw-p 00018000 103:07 1569 /system/lib/libdrmframework.so
10-09 12:14:57.817: W/art(11889): b59f0000-b5a0e000 r-xp 00000000 103:07 1510 /system/lib/libRScpp.so
10-09 12:14:57.817: W/art(11889): b5a0e000-b5a0f000 ---p 00000000 00:00 0
10-09 12:14:57.817: W/art(11889): b5a0f000-b5a10000 r--p 0001e000 103:07 1510 /system/lib/libRScpp.so
10-09 12:14:57.817: W/art(11889): b5a10000-b5a11000 rw-p 0001f000 103:07 1510 /system/lib/libRScpp.so
10-09 12:14:57.817: W/art(11889): b5a11000-b5a4f000 r-xp 00000000 103:07 1507 /system/lib/libRS.so
10-09 12:14:57.817: W/art(11889): b5a4f000-b5a50000 ---p 00000000 00:00 0
10-09 12:14:57.817: W/art(11889): b5a50000-b5a52000 r--p 0003e000 103:07 1507 /system/lib/libRS.so
10-09 12:14:57.817: W/art(11889): b5a52000-b5a53000 rw-p 00040000 103:07 1507 /system/lib/libRS.so
10-09 12:14:57.817: W/art(11889): b5a53000-b5a5a000 r-xp 00000000 103:07 1727 /system/lib/libspeexresampler.so
10-09 12:14:57.818: W/art(11889): b5a5a000-b5a5b000 r--p 00006000 103:07 1727 /system/lib/libspeexresampler.so
10-09 12:14:57.818: W/art(11889): b5a5b000-b5a5c000 rw-p 00007000 103:07 1727 /system/lib/libspeexresampler.so
10-09 12:14:57.818: W/art(11889): b5a5c000-b5a65000 r-xp 00000000 103:07 1673 /system/lib/libnbaio.so
10-09 12:14:57.818: W/art(11889): b5a65000-b5a66000 r--p 00008000 103:07 1673 /system/lib/libnbaio.so
10-09 12:14:57.818: W/art(11889): b5a66000-b5a67000 rw-p 00009000 103:07 1673 /system/lib/libnbaio.so
10-09 12:14:57.818: W/art(11889): b5a67000-b5a79000 r-xp 00000000 103:07 1685 /system/lib/libpcre.so
10-09 12:14:57.818: W/art(11889): b5a79000-b5a7a000 r--p 00011000 103:07 1685 /system/lib/libpcre.so
10-09 12:14:57.818: W/art(11889): b5a7a000-b5a7b000 rw-p 00012000 103:07 1685 /system/lib/libpcre.so
10-09 12:14:57.818: W/art(11889): b5a7b000-b5a80000 r-xp 00000000 103:07 1785 /system/lib/libwpa_client.so
10-09 12:14:57.818: W/art(11889): b5a80000-b5a81000 r--p 00004000 103:07 1785 /system/lib/libwpa_client.so
10-09 12:14:57.818: W/art(11889): b5a81000-b5a82000 rw-p 00005000 103:07 1785 /system/lib/libwpa_client.so
10-09 12:14:57.818: W/art(11889): b5a82000-b5a84000 r--p 00000000 00:00 0 [anon:linker_alloc]
10-09 12:14:57.818: W/art(11889): b5a84000-b5af2000 r-xp 00000000 103:07 1491 /system/lib/libGLES_trace.so
10-09 12:14:57.818: W/art(11889): b5af2000-b5af4000 r--p 0006d000 103:07 1491 /system/lib/libGLES_trace.so
10-09 12:14:57.818: W/art(11889): b5af4000-b5af5000 rw-p 0006f000 103:07 1491 /system/lib/libGLES_trace.so
10-09 12:14:57.818: W/art(11889): b5af5000-b5b2b000 r-xp 00000000 103:07 2947 /system/vendor/lib/libqc-opt.so
10-09 12:14:57.818: W/art(11889): b5b2b000-b5b2c000 r--p 00035000 103:07 2947 /system/vendor/lib/libqc-opt.so
10-09 12:14:57.818: W/art(11889): b5b2c000-b5b2d000 rw-p 00036000 103:07 2947 /system/vendor/lib/libqc-opt.so
10-09 12:14:57.818: W/art(11889): b5b2d000-b5b91000 r-xp 00000000 103:07 1610 /system/lib/libft2.so
10-09 12:14:57.818: W/art(11889): b5b91000-b5b93000 r--p 00063000 103:07 1610 /system/lib/libft2.so
10-09 12:14:57.818: W/art(11889): b5b93000-b5b94000 rw-p 00065000 103:07 1610 /system/lib/libft2.so
10-09 12:14:57.818: W/art(11889): b5b94000-b5bb9000 r-xp 00000000 103:07 1689 /system/lib/libpng.so
10-09 12:14:57.818: W/art(11889): b5bb9000-b5bba000 r--p 00024000 103:07 1689 /system/lib/libpng.so
10-09 12:14:57.818: W/art(11889): b5bba000-b5bbb000 rw-p 00025000 103:07 1689 /system/lib/libpng.so
10-09 12:14:57.818: W/art(11889): b5bbb000-b5bbe000 r-xp 00000000 103:07 1766 /system/lib/libsync.so
10-09 12:14:57.818: W/art(11889): b5bbe000-b5bbf000 r--p 00002000 103:07 1766 /system/lib/libsync.so
10-09 12:14:57.818: W/art(11889): b5bbf000-b5bc0000 rw-p 00003000 103:07 1766 /system/lib/libsync.so
10-09 12:14:57.818: W/art(11889): b5bc0000-b5bc5000 r-xp 00000000 103:07 1762 /system/lib/libstdc++.so
10-09 12:14:57.818: W/art(11889): b5bc5000-b5bc6000 r--p 00004000 103:07 1762 /system/lib/libstdc++.so
10-09 12:14:57.818: W/art(11889): b5bc6000-b5bc7000 rw-p 00005000 103:07 1762 /system/lib/libstdc++.so
10-09 12:14:57.818: W/art(11889): b5bc7000-b5bd7000 r-xp 00000000 103:07 1774 /system/lib/libunwind.so
10-09 12:14:57.818: W/art(11889): b5bd7000-b5bd8000 r--p 0000f000 103:07 1774 /system/lib/libunwind.so
10-09 12:14:57.818: W/art(11889): b5bd8000-b5bd9000 rw-p 00010000 103:07 1774 /system/lib/libunwind.so
10-09 12:14:57.818: W/art(11889): b5bd9000-b5c1f000 rw-p 00000000 00:00 0
10-09 12:14:57.818: W/art(11889): b5c1f000-b5c28000 r-xp 00000000 103:07 1535 /system/lib/libbase.so
10-09 12:14:57.818: W/art(11889): b5c28000-b5c29000 r--p 00008000 103:07 1535 /system/lib/libbase.so
10-09 12:14:57.818: W/art(11889): b5c29000-b5c2a000 rw-p 00009000 103:07 1535 /system/lib/libbase.so
10-09 12:14:57.818: W/art(11889): b5c2a000-b5c2f000 r-xp 00000000 103:07 1595 /system/lib/libeffects.so
10-09 12:14:57.818: W/art(11889): b5c2f000-b5c30000 r--p 00004000 103:07 1595 /system/lib/libeffects.so
10-09 12:14:57.818: W/art(11889): b5c30000-b5c31000 rw-p 00005000 103:07 1595 /system/lib/libeffects.so
10-09 12:14:57.818: W/art(11889): b5c31000-b5c32000 r--p 00000000 00:00 0 [anon:linker_alloc]
10-09 12:14:57.818: W/art(11889): b5c32000-b5c35000 r-xp 00000000 103:07 1736 /system/lib/libstagefright_http_support.so
10-09 12:14:57.818: W/art(11889): b5c35000-b5c36000 ---p 00000000 00:00 0
10-09 12:14:57.818: W/art(11889): b5c36000-b5c37000 r--p 00003000 103:07 1736 /system/lib/libstagefright_http_support.so
10-09 12:14:57.818: W/art(11889): b5c37000-b5c38000 rw-p 00004000 103:07 1736 /system/lib/libstagefright_http_support.so
10-09 12:14:57.818: W/art(11889): b5c38000-b5c50000 r-xp 00000000 103:07 1735 /system/lib/libstagefright_foundation.so
10-09 12:14:57.818: W/art(11889): b5c50000-b5c51000 ---p 00000000 00:00 0
10-09 12:14:57.818: W/art(11889): b5c51000-b5c52000 r--p 00018000 103:07 1735 /system/lib/libstagefright_foundation.so
10-09 12:14:57.818: W/art(11889): b5c52000-b5c53000 rw-p 00019000 103:07 1735 /system/lib/libstagefright_foundation.so
10-09 12:14:57.818: W/art(11889): b5c53000-b5db2000 r-xp 00000000 103:07 1731 /system/lib/libstagefright.so
10-09 12:14:57.818: W/art(11889): b5db2000-b5db3000 ---p 00000000 00:00 0
10-09 12:14:57.818: W/art(11889): b5db3000-b5dbf000 r--p 0015f000 103:07 1731 /system/lib/libstagefright.so
10-09 12:14:57.819: W/art(11889): b5dbf000-b5dc0000 rw-p 0016b000 103:07 1731 /system/lib/libstagefright.so
10-09 12:14:57.819: W/art(11889): b5dc0000-b5e27000 r-xp 00000000 103:07 1620 /system/lib/libhwui.so
10-09 12:14:57.819: W/art(11889): b5e27000-b5e28000 ---p 00000000 00:00 0
10-09 12:14:57.819: W/art(11889): b5e28000-b5e2b000 r--p 00067000 103:07 1620 /system/lib/libhwui.so
10-09 12:14:57.819: W/art(11889): b5e2b000-b5e2c000 rw-p 0006a000 103:07 1620 /system/lib/libhwui.so
10-09 12:14:57.819: W/art(11889): b5e2c000-b5e2f000 r-xp 00000000 103:07 1704 /system/lib/libradio_metadata.so
10-09 12:14:57.819: W/art(11889): b5e2f000-b5e30000 r--p 00002000 103:07 1704 /system/lib/libradio_metadata.so
10-09 12:14:57.819: W/art(11889): b5e30000-b5e31000 rw-p 00003000 103:07 1704 /system/lib/libradio_metadata.so
10-09 12:14:57.819: W/art(11889): b5e31000-b5e35000 r-xp 00000000 103:07 1671 /system/lib/libnativebridge.so
10-09 12:14:57.819: W/art(11889): b5e35000-b5e36000 r--p 00003000 103:07 1671 /system/lib/libnativebridge.so
10-09 12:14:57.819: W/art(11889): b5e36000-b5e37000 rw-p 00004000 103:07 1671 /system/lib/libnativebridge.so
10-09 12:14:57.819: W/art(11889): b5e37000-b5e3b000 r-xp 00000000 103:07 1693 /system/lib/libprocessgroup.so
10-09 12:14:57.819: W/art(11889): b5e3b000-b5e3c000 r--p 00003000 103:07 1693 /system/lib/libprocessgroup.so
10-09 12:14:57.819: W/art(11889): b5e3c000-b5e3d000 rw-p 00004000 103:07 1693 /system/lib/libprocessgroup.so
10-09 12:14:57.819: W/art(11889): b5e3d000-b5e4b000 r-xp 00000000 103:07 1656 /system/lib/libminikin.so
10-09 12:14:57.819: W/art(11889): b5e4b000-b5e4c000 ---p 00000000 00:00 0
10-09 12:14:57.819: W/art(11889): b5e4c000-b5e4d000 r--p 0000e000 103:07 1656 /system/lib/libminikin.so
10-09 12:14:57.819: W/art(11889): b5e4d000-b5e4e000 rw-p 0000f000 103:07 1656 /system/lib/libminikin.so
10-09 12:14:57.819: W/art(11889): b5e4e000-b5e58000 r-xp 00000000 103:07 1724 /system/lib/libsoundtrigger.so
10-09 12:14:57.819: W/art(11889): b5e58000-b5e5b000 r--p 00009000 103:07 1724 /system/lib/libsoundtrigger.so
10-09 12:14:57.819: W/art(11889): b5e5b000-b5e5c000 rw-p 0000c000 103:07 1724 /system/lib/libsoundtrigger.so
10-09 12:14:57.819: W/art(11889): b5e5c000-b5e5d000 r--p 00000000 00:00 0 [anon:linker_alloc]
10-09 12:14:57.819: W/art(11889): b5e5d000-b5e67000 r-xp 00000000 103:07 1703 /system/lib/libradio.so
10-09 12:14:57.819: W/art(11889): b5e67000-b5e6a000 r--p 00009000 103:07 1703 /system/lib/libradio.so
10-09 12:14:57.819: W/art(11889): b5e6a000-b5e6b000 rw-p 0000c000 103:07 1703 /system/lib/libradio.so
10-09 12:14:57.819: W/art(11889): b5e6b000-b5e6f000 r-xp 00000000 103:07 1674 /system/lib/libnetd_client.so
10-09 12:14:57.819: W/art(11889): b5e6f000-b5e70000 r--p 00003000 103:07 1674 /system/lib/libnetd_client.so
10-09 12:14:57.819: W/art(11889): b5e70000-b5e71000 rw-p 00004000 103:07 1674 /system/lib/libnetd_client.so
10-09 12:14:57.819: W/art(11889): b5e71000-b5e7e000 r-xp 00000000 103:07 1623 /system/lib/libimg_utils.so
10-09 12:14:57.819: W/art(11889): b5e7e000-b5e80000 r--p 0000c000 103:07 1623 /system/lib/libimg_utils.so
10-09 12:14:57.819: W/art(11889): b5e80000-b5e81000 rw-p 0000e000 103:07 1623 /system/lib/libimg_utils.so
10-09 12:14:57.819: W/art(11889): b5e81000-b627f000 r-xp 00000000 103:07 1686 /system/lib/libpdfium.so
10-09 12:14:57.819: W/art(11889): b627f000-b6280000 ---p 00000000 00:00 0
10-09 12:14:57.819: W/art(11889): b6280000-b6289000 r--p 003fe000 103:07 1686 /system/lib/libpdfium.so
10-09 12:14:57.819: W/art(11889): b6289000-b628d000 rw-p 00407000 103:07 1686 /system/lib/libpdfium.so
10-09 12:14:57.819: W/art(11889): b628d000-b628e000 rw-p 00000000 00:00 0
10-09 12:14:57.819: W/art(11889): b628e000-b6295000 r-xp 00000000 103:07 1532 /system/lib/libaud
10-09 12:14:57.819: W/art(11889): ioutils.so
10-09 12:14:57.819: W/art(11889): b6295000-b6296000 r--p 00006000 103:07 1532 /system/lib/libaudioutils.so
10-09 12:14:57.819: W/art(11889): b6296000-b6297000 rw-p 00007000 103:07 1532 /system/lib/libaudioutils.so
10-09 12:14:57.819: W/art(11889): b6297000-b62b1000 r-xp 00000000 103:07 1787 /system/lib/libz.so
10-09 12:14:57.819: W/art(11889): b62b1000-b62b2000 r--p 00019000
10-09 12:14:57.819: W/art(11889): 103:07 1787 /system/lib/libz.so
10-09 12:14:57.819: W/art(11889): b62b2000-b62b3000 rw-p 0001a000 103:07 1787 /system/lib/libz.so
10-09 12:14:57.819: W/art(11889): b62b3000-b62fc000 r-xp 00000000 103:07 1617 /system/lib/libharfbuzz_ng.so
10-09 12:14:57.819: W/art(11889): b62fc000-b62fd000 ---p 00000000 00:00 0
10-09 12:14:57.819: W/art(11889): b62fd000-b62fe000 r--p 00049000 103:07 1617 /system/lib/libhar
10-09 12:14:57.819: W/art(11889): fbuzz_ng.so
10-09 12:14:57.819: W/art(11889): b62fe000-b62ff000 rw-p 0004a000 103:07 1617 /system/lib/libharfbuzz_ng.so
10-09 12:14:57.819: W/art(11889): b62ff000-b6300000 rw-p 00000000 00:00 0 [anon:linker_alloc]
10-09 12:14:57.819: W/art(11889): b6300000-b6305000 r-xp 00000000 103:07 1775 /system/lib/libusbhost.so
10-09 12:14:57.819: W/art(11889): b6305000-b6306000 r--p 00004000 1
10-09 12:14:57.819: W/art(11889): 03:07 1775 /system/lib/libusbhost.so
10-09 12:14:57.820: W/art(11889): b6306000-b6307000 rw-p 00005000 103:07 1775 /system/lib/libusbhost.so
10-09 12:14:57.820: W/art(11889): b6307000-b633d000 r-xp 00000000 103:07 1632 /system/lib/libjpeg.so
10-09 12:14:57.820: W/art(11889): b633d000-b633e000 r--p 00035000 103:07 1632 /system/lib/libjpeg.so
10-09 12:14:57.820: W/art(11889): b633e000-b633f000 rw-p 00036000 103:07 1632 /system/lib/libjpeg.so
10-09 12:14:57.820: W/art(11889): b633f000-b6340000 r--p 00000000 00:00 0 [anon:linker_alloc]
10-09 12:14:57.820: W/art(11889): b6340000-b63d1000 r-xp 00000000 103:07 1648 /system/lib/libmedia.so
10-09 12:14:57.820: W/art(11889): b63d1000-b63d2000 ---p 00000000 00:00 0
10-09 12:14:57.820: W/art(11889): b63d2000-b63ee000 r--p 00091000 103:07 1648 /system/lib/libmedia.so
10-09 12:14:57.820: W/art(11889): b63ee000-b63ef000 rw-p 000ad000 103:07 1648 /system/lib/libmedia.so
10-09 12:14:57.820: W/art(11889): b63ef000-b6554000 r-xp 00000000 103:07 1621 /system/lib/libicui18n.so
10-09 12:14:57.820: W/art(11889): b6554000-b6555000 ---p 00000000 00:00 0
10-09 12:14:57.820: W/art(11889): b6555000-b6560000 r--p 00165000 103:07 1621 /system/lib/libicui18n.so
10-09 12:14:57.820: W/art(11889): b6560000-b6561000 rw-p 00170000 103:07 1621 /system/lib/libicui18n.so
10-09 12:14:57.820: W/art(11889): b6561000-b6670000 r-xp 00000000 103:07 1622 /system/lib/libicuuc.so
10-09 12:14:57.820: W/art(11889): b6670000-b667b000 r--p 0010e000 103:07 1622 /system/lib/libicuuc.so
10-09 12:14:57.820: W/art(11889): b667b000-b667c000 rw-p 00119000 103:07 1622 /system/lib/libicuuc.so
10-09 12:14:57.820: W/art(11889): b667c000-b6680000 rw-p 00000000 00:00 0
10-09 12:14:57.820: W/art(11889): b6680000-b66a3000 r-xp 00000000 103:07 1730 /system/lib/libssl.so
10-09 12:14:57.820: W/art(11889): b66a3000-b66a5000 r--p 00022000 103:07 1730 /system/lib/libssl.so
10-09 12:14:57.820: W/art(11889): b66a5000-b66a6000 rw-p 00024000 103:07 1730 /system/lib/libssl.so
10-09 12:14:57.820: W/art(11889): b66a6000-b6736000 r-xp 00000000 103:07 1560
10-09 12:14:57.820: W/art(11889): /system/lib/libcrypto.so
10-09 12:14:57.820: W/art(11889): b6736000-b6737000 ---p 00000000 00:00 0
10-09 12:14:57.820: W/art(11889): b6737000-b6742000 r--p 00090000 103:07 1560 /system/lib/libcrypto.so
10-09 12:14:57.820: W/art(11889): b6742000-b6743000 rw-p 0009b000 103:07 1560 /system/lib/libcrypto.so
10-09 12:14:57.820: W/art(11889): b6743000-b6795000 r-xp 00000000 103:07 1722 /system/lib/libson
10-09 12:14:57.820: W/art(11889): ivox.so
10-09 12:14:57.820: W/art(11889): b6795000-b6796000 ---p 00000000 00:00 0
10-09 12:14:57.820: W/art(11889): b6796000-b6797000 r--p 00052000 103:07 1722 /system/lib/libsonivox.so
10-09 12:14:57.820: W/art(11889): b6797000-b6798000 rw-p 00053000 103:07 1722 /system/lib/libsonivox.so
10-09 12:14:57.820: W/art(11889): b6798000-b679d000 rw-p 00000000 00:00 0
10-09 12:14:57.820: W/art(11889): b679d000-b67ac000 r-xp 0
10-09 12:14:57.820: W/art(11889): 0000000 103:07 1713 /system/lib/libselinux.so
10-09 12:14:57.820: W/art(11889): b67ac000-b67ad000 r--p 0000e000 103:07 1713 /system/lib/libselinux.so
10-09 12:14:57.820: W/art(11889): b67ad000-b67ae000 rw-p 0000f000 103:07 1713 /system/lib/libselinux.so
10-09 12:14:57.820: W/art(11889): b67ae000-b67b5000 r-xp 00000000 103:07 1616 /system/lib/libhardware_legacy.so
10-09 12:14:57.820: W/art(11889): b67b5000-b67b6000 ---p 00000000 00:00 0
10-09 12:14:57.820: W/art(11889): b67b6000-b67b7000 r--p 00007000 103:07 1616 /system/lib/libhardware_legacy.so
10-09 12:14:57.820: W/art(11889): b67b7000-b67b8000 rw-p 00008000 103:07 1616 /system/lib/libhardware_legacy.so
10-09 12:14:57.820: W/art(11889): b67b8000-b67b9000 rw-p 00000000 00:00 0
10-09 12:14:57.820: W/art(11889): b67b9000-b67bc000 r-xp 00000000 103:07 1615
10-09 12:14:57.820: W/art(11889): /system/lib/libhardware.so
10-09 12:14:57.820: W/art(11889): b67bc000-b67bd000 r--p 00002000 103:07 1615 /system/lib/libhardware.so
10-09 12:14:57.820: W/art(11889): b67bd000-b67be000 rw-p 00003000 103:07 1615 /system/lib/libhardware.so
10-09 12:14:57.820: W/art(11889): b67be000-b67c2000 r-xp 00000000 103:07 1489 /system/lib/libETC1.so
10-09 12:14:57.820: W/art(11889): b67c2000-b67c3000 r--p 00003000
10-09 12:14:57.820: W/art(11889): 103:07 1489 /system/lib/libETC1.so
10-09 12:14:57.820: W/art(11889): b67c3000-b67c4000 rw-p 00004000 103:07 1489 /system/lib/libETC1.so
10-09 12:14:57.820: W/art(11889): b67c4000-b67d1000 r-xp 00000000 103:07 1493 /system/lib/libGLESv2.so
10-09 12:14:57.820: W/art(11889): b67d1000-b67d2000 r--p 0000c000 103:07 1493 /system/lib/libGLESv2.so
10-09 12:14:57.820: W/art(11889): b67d2000-b67d3000 rw-p 0000d000 103:07 1493 /system/lib/libGLESv2.so
10-09 12:14:57.820: W/art(11889): b67d3000-b67db000 r-xp 00000000 103:07 1492 /system/lib/libGLESv1_CM.so
10-09 12:14:57.820: W/art(11889): b67db000-b67dc000 r--p 00007000 103:07 1492 /system/lib/libGLESv1_CM.so
10-09 12:14:57.820: W/art(11889): b67dc000-b67dd000 rw-p 00008000 103:07 1492 /system/lib/libGLESv1_CM.so
10-09 12:14:57.820: W/art(11889): b67dd000-b6839000 r-xp 00000000 103:07 1488 /system/lib/libEGL.so
10-09 12:14:57.821: W/art(11889): b6839000-b683a000 ---p 00000000 00:00 0
10-09 12:14:57.821: W/art(11889): b683a000-b683c000 r--p 0005c000 103:07 1488 /system/lib/libEGL.so
10-09 12:14:57.821: W/art(11889): b683c000-b6845000 rw-p 0005e000 103:07 1488 /system/lib/libEGL.so
10-09 12:14:57.821: W/art(11889): b6845000-b6848000 rw-p 00000000 00:00 0
10-09 12:14:57.821: W/art(11889): b6848000-b6917000 r-xp 00000000 103:07 1728 /system/lib/libsqlite.so
10-09 12:14:57.821: W/art(11889): b6917000-b6919000 r--p 000ce000 103:07 1728 /system/lib/libsqlite.so
10-09 12:14:57.821: W/art(11889): b6919000-b691a000 rw-p 000d0000 103:07 1728 /system/lib/libsqlite.so
10-09 12:14:57.821: W/art(11889): b691a000-b6b74000 r-xp 00000000 103:07 1717 /system/lib/libskia.so
10-09 12:14:57.821: W/art(11889): b6b74000-b6b75000 ---p 00000000 00:00 0
10-09 12:14:57.821: W/art(11889): b6b75000-b6b8f000 r--p 0025a000 103:07 1717 /system/lib/libskia.so
10-09 12:14:57.821: W/art(11889): b6b8f000-b6b91000 rw-p 00274000 103:07 1717 /system/lib/libskia.so
10-09 12:14:57.821: W/art(11889): b6b91000-b6b96000 rw-p 00000000 00:00 0
10-09 12:14:57.821: W/art(11889): b6b96000-b6b9e000 r-xp 00000000 103:07 1547 /system/lib/libcamera_
10-09 12:14:57.821: W/art(11889): metadata.so
10-09 12:14:57.821: W/art(11889): b6b9e000-b6b9f000 ---p 00000000 00:00 0
10-09 12:14:57.821: W/art(11889): b6b9f000-b6ba0000 r--p 00008000 103:07 1547 /system/lib/libcamera_metadata.so
10-09 12:14:57.821: W/art(11889): b6ba0000-b6ba1000 rw-p 00009000 103:07 1547 /system/lib/libcamera_metadata.so
10-09 12:14:57.821: W/art(11889): b6ba1000-b6bc5000 r-xp 00000000 103:07 1546
10-09 12:14:57.821: W/art(11889): /system/lib/libcamera_client.so
10-09 12:14:57.821: W/art(11889): b6bc5000-b6bc6000 ---p 00000000 00:00 0
10-09 12:14:57.821: W/art(11889): b6bc6000-b6bcd000 r--p 00024000 103:07 1546 /system/lib/libcamera_client.so
10-09 12:14:57.821: W/art(11889): b6bcd000-b6bce000 rw-p 0002b000 103:07 1546 /system/lib/libcamera_client.so
10-09 12:14:57.821: W/art(11889): b6bce000-b6c0a000 r-xp 00000000 103:07 1625 /sys
10-09 12:14:57.821: W/art(11889): tem/lib/libinputflinger.so
10-09 12:14:57.821: W/art(11889): b6c0a000-b6c0d000 r--p 0003b000 103:07 1625 /system/lib/libinputflinger.so
10-09 12:14:57.821: W/art(11889): b6c0d000-b6c0e000 rw-p 0003e000 103:07 1625 /system/lib/libinputflinger.so
10-09 12:14:57.821: W/art(11889): b6c0e000-b6c28000 r-xp 00000000 103:07 1624 /system/lib/libinput.so
10-09 12:14:57.821: W/art(11889): b6c28000-b6c2c000 r--p 00019000 103:07 1624 /system/lib/libinput.so
10-09 12:14:57.821: W/art(11889): b6c2c000-b6c2d000 rw-p 0001d000 103:07 1624 /system/lib/libinput.so
10-09 12:14:57.821: W/art(11889): b6c2d000-b6c7a000 r-xp 00000000 103:07 1614 /system/lib/libgui.so
10-09 12:14:57.821: W/art(11889): b6c7a000-b6c86000 r--p 0004c000 103:07 1614 /system/lib/libgui.so
10-09 12:14:57.821: W/art(11889): b6c86000-b6c87000 rw-p 00058000 103:07 1614 /system/lib/libgui.so
10-09 12:14:57.821: W/art(11889): b6c87000-b6c94000 r-xp 00000000 103:07 1773 /system/lib/libui.so
10-09 12:14:57.821: W/art(11889): b6c94000-b6c95000 ---p 00000000 00:00 0
10-09 12:14:57.821: W/art(11889): b6c95000-b6c96000 r--p 0000d000 103:07 1773 /system/lib/libui.so
10-09 12:14:57.821: W/art(11889): b6c96000-b6c97000 rw-p 0000e000 103:07 1773 /system/lib/libui.so
10-09 12:14:57.821: W/art(11889): b6c97000-b6c9e000 r-xp 00000000 103:07 1676 /system/lib/libnetutils.so
10-09 12:14:57.821: W/art(11889): b6c9e000-b6c9f000 r--p 00006000 103:07 1676 /system/lib/libnetutils.so
10-09 12:14:57.821: W/art(11889): b6c9f000-b6ca0000 rw-p 00007000 103:07 1676 /system/lib/libnetutils.so
10-09 12:14:57.821: W/art(11889): b6ca0000-b6ca7000 r-xp 00000000 103:07 1672 /system/lib/libnativehelper.so
10-09 12:14:57.821: W/art(11889): b6ca7000-b6ca8000 r--p 00006000 103:07 1672 /system/lib/libnativehelper.so
10-09 12:14:57.821: W/art(11889): b6ca8000-b6ca9000 rw-p 00007000 103:07 1672 /system/lib/libnativehelper.so
10-09 12:14:57.821: W/art(11889): b6ca9000-b6cbd000 r-xp 00000000 103:07 1597 /system/lib/libexpat.so
10-09 12:14:57.821: W/art(11889): b6cbd000-b6cbf000 r--p 00013000 103:07 1597 /system/lib/libexpat.so
10-09 12:14:57.821: W/art(11889): b6cbf000-b6cc0000 rw-p 00015000 103:07 1597 /system/lib/libexpat.so
10-09 12:14:57.821: W/art(11889): b6cc0000-b6ce7000 r-xp 00000000 103:07 1517 /system/lib/libandroidfw.so
10-09 12:14:57.821: W/art(11889): b6ce7000-b6ce8000 ---p 00000000 00:00 0
10-09 12:14:57.821: W/art(11889): b6ce8000-b6ce9000 r--p 00027000 103:07 1517 /system/lib/libandroidfw.so
10-09 12:14:57.821: W/art(11889): b6ce9000-b6cea000 rw-p 00028000 103:07 1517 /system/lib/libandroidfw.so
10-09 12:14:57.821: W/art(11889): b6cea000-b6ced000 r-xp 00000000 103:07 1655 /system/lib/libmemtrack.so
10-09 12:14:57.821: W/art(11889): b6ced000-b6cee000 r--p 00002000 103:07 1655 /system/lib/libmemtrack.so
10-09 12:14:57.821: W/art(11889): b6cee000-b6cef000 rw-p 00003000 103:07 1655 /system/lib/libmemtrack.so
10-09 12:14:57.821: W/art(11889): b6cef000-b6cf8000 r-xp 00000000 103:07 1534 /system/lib/libbacktrace.so
10-09 12:14:57.821: W/art(11889): b6cf8000-b6cf9000 r--p 00008000 103:07 1534 /system/lib/libbacktrace.so
10-09 12:14:57.821: W/art(11889): b6cf9000-b6cfa000 rw-p 00009000 103:07 1534 /system/lib/libbacktrace.so
10-09 12:14:57.821: W/art(11889): b6cfa000-b6d19000 r-xp 00000000 103:07 1645 /system/lib/libm.so
10-09 12:14:57.822: W/art(11889): b6d19000-b6d1a000 ---p 00000000 00:00 0
10-09 12:14:57.822: W/art(11889): b6d1a000-b6d1b000 r--p 0001f000 103:07 1645 /system/lib/libm.so
10-09 12:14:57.822: W/art(11889): b6d1b000-b6d1c000 rw-p 00020000 103:07 1645 /system/lib/libm.so
10-09 12:14:57.822: W/art(11889): b6d1c000-b6d78000 r-xp 00000000 103:07 1544 /system/lib/libc.so
10-09 12:14:57.822: W/art(11889): b6d78000-b6d79000 ---p 00000000 00:00 0
10-09 12:14:57.822: W/art(11889): b6d79000-b6d7c000 r--p 0005c000 103:07 1544 /system/lib/libc.so
10-09 12:14:57.822: W/art(11889): b6d7c000-b6d7f000 rw-p 0005f000 103:07 1544 /system/lib/libc.so
10-09 12:14:57.822: W/art(11889): b6d7f000-b6d88000 rw-p 00000000 00:00 0
10-09 12:14:57.822: W/art(11889): b6d88000-b6e11000 r-xp 00000000 103:07 1543 /system/lib/libc++.so
10-09 12:14:57.822: W/art(11889): b6e11000-b6e15000 r--p 00088000 103:07 1543 /system/lib/libc++.so
10-09 12:14:57.822: W/art(11889): b6e15000-b6e16000 rw-p 0008c000 103:07 1543 /system/lib/libc++.so
10-09 12:14:57.822: W/art(11889): b6e16000-b6e17000 rw-p 00000000 00:00 0
10-09 12:14:57.822: W/art(11889): b6e17000-b6e3f000 r-xp 00000000 103:07 1784 /system/lib/libwilhelm.so
10-09 12:14:57.822: W/art(11889): b6e3f000-b6e40000 ---p 00000000 00:00 0
10-09 12:14:57.822: W/art(11889): b6e40000-b6e43000 r--p 00028000 103:07 1784 /system/lib/libwilhelm.so
10-09 12:14:57.822: W/art(11889): b6e43000-b6e44000 rw-p 0002b000 103:07 1784 /system/lib/libwilhelm.so
10-09 12:14:57.822: W/art(11889): b6e44000-b6f15000 r-xp 00000000 103:07 1515 /system/lib/libandroid_runtime.so
10-09 12:14:57.822: W/art(11889): b6f15000-b6f16000 ---p 00000000 00:00 0
10-09 12:14:57.822: W/art(11889): b6f16000-b6f1d000 r--p 000d1000 103:07 1515 /system/lib/libandroid_runtime.so
10-09 12:14:57.822: W/art(11889): b6f1d000-b6f25000 rw-p 000d8000 103:07 1515 /system/lib/libandroid_runtime.so
10-09 12:14:57.822: W/art(11889): b6f25000-b6f26000 rw-p 00000000 00:00 0 [anon:linker_alloc_vector]
10-09 12:14:57.822: W/art(11889): b6f26000-b6f2a000 r--p 00000000 00:00 0 [anon:linker_alloc]
10-09 12:14:57.822: W/art(11889): b6f2a000-b6f50000 r-xp 00000000 103:07 1538 /system/lib/libbinder.so
10-09 12:14:57.822: W/art(11889): b6f50000-b6f57000 r--p 00025000 103:07 1538 /system/lib/libbinder.so
10-09 12:14:57.822: W/art(11889): b6f57000-b6f58000 rw-p 0002c000 103:07 1538 /system/lib/libbinder.so
10-09 12:14:57.822: W/art(11889): b6f58000-b6f60000 r-xp 00000000 103:07 1643 /system/lib/liblog.so
10-09 12:14:57.822: W/art(11889): b6f60000-b6f61000 r--p 00007000 103:07 1643 /system/lib/liblog.so
10-09 12:14:57.822: W/art(11889): b6f61000-b6f62000 rw-p 00008000 103:07 1643 /system/lib/liblog.so
10-09 12:14:57.822: W/art(11889): b6f62000-b6f7a000 r-xp 00000000 103:07 1776 /system/lib/libutils.so
10-09 12:14:57.822: W/art(11889): b6f7a000-b6f7b000 ---p 00000000 00:00 0
10-09 12:14:57.822: W/art(11889): b6f7b000-b6f7c000 r--p 00018000 103:07 1776 /system/lib/libutils.so
10-09 12:14:57.822: W/art(11889): b6f7c000-b6f7d000 rw-p 00019000 103:07 1776 /system/lib/libutils.so
10-09 12:14:57.822: W/art(11889): b6f7d000-b6f8c000 r-xp 00000000 103:07 1561 /system/lib/libcutils.so
10-09 12:14:57.822: W/art(11889): b6f8c000-b6f8d000 ---p 00000000 00:00 0
10-09 12:14:57.822: W/art(11889): b6f8d000-b6f8e000 r--p 0000f000 103:07 1561 /system/lib/libcutils.so
10-09 12:14:57.822: W/art(11889): b6f8e000-b6f8f000 rw-p 00010000 103:07 1561 /system/lib/libcutils.so
