10-09 12:15:49.045: W/art(13954): b6d39000-b6d3a000 rw-p 00020000 103:07 1645 /system/lib/libm.so
10-09 12:15:49.045: W/art(13954): b6d3a000-b6d96000 r-xp 00000000 103:07 1544 /system/lib/libc.so
10-09 12:15:49.045: W/art(13954): b6d96000-b6d97000 ---p 00000000 00:00 0
10-09 12:15:49.045: W/art(13954): b6d97000-b6d9a000 r--p 0005c000 103:07 1544 /system/lib/libc.so
10-09 12:15:49.045: W/art(13954): b6d9a000-b6d9d000 rw-p 0005f000 103:07 1544 /system/lib/libc.so
10-09 12:15:49.045: W/art(13954): b6d9d000-b6da6000 rw-p 00000000 00:00 0
10-09 12:15:49.045: W/art(13954): b6da6000-b6e2f000 r-xp 00000000 103:07 1543 /system/lib/libc++.so
10-09 12:15:49.045: W/art(13954): b6e2f000-b6e33000 r--p 00088000 103:07 1543 /system/lib/libc++.so
10-09 12:15:49.045: W/art(13954): b6e33000-b6e34000 rw-p 0008c000 103:07 1543 /system/lib/libc++.so
10-09 12:15:49.045: W/art(13954): b6e34000-b6e35000 rw-p 00000000 00:00 0
10-09 12:15:49.045: W/art(13954): b6e35000-b6e5d000 r-xp 00000000 103:07 1784 /system/lib/libwilhelm.so
10-09 12:15:49.045: W/art(13954): b6e5d000-b6e5e000 ---p 00000000 00:00 0
10-09 12:15:49.045: W/art(13954): b6e5e000-b6e61000 r--p 00028000 103:07 1784 /system/lib/libwilhelm.so
10-09 12:15:49.045: W/art(13954): b6e61000-b6e62000 rw-p 0002b000 103:07 1784 /system/lib/libwilhelm.so
10-09 12:15:49.045: W/art(13954): b6e62000-b6f33000 r-xp 00000000 103:07 1515 /system/lib/libandroid_runtime.so
10-09 12:15:49.045: W/art(13954): b6f33000-b6f34000 ---p 00000000 00:00 0
10-09 12:15:49.045: W/art(13954): b6f34000-b6f3b000 r--p 000d1000 103:07 1515 /system/lib/libandroid_runtime.so
10-09 12:15:49.045: W/art(13954): b6f3b000-b6f43000 rw-p 000d8000 103:07 1515 /system/lib/libandroid_runtime.so
10-09 12:15:49.045: W/art(13954): b6f43000-b6f44000 rw-p 00000000 00:00 0 [anon:linker_alloc_vector]
10-09 12:15:49.045: W/art(13954): b6f44000-b6f48000 r--p 00000000 00:00 0 [anon:linker_alloc]
10-09 12:15:49.045: W/art(13954): b6f48000-b6f6e000 r-xp 00000000 103:07 1538 /system/lib/libbinder.so
10-09 12:15:49.045: W/art(13954): b6f6e000-b6f75000 r--p 00025000 103:07 1538 /system/lib/libbinder.so
10-09 12:15:49.045: W/art(13954): b6f75000-b6f76000 rw-p 0002c000 103:07 1538 /system/lib/libbinder.so
10-09 12:15:49.045: W/art(13954): b6f76000-b6f7e000 r-xp 00000000 103:07 1643 /system/lib/liblog.so
10-09 12:15:49.045: W/art(13954): b6f7e000-b6f7f000 r--p 00007000 103:07 1643 /system/lib/liblog.so
10-09 12:15:49.045: W/art(13954): b6f7f000-b6f80000 rw-p 00008000 103:07 1643 /system/lib/liblog.so
10-09 12:15:49.045: W/art(13954): b6f80000-b6f98000 r-xp 00000000 103:07 1776 /system/lib/libutils.so
10-09 12:15:49.045: W/art(13954): b6f98000-b6f99000 ---p 00000000 00:00 0
10-09 12:15:49.045: W/art(13954): b6f99000-b6f9a000 r--p 00018000 103:07 1776 /system/lib/libutils.so
10-09 12:15:49.045: W/art(13954): b6f9a000-b6f9b000 rw-p 00019000 103:07 1776 /system/lib/libutils.so
10-09 12:15:49.045: W/art(13954): b6f9b000-b6faa000 r-xp 00000000 103:07 1561 /system/lib/libcutils.so
10-09 12:15:49.045: W/art(13954): b6faa000-b6fab000 ---p 00000000 00:00 0
10-09 12:15:49.045: W/art(13954): b6fab000-b6fac000 r--p 0000f000 103:07 1561 /system/lib/libcutils.so
10-09 12:15:49.045: W/art(13954): b6fac000-b6fad000 rw-p 00010000 103:07 1561 /system/lib/libcutils.so
10-09 12:15:49.045: W/art(13954): b6fad000-b6fae000 rw-p 00000000 00:00 0 [anon:linker_alloc_vector]
10-09 12:15:49.045: W/art(13954): b6fae000-b6faf000 rw-p 00000000 00:00 0 [anon:linker_alloc_64]
10-09 12:15:49.045: W/art(13954): b6faf000-b6fb0000 r--p 00000000 00:00 0 [anon:linker_alloc]
10-09 12:15:49.045: W/art(13954): b6fb0000-b6fb1000 rw-p 00000000 00:00 0 [anon:linker_alloc]
10-09 12:15:49.045: W/art(13954): b6fb1000-b6fb2000 rw-p 00000000 00:00 0 [anon:linker_alloc_vector]
10-09 12:15:49.045: W/art(13954): b6fb2000-b6fb3000 rw-p 00000000 00:00 0 [anon:linker_alloc_32]
10-09 12:15:49.045: W/art(13954): b6fb3000-b6fb4000 r--p 00000000 00:00 0 [anon:linker_alloc]
10-09 12:15:49.045: W/art(13954): b6fb4000-b6fd4000 r--s 00000000 00:0c 7705 /dev/__properties__
10-09 12:15:49.045: W/art(13954): b6fd4000-b6fd5000 r--p 00000000 00:00 0
10-09 12:15:49.045: W/art(13954): b6fd5000-b6fd6000 ---p 00000000 00:00 0
10-09 12:15:49.045: W/art(13954): b6fd6000-b6fd8000 rw-p 00000000 00:00 0 [anon:thread signal stack]
10-09 12:15:49.045: W/art(13954): b6fd8000-b6ff4000 r-xp 00000000 103:07 516 /system/bin/linker
10-09 12:15:49.045: W/art(13954): b6ff4000-b6ff5000 r-xp 00000000 00:00 0 [sigpage]
10-09 12:15:49.045: W/art(13954): b6ff5000-b6ff6000 r--p 0001c000 103:07 516 /system/bin/linker
10-09 12:15:49.045: W/art(13954): b6ff6000-b6ff8000 rw-p 0001d000 103:07 516 /system/bin/linker
10-09 12:15:49.045: W/art(13954): b6ff8000-b6ffa000 rw-p 00000000 00:00 0
10-09 12:15:49.045: W/art(13954): b6ffa000-b6fff000 r-xp 00000000 103:07 373 /system/bin/app_process32
10-09 12:15:49.046: W/art(13954): b6fff000-b7000000 r--p 00004000 103:07 373 /system/bin/app_process32
10-09 12:15:49.046: W/art(13954): b7000000-b7001000 rw-p 00000000 00:00 0
10-09 12:15:49.046: W/art(13954): b7ea7000-b7ed9000 rw-p 00000000 00:00 0 [heap]
10-09 12:15:49.046: W/art(13954): be73e000-bef3d000 rw-p 00000000 00:00 0 [stack]
10-09 12:15:49.046: W/art(13954): ffff0000-ffff1000 r-xp 00000000 00:00 0 [vectors]
10-09 12:15:49.086: D/ICU(13954): No timezone override file found: /data/misc/zoneinfo/current/icu/icu_tzdata.dat
10-09 12:15:49.129: I/Radio-JNI(13954): register_android_hardware_Radio DONE
10-09 12:15:49.161: D/AndroidRuntime(13954): Calling main entry com.android.commands.am.Am
10-09 12:15:49.165: I/ActivityManager(1643): Force stopping com.google.android.apps.mtaas.tools appid=10114 user=0: start instr
10-09 12:15:49.178: I/ActivityManager(1643): Start proc 13962:com.google.android.apps.mtaas.tools/u0a114 for added application com.google.android.apps.mtaas.tools
10-09 12:15:49.213: W/System(13962): ClassLoader referenced unknown path: /data/app/com.google.android.apps.mtaas.tools-1/lib/arm
10-09 12:15:49.213: W/System(13962): ClassLoader referenced unknown path: /data/app/com.google.android.apps.mtaas.tools-1/lib/arm
10-09 12:15:49.218: D/GetPackageUid(13962): Instrumentation completed successfully
10-09 12:15:49.220: D/AndroidRuntime(13954): Shutting down VM
10-09 12:15:49.440: I/ActivityManager(1643): Force stopping com.google.android.apps.mtaas.tools appid=10114 user=0: finished inst
10-09 12:15:49.440: I/ActivityManager(1643): Killing 13962:com.google.android.apps.mtaas.tools/u0a114 (adj 0): stop com.google.android.apps.mtaas.tools
10-09 12:15:49.441: W/ActivityManager(1643): Error shutting down UiAutomationConnection
10-09 12:15:49.492: D/ActivityManager(1643): cleanUpApplicationRecord -- 13962
10-09 12:15:49.495: W/ActivityManager(1643): Spurious death for ProcessRecord{c02037b 0:com.google.android.apps.mtaas.tools/u0a114}, curProc for 13962: null
10-09 12:15:50.269: D/AndroidRuntime(13980): >>>>>> START com.android.internal.os.RuntimeInit uid 2000 <<<<<<
10-09 12:15:50.275: D/AndroidRuntime(13980): CheckJNI is OFF
10-09 12:15:50.280: W/art(13980): 7007b000-70aa6000 rw-p 00000000 103:09 12202 /data/dalvik-cache/arm/system@framework@boot.art
10-09 12:15:50.280: W/art(13980): b109f000-b30d5000 r--p 00000000 103:07 1336 /system/framework/arm/boot.oat
10-09 12:15:50.280: W/art(13980): b30d5000-b4929000 r-xp 02036000 103:07 1336 /system/framework/arm/boot.oat
10-09 12:15:50.280: W/art(13980): b4929000-b492a000 rw-p 0388a000 103:07 1336 /system/framework/arm/boot.oat
10-09 12:15:50.280: W/art(13980): b492a000-b4948000 r--p 00a2b000 103:09 12202 /data/dalvik-cache/arm/system@framework@boot.art
10-09 12:15:50.281: W/art(13980): b4948000-b4949000 rw-p 00000000 00:00 0 [anon:linker_alloc_vector]
10-09 12:15:50.281: W/art(13980): b494a000-b494d000 r-xp 00000000 103:07 1716 /system/lib/libsigchain.so
10-09 12:15:50.281: W/art(13980): b494d000-b494e000 r--p 00002000 103:07 1716 /system/lib/libsigchain.so
10-09 12:15:50.281: W/art(13980): b494e000-b494f000 rw-p 00003000 103:07 1716 /system/lib/libsigchain.so
10-09 12:15:50.281: W/art(13980): b494f000-b4d85000 r-xp 00000000 103:07 1521 /system/lib/libart.so
10-09 12:15:50.281: W/art(13980): b4d85000-b4d8f000 r--p 00435000 103:07 1521 /system/lib/libart.so
10-09 12:15:50.281: W/art(13980): b4d8f000-b4d90000 rw-p 0043f000 103:07 1521 /system/lib/libart.so
10-09 12:15:50.281: W/art(13980): b4d90000-b4d92000 rw-p 00000000 00:00 0
10-09 12:15:50.281: W/art(13980): b4d92000-b4d93000 r--p 00000000 00:00 0
10-09 12:15:50.281: W/art(13980): b4d93000-b4d94000 r--p 00000000 00:00 0
10-09 12:15:50.281: W/art(13980): b4d94000-b4db4000 r--s 00000000 00:0c 7705 /dev/__properties__
10-09 12:15:50.281: W/art(13980): b4db4000-b4db5000 rw-p 00000000 00:00 0 [anon:linker_alloc_vector]
10-09 12:15:50.281: W/art(13980): b4db5000-b57c7000 r-xp 00000000 103:07 1495 /system/lib/libLLVM.so
10-09 12:15:50.281: W/art(13980): b57c7000-b57c8000 ---p 00000000 00:00 0
10-09 12:15:50.281: W/art(13980): b57c8000-b5811000 r--p 00a12000 103:07 1495 /system/lib/libLLVM.so
10-09 12:15:50.281: W/art(13980): b5811000-b5812000 rw-p 00a5b000 103:07 1495 /system/lib/libLLVM.so
10-09 12:15:50.281: W/art(13980): b5812000-b581a000 rw-p 00000000 00:00 0
10-09 12:15:50.281: W/art(13980): b581a000-b584f000 r-xp 00000000 103:07 1537 /system/lib/libbcinfo.so
10-09 12:15:50.281: W/art(13980): b584f000-b5850000 ---p 00000000 00:00 0
10-09 12:15:50.281: W/art(13980): b5850000-b5851000 r--p 00035000 103:07 1537 /system/lib/libbcinfo.so
10-09 12:15:50.281: W/art(13980): b5851000-b5852000 rw-p 00036000 103:07 1537 /system/lib/libbcinfo.so
10-09 12:15:50.281: W/art(13980): b5852000-b5853000 r--p 00000000 00:00 0 [anon:linker_alloc]
10-09 12:15:50.281: W/art(13980): b5853000-b58ab000 r-xp 00000000 103:07 1536 /system/lib/libbcc.so
10-09 12:15:50.281: W/art(13980): b58ab000-b58ac000 ---p 00000000 00:00 0
10-09 12:15:50.281: W/art(13980): b58ac000-b58ad000 r--p 00058000 103:07 1536 /system/lib/libbcc.so
10-09 12:15:50.281: W/art(13980): b58ad000-b58ae000 rw-p 00059000 103:07 1536 /system/lib/libbcc.so
10-09 12:15:50.281: W/art(13980): b58ae000-b58b8000 r-xp 00000000 103:07 1557 /system/lib/libcommon_time_client.so
10-09 12:15:50.281: W/art(13980): b58b8000-b58bb000 r--p 00009000 103:07 1557 /system/lib/libcommon_time_client.so
10-09 12:15:50.281: W/art(13980): b58bb000-b58bc000 rw-p 0000c000 103:07 1557 /system/lib/libcommon_time_client.so
10-09 12:15:50.281: W/art(13980): b58bc000-b58d4000 r-xp 00000000 103:07 1694 /system/lib/libprotobuf-cpp-lite.so
10-09 12:15:50.281: W/art(13980): b58d4000-b58d5000 r--p 00017000 103:07 1694 /system/lib/libprotobuf-cpp-lite.so
10-09 12:15:50.281: W/art(13980): b58d5000-b58d6000 rw-p 00018000 103:07 1694 /system/lib/libprotobuf-cpp-lite.so
10-09 12:15:50.281: W/art(13980): b58d6000-b58d7000 r--p 00000000 00:00 0
10-09 12:15:50.281: W/art(13980): b58d7000-b58de000 r-xp 00000000 103:07 1733 /system/lib/libstagefright_avc_common.so
10-09 12:15:50.281: W/art(13980): b58de000-b58df000 r--p 00006000 103:07 1733 /system/lib/libstagefright_avc_common.so
10-09 12:15:50.281: W/art(13980): b58df000-b58e0000 rw-p 00007000 103:07 1733 /system/lib/libstagefright_avc_common.so
10-09 12:15:50.281: W/art(13980): b58e0000-b58e3000 r-xp 00000000 103:07 1734 /system/lib/libstagefright_enc_common.so
10-09 12:15:50.281: W/art(13980): b58e3000-b58e4000 r--p 00002000 103:07 1734 /system/lib/libstagefright_enc_common.so
10-09 12:15:50.281: W/art(13980): b58e4000-b58e5000 rw-p 00003000 103:07 1734 /system/lib/libstagefright_enc_common.so
10-09 12:15:50.281: W/art(13980): b58e5000-b58e9000 r-xp 00000000 103:07 1691 /system/lib/libpowermanager.so
10-09 12:15:50.281: W/art(13980): b58e9000-b58ea000 ---p 00000000 00:00 0
10-09 12:15:50.281: W/art(13980): b58ea000-b58eb000 r--p 00004000 103:07 1691 /system/lib/libpowermanager.so
10-09 12:15:50.281: W/art(13980): b58eb000-b58ec000 rw-p 00005000 103:07 1691 /system/lib/libpowermanager.so
10-09 12:15:50.281: W/art(13980): b58ec000-b5908000 r-xp 00000000 103:07 1778 /system/lib/libvorbisidec.so
10-09 12:15:50.281: W/art(13980): b5908000-b5909000 r--p 0001b000 103:07 1778 /system/lib/libvorbisidec.so
10-09 12:15:50.281: W/art(13980): b5909000-b590a000 rw-p 0001c000 103:07 1778 /system/lib/libvorbisidec.so
10-09 12:15:50.281: W/art(13980): b590a000-b590f000 r-xp 00000000 103:07 1760 /system/lib/libstagefright_yuv.so
10-09 12:15:50.281: W/art(13980): b590f000-b5910000 r--p 00004000 103:07 1760 /system/lib/libstagefright_yuv.so
10-09 12:15:50.281: W/art(13980): b5910000-b5911000 rw-p 00005000 103:07 1760 /system/lib/libstagefright_yuv.so
10-09 12:15:50.281: W/art(13980): b5911000-b593f000 r-xp 00000000 103:07 1738 /system/lib/libstagefright_omx.so
10-09 12:15:50.281: W/art(13980): b593f000-b5940000 ---p 00000000 00:00 0
10-09 12:15:50.282: W/art(13980): b5940000-b5943000 r--p 0002e000 103:07 1738 /system/lib/libstagefright_omx.so
10-09 12:15:50.282: W/art(13980): b5943000-b5944000 rw-p 00031000 103:07 1738 /system/lib/libstagefright_omx.so
10-09 12:15:50.282: W/art(13980): b5944000-b5945000 r--p 00000000 00:00 0 [anon:linker_alloc]
10-09 12:15:50.282: W/art(13980): b5945000-b597e000 r-xp 00000000 103:07 1681 /system/lib/libopus.so
10-09 12:15:50.282: W/art(13980): b597e000-b597f000 ---p 00000000 00:00 0
10-09 12:15:50.282: W/art(13980): b597f000-b5980000 r--p 00039000 103:07 1681 /system/lib/libopus.so
10-09 12:15:50.282: W/art(13980): b5980000-b5981000 rw-p 0003a000 103:07 1681 /system/lib/libopus.so
10-09 12:15:50.282: W/art(13980): b5981000-b5988000 r-xp 00000000 103:07 1653 /system/lib/libmediautils.so
10-09 12:15:50.282: W/art(13980): b5988000-b5989000 ---p 00000000 00:00 0
10-09 12:15:50.282: W/art(13980): b5989000-b598a000 r--p 00007000 103:07 1653 /system/lib/libmediautils.so
10-09 12:15:50.282: W/art(13980): b598a000-b598b000 rw-p 00008000 103:07 1653 /system/lib/libmediautils.so
10-09 12:15:50.282: W/art(13980): b598b000-b59a0000 r-xp 00000000 103:07 1569 /system/lib/libdrmframework.so
10-09 12:15:50.282: W/art(13980): b59a0000-b59a1000 ---p 00000000 00:00 0
10-09 12:15:50.282: W/art(13980): b59a1000-b59a4000 r--p 00015000 103:07 1569 /system/lib/libdrmframework.so
10-09 12:15:50.282: W/art(13980): b59a4000-b59a5000 rw-p 00018000 103:07 1569 /system/lib/libdrmframework.so
10-09 12:15:50.282: W/art(13980): b59a5000-b59c3000 r-xp 00000000 103:07 1510 /system/lib/libRScpp.so
10-09 12:15:50.282: W/art(13980): b59c3000-b59c4000 ---p 00000000 00:00 0
10-09 12:15:50.282: W/art(13980): b59c4000-b59c5000 r--p 0001e000 103:07 1510 /system/lib/libRScpp.so
10-09 12:15:50.282: W/art(13980): b59c5000-b59c6000 rw-p 0001f000 103:07 1510 /system/lib/libRScpp.so
10-09 12:15:50.282: W/art(13980): b59c6000-b5a04000 r-xp 00000000 103:07 1507 /system/lib/libRS.so
10-09 12:15:50.282: W/art(13980): b5a04000-b5a05000 ---p 00000000 00:00 0
10-09 12:15:50.282: W/art(13980): b5a05000-b5a07000 r--p 0003e000 103:07 1507 /system/lib/libRS.so
10-09 12:15:50.282: W/art(13980): b5a07000-b5a08000 rw-p 00040000 103:07 1507 /system/lib/libRS.so
10-09 12:15:50.282: W/art(13980): b5a08000-b5a0f000 r-xp 00000000 103:07 1727 /system/lib/libspeexresampler.so
10-09 12:15:50.282: W/art(13980): b5a0f000-b5a10000 r--p 00006000 103:07 1727 /system/lib/libspeexresampler.so
10-09 12:15:50.282: W/art(13980): b5a10000-b5a11000 rw-p 00007000 103:07 1727 /system/lib/libspeexresampler.so
10-09 12:15:50.282: W/art(13980): b5a11000-b5a1a000 r-xp 00000000 103:07 1673 /system/lib/libnbaio.so
10-09 12:15:50.282: W/art(13980): b5a1a000-b5a1b000 r--p 00008000 103:07 1673 /system/lib/libnbaio.so
10-09 12:15:50.282: W/art(13980): b5a1b000-b5a1c000 rw-p 00009000 103:07 1673 /system/lib/libnbaio.so
10-09 12:15:50.282: W/art(13980): b5a1c000-b5a2e000 r-xp 00000000 103:07 1685 /system/lib/libpcre.so
10-09 12:15:50.282: W/art(13980): b5a2e000-b5a2f000 r--p 00011000 103:07 1685 /system/lib/libpcre.so
10-09 12:15:50.282: W/art(13980): b5a2f000-b5a30000 rw-p 00012000 103:07 1685 /system/lib/libpcre.so
10-09 12:15:50.282: W/art(13980): b5a30000-b5a35000 r-xp 00000000 103:07 1785 /system/lib/libwpa_client.so
10-09 12:15:50.282: W/art(13980): b5a35000-b5a36000 r--p 00004000 103:07 1785 /system/lib/libwpa_client.so
10-09 12:15:50.282: W/art(13980): b5a36000-b5a37000 rw-p 00005000 103:07 1785 /system/lib/libwpa_client.so
10-09 12:15:50.282: W/art(13980): b5a37000-b5a39000 r--p 00000000 00:00 0 [anon:linker_alloc]
10-09 12:15:50.282: W/art(13980): b5a39000-b5aa7000 r-xp 00000000 103:07 1491 /system/lib/libGLES_trace.so
10-09 12:15:50.282: W/art(13980): b5aa7000-b5aa9000 r--p 0006d000 103:07 1491 /system/lib/libGLES_trace.so
10-09 12:15:50.282: W/art(13980): b5aa9000-b5aaa000 rw-p 0006f000 103:07 1491 /system/lib/libGLES_trace.so
10-09 12:15:50.282: W/art(13980): b5aaa000-b5ae0000 r-xp 00000000 103:07 2947 /system/vendor/lib/libqc-opt.so
10-09 12:15:50.282: W/art(13980): b5ae0000-b5ae1000 r--p 00035000 103:07 2947 /system/vendor/lib/libqc-opt.so
10-09 12:15:50.282: W/art(13980): b5ae1000-b5ae2000 rw-p 00036000 103:07 2947 /system/vendor/lib/libqc-opt.so
10-09 12:15:50.282: W/art(13980): b5ae2000-b5b46000 r-xp 00000000 103:07 1610 /system/lib/libft2.so
10-09 12:15:50.282: W/art(13980): b5b46000-b5b48000 r--p 00063000 103:07 1610 /system/lib/libft2.so
10-09 12:15:50.282: W/art(13980): b5b48000-b5b49000 rw-p 00065000 103:07 1610 /system/lib/libft2.so
10-09 12:15:50.282: W/art(13980): b5b49000-b5b6e000 r-xp 00000000 103:07 1689 /system/lib/libpng.so
10-09 12:15:50.282: W/art(13980): b5b6e000-b5b6f000 r--p 00024000 103:07 1689 /system/lib/libpng.so
10-09 12:15:50.282: W/art(13980): b5b6f000-b5b70000 rw-p 00025000 103:07 1689 /system/lib/libpng.so
10-09 12:15:50.284: W/art(13980): b5b70000-b5b73000 r-xp 00000000 103:07 1766 /system/lib/libsync.so
10-09 12:15:50.284: W/art(13980): b5b73000-b5b74000 r--p 00002000 103:07 1766 /system/lib/libsync.so
10-09 12:15:50.284: W/art(13980): b5b74000-b5b75000 rw-p 00003000 103:07 1766 /system/lib/libsync.so
10-09 12:15:50.284: W/art(13980): b5b75000-b5b7a000 r-xp 00000000 103:07 1762 /system/lib/libstdc++.so
10-09 12:15:50.284: W/art(13980): b5b7a000-b5b7b000 r--p 00004000 103:07 1762 /system/lib/libstdc++.so
10-09 12:15:50.284: W/art(13980): b5b7b000-b5b7c000 rw-p 00005000 103:07 1762 /system/lib/libstdc++.so
10-09 12:15:50.284: W/art(13980): b5b7c000-b5b8c000 r-xp 00000000 103:07 1774 /system/lib/libunwind.so
10-09 12:15:50.284: W/art(13980): b5b8c000-b5b8d000 r--p 0000f000 103:07 1774 /system/lib/libunwind.so
10-09 12:15:50.284: W/art(13980): b5b8d000-b5b8e000 rw-p 00010000 103:07 1774 /system/lib/libunwind.so
10-09 12:15:50.284: W/art(13980): b5b8e000-b5bd4000 rw-p 00000000 00:00 0
10-09 12:15:50.284: W/art(13980): b5bd4000-b5bdd000 r-xp 00000000 103:07 1535 /system/lib/libbase.so
10-09 12:15:50.284: W/art(13980): b5bdd000-b5bde000 r--p 00008000 103:07 1535 /system/lib/libbase.so
10-09 12:15:50.284: W/art(13980): b5bde000-b5bdf000 rw-p 00009000 103:07 1535 /system/lib/libbase.so
10-09 12:15:50.284: W/art(13980): b5bdf000-b5be4000 r-xp 00000000 103:07 1595 /system/lib/libeffects.so
10-09 12:15:50.284: W/art(13980): b5be4000-b5be5000 r--p 00004000 103:07 1595 /system/lib/libeffects.so
10-09 12:15:50.284: W/art(13980): b5be5000-b5be6000 rw-p 00005000 103:07 1595 /system/lib/libeffects.so
10-09 12:15:50.284: W/art(13980): b5be6000-b5be7000 r--p 00000000 00:00 0 [anon:linker_alloc]
10-09 12:15:50.284: W/art(13980): b5be7000-b5bea000 r-xp 00000000 103:07 1736 /system/lib/libstagefright_http_support.so
10-09 12:15:50.284: W/art(13980): b5bea000-b5beb000 ---p 00000000 00:00 0
10-09 12:15:50.284: W/art(13980): b5beb000-b5bec000 r--p 00003000 103:07 1736 /system/lib/libstagefright_http_support.so
10-09 12:15:50.284: W/art(13980): b5bec000-b5bed000 rw-p 00004000 103:07 1736 /system/lib/libstagefright_http_support.so
10-09 12:15:50.284: W/art(13980): b5bed000-b5c05000 r-xp 00000000 103:07 1735 /system/lib/libstagefright_foundation.so
10-09 12:15:50.284: W/art(13980): b5c05000-b5c06000 ---p 00000000 00:00 0
10-09 12:15:50.284: W/art(13980): b5c06000-b5c07000 r--p 00018000 103:07 1735 /system/lib/libstagefright_foundation.so
10-09 12:15:50.284: W/art(13980): b5c07000-b5c08000 rw-p 00019000 103:07 1735 /system/lib/libstagefright_foundation.so
10-09 12:15:50.284: W/art(13980): b5c08000-b5d67000 r-xp 00000000 103:07 1731 /system/lib/libstagefright.so
10-09 12:15:50.284: W/art(13980): b5d67000-b5d68000 ---p 00000000 00:00 0
10-09 12:15:50.284: W/art(13980): b5d68000-b5d74000 r--p 0015f000 103:07 1731 /system/lib/libstagefright.so
10-09 12:15:50.285: W/art(13980): b5d74000-b5d75000 rw-p 0016b000 103:07 1731 /system/lib/libstagefright.so
10-09 12:15:50.285: W/art(13980): b5d75000-b5ddc000 r-xp 00000000 103:07 1620 /system/lib/libhwui.so
10-09 12:15:50.285: W/art(13980): b5ddc000-b5ddd000 ---p 00000000 00:00 0
10-09 12:15:50.285: W/art(13980): b5ddd000-b5de0000 r--p 00067000 103:07 1620 /system/lib/libhwui.so
10-09 12:15:50.285: W/art(13980): b5de0000-b5de1000 rw-p 0006a000 103:07 1620 /system/lib/libhwui.so
10-09 12:15:50.285: W/art(13980): b5de1000-b5de4000 r-xp 00000000 103:07 1704 /system/lib/libradio_metadata.so
10-09 12:15:50.285: W/art(13980): b5de4000-b5de5000 r--p 00002000 103:07 1704 /system/lib/libradio_metadata.so
10-09 12:15:50.285: W/art(13980): b5de5000-b5de6000 rw-p 00003000 103:07 1704 /system/lib/libradio_metadata.so
10-09 12:15:50.285: W/art(13980): b5de6000-b5dea000 r-xp 00000000 103:07 1671 /system/lib/libnativebridge.so
10-09 12:15:50.285: W/art(13980): b5dea000-b5deb000 r--p 00003000 103:07 1671 /system/lib/libnativebridge.so
10-09 12:15:50.285: W/art(13980): b5deb000-b5dec000 rw-p 00004000 103:07 1671 /system/lib/libnativebridge.so
10-09 12:15:50.285: W/art(13980): b5dec000-b5df0000 r-xp 00000000 103:07 1693 /system/lib/libprocessgroup.so
10-09 12:15:50.285: W/art(13980): b5df0000-b5df1000 r--p 00003000 103:07 1693 /system/lib/libprocessgroup.so
10-09 12:15:50.285: W/art(13980): b5df1000-b5df2000 rw-p 00004000 103:07 1693 /system/lib/libprocessgroup.so
10-09 12:15:50.285: W/art(13980): b5df2000-b5e00000 r-xp 00000000 103:07 1656 /system/lib/libminikin.so
10-09 12:15:50.285: W/art(13980): b5e00000-b5e01000 ---p 00000000 00:00 0
10-09 12:15:50.285: W/art(13980): b5e01000-b5e02000 r--p 0000e000 103:07 1656 /system/lib/libminikin.so
10-09 12:15:50.285: W/art(13980): b5e02000-b5e03000 rw-p 0000f000 103:07 1656 /system/lib/libminikin.so
10-09 12:15:50.285: W/art(13980): b5e03000-b5e0d000 r-xp 00000000 103:07 1724 /system/lib/libsoundtrigger.so
10-09 12:15:50.285: W/art(13980): b5e0d000-b5e10000 r--p 00009000 103:07 1724 /system/lib/libsoundtrigger.so
10-09 12:15:50.285: W/art(13980): b5e10000-b5e11000 rw-p 0000c000 103:07 1724 /system/lib/libsoundtrigger.so
10-09 12:15:50.285: W/art(13980): b5e11000-b5e12000 r--p 00000000 00:00 0 [anon:linker_alloc]
10-09 12:15:50.285: W/art(13980): b5e12000-b5e1c000 r-xp 00000000 103:07 1703 /system/lib/libradio.so
10-09 12:15:50.285: W/art(13980): b5e1c000-b5e1f000 r--p 00009000 103:07 1703 /system/lib/libradio.so
10-09 12:15:50.285: W/art(13980): b5e1f000-b5e20000 rw-p 0000c000 103:07 1703 /system/lib/libradio.so
10-09 12:15:50.285: W/art(13980): b5e20000-b5e24000 r-xp 00000000 103:07 1674 /system/lib/libnetd_client.so
10-09 12:15:50.285: W/art(13980): b5e24000-b5e25000 r--p 00003000 103:07 1674 /system/lib/libnetd_client.so
10-09 12:15:50.285: W/art(13980): b5e25000-b5e26000 rw-p 00004000 103:07 1674 /system/lib/libnetd_client.so
10-09 12:15:50.285: W/art(13980): b5e26000-b5e33000 r-xp 00000000 103:07 1623 /system/lib/libimg_utils.so
10-09 12:15:50.285: W/art(13980): b5e33000-b5e35000 r--p 0000c000 103:07 1623 /system/lib/libimg_utils.so
10-09 12:15:50.285: W/art(13980): b5e35000-b5e36000 rw-p 0000e000 103:07 1623 /system/lib/libimg_utils.so
10-09 12:15:50.285: W/art(13980): b5e36000-b6234000 r-xp 00000000 103:07 1686 /system/lib/libpdfium.so
10-09 12:15:50.285: W/art(13980): b6234000-b6235000 ---p 00000000 00:00 0
10-09 12:15:50.285: W/art(13980): b6235000-b623e000 r--p 003fe000 103:07 1686 /system/lib/libpdfium.so
10-09 12:15:50.285: W/art(13980): b623e000-b6242000 rw-p 00407000 103:07 1686 /system/lib/libpdfium.so
10-09 12:15:50.285: W/art(13980): b6242000-b6243000 rw-p 00000000 00:00 0
10-09 12:15:50.285: W/art(13980): b6243000-b624a000 r-xp 00000000 103:07 1532 /system/lib/libaud
10-09 12:15:50.285: W/art(13980): ioutils.so
10-09 12:15:50.285: W/art(13980): b624a000-b624b000 r--p 00006000 103:07 1532 /system/lib/libaudioutils.so
10-09 12:15:50.285: W/art(13980): b624b000-b624c000 rw-p 00007000 103:07 1532 /system/lib/libaudioutils.so
10-09 12:15:50.285: W/art(13980): b624c000-b6266000 r-xp 00000000 103:07 1787 /system/lib/libz.so
10-09 12:15:50.285: W/art(13980): b6266000-b6267000 r--p 00019000
10-09 12:15:50.285: W/art(13980): 103:07 1787 /system/lib/libz.so
10-09 12:15:50.285: W/art(13980): b6267000-b6268000 rw-p 0001a000 103:07 1787 /system/lib/libz.so
10-09 12:15:50.285: W/art(13980): b6268000-b62b1000 r-xp 00000000 103:07 1617 /system/lib/libharfbuzz_ng.so
10-09 12:15:50.285: W/art(13980): b62b1000-b62b2000 ---p 00000000 00:00 0
10-09 12:15:50.285: W/art(13980): b62b2000-b62b3000 r--p 00049000 103:07 1617 /system/lib/libhar
10-09 12:15:50.285: W/art(13980): fbuzz_ng.so
10-09 12:15:50.285: W/art(13980): b62b3000-b62b4000 rw-p 0004a000 103:07 1617 /system/lib/libharfbuzz_ng.so
10-09 12:15:50.285: W/art(13980): b62b4000-b62b5000 rw-p 00000000 00:00 0 [anon:linker_alloc]
10-09 12:15:50.285: W/art(13980): b62b5000-b62ba000 r-xp 00000000 103:07 1775 /system/lib/libusbhost.so
10-09 12:15:50.285: W/art(13980): b62ba000-b62bb000 r--p 00004000 1
10-09 12:15:50.285: W/art(13980): 03:07 1775 /system/lib/libusbhost.so
10-09 12:15:50.286: W/art(13980): b62bb000-b62bc000 rw-p 00005000 103:07 1775 /system/lib/libusbhost.so
10-09 12:15:50.286: W/art(13980): b62bc000-b62f2000 r-xp 00000000 103:07 1632 /system/lib/libjpeg.so
10-09 12:15:50.286: W/art(13980): b62f2000-b62f3000 r--p 00035000 103:07 1632 /system/lib/libjpeg.so
10-09 12:15:50.286: W/art(13980): b62f3000-b62f4000 rw-p 00036000 103:07 1632 /system/lib/libjpeg.so
10-09 12:15:50.286: W/art(13980): b62f4000-b62f5000 r--p 00000000 00:00 0 [anon:linker_alloc]
10-09 12:15:50.286: W/art(13980): b62f5000-b6386000 r-xp 00000000 103:07 1648 /system/lib/libmedia.so
10-09 12:15:50.286: W/art(13980): b6386000-b6387000 ---p 00000000 00:00 0
10-09 12:15:50.286: W/art(13980): b6387000-b63a3000 r--p 00091000 103:07 1648 /system/lib/libmedia.so
10-09 12:15:50.286: W/art(13980): b63a3000-b63a4000 rw-p 000ad000 103:07 1648 /system/lib/libmedia.so
10-09 12:15:50.286: W/art(13980): b63a4000-b6509000 r-xp 00000000 103:07 1621 /system/lib/libicui18n.so
10-09 12:15:50.286: W/art(13980): b6509000-b650a000 ---p 00000000 00:00 0
10-09 12:15:50.286: W/art(13980): b650a000-b6515000 r--p 00165000 103:07 1621 /system/lib/libicui18n.so
10-09 12:15:50.286: W/art(13980): b6515000-b6516000 rw-p 00170000 103:07 1621 /system/lib/libicui18n.so
10-09 12:15:50.286: W/art(13980): b6516000-b6625000 r-xp 00000000 103:07 1622 /system/lib/libicuuc.so
10-09 12:15:50.286: W/art(13980): b6625000-b6630000 r--p 0010e000 103:07 1622 /system/lib/libicuuc.so
10-09 12:15:50.286: W/art(13980): b6630000-b6631000 rw-p 00119000 103:07 1622 /system/lib/libicuuc.so
10-09 12:15:50.286: W/art(13980): b6631000-b6635000 rw-p 00000000 00:00 0
10-09 12:15:50.286: W/art(13980): b6635000-b6658000 r-xp 00000000 103:07 1730 /system/lib/libssl.so
10-09 12:15:50.286: W/art(13980): b6658000-b665a000 r--p 00022000 103:07 1730 /system/lib/libssl.so
10-09 12:15:50.286: W/art(13980): b665a000-b665b000 rw-p 00024000 103:07 1730 /system/lib/libssl.so
10-09 12:15:50.286: W/art(13980): b665b000-b66eb000 r-xp 00000000 103:07 1560
10-09 12:15:50.286: W/art(13980): /system/lib/libcrypto.so
10-09 12:15:50.286: W/art(13980): b66eb000-b66ec000 ---p 00000000 00:00 0
10-09 12:15:50.286: W/art(13980): b66ec000-b66f7000 r--p 00090000 103:07 1560 /system/lib/libcrypto.so
10-09 12:15:50.286: W/art(13980): b66f7000-b66f8000 rw-p 0009b000 103:07 1560 /system/lib/libcrypto.so
10-09 12:15:50.286: W/art(13980): b66f8000-b674a000 r-xp 00000000 103:07 1722 /system/lib/libson
10-09 12:15:50.286: W/art(13980): ivox.so
10-09 12:15:50.286: W/art(13980): b674a000-b674b000 ---p 00000000 00:00 0
10-09 12:15:50.286: W/art(13980): b674b000-b674c000 r--p 00052000 103:07 1722 /system/lib/libsonivox.so
10-09 12:15:50.286: W/art(13980): b674c000-b674d000 rw-p 00053000 103:07 1722 /system/lib/libsonivox.so
10-09 12:15:50.286: W/art(13980): b674d000-b6752000 rw-p 00000000 00:00 0
10-09 12:15:50.286: W/art(13980): b6752000-b6761000 r-xp 0
10-09 12:15:50.286: W/art(13980): 0000000 103:07 1713 /system/lib/libselinux.so
10-09 12:15:50.286: W/art(13980): b6761000-b6762000 r--p 0000e000 103:07 1713 /system/lib/libselinux.so
10-09 12:15:50.286: W/art(13980): b6762000-b6763000 rw-p 0000f000 103:07 1713 /system/lib/libselinux.so
10-09 12:15:50.286: W/art(13980): b6763000-b676a000 r-xp 00000000 103:07 1616 /system/lib/libhardware_legacy.so
10-09 12:15:50.286: W/art(13980): b676a000-b676b000 ---p 00000000 00:00 0
10-09 12:15:50.286: W/art(13980): b676b000-b676c000 r--p 00007000 103:07 1616 /system/lib/libhardware_legacy.so
10-09 12:15:50.286: W/art(13980): b676c000-b676d000 rw-p 00008000 103:07 1616 /system/lib/libhardware_legacy.so
10-09 12:15:50.286: W/art(13980): b676d000-b676e000 rw-p 00000000 00:00 0
10-09 12:15:50.286: W/art(13980): b676e000-b6771000 r-xp 00000000 103:07 1615
10-09 12:15:50.286: W/art(13980): /system/lib/libhardware.so
10-09 12:15:50.286: W/art(13980): b6771000-b6772000 r--p 00002000 103:07 1615 /system/lib/libhardware.so
10-09 12:15:50.286: W/art(13980): b6772000-b6773000 rw-p 00003000 103:07 1615 /system/lib/libhardware.so
10-09 12:15:50.286: W/art(13980): b6773000-b6777000 r-xp 00000000 103:07 1489 /system/lib/libETC1.so
10-09 12:15:50.286: W/art(13980): b6777000-b6778000 r--p 00003000
10-09 12:15:50.286: W/art(13980): 103:07 1489 /system/lib/libETC1.so
10-09 12:15:50.286: W/art(13980): b6778000-b6779000 rw-p 00004000 103:07 1489 /system/lib/libETC1.so
10-09 12:15:50.286: W/art(13980): b6779000-b6786000 r-xp 00000000 103:07 1493 /system/lib/libGLESv2.so
10-09 12:15:50.286: W/art(13980): b6786000-b6787000 r--p 0000c000 103:07 1493 /system/lib/libGLESv2.so
10-09 12:15:50.286: W/art(13980): b6787000-b6788000 rw-p 0000d000 103:07 1493 /system/lib/libGLESv2.so
10-09 12:15:50.286: W/art(13980): b6788000-b6790000 r-xp 00000000 103:07 1492 /system/lib/libGLESv1_CM.so
10-09 12:15:50.286: W/art(13980): b6790000-b6791000 r--p 00007000 103:07 1492 /system/lib/libGLESv1_CM.so
10-09 12:15:50.286: W/art(13980): b6791000-b6792000 rw-p 00008000 103:07 1492 /system/lib/libGLESv1_CM.so
10-09 12:15:50.286: W/art(13980): b6792000-b67ee000 r-xp 00000000 103:07 1488 /system/lib/libEGL.so
10-09 12:15:50.287: W/art(13980): b67ee000-b67ef000 ---p 00000000 00:00 0
10-09 12:15:50.287: W/art(13980): b67ef000-b67f1000 r--p 0005c000 103:07 1488 /system/lib/libEGL.so
10-09 12:15:50.287: W/art(13980): b67f1000-b67fa000 rw-p 0005e000 103:07 1488 /system/lib/libEGL.so
10-09 12:15:50.287: W/art(13980): b67fa000-b67fd000 rw-p 00000000 00:00 0
10-09 12:15:50.287: W/art(13980): b67fd000-b68cc000 r-xp 00000000 103:07 1728 /system/lib/libsqlite.so
10-09 12:15:50.287: W/art(13980): b68cc000-b68ce000 r--p 000ce000 103:07 1728 /system/lib/libsqlite.so
10-09 12:15:50.287: W/art(13980): b68ce000-b68cf000 rw-p 000d0000 103:07 1728 /system/lib/libsqlite.so
10-09 12:15:50.287: W/art(13980): b68cf000-b6b29000 r-xp 00000000 103:07 1717 /system/lib/libskia.so
10-09 12:15:50.287: W/art(13980): b6b29000-b6b2a000 ---p 00000000 00:00 0
10-09 12:15:50.287: W/art(13980): b6b2a000-b6b44000 r--p 0025a000 103:07 1717 /system/lib/libskia.so
10-09 12:15:50.287: W/art(13980): b6b44000-b6b46000 rw-p 00274000 103:07 1717 /system/lib/libskia.so
10-09 12:15:50.287: W/art(13980): b6b46000-b6b4b000 rw-p 00000000 00:00 0
10-09 12:15:50.287: W/art(13980): b6b4b000-b6b53000 r-xp 00000000 103:07 1547 /system/lib/libcamera_
10-09 12:15:50.287: W/art(13980): metadata.so
10-09 12:15:50.287: W/art(13980): b6b53000-b6b54000 ---p 00000000 00:00 0
10-09 12:15:50.287: W/art(13980): b6b54000-b6b55000 r--p 00008000 103:07 1547 /system/lib/libcamera_metadata.so
10-09 12:15:50.287: W/art(13980): b6b55000-b6b56000 rw-p 00009000 103:07 1547 /system/lib/libcamera_metadata.so
10-09 12:15:50.287: W/art(13980): b6b56000-b6b7a000 r-xp 00000000 103:07 1546
10-09 12:15:50.287: W/art(13980): /system/lib/libcamera_client.so
10-09 12:15:50.287: W/art(13980): b6b7a000-b6b7b000 ---p 00000000 00:00 0
10-09 12:15:50.287: W/art(13980): b6b7b000-b6b82000 r--p 00024000 103:07 1546 /system/lib/libcamera_client.so
10-09 12:15:50.287: W/art(13980): b6b82000-b6b83000 rw-p 0002b000 103:07 1546 /system/lib/libcamera_client.so
10-09 12:15:50.287: W/art(13980): b6b83000-b6bbf000 r-xp 00000000 103:07 1625 /sys
10-09 12:15:50.287: W/art(13980): tem/lib/libinputflinger.so
10-09 12:15:50.287: W/art(13980): b6bbf000-b6bc2000 r--p 0003b000 103:07 1625 /system/lib/libinputflinger.so
10-09 12:15:50.287: W/art(13980): b6bc2000-b6bc3000 rw-p 0003e000 103:07 1625 /system/lib/libinputflinger.so
10-09 12:15:50.287: W/art(13980): b6bc3000-b6bdd000 r-xp 00000000 103:07 1624 /system/lib/libinput.so
10-09 12:15:50.287: W/art(13980): b6bdd000-b6be1000 r--p 00019000 103:07 1624 /system/lib/libinput.so
10-09 12:15:50.287: W/art(13980): b6be1000-b6be2000 rw-p 0001d000 103:07 1624 /system/lib/libinput.so
10-09 12:15:50.287: W/art(13980): b6be2000-b6c2f000 r-xp 00000000 103:07 1614 /system/lib/libgui.so
10-09 12:15:50.287: W/art(13980): b6c2f000-b6c3b000 r--p 0004c000 103:07 1614 /system/lib/libgui.so
10-09 12:15:50.287: W/art(13980): b6c3b000-b6c3c000 rw-p 00058000 103:07 1614 /system/lib/libgui.so
10-09 12:15:50.287: W/art(13980): b6c3c000-b6c49000 r-xp 00000000 103:07 1773 /system/lib/libui.so
10-09 12:15:50.287: W/art(13980): b6c49000-b6c4a000 ---p 00000000 00:00 0
10-09 12:15:50.287: W/art(13980): b6c4a000-b6c4b000 r--p 0000d000 103:07 1773 /system/lib/libui.so
10-09 12:15:50.287: W/art(13980): b6c4b000-b6c4c000 rw-p 0000e000 103:07 1773 /system/lib/libui.so
10-09 12:15:50.287: W/art(13980): b6c4c000-b6c53000 r-xp 00000000 103:07 1676 /system/lib/libnetutils.so
10-09 12:15:50.287: W/art(13980): b6c53000-b6c54000 r--p 00006000 103:07 1676 /system/lib/libnetutils.so
10-09 12:15:50.287: W/art(13980): b6c54000-b6c55000 rw-p 00007000 103:07 1676 /system/lib/libnetutils.so
10-09 12:15:50.287: W/art(13980): b6c55000-b6c5c000 r-xp 00000000 103:07 1672 /system/lib/libnativehelper.so
10-09 12:15:50.287: W/art(13980): b6c5c000-b6c5d000 r--p 00006000 103:07 1672 /system/lib/libnativehelper.so
10-09 12:15:50.287: W/art(13980): b6c5d000-b6c5e000 rw-p 00007000 103:07 1672 /system/lib/libnativehelper.so
10-09 12:15:50.287: W/art(13980): b6c5e000-b6c72000 r-xp 00000000 103:07 1597 /system/lib/libexpat.so
10-09 12:15:50.287: W/art(13980): b6c72000-b6c74000 r--p 00013000 103:07 1597 /system/lib/libexpat.so
10-09 12:15:50.287: W/art(13980): b6c74000-b6c75000 rw-p 00015000 103:07 1597 /system/lib/libexpat.so
10-09 12:15:50.287: W/art(13980): b6c75000-b6c9c000 r-xp 00000000 103:07 1517 /system/lib/libandroidfw.so
10-09 12:15:50.287: W/art(13980): b6c9c000-b6c9d000 ---p 00000000 00:00 0
10-09 12:15:50.287: W/art(13980): b6c9d000-b6c9e000 r--p 00027000 103:07 1517 /system/lib/libandroidfw.so
10-09 12:15:50.287: W/art(13980): b6c9e000-b6c9f000 rw-p 00028000 103:07 1517 /system/lib/libandroidfw.so
10-09 12:15:50.287: W/art(13980): b6c9f000-b6ca2000 r-xp 00000000 103:07 1655 /system/lib/libmemtrack.so
10-09 12:15:50.287: W/art(13980): b6ca2000-b6ca3000 r--p 00002000 103:07 1655 /system/lib/libmemtrack.so
10-09 12:15:50.287: W/art(13980): b6ca3000-b6ca4000 rw-p 00003000 103:07 1655 /system/lib/libmemtrack.so
10-09 12:15:50.287: W/art(13980): b6ca4000-b6cad000 r-xp 00000000 103:07 1534 /system/lib/libbacktrace.so
10-09 12:15:50.287: W/art(13980): b6cad000-b6cae000 r--p 00008000 103:07 1534 /system/lib/libbacktrace.so
10-09 12:15:50.287: W/art(13980): b6cae000-b6caf000 rw-p 00009000 103:07 1534 /system/lib/libbacktrace.so
10-09 12:15:50.287: W/art(13980): b6caf000-b6cce000 r-xp 00000000 103:07 1645 /system/lib/libm.so
10-09 12:15:50.288: W/art(13980): b6cce000-b6ccf000 ---p 00000000 00:00 0
10-09 12:15:50.288: W/art(13980): b6ccf000-b6cd0000 r--p 0001f000 103:07 1645 /system/lib/libm.so
10-09 12:15:50.288: W/art(13980): b6cd0000-b6cd1000 rw-p 00020000 103:07 1645 /system/lib/libm.so
10-09 12:15:50.288: W/art(13980): b6cd1000-b6d2d000 r-xp 00000000 103:07 1544 /system/lib/libc.so
10-09 12:15:50.288: W/art(13980): b6d2d000-b6d2e000 ---p 00000000 00:00 0
10-09 12:15:50.288: W/art(13980): b6d2e000-b6d31000 r--p 0005c000 103:07 1544 /system/lib/libc.so
10-09 12:15:50.288: W/art(13980): b6d31000-b6d34000 rw-p 0005f000 103:07 1544 /system/lib/libc.so
10-09 12:15:50.288: W/art(13980): b6d34000-b6d3d000 rw-p 00000000 00:00 0
10-09 12:15:50.288: W/art(13980): b6d3d000-b6dc6000 r-xp 00000000 103:07 1543 /system/lib/libc++.so
10-09 12:15:50.288: W/art(13980): b6dc6000-b6dca000 r--p 00088000 103:07 1543 /system/lib/libc++.so
10-09 12:15:50.288: W/art(13980): b6dca000-b6dcb000 rw-p 0008c000 103:07 1543 /system/lib/libc++.so
10-09 12:15:50.288: W/art(13980): b6dcb000-b6dcc000 rw-p 00000000 00:00 0
10-09 12:15:50.288: W/art(13980): b6dcc000-b6df4000 r-xp 00000000 103:07 1784 /system/lib/libwilhelm.so
10-09 12:15:50.288: W/art(13980): b6df4000-b6df5000 ---p 00000000 00:00 0
10-09 12:15:50.288: W/art(13980): b6df5000-b6df8000 r--p 00028000 103:07 1784 /system/lib/libwilhelm.so
10-09 12:15:50.288: W/art(13980): b6df8000-b6df9000 rw-p 0002b000 103:07 1784 /system/lib/libwilhelm.so
10-09 12:15:50.288: W/art(13980): b6df9000-b6eca000 r-xp 00000000 103:07 1515 /system/lib/libandroid_runtime.so
10-09 12:15:50.288: W/art(13980): b6eca000-b6ecb000 ---p 00000000 00:00 0
10-09 12:15:50.288: W/art(13980): b6ecb000-b6ed2000 r--p 000d1000 103:07 1515 /system/lib/libandroid_runtime.so
10-09 12:15:50.288: W/art(13980): b6ed2000-b6eda000 rw-p 000d8000 103:07 1515 /system/lib/libandroid_runtime.so
10-09 12:15:50.288: W/art(13980): b6eda000-b6edb000 rw-p 00000000 00:00 0 [anon:linker_alloc_vector]
10-09 12:15:50.288: W/art(13980): b6edb000-b6edf000 r--p 00000000 00:00 0 [anon:linker_alloc]
10-09 12:15:50.288: W/art(13980): b6edf000-b6f05000 r-xp 00000000 103:07 1538 /system/lib/libbinder.so
10-09 12:15:50.288: W/art(13980): b6f05000-b6f0c000 r--p 00025000 103:07 1538 /system/lib/libbinder.so
10-09 12:15:50.288: W/art(13980): b6f0c000-b6f0d000 rw-p 0002c000 103:07 1538 /system/lib/libbinder.so
10-09 12:15:50.288: W/art(13980): b6f0d000-b6f15000 r-xp 00000000 103:07 1643 /system/lib/liblog.so
10-09 12:15:50.288: W/art(13980): b6f15000-b6f16000 r--p 00007000 103:07 1643 /system/lib/liblog.so
10-09 12:15:50.288: W/art(13980): b6f16000-b6f17000 rw-p 00008000 103:07 1643 /system/lib/liblog.so
10-09 12:15:50.288: W/art(13980): b6f17000-b6f2f000 r-xp 00000000 103:07 1776 /system/lib/libutils.so
10-09 12:15:50.288: W/art(13980): b6f2f000-b6f30000 ---p 00000000 00:00 0
10-09 12:15:50.288: W/art(13980): b6f30000-b6f31000 r--p 00018000 103:07 1776 /system/lib/libutils.so
10-09 12:15:50.288: W/art(13980): b6f31000-b6f32000 rw-p 00019000 103:07 1776 /system/lib/libutils.so
10-09 12:15:50.288: W/art(13980): b6f32000-b6f41000 r-xp 00000000 103:07 1561 /system/lib/libcutils.so
10-09 12:15:50.288: W/art(13980): b6f41000-b6f42000 ---p 00000000 00:00 0
10-09 12:15:50.288: W/art(13980): b6f42000-b6f43000 r--p 0000f000 103:07 1561 /system/lib/libcutils.so
10-09 12:15:50.288: W/art(13980): b6f43000-b6f44000 rw-p 00010000 103:07 1561 /system/lib/libcutils.so
10-09 12:15:50.288: W/art(13980): b6f44000-b6f45000 rw-p 00000000 00:00 0 [anon:linker_alloc_vector]
10-09 12:15:50.288: W/art(13980): b6f45000-b6f46000 rw-p 00000000 00:00 0 [anon:linker_alloc_64]
10-09 12:15:50.288: W/art(13980): b6f46000-b6f47000 r--p 00000000 00:00 0 [anon:linker_alloc]
10-09 12:15:50.288: W/art(13980): b6f47000-b6f48000 rw-p 00000000 00:00 0 [anon:linker_alloc]
10-09 12:15:50.288: W/art(13980): b6f48000-b6f49000 rw-p 00000000 00:00 0 [anon:linker_alloc_vector]
10-09 12:15:50.288: W/art(13980): b6f49000-b6f4a000 rw-p 00000000 00:00 0 [anon:linker_alloc_32]
10-09 12:15:50.288: W/art(13980): b6f4a000-b6f4b000 r--p 00000000 00:00 0 [anon:linker_alloc]
10-09 12:15:50.288: W/art(13980): b6f4b000-b6f6b000 r--s 00000000 00:0c 7705 /dev/__properties__
10-09 12:15:50.288: W/art(13980): b6f6b000-b6f6c000 r--p 00000000 00:00 0
10-09 12:15:50.288: W/art(13980): b6f6c000-b6f6d000 ---p 00000000 00:00 0
10-09 12:15:50.288: W/art(13980): b6f6d000-b6f6f000 rw-p 00000000 00:00 0 [anon:thread signal stack]
10-09 12:15:50.288: W/art(13980): b6f6f000-b6f8b000 r-xp 00000000 103:07 516 /system/bin/linker
10-09 12:15:50.288: W/art(13980): b6f8b000-b6f8c000 r-xp 00000000 00:00 0 [sigpage]
10-09 12:15:50.288: W/art(13980): b6f8c000-b6f8d000 r--p 0001c000 103:07 516 /system/bin/linker
10-09 12:15:50.288: W/art(13980): b6f8d000-b6f8f000 rw-p 0001d000 103:07 516 /system/bin/linker
10-09 12:15:50.288: W/art(13980): b6f8f000-b6f91000 rw-p 00000000 00:00 0
10-09 12:15:50.288: W/art(13980): b6f91000-b6f96000 r-xp 00000000 103:07 373 /system/bin/app_process32
10-09 12:15:50.288: W/art(13980): b6f96000-b6f97000 r--p 00004000 103:07 373 /system/bin/app_process32
10-09 12:15:50.289: W/art(13980): b6f97000-b6f98000 rw-p 00000000 00:00 0
10-09 12:15:50.289: W/art(13980): b82bb000-b82ed000 rw-p 00000000 00:00 0 [heap]
10-09 12:15:50.289: W/art(13980): be4b7000-becb6000 rw-p 00000000 00:00 0 [stack]
10-09 12:15:50.289: W/art(13980): ffff0000-ffff1000 r-xp 00000000 00:00 0 [vectors]
10-09 12:15:50.327: D/ICU(13980): No timezone override file found: /data/misc/zoneinfo/current/icu/icu_tzdata.dat
10-09 12:15:50.372: I/Radio-JNI(13980): register_android_hardware_Radio DONE
10-09 12:15:50.404: D/AndroidRuntime(13980): Calling main entry com.android.commands.am.Am
10-09 12:15:50.420: I/ActivityManager(1643): Start proc 14002:com.google.android.gmscore.testing.testsupport/u0a127 for service com.google.android.gmscore.testing.testsupport/.CommandService
10-09 12:15:50.421: D/AndroidRuntime(13980): Shutting down VM
10-09 12:15:50.447: W/System(14002): ClassLoader referenced unknown path: /data/app/com.google.android.gmscore.testing.testsupport-1/lib/arm
10-09 12:15:50.451: I/TSDRIVER(14002): CommandService onHandleIntent()
10-09 12:15:50.452: I/TSDRIVER(14002): Got command: PACKAGE
10-09 12:15:50.458: I/TSDRIVER(14002): flag package: EiNjb20uZ29vZ2xlLmFuZHJvaWQuZ21zLmF1dGhfYWNjb3VudBodChlhdXRoX3NpZ19vdmVycmlkZV9lbmFibGVkGAEaIQocYXV0aF9zaWdfb3ZlcnJpZGVfdGFyZ2V0X3VpZCCQTxpCChZhdXRoX3NpZ19vdmVycmlkZV9zaGExEig4NDdlYjYzMzQxYzVjZjljZjllZWU5NjhhOGRkNzlmZDM2MTFmNWY2
10-09 12:15:50.462: I/TSDRIVER(14002): flag package: com.google.android.gms.auth_account
10-09 12:15:50.470: E/GooglePlayServicesUtil(14002): The Google Play services resources were not found. Check your project configuration to ensure that the resources are included.
10-09 12:15:50.490: W/System(12568): ClassLoader referenced unknown path: /data/app/com.google.android.gms.policy_test_support-1/lib/arm
10-09 12:15:50.592: W/Primes(12568): Primes not initialized, returning default (no-op) Primes instance which will ignore all calls. Please call Primes.initialize(...) before using any Primes API.
10-09 12:15:50.615: W/DynamiteModule(12568): Local module descriptor class for com.google.android.gms.googlecertificates not found.
10-09 12:15:50.615: W/DynamiteModule(12568): IDynamite loader version < 2, falling back to getModuleVersion2
10-09 12:15:50.616: I/DynamiteModule(12568): Considering local module com.google.android.gms.googlecertificates:0 and remote module com.google.android.gms.googlecertificates:4
10-09 12:15:50.616: I/DynamiteModule(12568): Selected remote version of com.google.android.gms.googlecertificates, version >= 4
10-09 12:15:50.617: W/DynamiteModule(12568): Dynamite loader version < 2, falling back to createModuleContext
10-09 12:15:50.627: W/System(12568): ClassLoader referenced unknown path: /data/data/com.google.android.gms/app_chimera/m/00000008/n/armeabi-v7a
10-09 12:15:50.628: W/System(12568): ClassLoader referenced unknown path: /data/data/com.google.android.gms/app_chimera/m/00000008/n/armeabi
10-09 12:15:50.701: I/TestSupport(12568): Activated: 1538982000000@1539112484670
10-09 12:15:50.701: I/TestSupport(12568): Boot time: 1539110276420
10-09 12:15:50.703: I/TestSupport(12568): Passing package and signature checks: com.google.android.gmscore.testing.testsupport
10-09 12:15:50.729: I/TestSupport(12568): SetOverrideOperation: gms:phenotype:phenotype_flag:debug_bypass_phenotype = false
10-09 12:15:50.818: I/GservicesProvider(11121): override update completed
10-09 12:15:50.834: I/ActivityManager(1643): Start proc 14021:com.google.android.configupdater/u0a17 for broadcast com.google.android.configupdater/.CertPin.CertPinUpdateRequestReceiver
10-09 12:15:50.896: W/System(14021): ClassLoader referenced unknown path: /system/priv-app/ConfigUpdater/lib/arm
10-09 12:15:50.929: E/ConfigUpdater(14021): Received malformed URL while handling Gservices.CHANGED_ACTION intent_firewall: null null
10-09 12:15:50.936: E/ConfigUpdater(14021): Received malformed URL while handling Gservices.CHANGED_ACTION apn_db: null null
10-09 12:15:50.939: E/ConfigUpdater(14021): Received malformed URL while handling Gservices.CHANGED_ACTION tzdata: null null
10-09 12:15:50.945: E/ConfigUpdater(14021): Received malformed URL while handling Gservices.CHANGED_ACTION selinux: null null
10-09 12:15:50.948: E/ConfigUpdater(14021): Received malformed URL while handling Gservices.CHANGED_ACTION carrier_provisioning_urls: null null
10-09 12:15:50.982: I/ActivityManager(1643): Start proc 14052:com.google.android.apps.photos/u0a103 for broadcast com.google.android.apps.photos/com.google.android.apps.moviemaker.app.ApplicationEnabler$Receiver
10-09 12:15:51.009: I/GeofencerStateMachine(12585): sendQueryLocationOptIn
10-09 12:15:51.025: I/GservicesUpdateTask(11092): Updating Gservices keys
10-09 12:15:51.037: I/GeofencerStateMachine(12585): sendQueryLocationOptIn
10-09 12:15:51.042: W/System(14052): ClassLoader referenced unknown path: /system/app/Photos/lib/arm
10-09 12:15:51.051: I/GeofencerStateMachine(12585): sendQueryLocationOptIn
10-09 12:15:51.067: I/GeofencerStateMachine(12585): sendQueryLocationOptIn
10-09 12:15:51.087: I/GeofencerStateMachine(12585): sendQueryLocationOptIn
10-09 12:15:51.106: I/GeofencerStateMachine(12585): sendQueryLocationOptIn
10-09 12:15:51.115: I/GeofencerStateMachine(12585): sendQueryLocationOptIn
10-09 12:15:51.119: I/ActivityManager(1643): Killing 12169:com.android.providers.calendar/u0a13 (adj 15): empty #7
10-09 12:15:51.152: D/ActivityManager(1643): cleanUpApplicationRecord -- 12169
10-09 12:15:51.221: I/TestSupport(12568): Broadcast sent: gms:phenotype:phenotype_flag:debug_bypass_phenotype
10-09 12:15:51.223: I/TestSupport(12568): GServices override confirmed: gms:phenotype:phenotype_flag:debug_bypass_phenotype=false
10-09 12:15:51.234: I/TestSupport(12568): SetFlagOverridesOperation: com.google.android.gms.auth_account, '', [Flag(auth_sig_override_enabled, true, 2, 0)]
10-09 12:15:51.294: I/TestSupport(12568): AwaitCommitOperation: auth_sig_override_enabled
10-09 12:15:51.301: I/TestSupport(12568): AwaitCommitOperation: uncommitted: FlagOverride(com.google.android.gms.auth_account, , Flag(auth_sig_override_enabled, true, 2, 0), false)
10-09 12:15:51.301: I/TestSupport(12568): AwaitCommitOperation: sleeping for 10 msec.
10-09 12:15:51.316: I/TestSupport(12568): AwaitCommitOperation: uncommitted: FlagOverride(com.google.android.gms.auth_account, , Flag(auth_sig_override_enabled, true, 2, 0), false)
10-09 12:15:51.316: I/TestSupport(12568): AwaitCommitOperation: sleeping for 20 msec.
10-09 12:15:51.344: I/TestSupport(12568): AwaitCommitOperation: uncommitted: FlagOverride(com.google.android.gms.auth_account, , Flag(auth_sig_override_enabled, true, 2, 0), false)
10-09 12:15:51.345: I/TestSupport(12568): AwaitCommitOperation: sleeping for 40 msec.
10-09 12:15:51.385: I/SFPerfTracer(294): triggers: (rate: 5:306) (compose: 0:4) (post: 0:0) (render: 0:5) (0:841 frames) (1:1579)
10-09 12:15:51.385: D/SFPerfTracer(294): layers: (3:9) (FocusedStackFrame (0xb716a740): 0:10)* (DimLayer (0xb7104748): 0:25)* (StatusBar (0xb7195eb8): 0:408) (NavigationBar (0xb71923d0): 0:34) (com.android.systemui.ImageWallpaper (0xb719db60): 0:37)* (com.google.android.apps.mtaas.backdrop/com.google.android.apps.mtaas.backdrop.BackdropActivity (0xb7198d28): 0:51)
10-09 12:15:51.388: I/TestSupport(12568): AwaitCommitOperation: uncommitted: FlagOverride(com.google.android.gms.auth_account, , Flag(auth_sig_override_enabled, true, 2, 0), false)
10-09 12:15:51.389: I/TestSupport(12568): AwaitCommitOperation: sleeping for 80 msec.
10-09 12:15:51.468: I/ActivityManager(1643): Killing 13815:com.motorola.invisiblenet/u0a35 (adj 15): empty #7
10-09 12:15:51.519: D/ActivityManager(1643): cleanUpApplicationRecord -- 13815
10-09 12:15:51.525: I/TestSupport(12568): AwaitCommitOperation: uncommitted: FlagOverride(com.google.android.gms.auth_account, , Flag(auth_sig_override_enabled, true, 2, 0), false)
10-09 12:15:51.525: I/TestSupport(12568): AwaitCommitOperation: sleeping for 160 msec.
10-09 12:15:51.558: I/Backup(12568): [GmsBackupStatusChangeReceiver] Going to enable gms backup transport.
10-09 12:15:51.581: I/Backup(12585): [BackupTransportMigratorChimeraService] Starting migration...
10-09 12:15:51.589: I/NetRec(12585): [1092] afog.b: onConfigChanged()
10-09 12:15:51.600: I/ActivityManager(1643): Start proc 14077:com.google.android.gms.ui/u0a28 for service com.google.android.gms/.chimera.UiIntentOperationService
10-09 12:15:51.603: I/NetRec(12585): [1092] afog.b: Cancelling all NetRec GCM tasks
10-09 12:15:51.610: I/NetRec(12585): [1095] ClearDatabaseService.onHandleIntent: Clearing score cache
